{"text_format":"1","workbook":"xlsx","n_sheets":9,"sheets":["Cover","Summary","Result tables","Option 3","Option 2","Option 1","Unit rate buildup","Labour costs","Replacement program breakdown"],"not_rendered":{"charts":2,"images":2,"macros":0,"external_links":0,"defined_names":4,"comments":0,"pivot_tables":0},"unopened":[],"bounds":{"document_bytes":16777216,"sheet_cells":100000,"rows_first":2000,"rows_last":500,"rows_between":2000,"halvings":0,"cell_chars":16384,"cell_head_chars":4096},"cells_cut":0,"cells_raw":0,"read":"whole","date_system":"1900"}

{"sheet":"Cover","index":0,"n_rows":8,"n_cols":4,"rows_kept":8,"cut":false,"hidden":false,"merged":[]}
[]
[null,null,"Powercor"]
[null,null,"Regulatory proposal 2026-31"]
[]
[null,null,{"$f":"REPLACE(LEFT(_xlfn.TEXTAFTER(CELL(\"filename\"),\" - \",1),FIND(\"Jan2025\",_xlfn.TEXTAFTER(CELL(\"filename\"),\" - \"),1)-4),1,1,UPPER(LEFT(LEFT(_xlfn.TEXTAFTER(CELL(\"filename\"),\" - \",1),FIND(\"Jan2025\",_xlfn.TEXTAFTER(CELL(\"filename\"),\" - \"),1)-4),1)))","v":"Metering business case"}]
[null,null,"Model number:",{"$f":"LEFT(_xlfn.TEXTAFTER(CELL(\"filename\"),\" MOD \"),FIND(\" - \",_xlfn.TEXTAFTER(CELL(\"filename\"),\" MOD \"),1)-1)","v":"12.04"}]
[]
[null,null,"2025-01-31"]

{"sheet":"Summary","index":1,"n_rows":32,"n_cols":4,"rows_kept":32,"cut":false,"hidden":false,"merged":[]}
[]
[null,"Proactive meter replacement - Cost model"]
[]
[]
[null,"Options summary - NPV"]
[]
[null,"Description","NPV","NPV net"]
[null,{"$f":"'Option 3'!B2","v":"Option 3 - Proactive deplayed"},{"$f":"'Option 3'!D50","v":422331353.21736139},{"$f":"$C$10-C8","v":17786851.097462356}]
[null,{"$f":"'Option 2'!B2","v":"Option 2 - Proactive"},{"$f":"'Option 2'!D50","v":402402034.42388684},{"$f":"$C$10-C9","v":37716169.890936911}]
[null,{"$f":"'Option 1'!B2","v":"Option 1 - Reactive"},{"$f":"'Option 1'!D35","v":440118204.31482375},"-"]
[]
[]
[]
[null,"WACC"]
[null,3.6400000000000002E-2,3.6400000000000002E-2]
[]
[]
[]
[null,"Waterfall - NPV"]
[]
[null,null,"Option 2","Option 3"]
[null,"Reactive failures - Labour",{"$f":"'Option 1'!D46","v":205228465.11804768},{"$f":"C22","v":205228465.11804768}]
[null,"Reactive failures - Materials",{"$f":"'Option 1'!D47","v":172925761.78748176},{"$f":"C23","v":172925761.78748176}]
[null,"Reactive faults - Labour",{"$f":"'Option 1'!D48","v":42750003.877351798},42750003.877351798]
[null,"Reactive Faults - Materials",{"$f":"'Option 1'!D49","v":19213973.53194242},19213973.53194242]
[null,"Proactive - Labour",{"$f":"-1*'Option 2'!D64","v":-75608712.982843608},{"$f":"-1*'Option 3'!D66","v":-44131534.38554889}]
[null,"Proactive - Materials",{"$f":"-1*'Option 2'!D65","v":-168035920.7483727},{"$f":"-1*'Option 3'!D67","v":-98080580.381957948}]
[null,"Residual failures - Labour",{"$f":"-1*'Option 2'!D66","v":-78419947.033602208},{"$f":"-1*'Option 3'!D68","v":-138367555.91592732}]
[null,"Residual failures - Materials",{"$f":"-1*'Option 2'!D67","v":-57602006.294669792},{"$f":"-1*'Option 3'!D69","v":-101636193.60594964}]
[null,"Residual faults - Labour",{"$f":"-1*'Option 2'!D68","v":-16335224.442768598},{"$f":"-1*'Option 3'!D70","v":-28822578.527316578}]
[null,"Residual Faults - Materials",{"$f":"-1*'Option 2'!D69","v":-6400222.9216299746},{"$f":"-1*'Option 3'!D71","v":-11292910.40066107}]
[null,"Total",{"$f":"SUM(C22:C31)","v":37716169.890936837},{"$f":"SUM(D22:D31)","v":17786851.097462241}]

{"sheet":"Result tables","index":2,"n_rows":21,"n_cols":6,"rows_kept":21,"cut":false,"hidden":false,"merged":[]}
[]
[null,"NPV Results"]
[]
[]
[null,"Powercor"]
[]
[null,"option ","gross npv","net npv*","bcr*"]
[null,"Option1 - Base Case ",440118204.31482375,"N/A","N/A"]
[null,"Option 2",402402034.42388684,{"$f":"C8-C9","v":37716169.890936911},{"$f":"C8/C9","v":1.0937275825280919}]
[null,"Option 3",422331353.21736139,{"$f":"C8-C10","v":17786851.097462356},{"$f":"C8/C10","v":1.042115866989179}]
[]
[]
[null,null,"Reactive","Proactive","Move to 2031","Net"]
[null,"Sensitivity analysis","Base Case","Option 2","Option 3"]
[null,"Adopting alternative failure rate profile option 1",546451608.68785405,473903121.94850916,517829275.85123622,{"$f":"C15-D15","v":72548486.739344895}]
[null,"Adopting alternative failure rate profile option 2",296190135.04567873,353939630.72508514,342551115.1863603,-57749495.679406404]
[null,"+10% change in reactive replacement installation costs",464916051.21436369,412094289.97257817,439394177.73899442,52821761.241785526]
[null,"-10% change in reactive replacement installation costs",415320357.41528374,392716442.88403559,405706551.0143562,22603914.531248152]
[null,"\"+10% change in tech capital costs\"",459332177.84676605,425609514.62521601,443666437.24462128,33722663.221550047]
[null,"\"-10% change in tech capital costs\"",420904230.78288138,379201218.23139751,401434291.50872934,41703012.55148387]
[null,"6% WACC",361619372.06785893,354817136.74893916,355714038.44758743,6802235.3189197779]

{"sheet":"Option 3","index":3,"n_rows":72,"n_cols":18,"rows_kept":72,"cut":false,"hidden":false,"merged":[[7,1,12,1],[14,1,19,1],[24,1,29,1],[31,1,36,1]]}
[]
[null,"Option 3 - Proactive deplayed"]
[]
[null,"Expenditure / benefits profile"]
[]
[null,null,null,1,2,3,4,5,6,7,8,9,10,11,12,13,14,15]
[null,null,null,"2026-27","2027-28","2028-29","2029-30","2030-31","2031-32","2032-33","2033-34","2034-35","2035-36","2036-37","2037-38","2038-39","2039-40","2040-41"]
[null," Pro-active Labour Costs","AMI 1Ph 1e",0,0,0,0,0,5373721.2526804488,5862228.2003219742,5862228.2003219742,5862228.2003219742,5618047.1408130471,2686860.6263402244,0,0,0,0]
[null,null,"AMI 1Ph 1e + c",0,0,0,0,0,533403.82097946561,581921.40990917536,581921.40990917536,581921.40990917536,557590.20113248518,266774.32480156823,0,0,0,0]
[null,null,"AMI 1Ph 2e + C",0,0,0,0,0,1892185.9682586801,2064242.3731795612,2064242.3731795612,2064242.3731795612,1978214.1707191207,946165.39844117546,0,0,0,0]
[null,null,"AMI 3Ph",0,0,0,0,0,1819038.9096243244,1984388.7455065104,1984388.7455065104,1984388.7455065104,1901809.1850255572,909519.45481216221,0,0,0,0]
[null,null,"AMI 3Ph + C",0,0,0,0,0,274057.34044140851,298850.28007772245,298850.28007772245,298850.28007772245,286453.81025956548,136933.31276056459,0,0,0,0]
[null,null,"AMI 3Ph CT",0,0,0,0,0,287644.11510597082,313520.05014688452,313520.05014688452,313520.05014688452,300281.19966083561,143822.05755298541,0,0,0,0]
[null,null,null,{"$f":"SUM(D8:D13)","v":0},{"$f":"SUM(E8:E13)","v":0},0,0,0,10180051.407090299,11105151.059141828,11105151.059141828,11105151.059141828,10642395.707610613,5090075.1747086812,0,0,0,0]
[null,"Pro-active Material Costs","AMI 1Ph 1e",0,0,0,0,0,10981443.338475384,11979729.46343974,11979729.46343974,11979729.46343974,11480734.382891295,5490721.6692376919,0,0,0,0]
[null,null,"AMI 1Ph 1e + c",0,0,0,0,0,1256407.8768345919,1370688.7996528349,1370688.7996528349,1370688.7996528349,1313377.7697021936,628374.50695881573,0,0,0,0]
[null,null,"AMI 1Ph 2e + C",0,0,0,0,0,5071903.4228531811,5533091.4264007956,5533091.4264007956,5533091.4264007956,5302497.4246269884,2536145.8141216864,0,0,0,0]
[null,null,"AMI 3Ph",0,0,0,0,0,4336716.7343783136,4730922.3758865958,4730922.3758865958,4730922.3758865958,4534046.8940260578,2168358.3671891568,0,0,0,0]
[null,null,"AMI 3Ph + C",0,0,0,0,0,684630.11509171058,746566.03364558832,746566.03364558832,746566.03364558832,715598.07436864951,342076.84247449425,0,0,0,0]
[null,null,"AMI 3Ph CT",0,0,0,0,0,293408.0068910452,319802.45102559531,319802.45102559531,319802.45102559531,306298.31681722082,146704.0034455226,0,0,0,0]
[null,null,null,{"$f":"SUM(D15:D20)","v":0},{"$f":"SUM(E15:E20)","v":0},0,0,0,22624509.494524229,24680800.550051153,24680800.550051153,24680800.550051153,23652552.862432402,11312381.203427369,0,0,0,0]
[]
[null,null,null,"Year"]
[null,null,null,"2026-27","2027-28","2028-29","2029-30","2030-31","2031-32","2032-33","2033-34","2034-35","2035-36","2036-37","2037-38","2038-39","2039-40","2040-41"]
[null," Pro-active failures Labour Costs","AMI 1Ph 1e",2951338.5732578896,4618650.018621698,6581933.9099080767,8747958.9266514145,10894252.446999915,12109219.337512065,12071236.206952,11313546.745390223,9952566.7815562729,8054890.1157827312,6708708.774244911,6571574.8743007872,6771849.5627083918,6804406.5317598749,6675658.5177835571]
[null,null,"AMI 1Ph 1e + c",293012.72146334389,458264.00377011194,653112.5306691369,868185.84137287084,1081286.002437121,1202141.4178555035,1198195.118576536,1123215.4322761516,988054.68197151145,799618.89140080882,665938.00332578155,652125.95584939502,672350.73965410388,675310.46411332965,662484.99145668489]
[null,null,"AMI 1Ph 2e + C",1039356.5725980902,1626368.5903445198,2317464.25157372,3080579.8746440783,3836296.1865663729,4263976.3709244858,4250657.6108579701,3983789.1221177867,3504313.7597232237,2836402.6067579584,2362353.4058719762,2314011.2397046234,2384551.3393161688,2395896.949743201,2350514.5080350735]
[null,null,"AMI 3Ph",926444.88442651497,1449904.3152240713,2066128.7084414475,2746204.3095581806,3419653.8419306409,3800953.9796692519,3788906.5819523921,3551572.8469302552,3123890.2279817336,2528146.4108830192,2105885.1209070846,2062514.4891263896,2125763.3271399033,2136003.6151992343,2095644.832847754]
[null,null,"AMI 3Ph + C",139749.81351557313,218660.26856100452,311425.23098082462,413828.11157413252,515026.25239575445,572251.39155083825,570444.28189330932,534904.45862857299,470450.88084337336,380697.76785276819,317448.92983925447,310822.86109498161,320460.77926846943,321665.5190401554,315641.82018172549]
[null,null,"AMI 3Ph CT",51484.418556856697,80235.457491205249,115004.15573739419,152447.36923328997,189890.58272918576,211286.70472684049,210618.07591441378,197245.49966587956,173843.4912309447,140412.05060960917,117010.04217467432,114335.52692496747,118347.29979952774,118347.29979952774,116341.41336224761]
[null,null,null,{"$f":"SUM(D25:D30)","v":5401386.9838182684},{"$f":"SUM(E25:E30)","v":8452082.6540126111},12045068.7873106,16009204.433033966,19936405.313058987,22159829.202238984,22090057.876146622,20704274.105008867,18213119.823307063,14740167.843286894,12277344.276363684,12025384.947001144,12393323.047886565,12451630.379655324,12216286.083667042]
[null,"Pro-active failures Material Costs","AMI 1Ph 1e",1770751.8190518063,2771109.6910884278,3949045.8836049223,5248623.2256501308,6536362.012996681,7265321.0185665619,7242531.8007716453,6787931.3003431689,5971366.9900032161,4832793.9918597601,4025108.5975438016,3942830.6423881268,4062991.9725795081,4082525.5878322944,4005279.0184235494]
[null,null,"AMI 1Ph 1e + c",202635.42732548129,316916.35014372412,451665.49794433877,600401.26614957419,747772.48602265154,831351.07136733655,828621.9747030203,776769.1380810116,683297.5773281802,552983.21160707949,460535.0621033666,450983.22377825971,464969.84418288048,467016.66668111767,458147.1025220899]
[null,null,"AMI 1Ph 2e + C",817948.75713368948,1279913.171461687,1823788.9231201108,2424342.6617465075,3019073.3195200302,3355647.3928161426,3345165.8472809694,3135146.7311873171,2757811.0919210869,2232180.9936016682,1859115.6136275458,1821071.4853887695,1876584.8561861676,1885513.5801605743,1849798.6842629476]
[null,null,"AMI 3Ph",699294.43672403495,1094409.4338067309,1559544.8101192717,2072876.0318757319,2581205.7979729171,2869016.8372748122,2859923.2815306764,2680780.2333712033,2357959.004454386,1908282.6729068758,1589553.5440749195,1556816.7433960312,1604557.9110527434,1612287.4334352589,1581824.0216924043]
[null,null,"AMI 3Ph + C",110531.79311153574,172944.14180813567,246314.38378734473,327307.50805010798,407347.77202742698,452608.63558602997,451179.34515786351,423069.96673725749,372091.94146598881,301103.85020039044,251078.6852145661,245837.95364462258,253460.83592817676,254413.69621362103,249649.39478639967]
[null,null,"AMI 3Ph CT",47264.469729310629,73658.913863860726,105577.77653820037,139951.93634133536,174326.09614447039,193968.47317483323,193354.6488926344,181078.1632486576,159594.31337169823,128903.09926175626,107419.24938479689,104963.95225600153,108646.89794919456,108646.89794919456,106805.42510259805]
[null,null,null,{"$f":"SUM(D32:D37)","v":3648426.7030758588},{"$f":"SUM(E32:E37)","v":5708951.7021725653},8135937.2751141898,10813502.629813388,13466087.484684177,14967913.428785717,14920776.898336809,13984775.532968616,12302120.918544555,9956247.8194375318,8292810.7519489964,8122504.0008518118,8371212.3178786701,8410403.8622720614,8251503.6467899885]
[]
[]
[]
[]
[]
[]
[null,"Capital costs"]
[]
[null,null,null,"2026-27","2027-28","2028-29","2029-30","2030-31","2031-32","2032-33","2033-34","2034-35","2035-36","2036-37","2037-38","2038-39","2039-40","2040-41"]
[null,null,null,{"$f":"D38+D31+D21+D14","v":9049813.6868941262},14161034.356185175,20181006.06242479,26822707.062847354,33402492.797743164,69932303.532639235,72796786.38367641,70475001.247170463,66301192.351044603,58991364.23276744,36972611.406448729,20147888.947852954,20764535.365765236,20862034.241927385,20467789.73045703]
[]
[null,"NPV",null,{"$f":"NPV(Summary!$B$15,D48:R48)","v":422331353.21736139}]
[]
[null,"NPV Breakdown"]
[]
[]
[]
[null,"Proactive - Labour",null,{"$f":"D14","v":0},{"$f":"E14","v":0},0,0,0,10180051.407090299,11105151.059141828,11105151.059141828,11105151.059141828,10642395.707610613,5090075.1747086812,0,0,0,0]
[null,"Proactive - Materials",null,{"$f":"D21","v":0},{"$f":"E21","v":0},0,0,0,22624509.494524229,24680800.550051153,24680800.550051153,24680800.550051153,23652552.862432402,11312381.203427369,0,0,0,0]
[null,"Proactive failures - Labour",null,4470220.1956823505,6994994.1910725478,9968571.0193932969,13249313.405566512,16499488.358589284,18339607.276702601,18281864.109639768,17134981.166583218,15073286.973224042,12199051.128573162,10160803.604327083,9952280.5553433187,10256788.329784676,10305043.82653207,10110271.478611579]
[null,"Proactive failures - Materials",null,3283584.0327682728,5138056.5319553092,7322343.5476027709,9732152.3668320496,12119478.736215759,13471122.085907146,13428699.208503129,12586297.979671754,11071908.8266901,8960623.0374937784,7463529.6767540965,7310253.6007666308,7534091.0860908031,7569363.4760448551,7426353.28211099]
[null,"Proactive faults - Labour",null,{"$f":"D31-D58","v":931166.78813591786},{"$f":"E31-E58","v":1457088.4629400633},2076497.7679173034,2759891.0274674539,3436916.9544697031,3820221.9255363829,3808193.7665068544,3569292.938425649,3139832.8500830214,2541116.7147137318,2116540.6720366012,2073104.3916578256,2136534.7181018889,2146586.5531232543,2106014.6050554626]
[null,"Proactive Faults - Materials",null,{"$f":"D38-D59","v":364842.67030758597},{"$f":"E38-E59","v":570895.17021725606},813593.72751141898,1081350.2629813384,1346608.7484684177,1496791.3428785708,1492077.6898336802,1398477.5532968622,1230212.0918544549,995624.78194375336,829281.07519489992,812250.400085181,837121.23178786691,841040.38622720633,825150.36467899848]
[]
[null,"NPV"]
[]
[]
[null,"Proactive - Labour",null,{"$f":"NPV(Summary!$B$15,D56:R56)","v":44131534.38554889}]
[null,"Proactive - Materials",null,{"$f":"NPV(Summary!$B$15,D57:R57)","v":98080580.381957948}]
[null,"Proactive failures - Labour",null,{"$f":"NPV(Summary!$B$15,D58:R58)","v":138367555.91592732}]
[null,"Proactive failures - Materials",null,{"$f":"NPV(Summary!$B$15,D59:R59)","v":101636193.60594964}]
[null,"Proactive faults - Labour",null,{"$f":"NPV(Summary!$B$15,D60:R60)","v":28822578.527316578}]
[null,"Proactive Faults - Materials",null,{"$f":"NPV(Summary!$B$15,D61:R61)","v":11292910.40066107}]
[null,"Total",null,{"$f":"SUM(D66:D71)","v":422331353.21736139}]

{"sheet":"Option 2","index":4,"n_rows":70,"n_cols":18,"rows_kept":70,"cut":false,"hidden":false,"merged":[[7,1,12,1],[14,1,19,1],[24,1,29,1],[31,1,36,1]]}
[]
[null,"Option 2 - Proactive"]
[]
[null,"Expenditure / benefits profile"]
[]
[null,null,null,1,2,3,4,5,6,7,8,9,10,11,12,13,14,15]
[null,null,null,"2026-27","2027-28","2028-29","2029-30","2030-31","2031-32","2032-33","2033-34","2034-35","2035-36","2036-37","2037-38","2038-39","2039-40","2040-41"]
[null," Pro-active Labour Costs","AMI 1Ph 1e",5373721.2526804488,5862228.2003219742,5862228.2003219742,5862228.2003219742,5862228.2003219742,5862228.2003219742,5862228.2003219742,4640888.4169063251,1709846.7310571738,0,0,0,0,0,0]
[null,null,"AMI 1Ph 1e + c",533403.82097946561,581921.40990917536,581921.40990917536,581921.40990917536,581921.40990917536,581921.40990917536,581921.40990917536,460699.85189673642,169739.14694214871,0,0,0,0,0,0]
[null,null,"AMI 1Ph 2e + C",1892185.9682586801,2064242.3731795612,2064242.3731795612,2064242.3731795612,2064242.3731795612,2064242.3731795612,2064242.3731795612,1634246.1895010292,602052.58859941317,0,0,0,0,0,0]
[null,null,"AMI 3Ph",1819038.9096243244,1984388.7455065104,1984388.7455065104,1984388.7455065104,1984388.7455065104,1984388.7455065104,1984388.7455065104,1570918.7983409059,578819.78304779041,0,0,0,0,0,0]
[null,null,"AMI 3Ph + C",274057.34044140851,298850.28007772245,298850.28007772245,298850.28007772245,298850.28007772245,298850.28007772245,298850.28007772245,236677.21606665829,87156.718567657401,0,0,0,0,0,0]
[null,null,"AMI 3Ph CT",287042.34917478677,313520.05014688452,313520.05014688452,313520.05014688452,313520.05014688452,313520.05014688452,313520.05014688452,247927.56364782422,91468.421539973977,0,0,0,0,0,0]
[null,null,null,{"$f":"SUM(D8:D13)","v":10179449.641159113},{"$f":"SUM(E8:E13)","v":11105151.059141828},11105151.059141828,11105151.059141828,11105151.059141828,11105151.059141828,{"$f":"SUM(J8:J13)","v":11105151.059141828},8791358.0363594797,3239083.389754157,0,{"$f":"SUM(N8:N13)","v":0},0,0,0,0]
[null,"Pro-active Material Costs","AMI 1Ph 1e",10981285.650214517,11979557.440268785,11979557.440268785,11979557.440268785,11979557.440268785,11979557.440268785,11979557.440268785,9483729.9853243306,3494099.2449987219,0,0,0,0,0,0]
[null,null,"AMI 1Ph 1e + c",1256389.8354199135,1370669.1172189012,1370669.1172189012,1370669.1172189012,1370669.1172189012,1370669.1172189012,1370669.1172189012,1085141.4788136696,399806.92020421906,0,0,0,0,0,0]
[null,null,"AMI 1Ph 2e + C",5071830.5927519491,5533011.973860966,5533011.973860966,5533011.973860966,5533011.973860966,5533011.973860966,5533011.973860966,4380446.7209041705,1613746.6340658134,0,0,0,0,0,0]
[null,null,"AMI 3Ph",4336654.4612054126,4730854.4421096994,4730854.4421096994,4730854.4421096994,4730854.4421096994,4730854.4421096994,4730854.4421096994,3745127.1542198556,1379927.2687941315,0,0,0,0,0,0]
[null,null,"AMI 3Ph + C",684620.28413152997,746555.31331531482,746555.31331531482,746555.31331531482,746555.31331531482,746555.31331531482,746555.31331531482,591241.31705443887,217725.4487460746,0,0,0,0,0,0]
[null,null,"AMI 3Ph CT",292789.97822477552,319797.8588157401,319797.8588157401,319797.8588157401,319797.8588157401,319797.8588157401,319797.8588157401,252891.97280630504,93299.951132423215,0,0,0,0,0,0]
[null,null,null,{"$f":"SUM(D15:D20)","v":22623570.8019481},{"$f":"SUM(E15:E20)","v":24680446.145589408},24680446.145589408,24680446.145589408,24680446.145589408,24680446.145589408,{"$f":"SUM(J15:J20)","v":24680446.145589408},19538578.629122771,7198605.4679413838,0,{"$f":"SUM(N15:N20)","v":0},0,0,0,0]
[]
[null,null,null,"Year"]
[null,null,null,"2026-27","2027-28","2028-29","2029-30","2030-31","2031-32","2032-33","2033-34","2034-35","2035-36","2036-37","2037-38","2038-39","2039-40","2040-41"]
[null," Pro-active failures Labour Costs","AMI 1Ph 1e",2626755.4575628052,3560055.2370386412,4400616.9834587388,5048796.6400291659,5398537.4136276692,5387685.0906105088,4977269.9655978782,4205275.169149843,3856520.970371082,4199849.0076412624,4623582.8927204078,4962471.3433017498,5200235.8748595482,5326517.4517865106,5338356.3496234138]
[null,null,"AMI 1Ph 1e + c",260949.03982173218,353193.78546759969,437052.64514566108,501180.0084288845,535710.12711985095,534723.55230010906,494273.98469069123,417321.14875082311,382791.03005985665,416827.86134095216,458757.29117998289,492794.1224610784,515978.63072501298,528804.10338165762,529790.67820139951]
[null,null,"AMI 1Ph 2e + C",924913.89350802999,1253443.3084820823,1549415.7544046517,1777807.8251749014,1901129.6776426386,1897183.378363671,1752650.167271483,1480848.8044325898,1358020.2393747235,1478875.654793106,1627848.4525741327,1747717.2931727734,1831082.8654409638,1875478.7323293493,1879918.3190181879]
[null,null,"AMI 3Ph",824644.37371905008,1117396.138238742,1381234.1482379707,1584835.1696529004,1694466.4888763241,1691454.6394471093,1562547.4838767098,1319792.419881986,1210763.470544405,1318587.6801103,1451109.0549957573,1557728.5247899659,1632422.3906344965,1672178.8031001335,1675793.0224151916]
[null,null,"AMI 3Ph + C",124088.19648365545,168061.19815019355,207817.61061583072,238538.47479382309,255404.83159742676,254802.46171158378,235526.62536460816,198782.06232818592,182518.07541042526,198782.06232818592,218660.26856100452,234924.25547876518,245766.91342393894,251790.61228236882,252392.98216821181]
[null,null,"AMI 3Ph CT",46135.388057443015,62182.479555684069,76892.313429071699,88259.003240325779,94276.662552166163,94276.662552166163,86921.745615472348,73549.169366938149,67531.510055097751,73549.169366938149,80904.086303631964,86253.116803045647,90933.518490032613,92939.404927312746,92939.404927312746]
[null,null,null,{"$f":"SUM(D25:D30)","v":4807486.3491527168},{"$f":"SUM(E25:E30)","v":6514332.1469329428},8053029.455291925,9239417.1213200018,9879525.2014160771,9860125.7849851493,9109189.9724168442,7695568.7739103651,7058145.2958155908,7686471.4355807444,8460862.0463349186,9081888.6560073812,9516420.1935739927,{"$f":"SUM(Q25:Q30)","v":9747709.1078073345},9769190.7563537192]
[null,"Pro-active failures Material Costs","AMI 1Ph 1e",1575984.9635455019,2135940.5599827017,2640255.7483172622,3029146.6858006031,3238982.0546557694,3232470.9430692904,2986232.5412533549,2523055.7397606391,2313812.2901406074,2519800.1839673994,2774029.4954576506,2977353.7527263379,3120006.2883937429,3195771.9504909539,3202874.9813125674]
[null,null,"AMI 1Ph 1e + c",180458.92558705792,244250.64408380617,302243.11544448638,346590.29942618305,370469.55233940436,369787.28797045513,341814.44884353882,288597.82806550281,264718.57515228156,288256.69588102825,317252.93156136834,340791.05229011504,356824.26496042073,365693.70175676007,366375.96612570924]
[null,null,"AMI 1Ph 2e + C",727874.65452812123,986415.73181650997,1219335.6212655087,1399072.1359569861,1496122.0898940689,1493016.4913680824,1379273.9453538212,1165375.8468764906,1068714.0927551561,1163823.0476134974,1281059.3919694934,1375391.9471963379,1440997.7160578058,1475935.6994751557,1479429.4978168907]
[null,null,"AMI 3Ph",622444.95254667744,843415.18405703921,1042561.1951713159,1196240.0804604152,1278990.2494622378,1276716.8931709791,1179417.2439050996,996184.72682963498,913889.22908606404,995275.38431313145,1095303.0611285216,1175779.8738390855,1232159.1098623052,1262167.4129069224,1264895.440456433]
[null,null,"AMI 3Ph + C",98143.200091228369,132922.10109443066,164366.03898773683,188663.62735983706,202003.4797994215,201527.05649800779,186281.51085276841,157219.68946653089,144356.26032836019,157219.68946653089,172941.65841318399,185805.08755135469,194380.70697680183,199144.93999093914,199621.36329235285]
[null,null,"AMI 3Ph CT",42353.26729037633,57084.838521811573,70588.778817293889,81023.641772893854,86547.980984682057,86547.980984682057,79796.010836940914,67519.701477411538,61995.36226562332,67519.701477411538,74271.671625152696,79182.195368964443,83478.90364479972,85320.350048729131,85320.350048729131]
[null,null,null,{"$f":"SUM(D32:D37)","v":3247259.9635889628},{"$f":"SUM(E32:E37)","v":4400029.0595562989},5439350.4980036048,6240736.4707769193,6673115.4071355835,6660066.653061497,6152815.7010455243,5197953.5324762091,4767485.8097280925,5191894.7027189983,5714858.2101553697,6134303.9089721953,6427846.9898958765,6584034.0546694612,6598517.5990526825]
[]
[]
[]
[]
[]
[]
[null,"Capital costs"]
[]
[null,null,null,"2026-27","2027-28","2028-29","2029-30","2030-31","2031-32","2032-33","2033-34","2034-35","2035-36","2036-37","2037-38","2038-39","2039-40","2040-41"]
[null,null,null,{"$f":"D38+D31+D21+D14","v":40857766.755848899},46699958.411220476,49277977.15802677,51265750.796828158,52338237.8132829,52305789.642777883,51047602.878193602,41223458.971868828,22263319.963239226,12878366.138299743,14175720.256490288,15216192.564979576,15944267.183469869,16331743.162476797,16367708.355406402]
[]
[null,"Total NPV",null,{"$f":"NPV(Summary!$B$15,D48:R48)","v":402402034.42388684}]
[]
[null,"NPV Breakdown"]
[]
[]
[]
[null,"Proactive - Labour",null,{"$f":"D14","v":10179449.641159113},{"$f":"E14","v":11105151.059141828},11105151.059141828,11105151.059141828,11105151.059141828,11105151.059141828,11105151.059141828,8791358.0363594797,3239083.389754157,0,0,0,0,0,0]
[null,"Proactive - Materials",null,{"$f":"D21","v":22623570.8019481},{"$f":"E21","v":24680446.145589408},24680446.145589408,24680446.145589408,24680446.145589408,24680446.145589408,24680446.145589408,19538578.629122771,7198605.4679413838,0,0,0,0,0,0]
[null,"Proactive failures - Labour",null,{"$f":"D31*(1-'Labour costs'!$I$14)","v":3978704.4758748105},{"$f":"E31*(1-'Labour costs'!$I$14)","v":5391300.273770974},{"$f":"F31*(1-'Labour costs'!$I$14)","v":6664735.3754355619},{"$f":"G31*(1-'Labour costs'!$I$14)","v":7646596.9084964916},{"$f":"H31*(1-'Labour costs'!$I$14)","v":8176354.1866987981},{"$f":"I31*(1-'Labour costs'!$I$14)","v":8160299.113552996},{"$f":"J31*(1-'Labour costs'!$I$14)","v":7538820.1406409312},{"$f":"K31*(1-'Labour costs'!$I$14)","v":6368898.7760840673},{"$f":"L31*(1-'Labour costs'!$I$14)","v":5841363.2905656649},{"$f":"M31*(1-'Labour costs'!$I$14)","v":6361369.7644339371},{"$f":"N31*(1-'Labour costs'!$I$14)","v":7002260.0687040845},{"$f":"O31*(1-'Labour costs'!$I$14)","v":7516225.4077791832},{"$f":"P31*(1-'Labour costs'!$I$14)","v":7875846.3089866806},{"$f":"Q31*(1-'Labour costs'!$I$14)","v":8067262.3986948924},{"$f":"R31*(1-'Labour costs'!$I$14)","v":8085040.7396018272}]
[null,"Proactive failures - Materials",null,{"$f":"D38*(1-'Labour costs'!$D$14)","v":2922533.9672300667},{"$f":"E38*(1-'Labour costs'!$D$14)","v":3960026.153600669},{"$f":"F38*(1-'Labour costs'!$D$14)","v":4895415.4482032442},{"$f":"G38*(1-'Labour costs'!$D$14)","v":5616662.8236992275},{"$f":"H38*(1-'Labour costs'!$D$14)","v":6005803.8664220255},{"$f":"I38*(1-'Labour costs'!$D$14)","v":5994059.987755347},{"$f":"J38*(1-'Labour costs'!$D$14)","v":5537534.1309409719},{"$f":"K38*(1-'Labour costs'!$D$14)","v":4678158.179228588},{"$f":"L38*(1-'Labour costs'!$D$14)","v":4290737.2287552832},{"$f":"M38*(1-'Labour costs'!$D$14)","v":4672705.2324470989},{"$f":"N38*(1-'Labour costs'!$D$14)","v":5143372.3891398329},{"$f":"O38*(1-'Labour costs'!$D$14)","v":5520873.5180749763},{"$f":"P38*(1-'Labour costs'!$D$14)","v":5785062.2909062887},{"$f":"Q38*(1-'Labour costs'!$D$14)","v":5925630.6492025154},{"$f":"R38*(1-'Labour costs'!$D$14)","v":5938665.8391474141}]
[null,"Proactive faults - Labour",null,{"$f":"D31-D58","v":828781.87327790633},{"$f":"E31-E58","v":1123031.8731619688},1388294.0798563631,1592820.2128235102,1703171.014717279,1699826.6714321533,1570369.831775913,1326669.9978262978,1216782.0052499259,1325101.6711468073,1458601.9776308341,1565663.2482281979,1640573.8845873121,1680446.7091124421,1684150.0167518919]
[null,"Proactive Faults - Materials",null,{"$f":"D38-D59","v":324725.99635889614},{"$f":"E38-E59","v":440002.90595562989},543935.04980036058,624073.64707769174,667311.54071355797,666006.66530614998,615281.57010455243,519795.3532476211,476748.58097280934,519189.47027189936,571485.82101553679,613430.39089721907,642784.69898958784,658403.40546694584,659851.75990526844]
[]
[]
[null,"Proactive - Labour",null,{"$f":"NPV(Summary!$B$15,D56:R56)","v":75608712.982843608}]
[null,"Proactive - Materials",null,{"$f":"NPV(Summary!$B$15,D57:R57)","v":168035920.7483727}]
[null,"Proactive failures - Labour",null,{"$f":"NPV(Summary!$B$15,D58:R58)","v":78419947.033602208}]
[null,"Proactive failures - Materials",null,{"$f":"NPV(Summary!$B$15,D59:R59)","v":57602006.294669792}]
[null,"Proactive faults - Labour",null,{"$f":"NPV(Summary!$B$15,D60:R60)","v":16335224.442768598}]
[null,"Proactive Faults - Materials",null,{"$f":"NPV(Summary!$B$15,D61:R61)","v":6400222.9216299746}]
[null,"Total",null,{"$f":"SUM(D64:D69)","v":402402034.4238869}]

{"sheet":"Option 1","index":5,"n_rows":50,"n_cols":18,"rows_kept":50,"cut":false,"hidden":false,"merged":[]}
[]
[null,"Option 1 - Reactive"]
[]
[null,"Expenditure / benefits profile"]
[]
[null,null,null,1,2,3,4,5,6,7,8,9,10,11,12,13,14,15]
[null,null,null,"2026-27","2027-28","2028-29","2029-30","2030-31","2031-32","2032-33","2033-34","2034-35","2035-36","2036-37","2037-38","2038-39","2039-40","2040-41"]
[null,"Labour Costs","AMI 1Ph 1e",2951338.5732578896,4618650.018621698,6581933.9099080767,8747958.9266514145,11000309.240122169,13204810.674835442,15220876.318978012,16912852.13483537,18166295.443317451,18896854.097336326,19062598.667052966,18669448.601385821,17768212.503551595,16452121.694015902,14832165.839999704]
[null,null,"AMI 1Ph 1e + c",293012.72146334389,458264.00377011194,653112.5306691369,868185.84137287084,1092138.3254542819,1310664.6480271122,1510939.3364347178,1678657.0557908404,1803458.7704881907,1875972.0197392202,1892250.5042649617,1853280.7988851566,1763502.4902886439,1633274.6140827131,1472462.9184647838]
[null,null,"AMI 1Ph 2e + C",1039356.5725980902,1626368.5903445198,2317464.25157372,3080579.8746440783,3873786.0297165648,4649727.1254435685,5359567.7082478646,5955458.8993719714,6396951.1312064705,6653953.8717492353,6712655.0735238781,6574041.3113501417,6256857.5068031214,5793167.3415244287,5222927.0957136117]
[null,null,"AMI 3Ph",926444.88442651497,1449904.3152240713,2066128.7084414475,2746204.3095581806,3452784.185652005,4144907.184485598,4777997.9345065774,5309288.1738200933,5702635.7092755642,5931536.2658958994,5983942.4459642395,5860456.619366427,5577342.7730202228,5164117.0313319331,4655716.8476804513]
[null,null,"AMI 3Ph + C",139749.81351557313,218660.26856100452,311425.23098082462,413828.11157413252,519845.21148249833,624055.20173333515,719832.01358237024,799947.20839948754,858979.45721210039,893314.54070515069,901145.34922110953,882471.8827599769,840305.99075096776,777659.52262329706,701158.54712123761]
[null,null,"AMI 3Ph CT",51484.418556856697,80235.457491205249,115004.15573739419,152447.36923328997,191896.46916646589,230008.31147478838,265445.63853340404,294865.3062801793,316930.05709026073,329634.00452636823,332308.51977607509,325622.23165180796,310243.7689659936,286841.76053105877,258759.35040913691]
[null,null,"Percentage failure",1.0999999999999999E-2,1.7000000000000001E-2,2.4E-2,3.2000000000000001E-2,0.04,4.8000000000000001E-2,5.5E-2,6.0999999999999999E-2,6.6000000000000003E-2,6.8000000000000005E-2,6.9000000000000006E-2,6.7000000000000004E-2,6.4000000000000001E-2,5.8999999999999997E-2,5.3999999999999999E-2]
[null,null,"Efficiency",{"$f":"VLOOKUP(D14,'Labour costs'!$B$82:$D$202,3,FALSE)","v":1},{"$f":"VLOOKUP(E14,'Labour costs'!$B$82:$D$202,3,FALSE)","v":1},{"$f":"VLOOKUP(F14,'Labour costs'!$B$82:$D$202,3,FALSE)","v":0.99163842301974459},{"$f":"VLOOKUP(G14,'Labour costs'!$B$82:$D$202,3,FALSE)","v":0.97491526905923376},{"$f":"VLOOKUP(H14,'Labour costs'!$B$82:$D$202,3,FALSE)","v":0.95819211509872282},{"$f":"VLOOKUP(I14,'Labour costs'!$B$82:$D$202,3,FALSE)","v":0.94146896113821199},{"$f":"VLOOKUP(J14,'Labour costs'!$B$82:$D$202,3,FALSE)","v":0.9268362014227649},{"$f":"VLOOKUP(K14,'Labour costs'!$B$82:$D$202,3,FALSE)","v":0.91429383595238178},{"$f":"VLOOKUP(L14,'Labour costs'!$B$82:$D$202,3,FALSE)","v":0.90384186472706252},{"$f":"VLOOKUP(M14,'Labour costs'!$B$82:$D$202,3,FALSE)","v":0.89966107623693481},{"$f":"VLOOKUP(N14,'Labour costs'!$B$82:$D$202,3,FALSE)","v":0.89757068199187096},{"$f":"VLOOKUP(O14,'Labour costs'!$B$82:$D$202,3,FALSE)","v":0.90175147048199866},{"$f":"VLOOKUP(P14,'Labour costs'!$B$82:$D$202,3,FALSE)","v":0.90802265321719022},{"$f":"VLOOKUP(Q14,'Labour costs'!$B$82:$D$202,3,FALSE)","v":0.9184746244425096},{"$f":"VLOOKUP(R14,'Labour costs'!$B$82:$D$202,3,FALSE)","v":0.92892659566782887}]
[null,null,null,{"$f":"SUM(D8:D13)*D15","v":5401386.9838182684},{"$f":"SUM(E8:E13)*E15","v":8452082.6540126111},11944353.017413031,15607617.847255586,19289134.987048369,22749818.988528352,25816706.293406866,28298371.400318883,30048449.267232858,31111417.907559428,31311663.986681189,30808628.852879003,29525686.852854196,27652682.647507619,25214031.639053367]
[null,"Material Costs","AMI 1Ph 1e",1809682.8370648292,2832034.1640377729,4035867.9750887542,5364017.2877331907,6745098.9915670557,8096841.0271416372,9333039.2145198677,10370514.081832649,11139092.401903136,11587051.666769093,11688681.857852792,11447612.6248358,10894998.460818177,10088006.348284503,9094692.2187640462]
[null,null,"AMI 1Ph 1e + c",243965.66342083918,381555.7261245111,543788.78513331828,722861.22495063464,909326.56365949148,1091274.0197124069,1258024.9613771555,1397668.6071062554,1501579.9081929091,1561955.2491404905,1575508.897108315,1543062.2853065536,1468311.8631809766,1359882.6794383815,1225989.0661804797]
[null,null,"AMI 1Ph 2e + C",916178.93622998241,1433622.1892502382,2042813.783772405,2715490.0126987374,3414690.6436706465,4098672.3554360769,4724387.3479538485,5249657.4737088643,5638826.9791316623,5865371.4621766647,5917115.78747869,5794929.6075638235,5515336.3204276683,5106599.63316797,4603940.4730911506]
[null,null,"AMI 3Ph",739575.68017837952,1157450.3655327435,1649378.7925954759,2192279.2756392928,2756337.9705997864,3308855.8226966383,3814248.5664336197,4238374.5416724561,4552381.6412540441,4735111.6532617062,4776947.2086424073,4678369.1758488007,4452361.0031024814,4122485.2445833865,3716632.2705453159]
[null,null,"AMI 3Ph + C",117482.52800529632,183819.64511173521,261803.73697731984,347890.07215361454,437014.74857142556,524620.25436847843,605136.29726865992,672486.19478893757,722112.43506703689,750976.67686144158,757559.74955139356,741861.65313689271,706414.33865253616,653749.75713292055,589438.20085415919]
[null,null,"AMI 3Ph CT",50290.730639870344,78375.164633564171,112337.73597477531,148912.81280377193,187447.26874860763,224675.47194955061,259291.16966270813,288028.73002834833,309581.90030257846,321991.30136955949,324603.80685734493,318072.54313788126,303050.6365831148,280191.21356499189,252759.90594324443]
[null,null,null,{"$f":"SUM(D17:D22)","v":3877176.3755391971},{"$f":"SUM(E17:E22)","v":6066857.2546905642},8645990.8095420487,11491450.685979242,14449916.186817013,17344938.95130479,{"$f":"SUM(J17:J22)","v":19994127.557215855},22216729.629137512,23863575.265851364,24822458.009578954,25040417.307490941,24523907.889829755,23340472.622764956,21610914.876172155,19483452.135378398]
[]
[null,"EDPR total",{"$f":"SUM(D16:H16)+SUM(D23:H23)","v":105225966.80211592}]
[null,"10 year total",{"$f":"SUM(D16:M16)+SUM(D23:M23)","v":351492560.07225084}]
[]
[]
[null,"Capital costs"]
[]
[]
[null,null,null,"2026-27","2027-28","2028-29","2029-30","2030-31","2031-32","2032-33","2033-34","2034-35","2035-36","2036-37","2037-38","2038-39","2039-40","2040-41"]
[null,null,null,{"$f":"D23+D16","v":9278563.3593574651},14518939.908703174,20590343.82695508,27099068.533234827,{"$f":"H23+H16","v":33739051.173865378},40094757.939833142,45810833.850622721,50515101.029456392,53912024.533084221,55933875.917138383,56352081.294172131,55332536.742708758,52866159.475619152,49263597.523679778,44697483.774431765]
[]
[null,"Total NPV",null,{"$f":"NPV(Summary!$B$15,'Option 1'!D33:R33)","v":440118204.31482375}]
[]
[]
[null,"NPV Breakdown"]
[]
[]
[null,"Reactive failures - Labour",null,{"$f":"D16-D43","v":4470220.1956823505},6994994.1910725469,9885218.0454314966,12916957.943637986,15963803.562801298,18827886.354987167,21366060.644150637,23419901.539660066,24868276.456719842,25747995.665434238,25913720.519009441,25497405.63155609,24435635.153791532,22885525.663317751,20867283.49313591]
[null,"Reactive failures - Materials",null,{"$f":"D23-D44","v":3489458.7379852775},5460171.5292215077,7781391.7285878435,10342305.617381318,13004924.568135312,15610445.05617431,17994714.801494271,19995056.666223761,21477217.739266228,22340212.208621059,22536375.576741848,22071517.100846779,21006425.360488459,19449823.388554938,17535106.92184056]
[null,"Reactive faults - Labour",null,{"$f":"D16*'Labour costs'!$I$14","v":931166.78813591797},{"$f":"OFFSET(E16, 0, 0, 1, 1)*'Labour costs'!$I$14","v":1457088.462940064},{"$f":"OFFSET(F16, 0, 0, 1, 1)*'Labour costs'!$I$14","v":2059134.971981534},{"$f":"OFFSET(G16, 0, 0, 1, 1)*'Labour costs'!$I$14","v":2690659.903617599},{"$f":"OFFSET(H16, 0, 0, 1, 1)*'Labour costs'!$I$14","v":3325331.4242470707},{"$f":"OFFSET(I16, 0, 0, 1, 1)*'Labour costs'!$I$14","v":3921932.6335411859},{"$f":"OFFSET(J16, 0, 0, 1, 1)*'Labour costs'!$I$14","v":4450645.6492562313},{"$f":"OFFSET(K16, 0, 0, 1, 1)*'Labour costs'!$I$14","v":4878469.860658817},{"$f":"OFFSET(L16, 0, 0, 1, 1)*'Labour costs'!$I$14","v":5180172.8105130158},{"$f":"OFFSET(M16, 0, 0, 1, 1)*'Labour costs'!$I$14","v":5363422.2421251899},{"$f":"OFFSET(N16, 0, 0, 1, 1)*'Labour costs'!$I$14","v":5397943.4676717464},{"$f":"OFFSET(O16, 0, 0, 1, 1)*'Labour costs'!$I$14","v":5311223.2213229127},{"$f":"OFFSET(P16, 0, 0, 1, 1)*'Labour costs'!$I$14","v":5090051.6990626659},{"$f":"OFFSET(Q16, 0, 0, 1, 1)*'Labour costs'!$I$14","v":4767156.984189868},{"$f":"OFFSET(R16, 0, 0, 1, 1)*'Labour costs'!$I$14","v":4346748.1459174566}]
[null,"Reactive Faults - Materials",null,{"$f":"D23*'Labour costs'!$D$14","v":387717.63755391975},{"$f":"E23*'Labour costs'!$D$14","v":606685.7254690564},{"$f":"F23*'Labour costs'!$D$14","v":864599.0809542049},{"$f":"G23*'Labour costs'!$D$14","v":1149145.0685979242},{"$f":"H23*'Labour costs'!$D$14","v":1444991.6186817014},{"$f":"I23*'Labour costs'!$D$14","v":1734493.895130479},{"$f":"J23*'Labour costs'!$D$14","v":1999412.7557215856},{"$f":"K23*'Labour costs'!$D$14","v":2221672.9629137511},{"$f":"L23*'Labour costs'!$D$14","v":2386357.5265851365},{"$f":"M23*'Labour costs'!$D$14","v":2482245.8009578953},{"$f":"N23*'Labour costs'!$D$14","v":2504041.7307490944},{"$f":"O23*'Labour costs'!$D$14","v":2452390.7889829758},{"$f":"P23*'Labour costs'!$D$14","v":2334047.2622764958},{"$f":"Q23*'Labour costs'!$D$14","v":2161091.4876172156},{"$f":"R23*'Labour costs'!$D$14","v":1948345.2135378399}]
[]
[null,"Reactive failures - Labour",null,{"$f":"NPV(Summary!$B$15,D41:R41)","v":205228465.11804768}]
[null,"Reactive failures - Materials",null,{"$f":"NPV(Summary!$B$15,D42:R42)","v":172925761.78748176}]
[null,"Reactive faults - Labour",null,{"$f":"NPV(Summary!$B$15,D43:R43)","v":42750003.877351798}]
[null,"Reactive Faults - Materials",null,{"$f":"NPV(Summary!$B$15,D44:R44)","v":19213973.53194242}]
[null,"Total",null,{"$f":"SUM(D46:D49)","v":440118204.31482369}]

{"sheet":"Unit rate buildup","index":6,"n_rows":2,"n_cols":2,"rows_kept":2,"cut":false,"hidden":false,"merged":[]}
[]
[null,"Information in this sheet has been deleted because it contains confidential pricing information"]

{"sheet":"Labour costs","index":7,"n_rows":202,"n_cols":11,"rows_kept":202,"cut":false,"hidden":false,"merged":[[38,7,38,8],[37,7,37,8],[53,7,53,8],[54,7,54,8],[71,7,93,11]]}
[]
[null,"Labour cost estimation"]
[]
[null,"Labour rates",2024,"2026-06-01",null,null,null,"Escallation factor to $2026"]
[null,"Specialist metering (Office hours)",175.90826169265964,{"$f":"$H$5*C5","v":199.02405199438837},null,null,null,{"$f":"1.025*1.025*1.025*1.025*1.025","v":1.1314082128906247}]
[null,"Specialist metering (After hours)",234.09907576364884,{"$f":"C6*$H$5","v":264.86161694909686}]
[null,"Faults (Linesman) rate",197.86936413283024,{"$f":"C7*$H$5","v":223.87102365932972}]
[]
[null,"Electrician contracted rate",126.74,{"$f":"C9*$H$5","v":143.39467690175778}]
[null,"Project manager",159.28,{"$f":"C10*$H$5","v":180.2107001492187}]
[]
[]
[null,"Assumptions",null,null,null,null,null,"Blended rates"]
[null,"Percentage of failed meters will result in faults truck (i.e. hot water / heating complaints)",null,0.1,null,null,null,{"$f":"D14*(2*D7)","v":44.77420473186595},{"$f":"H14/H19","v":0.17239401489386924}]
[null,"Percentage of meters that have an antenna connected",null,0.05]
[null,"Percentage time increase for 3 phase tasks",null,0.8]
[null,"Percentage of jobs that require 2 person crews",null,0.15,null,null,null,{"$f":"D17*(2*D5)","v":59.707215598316509}]
[null,"Percentage refusals and double visits",null,0.03,null,null,null,{"$f":"D18*(2*D5)","v":11.941443119663301}]
[null,null,null,null,null,null,null,{"$f":"((1-(D14+D17+D18))*D5)+SUM(H14:H18)","v":259.72018088580541}]
[]
[]
[null,"Replace on fail",null,null,null,null,null,"Proactive replacement"]
[null,"Meter replaced on remote fail, or events. Combination of fault trucks for hot water and overtime when faults get peaky.",null,null,null,null,null,"Meter replaced proactively, no triage and minimal travel time."]
[]
[null,"On site time - Single phase",null,null,null,null,null,"On site time - Single phase"]
[null,"Activity","Description","Time MOG (hour)","Time (minutes)",null,null,"Activity","Description","Time (hours)","Time (minutes)"]
[null,"Site arrival","Arrive at site. Find appropriate parking. ",0.1,{"$f":"D27*60","v":6},null,null,"Site arrival","Not significant in the context of a proactive replacement",0.05,{"$f":"J27*60","v":3}]
[null,"Customer Contact","Let the customer know that we are there to replace the meter, Locate meter. ",0.1,6,null,null,"Customer Contact","Let the customer know that we are there to replace the meter, Locate meter. ",0.1,{"$f":"J28*60","v":6}]
[null,"Complete JSEA","Job safety assessment must be carried out to ensure the site is safe to carry out work.",0.1,6,null,null,"Complete JSEA","Job safety assessment must be carried out to ensure the site is safe to carry out work.",0.1,{"$f":"J29*60","v":6}]
[null,"Triage issue","Is the meter working. If yes, why is it reported as faulty.",0.2,12]
[null,"Final meter read","Read the information out of the meter if it is not read remotely before removing",0.1,6]
[null,"Disconnect Supply","Disconnect supply from the site. Confirm that supply is isolated and safety VESI test.",0.1,6,null,null,"Disconnect Supply","Disconnect supply from the site. Confirm that supply is isolated.",0.1,{"$f":"J32*60","v":6}]
[null,"Replace meter","Remove cover, disconnect terminals, reconnect terminals with new meter. Replace terminal cover.",0.15,9,null,null,"Replace meter","Remove cover, disconnect terminals, reconnect terminals with new meter. Replace terminal cover.",0.15,9]
[null,"Antenna change","Some sites have antennas that need to be changed over",{"$f":"$D$15*0.2","v":1.0000000000000002E-2},{"$f":"D34*60","v":0.60000000000000009},null,null,"Antenna change","Some sites have antennas that need to be changed over",{"$f":"$D$15*0.2","v":1.0000000000000002E-2},0.60000000000000009]
[null,"Reconnect supply","Reconnect supply to site. Confirm that supply has returned to site.",0.1,{"$f":"D35*60","v":6},null,null,"Reconnect supply","Reconnect supply to site. Confirm that supply has returned to site.",0.1,6]
[null,"Complete NST test","Undertake NST test, need to find an indepenent earth etc.",0.1,6,null,null,"Complete NST test","Undertake NST test, need to find an indepenent earth etc.",0.1,6]
[null,"Seal Equipment / complete paperwork","Re-seal the meter. Close out job and pack up.",0.1,6,null,null,"Seal Equipment / complete paperwork","Re-seal the meter. Close out job and pack up.",0.1,6]
[null,"Time at site (hours)",null,{"$f":"SUM(D27:D37)","v":1.1600000000000001},{"$f":"SUM(E27:E37)","v":69.599999999999994},null,null,"Time at site (hours)",null,{"$f":"SUM(J27:J37)","v":0.80999999999999994},{"$f":"SUM(K27:K37)","v":48.6}]
[null,null,null,{"$f":"H19*D38","v":301.2754098275343},null,null,null,"Cost",null,{"$f":"J38*D9","v":116.1496882904238}]
[]
[null,"On site time  - Three phase",null,null,null,null,null,"On site time - Three phase"]
[null,"Activity","Description","Time MOG (hour)","Time MOG (minutes)",null,null,"Activity","Description","Time (hours)","Time (minutes)"]
[null,"Site arrival","Arrive at site. Find appropriate parking. ",{"$f":"D27","v":0.1},{"$f":"D43*60","v":6},null,null,"Site arrival","Not significant in the context of a proactive replacement",0.05,{"$f":"J43*60","v":3}]
[null,"Customer Contact","Let the customer know that we are there to replace the meter, Locate meter. ",{"$f":"D28","v":0.1},6,null,null,"Customer Contact","Let the customer know that we are there to replace the meter, Locate meter. ",{"$f":"D44","v":0.1},{"$f":"J44*60","v":6}]
[null,"Complete JSEA","Job safety assessment must be carried out to ensure the site is safe to carry out work.",0.1,6,null,null,"Complete JSEA","Job safety assessment must be carried out to ensure the site is safe to carry out work.",{"$f":"D45","v":0.1},{"$f":"J45*60","v":6}]
[null,"Triage issue","Is the meter working. If yes, why is it reported as faulty.",0.3,18]
[null,"Final meter read","Read the information out of the meter if it is not read remotely before removing",{"$f":"D31","v":0.1},6]
[null,"Disconnect Supply","Disconnect supply from the site. Confirm that supply is isolated and safety VESI test.",0.15,9,null,null,"Disconnect Supply","Disconnect supply from the site. Confirm that supply is isolated.",{"$f":"D48","v":0.15},{"$f":"J48*60","v":9}]
[null,"Replace meter","Remove cover, disconnect terminals, reconnect terminals with new meter. Replace terminal cover.",{"$f":"D33*($D$16+1)","v":0.27},16.200000000000003,null,null,"Replace meter","Remove cover, disconnect terminals, reconnect terminals with new meter. Replace terminal cover.",{"$f":"D49","v":0.27},{"$f":"J49*60","v":16.200000000000003}]
[null,"Antenna change","Some sites have antennas that need to be changed over",{"$f":"D34","v":1.0000000000000002E-2},0.60000000000000009,null,null,"Antenna change","Some sites have antennas that need to be changed over",{"$f":"J34","v":1.0000000000000002E-2},{"$f":"K34","v":0.60000000000000009}]
[null,"Reconnect supply","Reconnect supply to site. Confirm that supply has returned to site.",0.15,9,null,null,"Reconnect supply","Reconnect supply to site. Confirm that supply has returned to site.",{"$f":"D51","v":0.15},{"$f":"J51*60","v":9}]
[null,"Complete NST test","Undertake NST test, need to find an indepenent earth etc.",0.2,12,null,null,"Complete NST test","Undertake NST test, need to find an indepenent earth etc.",{"$f":"D52","v":0.2},{"$f":"J52*60","v":12}]
[null,"Seal Equipment / complete paperwork","Re-seal the meter. Close out job and pack up.",0.1,6,null,null,"Seal Equipment / complete paperwork","Re-seal the meter. Close out job and pack up.",{"$f":"D53","v":0.1},{"$f":"J53*60","v":6}]
[null,"Time at site (hours)",null,{"$f":"SUM(D43:D53)","v":1.58},{"$f":"SUM(E43:E53)","v":94.8},null,null,"Time at site (hours)",null,{"$f":"SUM(J43:J53)","v":1.1300000000000001},{"$f":"SUM(K43:K53)","v":67.800000000000011}]
[null,null,null,{"$f":"D54*H19","v":410.35788579957256},null,null,null,"Cost",null,{"$f":"J54*D9","v":162.0359848989863}]
[]
[]
[null,"Travel time",null,null,null,null,null,"Travel time"]
[null,"Average travel time per meter",null,null,null,null,null,"Average travel time per meter"]
[null,"DB","Average cost","Time MOG (hour)","Time MOG (minutes)",null,null,"DB","Average cost","Time (hours)","Time (minutes)"]
[null,"Powercor",192.01200004341504,0.73930335097001754,44.358201058201054,null,null,"Powercor",{"$f":"J61*D9","v":28.678935380351557},{"$f":"K61/60","v":0.2},12]
[]
[]
[null,null,"Powercor"]
[null,"Base rate",{"$f":"($D$61+$D$38)*D5","v":378.00704887657287}]
[null,"Faults rate",{"$f":"($D$61+$D$38)*D7*2","v":850.39797084250608}]
[]
[]
[null,"Replacement efficiency scale"]
[]
[null,"Assumptions",null,null,null,null,null,"Notes"]
[null,null,"Urban","Rural",null,null,null,"Reduction in travel time is not likely to be significant if the crew needs to go back to a depot. The assumptions:\n - Travel time reduction is likely to reduce by around 25% in rural areas\n - Minimal reduction in urban area\n\nAs the failure rate increases we would move to replace on fail for most meters resulting in the removal to triage"]
[null,"Resulting reduction in travel time",0.1,0.25]
[null,"Move from triage to replace on fail",{"$f":"D46/D54","v":0.18987341772151897}]
[null,"Percentage rural (Powercor)",0.3]
[null,"Percentage of meter >10 years old",0.8]
[]
[null,"Resultant efficiency @12%",null,{"$f":"((E54*(1-C74))+((1-D73)*E61))/(E54+E61)","v":0.7909605754936142}]
[]
[]
[null,"Efficiency scale (Failure rate >2%)",null,"Powercor"]
[null,0,null,1]
[null,{"$f":"ROUND(B82+0.001,3)","v":1E-3},null,1]
[null,2E-3,null,1]
[null,3.0000000000000001E-3,null,1]
[null,4.0000000000000001E-3,null,1]
[null,5.0000000000000001E-3,null,1]
[null,6.0000000000000001E-3,null,1]
[null,7.0000000000000001E-3,null,1]
[null,8.0000000000000002E-3,null,1]
[null,8.9999999999999993E-3,null,1]
[null,0.01,null,1]
[null,1.0999999999999999E-2,null,1]
[null,1.2E-2,null,1]
[null,1.2999999999999999E-2,null,1]
[null,1.4E-2,null,1]
[null,1.4999999999999999E-2,null,1]
[null,1.6E-2,null,1]
[null,1.7000000000000001E-2,null,1]
[null,1.7999999999999999E-2,null,1]
[null,1.9E-2,null,1]
[null,0.02,null,1]
[null,2.1000000000000001E-2,null,{"$f":"1-(((100/10)*(B103-0.02))*(1-$D$78))","v":0.99790960575493615}]
[null,2.1999999999999999E-2,null,0.99581921150987229]
[null,2.3E-2,null,0.99372881726480844]
[null,2.4E-2,null,0.99163842301974459]
[null,2.5000000000000001E-2,null,0.98954802877468073]
[null,2.5999999999999999E-2,null,0.98745763452961688]
[null,2.7E-2,null,0.98536724028455303]
[null,2.8000000000000001E-2,null,0.98327684603948917]
[null,2.9000000000000001E-2,null,0.98118645179442532]
[null,0.03,null,0.97909605754936146]
[null,3.1E-2,null,0.97700566330429761]
[null,3.2000000000000001E-2,null,0.97491526905923376]
[null,{"$f":"ROUND(B114+0.001,3)","v":3.3000000000000002E-2},null,0.97282487481416979]
[null,3.4000000000000002E-2,null,0.97073448056910594]
[null,3.5000000000000003E-2,null,0.96864408632404209]
[null,3.5999999999999997E-2,null,0.96655369207897823]
[null,3.6999999999999998E-2,null,0.96446329783391438]
[null,3.7999999999999999E-2,null,0.96237290358885053]
[null,3.9E-2,null,0.96028250934378667]
[null,0.04,null,0.95819211509872282]
[null,4.1000000000000002E-2,null,0.95610172085365897]
[null,4.2000000000000003E-2,null,0.95401132660859511]
[null,4.2999999999999997E-2,null,0.95192093236353126]
[null,4.3999999999999997E-2,null,0.9498305381184674]
[null,4.4999999999999998E-2,null,0.94774014387340355]
[null,4.5999999999999999E-2,null,0.9456497496283397]
[null,4.7E-2,null,0.94355935538327584]
[null,4.8000000000000001E-2,null,0.94146896113821199]
[null,4.9000000000000002E-2,null,0.93937856689314814]
[null,0.05,null,0.93728817264808428]
[null,5.0999999999999997E-2,null,0.93519777840302043]
[null,5.1999999999999998E-2,null,0.93310738415795658]
[null,5.2999999999999999E-2,null,{"$f":"1-(((100/10)*(B135-0.02))*(1-$D$78))","v":0.93101698991289272}]
[null,5.3999999999999999E-2,null,0.92892659566782887]
[null,5.5E-2,null,0.9268362014227649]
[null,5.6000000000000001E-2,null,0.92474580717770105]
[null,5.7000000000000002E-2,null,0.9226554129326372]
[null,5.8000000000000003E-2,null,0.92056501868757334]
[null,5.8999999999999997E-2,null,0.9184746244425096]
[null,0.06,null,0.91638423019744575]
[null,6.0999999999999999E-2,null,0.91429383595238178]
[null,6.2E-2,null,0.91220344170731793]
[null,6.3E-2,null,0.91011304746225408]
[null,6.4000000000000001E-2,null,0.90802265321719022]
[null,{"$f":"ROUND(B146+0.001,3)","v":6.5000000000000002E-2},null,0.90593225897212637]
[null,6.6000000000000003E-2,null,0.90384186472706252]
[null,6.7000000000000004E-2,null,0.90175147048199866]
[null,6.8000000000000005E-2,null,0.89966107623693481]
[null,6.9000000000000006E-2,null,0.89757068199187096]
[null,7.0000000000000007E-2,null,0.8954802877468071]
[null,7.0999999999999994E-2,null,0.89338989350174325]
[null,7.1999999999999995E-2,null,0.8912994992566794]
[null,7.2999999999999995E-2,null,0.88920910501161554]
[null,7.3999999999999996E-2,null,0.88711871076655169]
[null,7.4999999999999997E-2,null,0.88502831652148783]
[null,7.5999999999999998E-2,null,0.88293792227642398]
[null,7.6999999999999999E-2,null,0.88084752803136013]
[null,7.8E-2,null,0.87875713378629627]
[null,7.9000000000000001E-2,null,0.87666673954123242]
[null,0.08,null,0.87457634529616857]
[null,8.1000000000000003E-2,null,0.87248595105110471]
[null,8.2000000000000003E-2,null,0.87039555680604086]
[null,8.3000000000000004E-2,null,0.86830516256097701]
[null,8.4000000000000005E-2,null,0.86621476831591315]
[null,8.5000000000000006E-2,null,{"$f":"1-(((100/10)*(B167-0.02))*(1-$D$78))","v":0.86412437407084919}]
[null,8.5999999999999993E-2,null,0.86203397982578545]
[null,8.6999999999999994E-2,null,0.85994358558072159]
[null,8.7999999999999995E-2,null,0.85785319133565774]
[null,8.8999999999999996E-2,null,0.85576279709059377]
[null,0.09,null,0.85367240284552992]
[null,9.0999999999999998E-2,null,0.85158200860046607]
[null,9.1999999999999998E-2,null,0.84949161435540221]
[null,9.2999999999999999E-2,null,0.84740122011033836]
[null,9.4E-2,null,0.84531082586527451]
[null,9.5000000000000001E-2,null,0.84322043162021065]
[null,9.6000000000000002E-2,null,0.8411300373751468]
[null,{"$f":"ROUND(B178+0.001,3)","v":9.7000000000000003E-2},null,0.83903964313008295]
[null,9.8000000000000004E-2,null,0.83694924888501909]
[null,9.9000000000000005E-2,null,0.83485885463995524]
[null,0.1,null,0.83276846039489139]
[null,0.10100000000000001,null,0.83067806614982753]
[null,0.10199999999999999,null,0.82858767190476368]
[null,0.10299999999999999,null,0.82649727765969982]
[null,0.104,null,0.82440688341463597]
[null,0.105,null,0.82231648916957212]
[null,0.106,null,0.82022609492450826]
[null,0.107,null,0.81813570067944441]
[null,0.108,null,0.81604530643438056]
[null,0.109,null,0.81395491218931659]
[null,0.11,null,0.81186451794425274]
[null,0.111,null,0.80977412369918889]
[null,0.112,null,0.80768372945412503]
[null,0.113,null,0.80559333520906118]
[null,0.114,null,0.80350294096399733]
[null,0.115,null,0.80141254671893347]
[null,0.11600000000000001,null,0.79932215247386962]
[null,0.11700000000000001,null,0.79723175822880576]
[null,0.11799999999999999,null,0.79514136398374191]
[null,0.11899999999999999,null,0.79305096973867806]
[null,0.12,null,0.7909605754936142]

{"sheet":"Replacement program breakdown","index":8,"n_rows":215,"n_cols":15,"rows_kept":215,"cut":false,"hidden":false,"merged":[]}
[]
[null,"Program level costs"]
[]
[null,"Assumptions"]
[null,"Working days per year",251]
[null,"Project duration (days)",{"$f":"C5*5","v":1255}]
[null,"Labour rate - Project management (daily)",900]
[null,"Labour rate - SME metering (daily)",1200]
[]
[]
[null,"Project element (Activity","Category","Scope","Time FTE","Duration","Cost","Notes",null,"2026-27","2027-28","2028-29","2029-30","2030-31"]
[null,null,null,null,null,null,null,null,null,0.2,0.4,0.6,0.8,1]
[null,"1.0 ProgramManagement ","High level category"]
[null,"1.1 Industry Planning & Liaison","Program management","Partially in scope",0.2,1,{"$f":"F14*E14*$C$7*$C$6","v":225900},"There will be a some industry communications etc",null,{"$f":"IF($F14>=$J$12,1,$F14*5)*$C$5*$C$7*$E14","v":45180},{"$f":"IF($F14>=K$12,1,IF((($F14-K$12)>=0),($F14-K$12)*5,0))*$C$5*$C$7*$E14","v":45180},{"$f":"IF($F14>=L$12,1,IF((($F14-L$12)>=0),($F14-L$12)*5,0))*$C$5*$C$7*$E14","v":45180},{"$f":"IF($F14>=M$12,1,IF((($F14-M$12)>=0),($F14-M$12)*5,0))*$C$5*$C$7*$E14","v":45180},{"$f":"IF($F14>=N$12,1,IF((($F14-N$12)>=0),($F14-N$12)*5,0))*$C$5*$C$7*$E14","v":45180}]
[null,"1.2 PMO: ProgramEstablishment ","Program management","In scope",2,0.2,{"$f":"F15*E15*$C$7*$C$6","v":451800},"Establish the PMO in the first year",null,451800,{"$f":"IF($F15>=K$12,1,IF((($F15-K$12)>=0),($F15-K$12)*5,0))*$C$5*$C$7*$E15","v":0},0,0,0]
[null,"1.3 PMO: ProgramOperation Mode ","Program management","In scope",1,0.8,{"$f":"F16*E16*$C$7*$C$6","v":903600},null,null,225900,225900,225900,225900,0]
[null,"1.4 PMO: ProgramClose-Down","Program management","Out of scope",null,null,null,"Will not close down until next EDPR",null,0,0,0,0,0]
[null,"1.5 ProgramManagement Tools ","Program management","In scope",0,0.2,{"$f":"F18*E18*$C$7*$C$6","v":0},"Should already have tools, no cost",null,0,0,0,0,0]
[null,"1.6 Commercial & Procurement ","Procurement","In scope",0.5,0.2,{"$f":"F19*E19*$C$7*$C$6","v":112950},"Only in the first year",null,112950,0,0,0,0]
[null,"1.7 Management of the AMI Program","Program management","In scope",1,1,{"$f":"F20*E20*$C$7*$C$6","v":1129500},"PMO manager",null,225900,225900,225900,225900,225900]
[null,"1.8 AMI ProgramFinance Reporting ","Program management","In scope",0.3,1,{"$f":"F21*E21*$C$7*$C$6","v":338850},null,null,67770,67770,67770,67770,67770]
[null,"1.9 AMI Collaboration Sites (Sharepoint) ","Program management","Out of scope",null,null,null,null,null,0,0,0,0,0]
[null,"1.10 Reporting Metering ProcessPerformance ","Program management","In scope",0,1,{"$f":"F23*E23*$C$7*$C$6","v":0},"Should already have tools",null,0,0,0,0,0]
[null,"1.11 AMI Field Deployment Reporting ","Program management","In scope",0.1,1,{"$f":"F24*E24*$C$7*$C$6","v":112950},null,null,22590,22590,22590,22590,22590]
[null,"1.12 Meter SupplyContract Review ","Procurement","In scope",0,1,{"$f":"F25*E25*$C$7*$C$6","v":0},"Covered above",null,0,0,0,0,0]
[null,"1.13 Gateway Review","Out of scope","Out of scope",null,null,null,null,null,0,0,0,0,0]
[null,"1.14 HAN Pilot ","Out of scope","Out of scope",null,null,null,"Possibly if we move to WiFi etc",null,0,0,0,0,0]
[null,"1.15 Remote Configuration of Meters ","AMI operations","In scope",0.1,1,112950,null,null,22590,22590,22590,22590,22590]
[null,"1.16 Implement Reporting ","Program management","In scope",0.1,1,112950,null,null,22590,22590,22590,22590,22590]
[null,"1.18 CIS to UIQ Automation for BAU Process ","Out of scope","Out of scope",null,null,null,"Already done",null,0,0,0,0,0]
[null,null,null,null,null,null,null,null,null,0,0,0,0,0]
[null,"2.0 Technology ",null,null,null,null,null,null,null,0,0,0,0,0]
[null,"2.1 RFP ","Procurement","In scope",0.5,0.2,{"$f":"F33*E33*$C$7*$C$6","v":112950},"If we are doing a mass rollout there will need to be best pricing etc",null,112950,0,0,0,0]
[null,"2.2 DPI Trials ","AMI technology","Partially in scope",1,0.1,{"$f":"F34*E34*$C$7*$C$6","v":112950},"Half a year of testing",null,112950,0,0,0,0]
[null,"2.3 Establish Backhaul ","Out of scope","Out of scope",null,null,null,"Possibly augmentation not rollout",null,0,0,0,0,0]
[null,"2.4 Technology Acceptance ","AMI technology","In scope",2,1,{"$f":"F36*E36*$C$8*$C$6","v":3012000},"Needed for the DI meters",null,451800,451800,451800,451800,451800]
[null,"2.5 Pilot & Roll-out Preparation ",null,"In scope",1,0.2,225900,null,null,225900,0,0,0,0]
[null,"2.6 Establish Test Lab ",null,"In scope",null,null,200000,"DI Test lab for new meters and issues",null,{"$f":"G38","v":200000},0,0,0,0]
[null,"2.7 Establish Asset Mgmt System ",null,"Partially in scope",0,1,300000,"Would be good to update asset management systems",null,{"$f":"IF($F39>=$J$12,1,$F39*5)*$C$5*$C$7*$E39","v":0},0,0,0,0]
[null,"2.8 Establish Security Systems ","Out of scope","Out of scope",null,null,null,null,null,0,0,0,0,0]
[null,"2.9 NMS Implementation ","Out of scope","Out of scope",null,null,null,null,null,0,{"$f":"IF($F41>=K$12,1,IF((($F41-K$12)>=0),($F41-K$12)*5,0))*$C$5*$C$7*$E41","v":0},0,0,0]
[null,"2.11 Establish ACC ","Out of scope","Out of scope",null,null,null,null,null,0,0,0,0,0]
[null,"2.12 AMI Meter Solutions ","Out of scope","Out of scope",null,null,null,null,null,0,0,0,0,0]
[null,"2.13 NMS Integration ","Out of scope","Out of scope",null,null,null,null,null,0,0,0,0,0]
[null,"2.14 DCI Sentry ","Out of scope","Out of scope",null,null,null,null,null,0,0,0,0,0]
[null,"2.15 Develop HomeArea Network (HAN) Capability ","Out of scope","Out of scope",null,null,null,null,null,0,0,0,0,0]
[null,"2.19 BAU & Support (Pre-deploy) ","Out of scope","Out of scope",null,null,null,null,null,0,0,0,0,0]
[null,"2.20 AMI Generation 2 Scoping ","Out of scope","Out of scope",null,null,null,null,null,0,0,0,0,0]
[null,"2.21 UIQ Upgrade ",null,"In scope",null,null,null,"Captured separately",null,0,0,0,0,0]
[null,"2.31 AMI Operate Centre Setup ","Out of scope","Out of scope",null,null,null,null,null,0,0,0,0,0]
[null,"2.32 TAG Automation ","AMI technology","Out of scope",null,null,null,null,null,0,0,0,0,0]
[null,"2.33 Information Security Management System (ISMS) ",null,"Out of scope",null,null,null,null,null,0,0,0,0,0]
[null,null,null,null,null,null,null,null,null,0,0,0,0,0]
[null,"3.0 Business Transformation",null,null,null,null,null,null,null,0,0,0,0,0]
[null,"3.1 Transformation Strategy ","Out of scope","Out of scope",null,null,null,null,null,0,0,0,0,0]
[null,"3.2 OpportunityDevelopment ","Out of scope","Out of scope",null,null,null,null,null,0,0,0,0,0]
[null,"3.3 Scope & Structure ","Out of scope","Out of scope",null,null,null,null,null,0,0,0,0,0]
[null,"3.4 Process Architecture Management","Out of scope","Out of scope",null,null,null,null,null,0,0,0,0,0]
[null,"3.5 OrganisationalChange Management ","Out of scope","Out of scope",null,null,null,null,null,0,0,0,0,0]
[null,"3.7 ImplementationManagement ","Out of scope","Out of scope",null,null,null,null,null,0,0,0,0,0]
[null,"3.8 Resource Management ",null,"In scope",0.1,1,{"$f":"F61*E61*$C$7*$C$6","v":112950},null,null,22590,22590,22590,22590,22590]
[null,"3.9 Performance Management ",null,"In scope",0.1,1,{"$f":"F62*E62*$C$7*$C$6","v":112950},null,null,22590,22590,22590,22590,22590]
[null,"3.10 Network Impact Assessment ",null,"In scope",0,1,0,null,null,0,0,0,0,0]
[null,"3.11 Continual Improvement ",null,"In scope",0,1,0,null,null,0,0,0,0,0]
[null,"3.12 Scope Assessment – Vic. AMI Program Ph2(Active 2012) ","Out of scope","Out of scope",null,null,null,null,null,0,0,0,0,0]
[null,"3.13 AMI Operating Model Implementation ","Out of scope","Out of scope",null,null,null,null,null,0,0,0,0,0]
[null,"3.14 Transition Planning & Implementation",null,"Partially in scope",0.1,1,112950,null,null,22590,22590,22590,22590,22590]
[null,null,null,null,null,null,null,null,null,0,0,0,0,0]
[null,"4.0 Information Technology",null,null,null,null,null,null,null,0,0,0,0,0]
[null,"4.1 IT ProgramManagement ",null,"Partially in scope",0.5,1,{"$f":"F70*E70*$C$7*$C$6","v":564750},null,null,112950,112950,112950,112950,112950]
[null,"4.2 MCR A and Faults Management Mobility ",null,"In scope",null,null,0,"Mobility solutions for field crew - will need to provide ipads etc as well as mobility",null,{"$f":"G71","v":0},0,0,0,0]
[null,"4.4 Interval Meter Billing (IMB) ","Out of scope","Out of scope",null,null,null,null,null,{"$f":"IF($F72>=$J$12,1,$F72*5)*$C$5*$C$7*$E72","v":0},0,0,0,0]
[null,"4.5 MMS & Scaling ","Out of scope","Out of scope",null,null,null,null,null,0,0,0,0,0]
[null,"4.6 Systems Integration(USB) Establishment ","Out of scope","Out of scope",null,null,null,null,null,0,0,0,0,0]
[null,"4.7 Infrastructure Development ","Out of scope","Out of scope",null,null,null,null,null,0,0,0,0,0]
[null,"4.8 AMI Reporting ","Out of scope","Out of scope",null,null,null,null,null,0,0,0,0,0]
[null,"4.9 Systems Integration ","Out of scope","Out of scope",null,null,null,null,null,0,0,0,0,0]
[null,"4.10 Type 6 Meter DataTime Reference ","Out of scope","Out of scope",null,null,null,null,null,0,0,0,0,0]
[null,"4.11 Infrastructure Production ","Out of scope","Out of scope",null,null,null,null,null,0,0,0,0,0]
[null,"4.12 Infrastr’ctr Disaster Recovery ","Out of scope","Out of scope",null,null,null,null,null,0,0,0,0,0]
[null,"4.13 Infrastructure Growth 2010 ","Out of scope","Out of scope",null,null,null,null,null,0,0,0,0,0]
[null,"4.14 Oracle Fusion 11g Technical Upgrade ","Out of scope","Out of scope",null,null,null,null,null,0,0,0,0,0]
[null,"4.15 Field Systems Enhancement ","Out of scope","Out of scope",null,null,null,null,null,0,0,0,0,0]
[null,"4.16 AMI Oracle 11G Migration ","Out of scope","Out of scope",null,null,null,null,null,0,0,0,0,0]
[null,"4.17 IEE / MTS Upgrade ","Out of scope","Out of scope",null,null,null,"Assume we would not need an upgrade as the meter data should not change",null,0,0,0,0,0]
[null,"4.18 Infrastructure Growth 2011 Implementation ","Out of scope","Out of scope",null,null,null,null,null,0,0,0,0,0]
[null,"4.19 Infrastructure Growth 2012 ","Out of scope","Out of scope",null,null,null,null,null,0,0,0,0,0]
[null,"4.20 NMS Hardware Entity Name Upgrade to 1.2M meters WBS # ","Out of scope","Out of scope",null,null,null,null,null,0,0,0,0,0]
[null,"4.26 Data Warehouse/Analytics Tool ","Out of scope","Out of scope",null,null,null,null,null,0,0,0,0,0]
[null,"4.27 MobilityConnections ","In scope","In scope",null,null,null,null,null,0,0,0,0,0]
[null,"4.31 AMI IT Security ","Out of scope","Out of scope",null,null,null,null,null,0,0,0,0,0]
[null,"4.35 IEE License Growth ","Out of scope","Out of scope",null,null,null,null,null,0,0,0,0,0]
[null,"4.37 Service Suite Upgrade ","Out of scope","Out of scope",null,null,null,null,null,0,0,0,0,0]
[null,"4.38 Rollout Decomm Project ","Out of scope","Out of scope",null,null,null,null,null,0,0,0,0,0]
[null,"4.39 Infrastructure Growth 2013 ","Out of scope","Out of scope",null,null,null,null,null,0,0,0,0,0]
[null,"4.40 Infrastructure Growth 2014 ","Out of scope","Out of scope",null,null,null,null,null,0,0,0,0,0]
[null,"4.41 Infrastructure Growth 2015 ","Out of scope","Out of scope",null,null,null,null,null,0,0,0,0,0]
[null,"4.42 Infrastructure Growth 2016 ","Out of scope","Out of scope",null,null,null,null,null,0,0,0,0,0]
[null,"4.44 IDAM Technical Upgrade ","Out of scope","Out of scope",null,null,null,null,null,0,0,0,0,0]
[null,"4.45 Faults MobilityRefinements ","Out of scope","Out of scope",null,null,null,null,null,0,0,0,0,0]
[null,null,null,null,null,null,null,null,null,0,0,0,0,0]
[null,"5.0 Field Implementation",null,null,null,null,null,null,null,0,0,0,0,0]
[null,"5.1 Field Implementation Project Scoping ",null,"In scope",1,0.2,{"$f":"F103*E103*$C$7*$C$6","v":225900},null,null,225900,0,0,0,0]
[null,"5.2 DeploymentPlanning ",null,"In scope",0.5,1,{"$f":"F104*E104*$C$7*$C$6","v":564750},null,null,{"$f":"IF($F104>=$J$12,1,$F104*5)*$C$5*$C$7*$E104","v":112950},112950,112950,112950,{"$f":"IF($F104>=N$12,1,IF((($F104-N$12)>=0),($F104-N$12)*5,0))*$C$5*$C$7*$E104","v":112950}]
[null,"5.3 EnablingTechnology ",null,"In scope",0.1,1,112950,null,null,22590,22590,22590,22590,22590]
[null,"5.4 Resource Mobilisation ",null,"In scope",1,1,1129500,null,null,225900,225900,225900,225900,225900]
[null,"5.5 OrganisationalChange Management ",null,"In scope",0,1,0,null,null,0,0,0,0,0]
[null,"5.6 QualityManagement ",null,"In scope",2,1,2259000,"Auditing",null,451800,451800,451800,451800,451800]
[null,"5.7 Management & Planning ",null,"In scope",0,1,0,null,null,0,0,0,0,0]
[null,"5.8 Meter Installation Contract Review ",null,"In scope",0,1,0,null,null,0,0,0,0,0]
[null,null,null,null,null,null,null,null,null,0,0,0,0,0]
[null,"7.0 Regulation ",null,null,null,null,null,null,null,0,0,0,0,0]
[null,"7.1 Tariff Optimisation ","Out of scope","Out of scope",null,null,null,"Should not need any changes in tariffs etc.",null,0,0,0,0,0]
[null,"7.2 Price Review Process","Out of scope","Out of scope",null,null,null,null,null,0,0,0,0,0]
[null,"7.3 Accruals ","Out of scope","Out of scope",null,null,null,null,null,0,0,0,0,0]
[null,"7.4 Tariff Revenue ","Out of scope","Out of scope",null,null,null,null,null,0,0,0,0,0]
[null,"7.5 Price Review 2016-2020","Out of scope","Out of scope",null,null,null,null,null,0,0,0,0,0]
[null,"7.6 Transitional Feed In Tariff (TFIT) ","Out of scope","Out of scope",null,null,null,null,null,0,0,0,0,0]
[null,"7.7 Monthly Billing ","Out of scope","Out of scope",null,null,null,null,null,0,0,0,0,0]
[null,"7.8 Flexible Pricing ","Out of scope","Out of scope",null,null,null,null,null,0,0,0,0,0]
[null,null,null,null,null,null,null,null,null,0,0,0,0,0]
[null,"8.0 Customer Management ",null,null,null,null,null,null,null,0,0,0,0,0]
[null,"8.1 AMI Customer Strategy & RetailerManagement",null,"Partially in scope",0.3,1,{"$f":"F123*E123*$C$7*$C$6","v":338850},null,null,67770,67770,67770,67770,67770]
[null,"8.2 Customer Interaction & Treatment Pre-deployment  ","Out of scope","Out of scope",null,null,null,null,null,0,0,0,0,0]
[null,"8.3 Customer Self-Service ","Out of scope","Out of scope",null,null,null,null,null,0,0,0,0,0]
[null,"8.4 Customer Response Plan to support the AMI rollout Pre-deployment ","Out of scope","Out of scope",null,null,null,null,null,0,0,0,0,0]
[null,"8.5 Revenue Management Pre-deployment ","Out of scope","Out of scope",null,null,null,null,null,0,0,0,0,0]
[null,"8.6 Customer Energy Data Access (CEDA) Trial ","Out of scope","Out of scope",null,null,null,null,null,0,0,0,0,0]
[null,"8.7 Meter Event Analysis for Revenue Protection ","Out of scope","Out of scope",null,null,null,null,null,0,0,0,0,0]
[null,"8.8 Network Analysis for Revenue Protection ","Out of scope","Out of scope",null,null,null,null,null,0,0,0,0,0]
[null,"8.10 CEDA Implementation ","Out of scope","Out of scope",null,null,null,null,null,0,0,0,0,0]
[null,"8.12 Customer & Community Engagement & Education ",null,"Partially in scope",0.3,1,{"$f":"F132*E132*$C$7*$C$6","v":338850},"No doubt a rollout will cause more complaints",null,67770,67770,67770,67770,67770]
[null,"8.13 TCE to reference UIQ ","Out of scope","Out of scope",null,null,null,null,null,0,0,0,0,0]
[null,"8.14 Customer Portal Refinements ","Out of scope","Out of scope",null,null,null,null,null,0,0,0,0,0]
[null,null,null,null,null,null,null,null,null,0,0,0,0,0]
[null,"10.0 Meter Strategy ",null,null,null,null,null,null,null,{"$f":"IF($F136>=$J$12,1,$F136*5)*$C$5*$C$7*$E136","v":0},0,0,0,0]
[null,"10.1 Meter Strategies ",null,"Partially in scope",0,1,{"$f":"F137*E137*$C$7*$C$6","v":0},null,null,0,0,0,0,0]
[null,"10.2 Meter Provisioning Policy & Stds -Release 1 / 1A ","Out of scope","Out of scope",null,null,null,null,null,0,0,0,0,0]
[null,"10.3 Meter Provision Policy & Stds -Release 2 & 3 ","Out of scope","Out of scope",null,null,null,null,null,0,0,0,0,0]
[null,"10.4 GIS ","Out of scope","Out of scope",null,null,null,null,null,0,0,0,0,0]
[null,"10.5 Asset Management ",null,"Partially in scope",1,1,{"$f":"F141*E141*$C$7*$C$6","v":1129500},null,null,225900,225900,225900,225900,225900]
[null,"10.6 BAU Transition ","Out of scope","Out of scope",null,null,null,null,null,0,0,0,0,0]
[null,"10.7 BAU & Support (Technical) ","Out of scope","Out of scope",null,null,null,null,null,0,0,0,0,0]
[null,null,null,null,null,null,null,null,null,0,0,0,0,0]
[null,null,null,null,null,null,null,null,null,0,0,0,0,0]
[null,"11.0 Meter Data Management ",null,null,null,null,null,null,null,0,0,0,0,0]
[null,"11.1 AMI Address Cleansing ",null,null,null,null,null,null,null,0,0,0,0,0]
[null,"11.2 AMI Control of Customer Keys & Access Devices ",null,null,null,null,null,null,null,0,0,0,0,0]
[null,"11.4 GIS Information Mgmt & Program Report ",null,"Partially in scope",0.5,1,{"$f":"F149*E149*$C$7*$C$6","v":564750},null,null,112950,112950,112950,112950,112950]
[null,"11.5 CSG Information Mgmt & Program Reporting ",null,"Partially in scope",0.5,1,564750,null,null,112950,112950,112950,112950,112950]
[null,"11.6 AMI Meter Data Provider Accreditation ","Out of scope","Out of scope",null,null,null,null,null,0,0,0,0,0]
[null,"11.7 AMI Meter Data Transition ","Out of scope","Out of scope",null,null,null,null,null,0,0,0,0,0]
[null,"11.9 Type 5 to Market ","Out of scope","Out of scope",null,null,null,null,null,0,0,0,0,0]
[null,"11.10 AMI Remote Connect and Disconnect ","Out of scope","Out of scope",null,null,null,null,null,0,0,0,0,0]
[null,"11.11 AMI Tariff Implementation (inc. Re-assignment) Build Capability ","Out of scope","Out of scope",null,null,null,null,null,0,0,0,0,0]
[null,null,null,null,null,null,null,null,null,0,0,0,0,0]
[null,"12.0 AMI Deployment ",null,null,null,null,null,null,null,0,0,0,0,0]
[null,"12.1 Program DeploymentPlanning & Management ",null,"In scope",2,1,{"$f":"F158*E158*$C$7*$C$6","v":2259000},null,null,451800,451800,451800,451800,451800]
[null,"12.2 TechnologyManagement ",null,"Partially in scope",0.5,1,564750,null,null,112950,112950,112950,112950,112950]
[null,"12.3 Field Management & Training ",null,"In scope",1,1,1129500,null,null,225900,225900,225900,225900,225900]
[null,"12.4 Customer Interaction & Treatment Deployment ",null,"In scope",0.1,1,112950,null,null,22590,22590,22590,22590,22590]
[null,"12.5 Data Management ","Out of scope","Out of scope",null,null,null,null,null,0,0,0,0,0]
[null,"12.6 BAU Metering ","Out of scope","Out of scope",null,null,null,null,null,0,0,0,0,0]
[null,"12.7 Customer Response Plan to Support AMI Rollout Deployment ",null,"In scope",1,1,{"$f":"F164*E164*$C$7*$C$6","v":1129500},null,null,225900,225900,225900,225900,225900]
[null,"12.8 Revenue Management Deployment ","Out of scope","Out of scope",null,null,null,null,null,0,0,0,0,0]
[null,"12.11 – 12.20 Region 1 to Region 10 Region ",null,"In scope",0,1,{"$f":"F166*E166*$C$7*$C$6","v":0},null,null,0,0,0,0,0]
[null,"12.21 AMI Meters in WIP 2011 ","Out of scope","Out of scope",null,null,null,null,null,0,0,0,0,0]
[null,"12.22 AMI Meters in WIP 2012 ","Out of scope","Out of scope",null,null,null,null,null,{"$f":"IF($F168>=$J$12,1,$F168*5)*$C$5*$C$7*$E168","v":0},{"$f":"IF($F168>=K$12,1,IF((($F168-K$12)>=0),($F168-K$12)*5,0))*$C$5*$C$7*$E168","v":0},0,0,0]
[null,"12.23 AMI Meters in Work In Progress 2013 ","Out of scope","Out of scope",null,null,null,null,null,0,0,0,0,0]
[null,null,null,null,null,null,null,null,null,0,0,0,0,0]
[null,"13.0 Operate ",null,null,null,null,null,null,null,0,0,0,0,0]
[null,"13.1 Meter Strategy & Provider ",null,"In scope",0,1,{"$f":"F172*E172*$C$7*$C$6","v":0},null,null,0,0,0,0,0]
[null,"13.2 AMI Technology ",null,"In scope",1,1,1129500,null,null,225900,225900,225900,225900,225900]
[null,"13.3 IT ",null,"Out of scope",null,null,null,null,null,0,0,0,0,0]
[null,"13.4 Data Management BAU ",null,"Out of scope",null,null,null,null,null,0,0,0,0,0]
[null,"13.5 AMI Enhancements ",null,"In scope",0,1,{"$f":"F176*E176*$C$7*$C$6","v":0},null,null,0,0,0,0,0]
[null,"13.6 AMI Communications Control ",null,"In scope",1,1,1129500,null,null,225900,225900,225900,225900,225900]
[null,"13.7 TechnologyAssurance ",null,"In scope",1,1,1129500,null,null,225900,225900,225900,225900,225900]
[null,"13.8 HAN Support ","Out of scope","Out of scope",null,null,null,null,null,0,0,0,0,0]
[null,"13.9 OperationsManagement & Support ",null,"In scope",0.5,1,{"$f":"F180*E180*$C$7*$C$6","v":564750},null,null,112950,112950,112950,112950,112950]
[null,"13.10 Data Management Operations ",null,"In scope",1,1,1129500,null,null,225900,225900,225900,225900,225900]
[null,"13.11 AMI Corporate ","Out of scope","Out of scope"]
[null,"13.12 Price Review 2016 -2026 ","Out of scope","Out of scope"]
[]
[null,"14.0 Non-recoverable project (CAPEX) "]
[null,"14.1 Generation 2 Communications","Out of scope","Out of scope"]
[null,"14.2 Customer Initiated Meter Replacement (Solar) ","Out of scope","Out of scope"]
[null,"14.3 Customer Initiated Meter Replacement (Other) ","Out of scope","Out of scope"]
[null,"14.4 New Connections Installations ","Out of scope","Out of scope"]
[null,"14.5 Servicing (NewConnections & Replacements) ","Out of scope","Out of scope"]
[]
[null,"15.0 Non-recoverable project (OPEX) "]
[null,"15.2 PV Installations ","Out of scope","Out of scope"]
[null,"15.3 Meter Maintenance (ACS) ","Out of scope","Out of scope"]
[null,"15.4 Meter Maintenance (Abolishment) ","Out of scope","Out of scope"]
[null,"15.5 Special Reading ","Out of scope","Out of scope"]
[null,"15.6 Other Connections (Function Code 800) ","Out of scope","Out of scope"]
[null,"15.1 Victorian Energy Efficiency Target (VEET) ","Out of scope","Out of scope"]
[null,"15.6 Other Connections (Function Code 800) ","Out of scope","Out of scope"]
[null,null,null,null,null,null,null,null,null,"2026-27","2027-28","2028-29","2029-30","2030-31","Total"]
[null,null,null,null,null,null,{"$f":"SUM(G14:G199)*0.5","v":12938050},null,null,{"$f":"SUM(J14:J200)","v":6163760},{"$f":"SUM(K14:K200)","v":4721310},4721310,4721310,4495410,{"$f":"SUM(J201:N201)","v":24823100}]
[]
[]
[null,null,null,null,null,null,null,null,"$'2024","2026-27","2027-28","2028-29","2029-30","2030-31","Total"]
[null,"Powercor",989079.36788586481,{"$f":"C205/$C$208","v":0.48053053693441494},null,null,null,null,"Powercor",{"$f":"J$201*$D205","v":2961874.9023348694},{"$f":"K$201*$D205","v":2268733.6293338225},2268733.6293338225,2268733.6293338225,2160181.7810403383,{"$f":"SUM(J205:N205)","v":11928257.571376676}]
[null,"Citipower",343734.63211413531,{"$f":"C206/$C$208","v":0.16699871890545739},null,null,null,null,"Citipower",{"$f":"J$201*$D206","v":1029340.023640702},788452.72155552509,788452.72155552509,788452.72155552509,750727.7109547822,{"$f":"SUM(J206:N206)","v":4145425.899262059}]
[null,"UE",725493,0.35247074416012769,null,null,null,null,"UE",2172545.0740244286,1664123.6491106525,1664123.6491106525,1664123.6491106525,1584500.5080048796,8749416.5293612666]
[null,null,{"$f":"SUM(C205:C207)","v":2058307},null,null,null,null,null,"Total",{"$f":"SUM(J205:J207)","v":6163760},{"$f":"SUM(K205:K207)","v":4721310},4721310,4721310,4495410,24823100]
[]
[]
[null,null,null,null,null,null,null,null,"$'2026","2026-27","2027-28","2028-29","2029-30","2030-31","Total"]
[null,null,null,null,null,null,null,null,"Powercor",3174346.3998983162,2431482.3123416649,2431482.3123416649,2431482.3123416649,2315143.4439276741,{"$f":"SUM(J212:N212)","v":12783936.780850984}]
[null,null,null,null,null,null,null,null,"Citipower",1103180.2142481646,845012.74960061105,845012.74960061105,845012.74960061105,804581.51812637562,{"$f":"SUM(J213:N213)","v":4442799.9811763735}]
[null,null,null,null,null,null,null,null,"UE",2328393.6203960995,1783500.348837537,1783500.348837537,1783500.348837537,1698165.4051477818,9377060.0720564928]
[null,null,null,null,null,null,null,null,"Total",{"$f":"SUM(J212:J214)","v":6605920.2345425803},{"$f":"SUM(K212:K214)","v":5059995.4107798133},{"$f":"SUM(L212:L214)","v":5059995.4107798133},5059995.4107798133,4817890.3672018312,26603796.834083848]