{"text_format":"1","workbook":"xlsx","n_sheets":82,"sheets":["Cover","TOC","Project list","Total by category","SCS -->","SCS total","SCS CapCon","Augex","Repex","Connections","Non-Network","IT","Escalation","Capitalised OH","Capital Contributions","ACS Metering -->","Metering total","Metering","Metering | Escalation","Metering | Capitalised OH","Repex -->","BNI 1","BNI 2","BNI 3","BNI 4","BNI 5","BNI 6","BNI 7","BNI 8","BNI 9","BNI 10","BNI 11","BNI 12","BNI 13","BNI 14","BNI 15","BNI 16","BNI 17","BNI 18","BNI 19","BNI 20","BNI 21","BNI 22","BNI 23","BNI 24","BNI 25","BNI 26","BNI 27","BNI 28","BNI 29","BNI 30","BNI 31","BNI 32","BNI 33","BNI 34","BNI 35","Augex -->","A-BNI 1","A-BNI 2","A-BNI 3","A-BNI 4","A-BNI 5","A-BNI 6","A-BNI 7","A-BNI 8","A-BNI 9","A-BNI 10","A-BNI 11","A-BNI 12","A-BNI 13","A-BNI 14","A-BNI 15","ICT -->","I-BNI 1","NonN -->","N-BNI 1","N-BNI 2","N-BNI 3","N-BNI 4","N-BNI 5","N-BNI 6","Checks"],"not_rendered":{"charts":0,"images":1,"macros":1,"external_links":5,"defined_names":186,"comments":0,"pivot_tables":0},"unopened":[],"bounds":{"document_bytes":16777216,"sheet_cells":100000,"rows_first":2000,"rows_last":500,"rows_between":2000,"halvings":0,"cell_chars":16384,"cell_head_chars":4096},"cells_cut":0,"cells_raw":0,"read":"whole","date_system":"1900"}

{"sheet":"Cover","index":0,"n_rows":36,"n_cols":6,"rows_kept":36,"cut":false,"hidden":false,"merged":[[35,2,35,23],[1,1,2,23]]}
[]
[]
[]
[]
[]
[null,"Capex Model - Power and Water Corporation (PWC)"]
[]
[]
[]
[]
[]
[]
[]
[null,null,"Model Developer:",null,null,"PWC"]
[]
[null,null,"Purpose of the Model:"]
[null,null,"The purpose of this model is to provide capex outputs which are required as part of the Power and Water Corporation - Determination 2019-24."]
[]
[null,null,"Model Legend:"]
[]
[]
[null,null,null,"Assumptions",null,"Cells containing assumptions intended to be manipulated by model users"]
[null,null,null,"Drop Down",null,"Cells containing a drop down list for users to select inputs"]
[null,null,null,"Input",null,"Cells containing input texts/numbers NOT intended to be changed by model users"]
[null,null,null,"Output",null,"Cells containing formulae NOT intended to be changed by model users"]
[null,null,null,"Heading 1",null,"Level 1 heading NOT intended to be changed by model users"]
[null,null,null,"Heading 2",null,"Level 2 heading NOT intended to be changed by model users"]
[null,null,null,null,null,"Cells where inputs or outputs are not applicable"]
[null,null,null,"Hyperlink",null,"Cells containing a hyperlink to another part of the workbook"]
[null,null,null,"Error",null,"Cells representing there is an error in the nominated area of the workbook"]
[null,null,null,"Ok",null,"Cells representing there are no errors in the nominated area of the workbook"]
[null,null,null,null,null,"Cells containing a link from external workbooks"]
[]
[]
[null,null,"Disclaimer:"]
[null,null,"This model is confidential information of, and is owned by, Power and Water Corporation ABN 15 947 352 360 (PWC).  It may not be disclosed to, or used or relied on by, any person without the consent of PWC.\nPWC has not verified the inputs or the outputs of this model and makes no representation or warranty as to the completeness, accuracy, reliability or appropriateness of the model, its inputs and outputs (including any forward looking statements) or how it functions.  To the extent permitted by law, any person using or relying on this model or its outputs does so at their own risk and agrees that PWC will not be liable to any person for any loss or damage of any kind arising out of or in any way connected with the use of this model (including negligence).   The references to PWC in this disclaimer includes their respective directors, officers, employees, contractors, advisers or agents."]

{"sheet":"TOC","index":1,"n_rows":33,"n_cols":4,"rows_kept":33,"cut":false,"hidden":false,"merged":[]}
[null,"Table of Contents"]
[null,{"$f":"Checks!B2","v":"No Errors Found"}]
[]
[null,{"$f":"B1","v":"Table of Contents"}]
[]
[null,null,"Model Outputs"]
[]
[null,null,null,"Project List"]
[null,null,null,{"$f":"'Total by category'!$B$1","v":"Consolidated Capital Expenditure Forecast"}]
[]
[null,null,"SCS Outputs"]
[]
[null,null,null,{"$f":"'SCS total'!$B$1","v":"Consolidated Capital Expenditure Forecast - SCS"}]
[null,null,null,{"$f":"Augex!B1","v":"Augmentation Expenditure"}]
[null,null,null,{"$f":"Repex!B1","v":"Replacement Expenditure"}]
[null,null,null,{"$f":"Connections!B1","v":"Connection Capital Expenditure"}]
[null,null,null,{"$f":"IT!B1","v":"Information Technology Capital Expenditure"}]
[null,null,null,{"$f":"Escalation!B1","v":"Escalation on Direct Capex Forecasts - SCS"}]
[null,null,null,{"$f":"'Capitalised OH'!B1","v":"Capitalised Overheads Forecast - SCS"}]
[]
[null,null,"ACS Metering Outputs"]
[]
[null,null,null,{"$f":"'Metering total'!B1","v":"Consolidated Capital Expenditure Forecast - Metering"}]
[null,null,null,{"$f":"Metering!B1","v":"Metering Capital Expenditure"}]
[null,null,null,{"$f":"'Metering | Escalation'!B1","v":"Escalation on Direct Capex Forecasts - Metering"}]
[null,null,null,{"$f":"'Metering | Capitalised OH'!B1","v":"Capitalised Overheads Forecast - Metering"}]
[]
[null,null,"Detailed Project Forecasts"]
[]
[null,null,null,{"$f":"'Repex -->'!B8&\" Section Cover\"","v":"Repex  Section Cover"}]
[null,null,null,{"$f":"'Augex -->'!B8&\" Section Cover\"","v":"Augex  Section Cover"}]
[]
[null,"End"]

{"sheet":"Project list","index":2,"n_rows":59,"n_cols":16,"rows_kept":59,"cut":false,"hidden":false,"merged":[]}
[null,null,null,null,"COMMERCIAL IN CONFIDENCE",null,"Subtotal ($'M, real FY18):",{"$f":"SUBTOTAL(9,H3:H100)","v":0},0,0,0,0,0,0,{"$f":"SUBTOTAL(9,O3:O100)","v":0}]
["Tab Name","RIN category","Project / Program number","Exp category","Sub-category1","Sub-category2","Project / program description","RY18","RY19","RY20","RY21","RY22","RY23","RY24","Total RY20 - RY24"]
["BNI 1","Distribution Lines","PRA34420","repex","Condition and risk","Alice Springs Corroded Poles",{"$f":"'BNI 1'!$E$10","v":"Alice Springs Corroded Poles"},"c-i-c","c-i-c","c-i-c","c-i-c","c-i-c","c-i-c","c-i-c","c-i-c","Confirmed for v18"]
["BNI 2","Substations","PRD30402","repex","Condition and risk","Replace Berrimah ZSS",{"$f":"'BNI 2'!$E$10","v":"Darwin - Replace Berrimah ZSS"},"c-i-c","c-i-c","c-i-c","c-i-c","c-i-c","c-i-c","c-i-c","c-i-c","Confirmed for v18"]
["BNI 3","Protection and SCADA","PRD32117","repex","Condition and risk","Various protection & control replacement",{"$f":"'BNI 3'!$E$10","v":"Darwin - Upgrade DKTL Secondary Systems"},"c-i-c","c-i-c","c-i-c","c-i-c","c-i-c","c-i-c","c-i-c","c-i-c","Confirmed for v18"]
["BNI 4","Substations","PRD33003","repex","Condition and risk","Various power transformer replacements",{"$f":"'BNI 4'!$E$10","v":"Darwin - Replace Cosmo Howley Transformers"},"c-i-c","c-i-c","c-i-c","c-i-c","c-i-c","c-i-c","c-i-c","c-i-c","Confirmed for v18"]
["BNI 5","Distribution Lines","PRD33006","repex","Condition and risk","Various cable replacements",{"$f":"'BNI 5'!$E$10","v":"Darwin - Replace Port Feeder"},"c-i-c","c-i-c","c-i-c","c-i-c","c-i-c","c-i-c","c-i-c","c-i-c","Confirmed for v18"]
["BNI 6",null,null,"repex",null,null,{"$f":"'BNI 6'!$E$10","v":"[deleted]"},"c-i-c","c-i-c","c-i-c","c-i-c","c-i-c","c-i-c","c-i-c","c-i-c","NA"]
["BNI 7","Substations","PRD33125","repex","Condition and risk","Various power transformer replacements",{"$f":"'BNI 7'!$E$10","v":"Darwin Replace 66/11kV Centreyard ZSS"},"c-i-c","c-i-c","c-i-c","c-i-c","c-i-c","c-i-c","c-i-c","c-i-c","Confirmed for v18"]
["BNI 8",null,null,"repex",null,null,{"$f":"'BNI 8'!$E$10","v":"[deleted]"},"c-i-c","c-i-c","c-i-c","c-i-c","c-i-c","c-i-c","c-i-c","c-i-c","NA"]
["BNI 9",null,null,"repex",null,null,{"$f":"'BNI 9'!$E$10","v":"[deleted]"},"c-i-c","c-i-c","c-i-c","c-i-c","c-i-c","c-i-c","c-i-c","c-i-c","NA"]
["BNI 10","Substations","PRD30401","repex","Condition and risk","Various power transformer replacements",{"$f":"'BNI 10'!$E$10","v":"Darwin - Replace Humpty Doo ZSS"},"c-i-c","c-i-c","c-i-c","c-i-c","c-i-c","c-i-c","c-i-c","c-i-c","Confirmed for v18"]
["BNI 11",null,null,"repex",null,null,{"$f":"'BNI 11'!$E$10","v":"[deleted]"},"c-i-c","c-i-c","c-i-c","c-i-c","c-i-c","c-i-c","c-i-c","c-i-c","NA"]
["BNI 12","IT and Communications","PRD33134","repex","Condition and risk","Various SCADA and Communications’ replacement",{"$f":"'BNI 12'!$E$10","v":"Darwin - Energy Management System Upgrade"},"c-i-c","c-i-c","c-i-c","c-i-c","c-i-c","c-i-c","c-i-c","c-i-c","Confirmed for v18"]
["BNI 13",null,null,"repex",null,null,{"$f":"'BNI 13'!$E$10","v":"[deleted]"},"c-i-c","c-i-c","c-i-c","c-i-c","c-i-c","c-i-c","c-i-c","c-i-c","NA"]
["BNI 14","Substations","NMP3","repex","Condition and risk","Other minor projects",{"$f":"'BNI 14'!$E$10","v":"66kV HLC Circuit Breaker Replacement Program"},"c-i-c","c-i-c","c-i-c","c-i-c","c-i-c","c-i-c","c-i-c","c-i-c","Confirmed for v18"]
["BNI 15","Property","NMP14","repex","Condition and risk","Other minor projects",{"$f":"'BNI 15'!$E$10","v":"Substation Fire Protection Equipment Replacement Program"},"c-i-c","c-i-c","c-i-c","c-i-c","c-i-c","c-i-c","c-i-c","c-i-c","Confirmed for v18"]
["BNI 16","SCADA and Communications","NMSC1","repex","Condition and risk","Various SCADA and Communications’ replacement",{"$f":"'BNI 16'!$E$10","v":"SCADA and Communications Obsolete Asset Replacement Program"},"c-i-c","c-i-c","c-i-c","c-i-c","c-i-c","c-i-c","c-i-c","c-i-c","Confirmed for v18"]
["BNI 17","Communications","NMSC2","repex","Condition and risk","Various SCADA and Communications’ replacement",{"$f":"'BNI 17'!$E$10","v":"SCADA and Communications Battery Replacement Program"},"c-i-c","c-i-c","c-i-c","c-i-c","c-i-c","c-i-c","c-i-c","c-i-c","Confirmed for v18"]
["BNI 18","Communications","NMSC4","repex","Compliance","SCADA and Comms",{"$f":"'BNI 18'!$E$10","v":"SCADA and Communications Compliance and Safety Program"},"c-i-c","c-i-c","c-i-c","c-i-c","c-i-c","c-i-c","c-i-c","c-i-c","Confirmed for v18"]
["BNI 19","Protection","NPR","repex","Condition and risk","Various protection & control replacement",{"$f":"'BNI 19'!$E$10","v":"Protection Relay Replacement Program"},"c-i-c","c-i-c","c-i-c","c-i-c","c-i-c","c-i-c","c-i-c","c-i-c","Confirmed for v18"]
["BNI 20","Distribution Lines","NMP1","repex","Condition and risk","Various cable replacements",{"$f":"'BNI 20'!$E$10","v":"Darwin Northern Suburbs High Voltage Cable Replacement Program "},"c-i-c","c-i-c","c-i-c","c-i-c","c-i-c","c-i-c","c-i-c","c-i-c","Confirmed for v18"]
["BNI 21","Distribution Lines","NMP2","repex","Condition and risk","Various cable replacements",{"$f":"'BNI 21'!$E$10","v":"Darwin Cullen Bay and Bayview Low Voltage Cable Replacement Program"},"c-i-c","c-i-c","c-i-c","c-i-c","c-i-c","c-i-c","c-i-c","c-i-c","Confirmed for v18"]
["BNI 22","Distribution Lines","NMP5","repex","Compliance","Conductor clearance",{"$f":"'BNI 22'!$E$10","v":"Darwin Lake Bennett Conductor Clearance Rectification Program"},"c-i-c","c-i-c","c-i-c","c-i-c","c-i-c","c-i-c","c-i-c","c-i-c","Confirmed for v18"]
["BNI 23",null,null,"repex",null,null,{"$f":"'BNI 23'!$E$10","v":"[deleted]"},"c-i-c","c-i-c","c-i-c","c-i-c","c-i-c","c-i-c","c-i-c","c-i-c","NA"]
["BNI 24","Distribution Substations","NMP17","repex","Condition and risk","Other minor projects",{"$f":"'BNI 24'!$E$10","v":"Single Phase Substation Refurbishment Program"},"c-i-c","c-i-c","c-i-c","c-i-c","c-i-c","c-i-c","c-i-c","c-i-c","Confirmed for v18"]
["BNI 25","Distribution assets","NMCFR / PRD33437","repex","Condition and risk","Condition and Failure Based Replacement Pooled Forecast",{"$f":"'BNI 25'!$E$10","v":"All Regions Condition and Failure Based Replacement Pooled Forecast"},"c-i-c","c-i-c","c-i-c","c-i-c","c-i-c","c-i-c","c-i-c","c-i-c","Confirmed for v18"]
["BNI 26","Distribution Lines","NMP18","repex","Condition and risk","Various pole and tower refurbishment",{"$f":"'BNI 26'!$E$10","v":"Darwin Coastal Pole Top Corrosion Replacement Program"},"c-i-c","c-i-c","c-i-c","c-i-c","c-i-c","c-i-c","c-i-c","c-i-c","Confirmed for v18"]
["BNI 27","Substations","NMP16","repex","Condition and risk","Other minor projects",{"$f":"'BNI 27'!$E$10","v":"Substation DC System Replacement Program"},"c-i-c","c-i-c","c-i-c","c-i-c","c-i-c","c-i-c","c-i-c","c-i-c","Confirmed for v18"]
["BNI 28","Distribution Lines","NMF","repex","Reliability and Quality of Supply","Reliability and Quality of Supply",{"$f":"'BNI 28'!$E$10","v":"All Regions Poorly Performing Feeder Improvement Program (REPEX Component)"},"c-i-c","c-i-c","c-i-c","c-i-c","c-i-c","c-i-c","c-i-c","c-i-c","Confirmed for v18"]
["BNI 29",null,null,"repex",null,null,{"$f":"'BNI 29'!$E$10","v":"[deleted]"},"c-i-c","c-i-c","c-i-c","c-i-c","c-i-c","c-i-c","c-i-c","c-i-c","NA"]
["BNI 30","All","Budget/SCI","repex",null,null,{"$f":"'BNI 30'!$E$10","v":"FY18 budget and FY19 budget for Repex"},"c-i-c","c-i-c","c-i-c","c-i-c","c-i-c","c-i-c","c-i-c","c-i-c","Confirmed for v18"]
["BNI 31","Transmission Lines","NMP20","repex","Condition and risk","Various pole and tower refurbishment",{"$f":"'BNI 31'!$E$10","v":"Transmission Line Pole Top Corrosion Replacement Program"},"c-i-c","c-i-c","c-i-c","c-i-c","c-i-c","c-i-c","c-i-c","c-i-c","Confirmed for v18"]
["BNI 32","Transmission Lines","NMP11","repex","Condition and risk","Various pole and tower refurbishment",{"$f":"'BNI 32'!$E$10","v":"Transmission Tower Earthing System Refurbishment Program"},"c-i-c","c-i-c","c-i-c","c-i-c","c-i-c","c-i-c","c-i-c","c-i-c","Confirmed for v18"]
["BNI 33","Substations","PRK31580","repex","Condition and risk","Various power transformer replacements",{"$f":"'BNI 33'!$E$10","v":"Pine Creek 132kV Transformer Replacement"},"c-i-c","c-i-c","c-i-c","c-i-c","c-i-c","c-i-c","c-i-c","c-i-c","Confirmed for v18"]
["BNI 34",null,null,"repex",null,null,{"$f":"'BNI 34'!$E$10","v":"[deleted]"},"c-i-c","c-i-c","c-i-c","c-i-c","c-i-c","c-i-c","c-i-c","c-i-c","NA"]
["BNI 35","Transmission Lines","NMP9","repex","Condition and risk","Various pole and tower refurbishment",{"$f":"'BNI 35'!$E$10","v":"Transmission Tower Corrosion Protection Life Extension Program"},"c-i-c","c-i-c","c-i-c","c-i-c","c-i-c","c-i-c","c-i-c","c-i-c","Confirmed for v18"]
["A-BNI 1","Substations","PRD33001","augex","Demand driven",null,{"$f":"'A-BNI 1'!$E$10","v":"Darwin - Construct Wishart Zone Substation"},"c-i-c","c-i-c","c-i-c","c-i-c","c-i-c","c-i-c","c-i-c","c-i-c","Confirmed for v18"]
["A-BNI 2","Substations","PRD33002","augex","Demand driven",null,{"$f":"'A-BNI 2'!$E$10","v":"Darwin - Archer ZSS Augmentation"},"c-i-c","c-i-c","c-i-c","c-i-c","c-i-c","c-i-c","c-i-c","c-i-c","Confirmed for v18"]
["A-BNI 3","Substations","PRK31430","augex","Reliability and Quality of Supply",null,{"$f":"'A-BNI 3'!$E$10","v":"Katherine Voltage Rectification"},"c-i-c","c-i-c","c-i-c","c-i-c","c-i-c","c-i-c","c-i-c","c-i-c","Confirmed for v18"]
["A-BNI 4","Transmission Lines","PRD33005","augex","Compliance",null,{"$f":"'A-BNI 4'!$E$10","v":"Darwin - Transmission Line Uprating"},"c-i-c","c-i-c","c-i-c","c-i-c","c-i-c","c-i-c","c-i-c","c-i-c","Confirmed for v18"]
["A-BNI 5","Substations","NPQ","augex","Reliability and Quality of Supply",null,{"$f":"'A-BNI 5'!$E$10","v":"Power quality compliance program"},"c-i-c","c-i-c","c-i-c","c-i-c","c-i-c","c-i-c","c-i-c","c-i-c","Confirmed for v18"]
["A-BNI 6",null,null,"augex",null,null,{"$f":"'A-BNI 6'!$E$10","v":"[deleted]"},"c-i-c","c-i-c","c-i-c","c-i-c","c-i-c","c-i-c","c-i-c","c-i-c","NA"]
["A-BNI 7","Substations","PRD33230","augex","Compliance",null,{"$f":"'A-BNI 7'!$E$10","v":"Darwin - Hudson Creek Spare 132kV Transformer"},"c-i-c","c-i-c","c-i-c","c-i-c","c-i-c","c-i-c","c-i-c","c-i-c","Confirmed for v18"]
["A-BNI 8","Distribution Lines","NFO","augex","Demand driven",null,{"$f":"'A-BNI 8'!$E$10","v":"Overloaded Feeders / Distribution Augmentation Program"},"c-i-c","c-i-c","c-i-c","c-i-c","c-i-c","c-i-c","c-i-c","c-i-c","Confirmed for v18"]
["A-BNI 9","Distribution Switchgear","NMP7","augex","Compliance",null,{"$f":"'A-BNI 9'!$E$10","v":"Darwin Distribution Substation Fault Level Replacement Program"},"c-i-c","c-i-c","c-i-c","c-i-c","c-i-c","c-i-c","c-i-c","c-i-c","Confirmed for v18"]
["A-BNI 10",null,null,"augex",null,null,{"$f":"'A-BNI 10'!$E$10","v":"[deleted]"},"c-i-c","c-i-c","c-i-c","c-i-c","c-i-c","c-i-c","c-i-c","c-i-c","NA"]
["A-BNI 11","Substations","TBA","augex","Demand driven",null,{"$f":"'A-BNI 11'!$E$10","v":"Tennant Creek - Upgrade Tennant Creek 22/11kV Transformers"},"c-i-c","c-i-c","c-i-c","c-i-c","c-i-c","c-i-c","c-i-c","c-i-c","Confirmed for v18"]
["A-BNI 12","Communications","NMSC3","augex","Compliance",null,{"$f":"'A-BNI 12'!$E$10","v":"SCADA and Communications Optus Cable Extension Program"},"c-i-c","c-i-c","c-i-c","c-i-c","c-i-c","c-i-c","c-i-c","c-i-c","Confirmed for v18"]
["A-BNI 13","Distribution Switchgear","NMF","augex","Reliability and Quality of Supply",null,{"$f":"'A-BNI 13'!$E$10","v":"All Regions Poorly Performing Feeder Improvement Program AUGEX Component)"},"c-i-c","c-i-c","c-i-c","c-i-c","c-i-c","c-i-c","c-i-c","c-i-c","Confirmed for v18"]
["A-BNI 14","All","Budget/SCI","augex",null,null,{"$f":"'A-BNI 14'!$E$10","v":"FY18 budget and FY19 budget for Augex"},"c-i-c","c-i-c","c-i-c","c-i-c","c-i-c","c-i-c","c-i-c","c-i-c","Confirmed for v18"]
["A-BNI 15","Substation","NMP12","augex","Compliance",null,{"$f":"'A-BNI 15'!$E$10","v":"Power Transformer Online Moisture Treatment"},"c-i-c","c-i-c","c-i-c","c-i-c","c-i-c","c-i-c","c-i-c","c-i-c","Confirmed for v18"]
["I-BNI 1","IT and Communications",null,null,null,null,{"$f":"'I-BNI 1'!$E$10","v":"ICT capital expenditure plan (KPMG)"},"c-i-c","c-i-c","c-i-c","c-i-c","c-i-c","c-i-c","c-i-c","c-i-c","Confirmed for v18"]
["N-BNI 1","Motor Vehicles","PRD33455",null,null,null,{"$f":"'N-BNI 1'!$E$10","v":"Vehicle Fleet Program"},"c-i-c","c-i-c","c-i-c","c-i-c","c-i-c","c-i-c","c-i-c","c-i-c","Confirmed for v18"]
["N-BNI 2","Property","PRD33456",null,null,null,{"$f":"'N-BNI 2'!$E$10","v":"Property Program"},"c-i-c","c-i-c","c-i-c","c-i-c","c-i-c","c-i-c","c-i-c","c-i-c","Confirmed for v18"]
["N-BNI 3","Plant and Equipment","PRD33407",null,null,null,{"$f":"'N-BNI 3'!$E$10","v":"Capex – Tools and Equipment"},"c-i-c","c-i-c","c-i-c","c-i-c","c-i-c","c-i-c","c-i-c","c-i-c","Confirmed for v18"]
["N-BNI 4","Property",null,null,null,null,{"$f":"'N-BNI 4'!$E$10","v":"Upgrade 19 Mile Depot"},"c-i-c","c-i-c","c-i-c","c-i-c","c-i-c","c-i-c","c-i-c","c-i-c","Confirmed for v18"]
["N-BNI 5","Property","PRD33462",null,null,null,{"$f":"'N-BNI 5'!$E$10","v":"Property leases"},"c-i-c","c-i-c","c-i-c","c-i-c","c-i-c","c-i-c","c-i-c","c-i-c","Confirmed for v18"]
["N-BNI 6","IT and Communications","PRD33454",null,null,null,{"$f":"'N-BNI 6'!$E$10","v":"Minor Capex"},"c-i-c","c-i-c","c-i-c","c-i-c","c-i-c","c-i-c","c-i-c","c-i-c"]

{"sheet":"Total by category","index":3,"n_rows":39,"n_cols":27,"rows_kept":39,"cut":false,"hidden":false,"merged":[]}
[{"$f":"IF(SUM($A2:$A39)>0,1,0)","v":0},"Consolidated Capital Expenditure Forecast"]
[]
[null,"Capex Forecasts"]
[]
[null,null,"Direct Costs by category - unescalated"]
[]
[null,null,"Ref.","Capex Purpose","Unit","Basis","Timing","RY18","RY19","RY20","RY21","RY22","RY23","RY24",null,"Total FY20 to FY24","Check"]
[null,null,{"$f":"N(C7)+1","v":1},"Augex","Dollars","Real $2018","End_Year",{"$f":"Augex!H25","v":14.139052511682245},{"$f":"Augex!I25","v":3.917967},{"$f":"Augex!J25","v":6.9242714200156943},{"$f":"Augex!K25","v":5.3108623746559962},{"$f":"Augex!L25","v":5.5626356902949636},{"$f":"Augex!M25","v":6.4739718432057396},{"$f":"Augex!N25","v":10.599706383879141},null,{"$f":"SUM(J8:N8)","v":34.871447712051534},{"$f":"IF(ROUND(P8-Augex!$P$25,4)=0,0,1)","v":0}]
[null,null,{"$f":"N(C8)+1","v":2},"Repex","Dollars","Real $2018","End_Year",{"$f":"Repex!H25","v":20.748573091869154},{"$f":"Repex!I25","v":30.157956485981313},{"$f":"Repex!J25","v":28.089166166478041},{"$f":"Repex!K25","v":32.738018175476441},{"$f":"Repex!L25","v":29.360364443200929},{"$f":"Repex!M25","v":18.789446480509881},{"$f":"Repex!N25","v":16.394050787789052},null,{"$f":"SUM(J9:N9)","v":125.37104605345434},{"$f":"IF(ROUND(P9-Repex!$P$25,4)=0,0,1)","v":0}]
[null,null,3,"Connections","Dollars","Real $2018","End_Year",{"$f":"Connections!H25","v":10.801658180944417},{"$f":"Connections!I25","v":11.253467468363985},{"$f":"Connections!J25","v":12.223080658219462},{"$f":"Connections!K25","v":12.852567755298413},{"$f":"Connections!L25","v":12.938868405704397},{"$f":"Connections!M25","v":10.877805813655581},{"$f":"Connections!N25","v":10.898111849045224},null,59.790434481923072,{"$f":"IF(ROUND(P10-Connections!$P$25,4)=0,0,1)","v":0}]
[null,null,4,"Non-Network","Dollars","Real $2018","End_Year",{"$f":"'Non-Network'!H25","v":0.54400000000000004},{"$f":"'Non-Network'!I25","v":0.54400000000000004},{"$f":"'Non-Network'!J25","v":18.9531906424338},{"$f":"'Non-Network'!K25","v":5.0464886414432817},{"$f":"'Non-Network'!L25","v":19.365037789602372},{"$f":"'Non-Network'!M25","v":5.0012179014487401},{"$f":"'Non-Network'!N25","v":4.8472040591479129},null,53.213139034076107,{"$f":"IF(ROUND(P11-'Non-Network'!$P$25,4)=0,0,1)","v":0}]
[null,null,5,"IT","Dollars","Real $2018","End_Year",{"$f":"IT!H25","v":4.4860122453885278},{"$f":"IT!I25","v":4.6760942453885272},{"$f":"IT!J25","v":5},{"$f":"IT!K25","v":5},{"$f":"IT!L25","v":5},{"$f":"IT!M25","v":5},{"$f":"IT!N25","v":5},null,25,{"$f":"IF(ROUND(P12-IT!$P$25,4)=0,0,1)","v":0}]
[null,null,6,"Escalation","Dollars","Real $2018","End_Year",{"$f":"Escalation!H25","v":0.12111767891936692},{"$f":"Escalation!I25","v":0.33280345450125037},{"$f":"Escalation!J25","v":0.36986424266421036},{"$f":"Escalation!K25","v":0.23957798776878172},{"$f":"Escalation!L25","v":0.40978386445947834},{"$f":"Escalation!M25","v":0.40917882563304647},{"$f":"Escalation!N25","v":0.59109399327084222},null,2.019498913796359,{"$f":"IF(ROUND(P13-Escalation!$P$25,4)=0,0,1)","v":0}]
[null,null,7,"Capitalised OH","Dollars","Real $2018","End_Year",{"$f":"'Capitalised OH'!H25","v":0},{"$f":"'Capitalised OH'!I25","v":0},{"$f":"'Capitalised OH'!J25","v":11.269589545535498},{"$f":"'Capitalised OH'!K25","v":11.331316349103453},{"$f":"'Capitalised OH'!L25","v":11.433641285187251},{"$f":"'Capitalised OH'!M25","v":11.519270614074506},{"$f":"'Capitalised OH'!N25","v":11.607652664707311},null,57.161470458608015,{"$f":"IF(ROUND(P14-'Capitalised OH'!$P$25,4)=0,0,1)","v":0}]
[null,null,8,"Metering","Dollars","Real $2018","End_Year",{"$f":"'Metering total'!H18/(1+$I$22)","v":1.9931649683907429},{"$f":"'Metering total'!I18/(1+$I$22)","v":4.2163867558324757},{"$f":"'Metering total'!J18/(1+$I$22)","v":6.4570929715802068},{"$f":"'Metering total'!K18/(1+$I$22)","v":3.6158184227902583},{"$f":"'Metering total'!L18/(1+$I$22)","v":3.6395582085373319},{"$f":"'Metering total'!M18/(1+$I$22)","v":7.136954004178226},{"$f":"'Metering total'!N18/(1+$I$22)","v":3.512239807146742},null,24.361663414232765,{"$f":"IF(ROUND(P15-'Metering total'!$P$18/(1+$I$22),4)=0,0,1)","v":0}]
[]
[{"$f":"IF(SUM($Q17)>0,1,0)","v":0},null,null,"Total",{"$f":"E8","v":"Dollars"},"Real $2019","End_Year",{"$f":"SUM(H8:H15)","v":52.833578677194453},55.09867541006755,89.286255646926904,76.134649706536621,87.709889686986727,65.207845482705721,63.450059544986217,null,381.78870006814219,{"$f":"IF(SUM(Q8:Q15)=0,0,1)","v":0}]
[]
[]
[null,null,"Direct Costs by category - escalated"]
[null,null,null,null,null,null,"RY17",{"$f":"H24","v":"RY18"},{"$f":"I24","v":"RY19"}]
[null,null,null,"Forecast inflation (End Year)","Per cent","Nominal",{"$f":"[1]Input_Data!$L$18","v":1.9337016574585641E-2},{"$f":"[1]Input_Data!M19","v":0.02},{"$f":"[1]Input_Data!N19","v":2.2499999999999999E-2}]
[]
[null,null,"Ref.","Capex Purpose","Unit","Basis","Timing","RY18","RY19","RY20","RY21","RY22","RY23","RY24",null,"Total FY20 to FY24",null,null,"RY18","RY19","RY20","RY21","RY22","RY23","RY24",null,"Total FY20 to FY24"]
[null,null,{"$f":"N(C24)+1","v":1},"Augex","Dollars","Real $2019","End_Year",{"$f":"H8*(1+$I$22)","v":14.457181193195094},4.0061212575000003,7.0800675269660474,5.4303567780857556,5.6877949933265999,6.6196362096778687,10.838199777516422,null,{"$f":"SUM(J25:N25)","v":35.656055285572691},null,null,{"$f":"H25+(H25/SUM(H$25:H$29))*H$30","v":14.491704941884445},{"$f":"I25+(I25/SUM(I$25:I$29))*I$30","v":4.0324964221209427},{"$f":"J25+(J25/SUM(J$25:J$29))*J$30","v":7.1168518298492627},5.4517027663986068,5.7200650534896109,6.6783373717905112,10.9723958222457,null,{"$f":"SUM(U25:Y25)","v":35.93935284377369}]
[null,null,{"$f":"N(C25)+1","v":2},"Repex","Dollars","Real $2019","End_Year",21.215415986436209,30.836510506915889,28.721172405223797,33.474623584424663,30.02097264317295,19.212209026321354,16.762916930514304,null,{"$f":"SUM(J26:N26)","v":128.19189458965707},null,null,21.266078399811821,31.039529334524438,28.870392493999919,33.606207742337411,30.191298506619852,19.382577753676379,16.970471431850129,null,{"$f":"SUM(U26:Y26)","v":129.02094792848368}]
[null,null,3,"Connections","Dollars","Real $2019","End_Year",11.044695490015666,11.506670486402173,12.498099973029399,13.141750529792626,13.229992944832746,11.12255644446283,11.143319365648741,null,61.135719257766347,null,null,11.071070222845824,11.582427136990226,12.563033519654713,13.193408950165926,13.305054136170845,11.221188297977513,11.281293329473193,null,61.563978233442192]
[null,null,4,"Non-Network","Dollars","Real $2019","End_Year",0.55624000000000007,0.55624000000000007,19.379637431888561,5.1600346358757552,19.800751139868424,5.1137453042313368,4.9562661504787409,null,54.410434662342816,null,null,0.55756830112000011,0.55990212618784008,19.48032382369858,5.1803180248928093,19.913091938245664,5.1590926288573611,5.0176334741739179,null,54.750459889868331]
[null,null,5,"IT","Dollars","Real $2019","End_Year",4.5869475209097699,4.781306365909769,5.1124999999999998,5.1124999999999998,5.1124999999999998,5.1124999999999998,5.1124999999999998,null,25.5625,null,null,{"$f":"H29+(H29/SUM(H$25:H$29))*H$30","v":4.5979011515897028},4.8127851291319113,5.1390618580294847,5.1325965368776227,5.1415060880845678,5.1578362816014156,5.1758017745347047,null,25.746802539127795]
[null,null,6,"Escalation","Dollars","Real $2019","End_Year",0.12384282669505267,0.3402915322275285,0.37818618812415511,0.2449684924935793,0.41900400140981658,0.41838534920978998,0.6043936081194361,null,2.0649376393567769,null,null,0,0,0,0,0,0,0,null,0]
[null,null,7,"Capitalised OH","Dollars","Real $2019","End_Year",0,0,11.523155310310045,11.58627096695828,11.690898214103964,11.778454202891181,11.868824849663225,null,58.447603543926704,null,null,{"$f":"H31","v":0},{"$f":"I31","v":0},11.523155310310045,11.58627096695828,11.690898214103964,11.778454202891181,11.868824849663225,null,58.447603543926704]
[null,null,8,"Metering","Dollars","Real $2019","End_Year",2.0380111801795344,4.3112554578387066,6.6023775634407613,3.6971743373030392,3.7214482682294219,7.2975354692722361,3.5912652028075436,null,24.909800841053002,null,null,{"$f":"H32","v":2.0380111801795344},4.3112554578387066,6.6023775634407613,3.6971743373030392,3.7214482682294219,7.2975354692722361,3.5912652028075436,null,24.909800841053002]
[]
[null,null,null,"Total",{"$f":"E25","v":"Dollars"},"Real $2019","End_Year",{"$f":"SUM(H25:H32)","v":54.02233419743132},56.338395606794073,91.295196398982768,77.847679324933679,89.683362204943933,66.675022006066598,64.877685884748416,null,{"$f":"SUM(J34:N34)","v":390.37894581967544},null,null,{"$f":"SUM(S25:S32)","v":54.022334197431334},56.338395606794066,91.295196398982768,77.847679324933679,89.683362204943933,66.675022006066598,64.877685884748416,null,{"$f":"SUM(U34:Y34)","v":390.37894581967544}]
[]
[null,null,null,"Check - Value","Dollars","Real $2019","End_Year",{"$f":"'SCS total'!H27+'Metering total'!H18","v":54.02233419743132},{"$f":"'SCS total'!I27+'Metering total'!I18","v":56.338395606794066},{"$f":"'SCS total'!J27+'Metering total'!J18","v":91.295196398982768},{"$f":"'SCS total'!K27+'Metering total'!K18","v":77.847679324933708},{"$f":"'SCS total'!L27+'Metering total'!L18","v":89.683362204943947},{"$f":"'SCS total'!M27+'Metering total'!M18","v":66.675022006066584},{"$f":"'SCS total'!N27+'Metering total'!N18","v":64.877685884748416},null,{"$f":"SUM(J36:N36)","v":390.37894581967538},null,null,{"$f":"H34","v":54.02233419743132},{"$f":"I34","v":56.338395606794073},91.295196398982768,77.847679324933679,89.683362204943933,66.675022006066598,64.877685884748416,null,390.37894581967544]
[{"$f":"IF(SUM($H37:$P37)>0,1,0)","v":0},null,null,"Check - Flag",null,null,null,{"$f":"IF(ROUND(H34-H36,4)=0,0,1)","v":0},{"$f":"IF(ROUND(I34-I36,4)=0,0,1)","v":0},0,0,0,0,0,null,0,null,null,{"$f":"IF(ROUND(S34-S36,4)=0,0,1)","v":0},{"$f":"IF(ROUND(T34-T36,4)=0,0,1)","v":0},0,0,0,0,0,null,0]
[]
[null,"End"]

{"sheet":"SCS -->","index":4,"n_rows":8,"n_cols":2,"rows_kept":8,"cut":false,"hidden":false,"merged":[]}
[]
[]
[]
[]
[]
[]
[]
[null,"SCS"]

{"sheet":"SCS total","index":5,"n_rows":32,"n_cols":16,"rows_kept":32,"cut":false,"hidden":false,"merged":[]}
[{"$f":"IF(SUM($A2:$A32)>0,1,0)","v":0},"Consolidated Capital Expenditure Forecast - SCS"]
[]
[null,"Capex Forecasts - SCS"]
[]
[null,null,"Direct Costs including Cost Escalation and Capitalised Overheads"]
[]
[null,null,null,"Forecast inflation","Per cent","Nominal","End_Year",null,{"$f":"'Total by category'!$I$22","v":2.2499999999999999E-2}]
[]
[null,null,"Ref.","Regulatory Asset Class","Unit","Basis","Timing","RY18","RY19","RY20","RY21","RY22","RY23","RY24",null,"Total FY20 to FY24"]
[null,null,{"$f":"N(C9)+1","v":1},"Substations","Dollars","Real $2019","End_Year",{"$f":"(Augex!H8+Repex!H8+Connections!H8+'Non-Network'!H8+IT!H8+Escalation!H8+'Capitalised OH'!H8)*(1+$I$7)","v":8.1018996820535047},{"$f":"(Augex!I8+Repex!I8+Connections!I8+'Non-Network'!I8+IT!I8+Escalation!I8+'Capitalised OH'!I8)*(1+$I$7)","v":13.238047978985893},{"$f":"(Augex!J8+Repex!J8+Connections!J8+'Non-Network'!J8+IT!J8+Escalation!J8+'Capitalised OH'!J8)*(1+$I$7)","v":9.441125727670892},{"$f":"(Augex!K8+Repex!K8+Connections!K8+'Non-Network'!K8+IT!K8+Escalation!K8+'Capitalised OH'!K8)*(1+$I$7)","v":8.825203417363511},{"$f":"(Augex!L8+Repex!L8+Connections!L8+'Non-Network'!L8+IT!L8+Escalation!L8+'Capitalised OH'!L8)*(1+$I$7)","v":6.2245613544952976},{"$f":"(Augex!M8+Repex!M8+Connections!M8+'Non-Network'!M8+IT!M8+Escalation!M8+'Capitalised OH'!M8)*(1+$I$7)","v":4.7831477421932522},{"$f":"(Augex!N8+Repex!N8+Connections!N8+'Non-Network'!N8+IT!N8+Escalation!N8+'Capitalised OH'!N8)*(1+$I$7)","v":6.5715221856894219},null,{"$f":"SUM(J10:N10)","v":35.84556042741238}]
[null,null,{"$f":"N(C10)+1","v":2},"Distribution Lines","Dollars","Real $2019","End_Year",{"$f":"(Augex!H9+Repex!H9+Connections!H9+'Non-Network'!H9+IT!H9+Escalation!H9+'Capitalised OH'!H9)*(1+$I$7)","v":13.273299525552504},{"$f":"(Augex!I9+Repex!I9+Connections!I9+'Non-Network'!I9+IT!I9+Escalation!I9+'Capitalised OH'!I9)*(1+$I$7)","v":16.475607963648116},{"$f":"(Augex!J9+Repex!J9+Connections!J9+'Non-Network'!J9+IT!J9+Escalation!J9+'Capitalised OH'!J9)*(1+$I$7)","v":23.495077802775874},{"$f":"(Augex!K9+Repex!K9+Connections!K9+'Non-Network'!K9+IT!K9+Escalation!K9+'Capitalised OH'!K9)*(1+$I$7)","v":27.145432867571738},{"$f":"(Augex!L9+Repex!L9+Connections!L9+'Non-Network'!L9+IT!L9+Escalation!L9+'Capitalised OH'!L9)*(1+$I$7)","v":21.864380100697698},{"$f":"(Augex!M9+Repex!M9+Connections!M9+'Non-Network'!M9+IT!M9+Escalation!M9+'Capitalised OH'!M9)*(1+$I$7)","v":19.153386307679618},{"$f":"(Augex!N9+Repex!N9+Connections!N9+'Non-Network'!N9+IT!N9+Escalation!N9+'Capitalised OH'!N9)*(1+$I$7)","v":20.181780623738156},null,{"$f":"SUM(J11:N11)","v":111.84005770246307}]
[null,null,3,"Transmission Lines","Dollars","Real $2019","End_Year",{"$f":"(Augex!H10+Repex!H10+Connections!H10+'Non-Network'!H10+IT!H10+Escalation!H10+'Capitalised OH'!H10)*(1+$I$7)","v":8.5587088641022895},{"$f":"(Augex!I10+Repex!I10+Connections!I10+'Non-Network'!I10+IT!I10+Escalation!I10+'Capitalised OH'!I10)*(1+$I$7)","v":0.2367233254103},{"$f":"(Augex!J10+Repex!J10+Connections!J10+'Non-Network'!J10+IT!J10+Escalation!J10+'Capitalised OH'!J10)*(1+$I$7)","v":2.9147106989299782},{"$f":"(Augex!K10+Repex!K10+Connections!K10+'Non-Network'!K10+IT!K10+Escalation!K10+'Capitalised OH'!K10)*(1+$I$7)","v":2.7592951252564344},{"$f":"(Augex!L10+Repex!L10+Connections!L10+'Non-Network'!L10+IT!L10+Escalation!L10+'Capitalised OH'!L10)*(1+$I$7)","v":2.6992935281061823},{"$f":"(Augex!M10+Repex!M10+Connections!M10+'Non-Network'!M10+IT!M10+Escalation!M10+'Capitalised OH'!M10)*(1+$I$7)","v":2.9185308257450351},{"$f":"(Augex!N10+Repex!N10+Connections!N10+'Non-Network'!N10+IT!N10+Escalation!N10+'Capitalised OH'!N10)*(1+$I$7)","v":2.8743812364625025},null,14.166211414500133]
[null,null,4,"LV Services","Dollars","Real $2019","End_Year",{"$f":"(Augex!H11+Repex!H11+Connections!H11+'Non-Network'!H11+IT!H11+Escalation!H11+'Capitalised OH'!H11)*(1+$I$7)","v":0.74755875341984868},{"$f":"(Augex!I11+Repex!I11+Connections!I11+'Non-Network'!I11+IT!I11+Escalation!I11+'Capitalised OH'!I11)*(1+$I$7)","v":0.96406896387510876},{"$f":"(Augex!J11+Repex!J11+Connections!J11+'Non-Network'!J11+IT!J11+Escalation!J11+'Capitalised OH'!J11)*(1+$I$7)","v":1.5675404974739819},{"$f":"(Augex!K11+Repex!K11+Connections!K11+'Non-Network'!K11+IT!K11+Escalation!K11+'Capitalised OH'!K11)*(1+$I$7)","v":1.8903282500804426},{"$f":"(Augex!L11+Repex!L11+Connections!L11+'Non-Network'!L11+IT!L11+Escalation!L11+'Capitalised OH'!L11)*(1+$I$7)","v":1.8877523220693531},{"$f":"(Augex!M11+Repex!M11+Connections!M11+'Non-Network'!M11+IT!M11+Escalation!M11+'Capitalised OH'!M11)*(1+$I$7)","v":1.0461574513846736},{"$f":"(Augex!N11+Repex!N11+Connections!N11+'Non-Network'!N11+IT!N11+Escalation!N11+'Capitalised OH'!N11)*(1+$I$7)","v":1.0534558664939357},null,7.4452343875023868]
[null,null,5,"Distribution Substations","Dollars","Real $2019","End_Year",{"$f":"(Augex!H12+Repex!H12+Connections!H12+'Non-Network'!H12+IT!H12+Escalation!H12+'Capitalised OH'!H12)*(1+$I$7)","v":4.2034954613213049},{"$f":"(Augex!I12+Repex!I12+Connections!I12+'Non-Network'!I12+IT!I12+Escalation!I12+'Capitalised OH'!I12)*(1+$I$7)","v":6.0762709235155627},{"$f":"(Augex!J12+Repex!J12+Connections!J12+'Non-Network'!J12+IT!J12+Escalation!J12+'Capitalised OH'!J12)*(1+$I$7)","v":6.5517296495062087},{"$f":"(Augex!K12+Repex!K12+Connections!K12+'Non-Network'!K12+IT!K12+Escalation!K12+'Capitalised OH'!K12)*(1+$I$7)","v":6.9957451883579438},{"$f":"(Augex!L12+Repex!L12+Connections!L12+'Non-Network'!L12+IT!L12+Escalation!L12+'Capitalised OH'!L12)*(1+$I$7)","v":7.11497842244518},{"$f":"(Augex!M12+Repex!M12+Connections!M12+'Non-Network'!M12+IT!M12+Escalation!M12+'Capitalised OH'!M12)*(1+$I$7)","v":7.9193408650864567},{"$f":"(Augex!N12+Repex!N12+Connections!N12+'Non-Network'!N12+IT!N12+Escalation!N12+'Capitalised OH'!N12)*(1+$I$7)","v":7.9981308769737769},null,36.579925002369571]
[null,null,6,"Distribution Switchgear","Dollars","Real $2019","End_Year",{"$f":"(Augex!H13+Repex!H13+Connections!H13+'Non-Network'!H13+IT!H13+Escalation!H13+'Capitalised OH'!H13)*(1+$I$7)","v":5.1894297015763149},{"$f":"(Augex!I13+Repex!I13+Connections!I13+'Non-Network'!I13+IT!I13+Escalation!I13+'Capitalised OH'!I13)*(1+$I$7)","v":4.1139447526164759},{"$f":"(Augex!J13+Repex!J13+Connections!J13+'Non-Network'!J13+IT!J13+Escalation!J13+'Capitalised OH'!J13)*(1+$I$7)","v":5.383464786604816},{"$f":"(Augex!K13+Repex!K13+Connections!K13+'Non-Network'!K13+IT!K13+Escalation!K13+'Capitalised OH'!K13)*(1+$I$7)","v":5.5657172798810963},{"$f":"(Augex!L13+Repex!L13+Connections!L13+'Non-Network'!L13+IT!L13+Escalation!L13+'Capitalised OH'!L13)*(1+$I$7)","v":5.3492063286324187},{"$f":"(Augex!M13+Repex!M13+Connections!M13+'Non-Network'!M13+IT!M13+Escalation!M13+'Capitalised OH'!M13)*(1+$I$7)","v":5.8239945158057234},{"$f":"(Augex!N13+Repex!N13+Connections!N13+'Non-Network'!N13+IT!N13+Escalation!N13+'Capitalised OH'!N13)*(1+$I$7)","v":5.8688985476008835},null,27.991281458524938]
[null,null,7,"Protection","Dollars","Real $2019","End_Year",{"$f":"(Augex!H14+Repex!H14+Connections!H14+'Non-Network'!H14+IT!H14+Escalation!H14+'Capitalised OH'!H14)*(1+$I$7)","v":1.0031660742398525},{"$f":"(Augex!I14+Repex!I14+Connections!I14+'Non-Network'!I14+IT!I14+Escalation!I14+'Capitalised OH'!I14)*(1+$I$7)","v":2.521017989376177},{"$f":"(Augex!J14+Repex!J14+Connections!J14+'Non-Network'!J14+IT!J14+Escalation!J14+'Capitalised OH'!J14)*(1+$I$7)","v":3.3115386275612524},{"$f":"(Augex!K14+Repex!K14+Connections!K14+'Non-Network'!K14+IT!K14+Escalation!K14+'Capitalised OH'!K14)*(1+$I$7)","v":3.796536001976567},{"$f":"(Augex!L14+Repex!L14+Connections!L14+'Non-Network'!L14+IT!L14+Escalation!L14+'Capitalised OH'!L14)*(1+$I$7)","v":1.5115091625638677},{"$f":"(Augex!M14+Repex!M14+Connections!M14+'Non-Network'!M14+IT!M14+Escalation!M14+'Capitalised OH'!M14)*(1+$I$7)","v":1.3884897535180305},{"$f":"(Augex!N14+Repex!N14+Connections!N14+'Non-Network'!N14+IT!N14+Escalation!N14+'Capitalised OH'!N14)*(1+$I$7)","v":1.7024884913118343},null,11.710562036931552]
[null,null,8,"SCADA","Dollars","Real $2019","End_Year",{"$f":"(Augex!H15+Repex!H15+Connections!H15+'Non-Network'!H15+IT!H15+Escalation!H15+'Capitalised OH'!H15)*(1+$I$7)","v":0.47820091331571996},{"$f":"(Augex!I15+Repex!I15+Connections!I15+'Non-Network'!I15+IT!I15+Escalation!I15+'Capitalised OH'!I15)*(1+$I$7)","v":1.1908747700549496},{"$f":"(Augex!J15+Repex!J15+Connections!J15+'Non-Network'!J15+IT!J15+Escalation!J15+'Capitalised OH'!J15)*(1+$I$7)","v":0.87059036219289132},{"$f":"(Augex!K15+Repex!K15+Connections!K15+'Non-Network'!K15+IT!K15+Escalation!K15+'Capitalised OH'!K15)*(1+$I$7)","v":1.1652628056301337},{"$f":"(Augex!L15+Repex!L15+Connections!L15+'Non-Network'!L15+IT!L15+Escalation!L15+'Capitalised OH'!L15)*(1+$I$7)","v":0.71647914634917209},{"$f":"(Augex!M15+Repex!M15+Connections!M15+'Non-Network'!M15+IT!M15+Escalation!M15+'Capitalised OH'!M15)*(1+$I$7)","v":0.37446757949374126},{"$f":"(Augex!N15+Repex!N15+Connections!N15+'Non-Network'!N15+IT!N15+Escalation!N15+'Capitalised OH'!N15)*(1+$I$7)","v":0.52054496336893985},null,3.6473448570348781]
[null,null,9,"Communications","Dollars","Real $2019","End_Year",{"$f":"(Augex!H16+Repex!H16+Connections!H16+'Non-Network'!H16+IT!H16+Escalation!H16+'Capitalised OH'!H16)*(1+$I$7)","v":5.2730945889607508},{"$f":"(Augex!I16+Repex!I16+Connections!I16+'Non-Network'!I16+IT!I16+Escalation!I16+'Capitalised OH'!I16)*(1+$I$7)","v":1.8378962261530278},{"$f":"(Augex!J16+Repex!J16+Connections!J16+'Non-Network'!J16+IT!J16+Escalation!J16+'Capitalised OH'!J16)*(1+$I$7)","v":2.631313559913858},{"$f":"(Augex!K16+Repex!K16+Connections!K16+'Non-Network'!K16+IT!K16+Escalation!K16+'Capitalised OH'!K16)*(1+$I$7)","v":2.8892139487026065},{"$f":"(Augex!L16+Repex!L16+Connections!L16+'Non-Network'!L16+IT!L16+Escalation!L16+'Capitalised OH'!L16)*(1+$I$7)","v":2.3779490604744939},{"$f":"(Augex!M16+Repex!M16+Connections!M16+'Non-Network'!M16+IT!M16+Escalation!M16+'Capitalised OH'!M16)*(1+$I$7)","v":2.0164628765178443},{"$f":"(Augex!N16+Repex!N16+Connections!N16+'Non-Network'!N16+IT!N16+Escalation!N16+'Capitalised OH'!N16)*(1+$I$7)","v":1.8402698008336358},null,11.755209246442437]
[null,null,10,"Land and Easements","Dollars","Real $2019","End_Year",{"$f":"(Augex!H17+Repex!H17+Connections!H17+'Non-Network'!H17+IT!H17+Escalation!H17+'Capitalised OH'!H17)*(1+$I$7)","v":0},{"$f":"(Augex!I17+Repex!I17+Connections!I17+'Non-Network'!I17+IT!I17+Escalation!I17+'Capitalised OH'!I17)*(1+$I$7)","v":0},{"$f":"(Augex!J17+Repex!J17+Connections!J17+'Non-Network'!J17+IT!J17+Escalation!J17+'Capitalised OH'!J17)*(1+$I$7)","v":0},{"$f":"(Augex!K17+Repex!K17+Connections!K17+'Non-Network'!K17+IT!K17+Escalation!K17+'Capitalised OH'!K17)*(1+$I$7)","v":0},{"$f":"(Augex!L17+Repex!L17+Connections!L17+'Non-Network'!L17+IT!L17+Escalation!L17+'Capitalised OH'!L17)*(1+$I$7)","v":0},{"$f":"(Augex!M17+Repex!M17+Connections!M17+'Non-Network'!M17+IT!M17+Escalation!M17+'Capitalised OH'!M17)*(1+$I$7)","v":0},{"$f":"(Augex!N17+Repex!N17+Connections!N17+'Non-Network'!N17+IT!N17+Escalation!N17+'Capitalised OH'!N17)*(1+$I$7)","v":0},null,0]
[null,null,11,"Property","Dollars","Real $2019","End_Year",{"$f":"(Augex!H18+Repex!H18+Connections!H18+'Non-Network'!H18+IT!H18+Escalation!H18+'Capitalised OH'!H18)*(1+$I$7)","v":0},{"$f":"(Augex!I18+Repex!I18+Connections!I18+'Non-Network'!I18+IT!I18+Escalation!I18+'Capitalised OH'!I18)*(1+$I$7)","v":0},{"$f":"(Augex!J18+Repex!J18+Connections!J18+'Non-Network'!J18+IT!J18+Escalation!J18+'Capitalised OH'!J18)*(1+$I$7)","v":0.83931771350820394},{"$f":"(Augex!K18+Repex!K18+Connections!K18+'Non-Network'!K18+IT!K18+Escalation!K18+'Capitalised OH'!K18)*(1+$I$7)","v":0.99355307056466824},{"$f":"(Augex!L18+Repex!L18+Connections!L18+'Non-Network'!L18+IT!L18+Escalation!L18+'Capitalised OH'!L18)*(1+$I$7)","v":1.0059272001566779},{"$f":"(Augex!M18+Repex!M18+Connections!M18+'Non-Network'!M18+IT!M18+Escalation!M18+'Capitalised OH'!M18)*(1+$I$7)","v":0.93050689598599456},{"$f":"(Augex!N18+Repex!N18+Connections!N18+'Non-Network'!N18+IT!N18+Escalation!N18+'Capitalised OH'!N18)*(1+$I$7)","v":0.9075675815619324},null,4.6768724617774771]
[null,null,12,"IT and Communications","Dollars","Real $2019","End_Year",{"$f":"(Augex!H19+Repex!H19+Connections!H19+'Non-Network'!H19+IT!H19+Escalation!H19+'Capitalised OH'!H19)*(1+$I$7)","v":4.5979011515897028},{"$f":"(Augex!I19+Repex!I19+Connections!I19+'Non-Network'!I19+IT!I19+Escalation!I19+'Capitalised OH'!I19)*(1+$I$7)","v":4.8127851291319113},{"$f":"(Augex!J19+Repex!J19+Connections!J19+'Non-Network'!J19+IT!J19+Escalation!J19+'Capitalised OH'!J19)*(1+$I$7)","v":5.9483891814897509},{"$f":"(Augex!K19+Repex!K19+Connections!K19+'Non-Network'!K19+IT!K19+Escalation!K19+'Capitalised OH'!K19)*(1+$I$7)","v":6.8130743833492211},{"$f":"(Augex!L19+Repex!L19+Connections!L19+'Non-Network'!L19+IT!L19+Escalation!L19+'Capitalised OH'!L19)*(1+$I$7)","v":12.972795174760753},{"$f":"(Augex!M19+Repex!M19+Connections!M19+'Non-Network'!M19+IT!M19+Escalation!M19+'Capitalised OH'!M19)*(1+$I$7)","v":7.4636149864731944},{"$f":"(Augex!N19+Repex!N19+Connections!N19+'Non-Network'!N19+IT!N19+Escalation!N19+'Capitalised OH'!N19)*(1+$I$7)","v":6.4188951238555223},null,39.616768849928441]
[null,null,13,"Motor Vehicles","Dollars","Real $2019","End_Year",{"$f":"(Augex!H20+Repex!H20+Connections!H20+'Non-Network'!H20+IT!H20+Escalation!H20+'Capitalised OH'!H20)*(1+$I$7)","v":0},{"$f":"(Augex!I20+Repex!I20+Connections!I20+'Non-Network'!I20+IT!I20+Escalation!I20+'Capitalised OH'!I20)*(1+$I$7)","v":0},{"$f":"(Augex!J20+Repex!J20+Connections!J20+'Non-Network'!J20+IT!J20+Escalation!J20+'Capitalised OH'!J20)*(1+$I$7)","v":0},{"$f":"(Augex!K20+Repex!K20+Connections!K20+'Non-Network'!K20+IT!K20+Escalation!K20+'Capitalised OH'!K20)*(1+$I$7)","v":0},{"$f":"(Augex!L20+Repex!L20+Connections!L20+'Non-Network'!L20+IT!L20+Escalation!L20+'Capitalised OH'!L20)*(1+$I$7)","v":0},{"$f":"(Augex!M20+Repex!M20+Connections!M20+'Non-Network'!M20+IT!M20+Escalation!M20+'Capitalised OH'!M20)*(1+$I$7)","v":0},{"$f":"(Augex!N20+Repex!N20+Connections!N20+'Non-Network'!N20+IT!N20+Escalation!N20+'Capitalised OH'!N20)*(1+$I$7)","v":0},null,0]
[null,null,14,"Plant and Equipment","Dollars","Real $2019","End_Year",{"$f":"(Augex!H21+Repex!H21+Connections!H21+'Non-Network'!H21+IT!H21+Escalation!H21+'Capitalised OH'!H21)*(1+$I$7)","v":0.55756830112},{"$f":"(Augex!I21+Repex!I21+Connections!I21+'Non-Network'!I21+IT!I21+Escalation!I21+'Capitalised OH'!I21)*(1+$I$7)","v":0.55990212618784008},{"$f":"(Augex!J21+Repex!J21+Connections!J21+'Non-Network'!J21+IT!J21+Escalation!J21+'Capitalised OH'!J21)*(1+$I$7)","v":1.2122817151876115},{"$f":"(Augex!K21+Repex!K21+Connections!K21+'Non-Network'!K21+IT!K21+Escalation!K21+'Capitalised OH'!K21)*(1+$I$7)","v":1.2397362136844388},{"$f":"(Augex!L21+Repex!L21+Connections!L21+'Non-Network'!L21+IT!L21+Escalation!L21+'Capitalised OH'!L21)*(1+$I$7)","v":1.2127778241358909},{"$f":"(Augex!M21+Repex!M21+Connections!M21+'Non-Network'!M21+IT!M21+Escalation!M21+'Capitalised OH'!M21)*(1+$I$7)","v":1.3112799433131357},{"$f":"(Augex!N21+Repex!N21+Connections!N21+'Non-Network'!N21+IT!N21+Escalation!N21+'Capitalised OH'!N21)*(1+$I$7)","v":1.3081708262417555},null,6.2842465225628326]
[null,null,15,"Property Leases","Dollars","Real $2019","End_Year",{"$f":"(Augex!H22+Repex!H22+Connections!H22+'Non-Network'!H22+IT!H22+Escalation!H22+'Capitalised OH'!H22)*(1+$I$7)","v":0},{"$f":"(Augex!I22+Repex!I22+Connections!I22+'Non-Network'!I22+IT!I22+Escalation!I22+'Capitalised OH'!I22)*(1+$I$7)","v":0},{"$f":"(Augex!J22+Repex!J22+Connections!J22+'Non-Network'!J22+IT!J22+Escalation!J22+'Capitalised OH'!J22)*(1+$I$7)","v":5.1038461732183293},{"$f":"(Augex!K22+Repex!K22+Connections!K22+'Non-Network'!K22+IT!K22+Escalation!K22+'Capitalised OH'!K22)*(1+$I$7)","v":6.6109452681288094E-2},{"$f":"(Augex!L22+Repex!L22+Connections!L22+'Non-Network'!L22+IT!L22+Escalation!L22+'Capitalised OH'!L22)*(1+$I$7)","v":17.586519970877212},{"$f":"(Augex!M22+Repex!M22+Connections!M22+'Non-Network'!M22+IT!M22+Escalation!M22+'Capitalised OH'!M22)*(1+$I$7)","v":6.9924552019618058E-2},{"$f":"(Augex!N22+Repex!N22+Connections!N22+'Non-Network'!N22+IT!N22+Escalation!N22+'Capitalised OH'!N22)*(1+$I$7)","v":0.64530545894586366},null,{"$f":"SUM(J24:N24)","v":23.471705607742312}]
[null,null,16,"Fleet Leases","Dollars","Real $2019","End_Year",{"$f":"(Augex!H23+Repex!H23+Connections!H23+'Non-Network'!H23+IT!H23+Escalation!H23+'Capitalised OH'!H23)*(1+$I$7)","v":0},{"$f":"(Augex!I23+Repex!I23+Connections!I23+'Non-Network'!I23+IT!I23+Escalation!I23+'Capitalised OH'!I23)*(1+$I$7)","v":0},{"$f":"(Augex!J23+Repex!J23+Connections!J23+'Non-Network'!J23+IT!J23+Escalation!J23+'Capitalised OH'!J23)*(1+$I$7)","v":15.421892339508355},{"$f":"(Augex!K23+Repex!K23+Connections!K23+'Non-Network'!K23+IT!K23+Escalation!K23+'Capitalised OH'!K23)*(1+$I$7)","v":4.0052969825305613},{"$f":"(Augex!L23+Repex!L23+Connections!L23+'Non-Network'!L23+IT!L23+Escalation!L23+'Capitalised OH'!L23)*(1+$I$7)","v":3.4377843409503117},{"$f":"(Augex!M23+Repex!M23+Connections!M23+'Non-Network'!M23+IT!M23+Escalation!M23+'Capitalised OH'!M23)*(1+$I$7)","v":4.1781822415780381},{"$f":"(Augex!N23+Repex!N23+Connections!N23+'Non-Network'!N23+IT!N23+Escalation!N23+'Capitalised OH'!N23)*(1+$I$7)","v":3.395009098862706},null,30.438165003429972]
[]
[null,null,null,"Total",{"$f":"E10","v":"Dollars"},"Real $2019","End_Year",{"$f":"SUM(H10:H25)","v":51.984323017251789},{"$f":"SUM(I10:I25)","v":52.027140148955361},84.692818835542013,74.150504987630669,85.961913936714524,59.377486536794351,61.286420681940868,null,365.46914497862241]
[]
[null,null,null,"Check - Value","Dollars","Real $2019","End_Year",{"$f":"SUM('Augex:Capitalised OH'!H25)*(1+$I$7)","v":51.984323017251789},{"$f":"SUM('Augex:Capitalised OH'!I25)*(1+$I$7)","v":52.027140148955361},{"$f":"SUM('Augex:Capitalised OH'!J25)*(1+$I$7)","v":84.692818835541999},{"$f":"SUM('Augex:Capitalised OH'!K25)*(1+$I$7)","v":74.150504987630654},{"$f":"SUM('Augex:Capitalised OH'!L25)*(1+$I$7)","v":85.961913936714495},{"$f":"SUM('Augex:Capitalised OH'!M25)*(1+$I$7)","v":59.377486536794358},{"$f":"SUM('Augex:Capitalised OH'!N25)*(1+$I$7)","v":61.286420681940861},null,{"$f":"SUM(J29:N29)","v":365.46914497862235}]
[{"$f":"IF(SUM($H30:$P30)>0,1,0)","v":0},null,null,"Check - Flag",null,null,null,{"$f":"IF(ROUND(H27-H29,4)=0,0,1)","v":0},{"$f":"IF(ROUND(I27-I29,4)=0,0,1)","v":0},0,0,0,0,0,null,0]
[]
[null,"End"]

{"sheet":"SCS CapCon","index":6,"n_rows":32,"n_cols":16,"rows_kept":32,"cut":false,"hidden":false,"merged":[]}
[{"$f":"IF(SUM($A2:$A32)>0,1,0)","v":0},"Consolidated Capital Expenditure Forecast - SCS"]
[]
[null,"Capital Contribution Forecasts - SCS"]
[]
[null,null,"Direct Costs including Cost Escalation"]
[]
[null,null,null,"Forecast inflation","Per cent","Nominal","End_Year",null,{"$f":"'Total by category'!$I$22","v":2.2499999999999999E-2}]
[]
[null,null,"Ref.","Regulatory Asset Class","Unit","Basis","Timing","RY18","RY19","RY20","RY21","RY22","RY23","RY24",null,"Total FY20 to FY24"]
[null,null,{"$f":"N(C9)+1","v":1},"Substations","Dollars","Real $2019","End_Year",{"$f":"'Capital Contributions'!H8*Escalation!H$52*(1+$I$7)","v":0},{"$f":"'Capital Contributions'!I8*Escalation!I$52*(1+$I$7)","v":0},{"$f":"'Capital Contributions'!J8*Escalation!J$52*(1+$I$7)","v":0},{"$f":"'Capital Contributions'!K8*Escalation!K$52*(1+$I$7)","v":0},{"$f":"'Capital Contributions'!L8*Escalation!L$52*(1+$I$7)","v":0},{"$f":"'Capital Contributions'!M8*Escalation!M$52*(1+$I$7)","v":0},{"$f":"'Capital Contributions'!N8*Escalation!N$52*(1+$I$7)","v":0},null,{"$f":"SUM(J10:N10)","v":0}]
[null,null,{"$f":"N(C10)+1","v":2},"Distribution Lines","Dollars","Real $2019","End_Year",{"$f":"'Capital Contributions'!H9*Escalation!H$52*(1+$I$7)","v":6.3486816518673974},{"$f":"'Capital Contributions'!I9*Escalation!I$52*(1+$I$7)","v":6.4333709675807347},{"$f":"'Capital Contributions'!J9*Escalation!J$52*(1+$I$7)","v":6.5490460942490252},{"$f":"'Capital Contributions'!K9*Escalation!K$52*(1+$I$7)","v":6.6215634342823799},{"$f":"'Capital Contributions'!L9*Escalation!L$52*(1+$I$7)","v":6.6441483252963272},{"$f":"'Capital Contributions'!M9*Escalation!M$52*(1+$I$7)","v":6.3995383804782469},{"$f":"'Capital Contributions'!N9*Escalation!N$52*(1+$I$7)","v":6.4244558802187282},null,{"$f":"SUM(J11:N11)","v":32.638752114524706}]
[null,null,3,"Transmission Lines","Dollars","Real $2019","End_Year",{"$f":"'Capital Contributions'!H10*Escalation!H$52*(1+$I$7)","v":0},{"$f":"'Capital Contributions'!I10*Escalation!I$52*(1+$I$7)","v":0},{"$f":"'Capital Contributions'!J10*Escalation!J$52*(1+$I$7)","v":0},{"$f":"'Capital Contributions'!K10*Escalation!K$52*(1+$I$7)","v":0},{"$f":"'Capital Contributions'!L10*Escalation!L$52*(1+$I$7)","v":0},{"$f":"'Capital Contributions'!M10*Escalation!M$52*(1+$I$7)","v":0},{"$f":"'Capital Contributions'!N10*Escalation!N$52*(1+$I$7)","v":0},null,0]
[null,null,4,"LV Services","Dollars","Real $2019","End_Year",{"$f":"'Capital Contributions'!H11*Escalation!H$52*(1+$I$7)","v":0.14521530383535527},{"$f":"'Capital Contributions'!I11*Escalation!I$52*(1+$I$7)","v":0.18071092744316544},{"$f":"'Capital Contributions'!J11*Escalation!J$52*(1+$I$7)","v":0.25522999328038115},{"$f":"'Capital Contributions'!K11*Escalation!K$52*(1+$I$7)","v":0.30338850080941304},{"$f":"'Capital Contributions'!L11*Escalation!L$52*(1+$I$7)","v":0.31057308052162785},{"$f":"'Capital Contributions'!M11*Escalation!M$52*(1+$I$7)","v":0.15204732568267193},{"$f":"'Capital Contributions'!N11*Escalation!N$52*(1+$I$7)","v":0.15415395112042313},null,1.1753928514145171]
[null,null,5,"Distribution Substations","Dollars","Real $2019","End_Year",{"$f":"'Capital Contributions'!H12*Escalation!H$52*(1+$I$7)","v":2.3431665328062783},{"$f":"'Capital Contributions'!I12*Escalation!I$52*(1+$I$7)","v":2.3529743729962642},{"$f":"'Capital Contributions'!J12*Escalation!J$52*(1+$I$7)","v":2.3497292389014035},{"$f":"'Capital Contributions'!K12*Escalation!K$52*(1+$I$7)","v":2.3467731051616081},{"$f":"'Capital Contributions'!L12*Escalation!L$52*(1+$I$7)","v":2.3508468123001469},{"$f":"'Capital Contributions'!M12*Escalation!M$52*(1+$I$7)","v":2.358313453925311},{"$f":"'Capital Contributions'!N12*Escalation!N$52*(1+$I$7)","v":2.3665278022252187},null,11.772190412513689]
[null,null,6,"Distribution Switchgear","Dollars","Real $2019","End_Year",{"$f":"'Capital Contributions'!H13*Escalation!H$52*(1+$I$7)","v":0.68555650803412882},{"$f":"'Capital Contributions'!I13*Escalation!I$52*(1+$I$7)","v":0.68842605596333672},{"$f":"'Capital Contributions'!J13*Escalation!J$52*(1+$I$7)","v":0.68747660454064563},{"$f":"'Capital Contributions'!K13*Escalation!K$52*(1+$I$7)","v":0.68661170795921955},{"$f":"'Capital Contributions'!L13*Escalation!L$52*(1+$I$7)","v":0.68780358075253134},{"$f":"'Capital Contributions'!M13*Escalation!M$52*(1+$I$7)","v":0.68998814795576768},{"$f":"'Capital Contributions'!N13*Escalation!N$52*(1+$I$7)","v":0.6923914768943713},null,3.4442715181025356]
[null,null,7,"Protection","Dollars","Real $2019","End_Year",{"$f":"'Capital Contributions'!H14*Escalation!H$52*(1+$I$7)","v":0},{"$f":"'Capital Contributions'!I14*Escalation!I$52*(1+$I$7)","v":0},{"$f":"'Capital Contributions'!J14*Escalation!J$52*(1+$I$7)","v":0},{"$f":"'Capital Contributions'!K14*Escalation!K$52*(1+$I$7)","v":0},{"$f":"'Capital Contributions'!L14*Escalation!L$52*(1+$I$7)","v":0},{"$f":"'Capital Contributions'!M14*Escalation!M$52*(1+$I$7)","v":0},{"$f":"'Capital Contributions'!N14*Escalation!N$52*(1+$I$7)","v":0},null,0]
[null,null,8,"SCADA","Dollars","Real $2019","End_Year",{"$f":"'Capital Contributions'!H15*Escalation!H$52*(1+$I$7)","v":0},{"$f":"'Capital Contributions'!I15*Escalation!I$52*(1+$I$7)","v":0},{"$f":"'Capital Contributions'!J15*Escalation!J$52*(1+$I$7)","v":0},{"$f":"'Capital Contributions'!K15*Escalation!K$52*(1+$I$7)","v":0},{"$f":"'Capital Contributions'!L15*Escalation!L$52*(1+$I$7)","v":0},{"$f":"'Capital Contributions'!M15*Escalation!M$52*(1+$I$7)","v":0},{"$f":"'Capital Contributions'!N15*Escalation!N$52*(1+$I$7)","v":0},null,0]
[null,null,9,"Communications","Dollars","Real $2019","End_Year",{"$f":"'Capital Contributions'!H16*Escalation!H$52*(1+$I$7)","v":0},{"$f":"'Capital Contributions'!I16*Escalation!I$52*(1+$I$7)","v":0},{"$f":"'Capital Contributions'!J16*Escalation!J$52*(1+$I$7)","v":0},{"$f":"'Capital Contributions'!K16*Escalation!K$52*(1+$I$7)","v":0},{"$f":"'Capital Contributions'!L16*Escalation!L$52*(1+$I$7)","v":0},{"$f":"'Capital Contributions'!M16*Escalation!M$52*(1+$I$7)","v":0},{"$f":"'Capital Contributions'!N16*Escalation!N$52*(1+$I$7)","v":0},null,0]
[null,null,10,"Land and Easements","Dollars","Real $2019","End_Year",{"$f":"'Capital Contributions'!H17*Escalation!H$52*(1+$I$7)","v":0},{"$f":"'Capital Contributions'!I17*Escalation!I$52*(1+$I$7)","v":0},{"$f":"'Capital Contributions'!J17*Escalation!J$52*(1+$I$7)","v":0},{"$f":"'Capital Contributions'!K17*Escalation!K$52*(1+$I$7)","v":0},{"$f":"'Capital Contributions'!L17*Escalation!L$52*(1+$I$7)","v":0},{"$f":"'Capital Contributions'!M17*Escalation!M$52*(1+$I$7)","v":0},{"$f":"'Capital Contributions'!N17*Escalation!N$52*(1+$I$7)","v":0},null,0]
[null,null,11,"Property","Dollars","Real $2019","End_Year",{"$f":"'Capital Contributions'!H18*Escalation!H$52*(1+$I$7)","v":0},{"$f":"'Capital Contributions'!I18*Escalation!I$52*(1+$I$7)","v":0},{"$f":"'Capital Contributions'!J18*Escalation!J$52*(1+$I$7)","v":0},{"$f":"'Capital Contributions'!K18*Escalation!K$52*(1+$I$7)","v":0},{"$f":"'Capital Contributions'!L18*Escalation!L$52*(1+$I$7)","v":0},{"$f":"'Capital Contributions'!M18*Escalation!M$52*(1+$I$7)","v":0},{"$f":"'Capital Contributions'!N18*Escalation!N$52*(1+$I$7)","v":0},null,0]
[null,null,12,"IT and Communications","Dollars","Real $2019","End_Year",{"$f":"'Capital Contributions'!H19*Escalation!H$52*(1+$I$7)","v":0},{"$f":"'Capital Contributions'!I19*Escalation!I$52*(1+$I$7)","v":0},{"$f":"'Capital Contributions'!J19*Escalation!J$52*(1+$I$7)","v":0},{"$f":"'Capital Contributions'!K19*Escalation!K$52*(1+$I$7)","v":0},{"$f":"'Capital Contributions'!L19*Escalation!L$52*(1+$I$7)","v":0},{"$f":"'Capital Contributions'!M19*Escalation!M$52*(1+$I$7)","v":0},{"$f":"'Capital Contributions'!N19*Escalation!N$52*(1+$I$7)","v":0},null,0]
[null,null,13,"Motor Vehicles","Dollars","Real $2019","End_Year",{"$f":"'Capital Contributions'!H20*Escalation!H$52*(1+$I$7)","v":0},{"$f":"'Capital Contributions'!I20*Escalation!I$52*(1+$I$7)","v":0},{"$f":"'Capital Contributions'!J20*Escalation!J$52*(1+$I$7)","v":0},{"$f":"'Capital Contributions'!K20*Escalation!K$52*(1+$I$7)","v":0},{"$f":"'Capital Contributions'!L20*Escalation!L$52*(1+$I$7)","v":0},{"$f":"'Capital Contributions'!M20*Escalation!M$52*(1+$I$7)","v":0},{"$f":"'Capital Contributions'!N20*Escalation!N$52*(1+$I$7)","v":0},null,0]
[null,null,14,"Plant and Equipment","Dollars","Real $2019","End_Year",{"$f":"'Capital Contributions'!H21*Escalation!H$52*(1+$I$7)","v":0},{"$f":"'Capital Contributions'!I21*Escalation!I$52*(1+$I$7)","v":0},{"$f":"'Capital Contributions'!J21*Escalation!J$52*(1+$I$7)","v":0},{"$f":"'Capital Contributions'!K21*Escalation!K$52*(1+$I$7)","v":0},{"$f":"'Capital Contributions'!L21*Escalation!L$52*(1+$I$7)","v":0},{"$f":"'Capital Contributions'!M21*Escalation!M$52*(1+$I$7)","v":0},{"$f":"'Capital Contributions'!N21*Escalation!N$52*(1+$I$7)","v":0},null,0]
[null,null,15,"Property Leases","Dollars","Real $2019","End_Year",{"$f":"'Capital Contributions'!H22*Escalation!H$52*(1+$I$7)","v":0},{"$f":"'Capital Contributions'!I22*Escalation!I$52*(1+$I$7)","v":0},{"$f":"'Capital Contributions'!J22*Escalation!J$52*(1+$I$7)","v":0},{"$f":"'Capital Contributions'!K22*Escalation!K$52*(1+$I$7)","v":0},{"$f":"'Capital Contributions'!L22*Escalation!L$52*(1+$I$7)","v":0},{"$f":"'Capital Contributions'!M22*Escalation!M$52*(1+$I$7)","v":0},{"$f":"'Capital Contributions'!N22*Escalation!N$52*(1+$I$7)","v":0},null,{"$f":"SUM(J24:N24)","v":0}]
[null,null,16,"Fleet Leases","Dollars","Real $2019","End_Year",{"$f":"'Capital Contributions'!H23*Escalation!H$52*(1+$I$7)","v":0},{"$f":"'Capital Contributions'!I23*Escalation!I$52*(1+$I$7)","v":0},{"$f":"'Capital Contributions'!J23*Escalation!J$52*(1+$I$7)","v":0},{"$f":"'Capital Contributions'!K23*Escalation!K$52*(1+$I$7)","v":0},{"$f":"'Capital Contributions'!L23*Escalation!L$52*(1+$I$7)","v":0},{"$f":"'Capital Contributions'!M23*Escalation!M$52*(1+$I$7)","v":0},{"$f":"'Capital Contributions'!N23*Escalation!N$52*(1+$I$7)","v":0},null,0]
[]
[null,null,null,"Total",{"$f":"E10","v":"Dollars"},"Real $2019","End_Year",{"$f":"SUM(H10:H25)","v":9.5226199965431597},{"$f":"SUM(I10:I25)","v":9.6554823239835006},9.8414819309714545,9.9583367482126199,9.9933717988706334,9.599887308041998,9.6375291104587415,null,49.03060689655544]
[]
[null,null,null,"Check - Value","Dollars","Real $2019","End_Year",{"$f":"'Capital Contributions'!H25*Escalation!H$52*(1+$I$7)","v":9.5226199965431597},{"$f":"'Capital Contributions'!I25*Escalation!I$52*(1+$I$7)","v":9.6554823239835006},{"$f":"'Capital Contributions'!J25*Escalation!J$52*(1+$I$7)","v":9.8414819309714563},{"$f":"'Capital Contributions'!K25*Escalation!K$52*(1+$I$7)","v":9.9583367482126199},{"$f":"'Capital Contributions'!L25*Escalation!L$52*(1+$I$7)","v":9.9933717988706334},{"$f":"'Capital Contributions'!M25*Escalation!M$52*(1+$I$7)","v":9.599887308041998},{"$f":"'Capital Contributions'!N25*Escalation!N$52*(1+$I$7)","v":9.6375291104587433},null,{"$f":"SUM(J29:N29)","v":49.030606896555454}]
[{"$f":"IF(SUM($H30:$P30)>0,1,0)","v":0},null,null,"Check - Flag",null,null,null,{"$f":"IF(ROUND(H27-H29,4)=0,0,1)","v":0},{"$f":"IF(ROUND(I27-I29,4)=0,0,1)","v":0},0,0,0,0,0,null,0]
[]
[null,"End"]

{"sheet":"Augex","index":7,"n_rows":30,"n_cols":16,"rows_kept":30,"cut":false,"hidden":false,"merged":[]}
[{"$f":"IF(SUM($A2:$A32)>0,1,0)","v":0},"Augmentation Expenditure"]
[]
[null,"Direct Capex Forecasts"]
[]
[null,null,"Direct Costs (Excluding Capitalised Overheads and Cost Escalation)"]
[]
[null,null,"Ref.","Regulatory Asset Class","Unit","Basis","Timing","RY18","RY19","RY20","RY21","RY22","RY23","RY24",null,"Total FY20 to FY24"]
[null,null,{"$f":"N(C7)+1","v":1},{"$f":"'SCS total'!$D$10","v":"Substations"},"Dollars","Real $2018","End_Year",4.4841366822429904,1.9999990000000001,2.1,0.5,0.7,1.85,4.9688888888888894,null,10.11888888888889]
[null,null,{"$f":"N(C8)+1","v":2},{"$f":"'SCS total'!$D$11","v":"Distribution Lines"},"Dollars","Real $2018","End_Year",0.44487000000000004,0.92003000000000001,1.5,1.5,1.5,1.5,1.5,null,7.5]
[null,null,3,{"$f":"'SCS total'!$D$12","v":"Transmission Lines"},"Dollars","Real $2018","End_Year",7.5609345794392526,0,0.8,0.8,0.8,0.8,0.8,null,4]
[null,null,4,{"$f":"'SCS total'!$D$13","v":"LV Services"},"Dollars","Real $2018","End_Year",0,0,0,0,0,0,0,null,0]
[null,null,5,{"$f":"'SCS total'!$D$14","v":"Distribution Substations"},"Dollars","Real $2018","End_Year",0,0,0.3,0.3,0.3,0.3,0.3,null,1.5]
[null,null,6,{"$f":"'SCS total'!$D$15","v":"Distribution Switchgear"},"Dollars","Real $2018","End_Year",0.54634499999999997,0.44896999999999998,1.6942714200156939,1.6808623746559959,1.5326356902949638,1.4939718432057396,1.4697063838791424,null,7.8714477120515358]
[null,null,7,{"$f":"'SCS total'!$D$16","v":"Protection"},"Dollars","Real $2018","End_Year",8.8232249999999998E-2,0,0,0,0.1,0,0.56615384615384612,null,0.6661538461538461]
[null,null,8,{"$f":"'SCS total'!$D$17","v":"SCADA"},"Dollars","Real $2018","End_Year",0,0,0,0,0.05,0,0.23247863247863249,null,0.28247863247863247]
[null,null,9,{"$f":"'SCS total'!$D$18","v":"Communications"},"Dollars","Real $2018","End_Year",1.014534,0.54896800000000001,0.53,0.53,0.58000000000000007,0.53,0.76247863247863257,null,2.9324786324786327]
[null,null,10,{"$f":"'SCS total'!$D$19","v":"Land and Easements"},"Dollars","Real $2018","End_Year",0,0,0,0,0,0,0,null,0]
[null,null,11,{"$f":"'SCS total'!$D$20","v":"Property"},"Dollars","Real $2018","End_Year",0,0,0,0,0,0,0,null,0]
[null,null,12,{"$f":"'SCS total'!$D$21","v":"IT and Communications"},"Dollars","Real $2018","End_Year",0,0,0,0,0,0,0,null,0]
[null,null,13,{"$f":"'SCS total'!$D$22","v":"Motor Vehicles"},"Dollars","Real $2018","End_Year",0,0,0,0,0,0,0,null,0]
[null,null,14,{"$f":"'SCS total'!$D$23","v":"Plant and Equipment"},"Dollars","Real $2018","End_Year",0,0,0,0,0,0,0,null,0]
[null,null,15,{"$f":"'SCS total'!$D$24","v":"Property Leases"},"Dollars","Real $2018","End_Year",0,0,0,0,0,0,0,null,0]
[null,null,16,{"$f":"'SCS total'!$D$25","v":"Fleet Leases"},"Dollars","Real $2018","End_Year",0,0,0,0,0,0,0,null,0]
[]
[null,null,null,"Total",{"$f":"E8","v":"Dollars"},"Real $2018","End_Year",14.139052511682245,3.917967,6.9242714200156943,5.3108623746559962,5.5626356902949636,6.4739718432057396,10.599706383879141,null,34.871447712051534]
[]
[null,null,null,"Check - Value","Dollars","Real $2018","End_Year",14.139052511682245,3.917967,6.9242714200156943,5.3108623746559953,5.5626356902949636,6.4739718432057396,10.599706383879141,null,34.871447712051534]
[{"$f":"IF(SUM($H28:$P28)>0,1,0)","v":0},null,null,"Check - Flag",null,null,null,{"$f":"IF(ROUND(H25-H27,4)=0,0,1)","v":0},{"$f":"IF(ROUND(I25-I27,4)=0,0,1)","v":0},0,0,0,0,0,null,0]
[]
[null,"End"]

{"sheet":"Repex","index":8,"n_rows":30,"n_cols":16,"rows_kept":30,"cut":false,"hidden":false,"merged":[]}
[{"$f":"IF(SUM($A2:$A32)>0,1,0)","v":0},"Replacement Expenditure"]
[]
[null,"Direct Capex Forecasts"]
[]
[null,null,"Direct Costs (Excluding Capitalised Overheads and Cost Escalation)"]
[]
[null,null,"Ref.","Regulatory Asset Class","Unit","Basis","Timing","RY18","RY19","RY20","RY21","RY22","RY23","RY24",null,"Total FY20 to FY24"]
[null,null,{"$f":"N(C7)+1","v":1},{"$f":"'SCS total'!$D$10","v":"Substations"},"Dollars","Real $2018","End_Year",3.4206050654205611,10.862067,5.8358675429726992,6.7538675429726993,4.53,1.867,0.15,null,19.1367350859454]
[null,null,{"$f":"N(C8)+1","v":2},{"$f":"'SCS total'!$D$11","v":"Distribution Lines"},"Dollars","Real $2018","End_Year",5.3671958846858212,7.6670885352282756,10.222666166478044,12.39236817547644,8.3971644432009338,6.1983464805098816,7.02210078778905,null,44.232646053454353]
[null,null,3,{"$f":"'SCS total'!$D$12","v":"Transmission Lines"},"Dollars","Real $2018","End_Year",0.78949999999999998,0.23,1.65,1.468,1.468,1.468,1.4390000000000001,null,7.4930000000000003]
[null,null,4,{"$f":"'SCS total'!$D$13","v":"LV Services"},"Dollars","Real $2018","End_Year",2.0959468830557115E-2,5.8795621882680636E-2,7.5999999999999998E-2,7.5999999999999998E-2,7.5999999999999998E-2,7.5999999999999998E-2,7.5999999999999998E-2,null,0.38]
[null,null,5,{"$f":"'SCS total'!$D$14","v":"Distribution Substations"},"Dollars","Real $2018","End_Year",1.8150582360570153,3.6175489049723266,2.9210000000000003,3.1639999999999997,3.3919999999999999,3.5679999999999996,3.6440000000000001,null,16.689]
[null,null,6,{"$f":"'SCS total'!$D$15","v":"Distribution Switchgear"},"Dollars","Real $2018","End_Year",3.8479274368752026,2.8792584238980252,2.1619999999999999,2.2250000000000001,2.2930000000000001,2.363,2.4329999999999998,null,11.476000000000001]
[null,null,7,{"$f":"'SCS total'!$D$16","v":"Protection"},"Dollars","Real $2018","End_Year",0.89052200000000004,2.449417,2.7835591506572293,3.1205591506572299,1.17,1.079,0.76,null,8.9131183013144586]
[null,null,8,{"$f":"'SCS total'!$D$17","v":"SCADA"},"Dollars","Real $2018","End_Year",0.46656399999999998,1.157052,0.73178665318503533,0.95778665318503531,0.55200000000000005,0.29099999999999998,0.17299999999999999,null,2.7055733063700704]
[null,null,9,{"$f":"'SCS total'!$D$18","v":"Communications"},"Dollars","Real $2018","End_Year",4.1302409999999998,1.236729,1.6817866531850354,1.8447866531850352,1.4180000000000001,1.0370000000000001,0.67100000000000004,null,6.6525733063700709]
[null,null,10,{"$f":"'SCS total'!$D$19","v":"Land and Easements"},"Dollars","Real $2018","End_Year",0,0,0,0,0,0,0,null,0]
[null,null,11,{"$f":"'SCS total'!$D$20","v":"Property"},"Dollars","Real $2018","End_Year",0,0,2.4500000000000001E-2,0.13564999999999999,0.16420000000000001,4.2099999999999999E-2,2.5950000000000001E-2,null,0.39240000000000008]
[null,null,12,{"$f":"'SCS total'!$D$21","v":"IT and Communications"},"Dollars","Real $2018","End_Year",0,0,0,0.6,5.9,0.8,0,null,7.3]
[null,null,13,{"$f":"'SCS total'!$D$22","v":"Motor Vehicles"},"Dollars","Real $2018","End_Year",0,0,0,0,0,0,0,null,0]
[null,null,14,{"$f":"'SCS total'!$D$23","v":"Plant and Equipment"},"Dollars","Real $2018","End_Year",0,0,0,0,0,0,0,null,0]
[null,null,15,{"$f":"'SCS total'!$D$24","v":"Property Leases"},"Dollars","Real $2018","End_Year",0,0,0,0,0,0,0,null,0]
[null,null,16,{"$f":"'SCS total'!$D$25","v":"Fleet Leases"},"Dollars","Real $2018","End_Year",0,0,0,0,0,0,0,null,0]
[]
[null,null,null,"Total",{"$f":"E8","v":"Dollars"},"Real $2018","End_Year",20.748573091869154,30.157956485981313,28.089166166478041,32.738018175476441,29.360364443200929,18.789446480509881,16.394050787789052,null,125.37104605345434]
[]
[null,null,null,"Check - Value","Dollars","Real $2018","End_Year",20.748573091869154,30.157956485981313,28.089166166478048,32.738018175476448,29.360364443200936,18.789446480509881,16.394050787789052,null,125.37104605345436]
[{"$f":"IF(SUM($H28:$P28)>0,1,0)","v":0},null,null,"Check - Flag",null,null,null,{"$f":"IF(ROUND(H25-H27,4)=0,0,1)","v":0},{"$f":"IF(ROUND(I25-I27,4)=0,0,1)","v":0},{"$f":"IF(ROUND(J25-J27,4)=0,0,1)","v":0},0,0,0,0,null,0]
[]
[null,"End"]

{"sheet":"Connections","index":9,"n_rows":27,"n_cols":16,"rows_kept":27,"cut":false,"hidden":false,"merged":[]}
[null,"Connection Capital Expenditure"]
[]
[null,"Direct Capex Forecasts"]
[]
[null,null,"Direct Costs (Excluding Capitalised Overheads and Cost Escalation)"]
[]
[null,null,"Ref.","Regulatory Asset Class","Unit","Basis","Timing","RY18","RY19","RY20","RY21","RY22","RY23","RY24",null,"Total FY20 to FY24"]
[null,null,{"$f":"N(C7)+1","v":1},{"$f":"'SCS total'!$D$10","v":"Substations"},"Dollars","Real $2018","End_Year",0,0,0,0,0,0,0,null,0]
[null,null,{"$f":"N(C8)+1","v":2},{"$f":"'SCS total'!$D$11","v":"Distribution Lines"},"Dollars","Real $2018","End_Year",7.138230836623892,7.4205555081771095,8.0264432864542368,8.4197945142362478,8.4737216986902322,7.1858136464362321,7.1985023957195233,null,39.30427554153647]
[null,null,3,{"$f":"'SCS total'!$D$12","v":"Transmission Lines"},"Dollars","Real $2018","End_Year",0,0,0,0,0,0,0,null,0]
[null,null,4,{"$f":"'SCS total'!$D$13","v":"LV Services"},"Dollars","Real $2018","End_Year",0.70840760789081769,0.87789222375716924,1.2416176353355191,1.4777535046324584,1.510126970584458,0.73697243078964092,0.74458971689599385,null,5.7110602582380698]
[null,null,5,{"$f":"'SCS total'!$D$14","v":"Distribution Substations"},"Dollars","Real $2018","End_Year",2.2861460941845722,2.2861460941845722,2.2861460941845722,2.2861460941845722,2.2861460941845722,2.2861460941845722,2.2861460941845722,null,11.43073047092286]
[null,null,6,{"$f":"'SCS total'!$D$15","v":"Distribution Switchgear"},"Dollars","Real $2018","End_Year",0.66887364224513413,0.66887364224513413,0.66887364224513413,0.66887364224513413,0.66887364224513413,0.66887364224513413,0.66887364224513413,null,3.3443682112256705]
[null,null,7,{"$f":"'SCS total'!$D$16","v":"Protection"},"Dollars","Real $2018","End_Year",0,0,0,0,0,0,0,null,0]
[null,null,8,{"$f":"'SCS total'!$D$17","v":"SCADA"},"Dollars","Real $2018","End_Year",0,0,0,0,0,0,0,null,0]
[null,null,9,{"$f":"'SCS total'!$D$18","v":"Communications"},"Dollars","Real $2018","End_Year",0,0,0,0,0,0,0,null,0]
[null,null,10,{"$f":"'SCS total'!$D$19","v":"Land and Easements"},"Dollars","Real $2018","End_Year",0,0,0,0,0,0,0,null,0]
[null,null,11,{"$f":"'SCS total'!$D$20","v":"Property"},"Dollars","Real $2018","End_Year",0,0,0,0,0,0,0,null,0]
[null,null,12,{"$f":"'SCS total'!$D$21","v":"IT and Communications"},"Dollars","Real $2018","End_Year",0,0,0,0,0,0,0,null,0]
[null,null,13,{"$f":"'SCS total'!$D$22","v":"Motor Vehicles"},"Dollars","Real $2018","End_Year",0,0,0,0,0,0,0,null,0]
[null,null,14,{"$f":"'SCS total'!$D$23","v":"Plant and Equipment"},"Dollars","Real $2018","End_Year",0,0,0,0,0,0,0,null,0]
[null,null,15,{"$f":"'SCS total'!$D$24","v":"Property Leases"},"Dollars","Real $2018","End_Year",0,0,0,0,0,0,0,null,0]
[null,null,16,{"$f":"'SCS total'!$D$25","v":"Fleet Leases"},"Dollars","Real $2018","End_Year",0,0,0,0,0,0,0,null,0]
[]
[null,null,null,"Total",{"$f":"E8","v":"Dollars"},"Real $2018","End_Year",10.801658180944417,11.253467468363985,12.223080658219462,12.852567755298413,12.938868405704397,10.877805813655581,10.898111849045224,null,59.790434481923072]
[]
[null,"End"]

{"sheet":"Non-Network","index":10,"n_rows":30,"n_cols":16,"rows_kept":30,"cut":false,"hidden":false,"merged":[]}
[{"$f":"IF(SUM($A2:$A35)>0,1,0)","v":0},"Non-Network Capital Expenditure"]
[]
[null,"Direct Capex Forecasts"]
[]
[null,null,"Direct Costs (Excluding Capitalised Overheads and Cost Escalation)"]
[]
[null,null,"Ref.","Regulatory Asset Class","Unit","Basis","Timing","RY18","RY19","RY20","RY21","RY22","RY23","RY24",null,"Total FY20 to FY24"]
[null,null,{"$f":"N(C7)+1","v":1},{"$f":"'SCS total'!$D$10","v":"Substations"},"Dollars","Real $2018","End_Year",0,0,0,0,0,0,0,null,0]
[null,null,{"$f":"N(C8)+1","v":2},{"$f":"'SCS total'!$D$11","v":"Distribution Lines"},"Dollars","Real $2018","End_Year",0,0,0,0,0,0,0,null,0]
[null,null,3,{"$f":"'SCS total'!$D$12","v":"Transmission Lines"},"Dollars","Real $2018","End_Year",0,0,0,0,0,0,0,null,0]
[null,null,4,{"$f":"'SCS total'!$D$13","v":"LV Services"},"Dollars","Real $2018","End_Year",0,0,0,0,0,0,0,null,0]
[null,null,5,{"$f":"'SCS total'!$D$14","v":"Distribution Substations"},"Dollars","Real $2018","End_Year",0,0,0,0,0,0,0,null,0]
[null,null,6,{"$f":"'SCS total'!$D$15","v":"Distribution Switchgear"},"Dollars","Real $2018","End_Year",0,0,0,0,0,0,0,null,0]
[null,null,7,{"$f":"'SCS total'!$D$16","v":"Protection"},"Dollars","Real $2018","End_Year",0,0,0,0,0,0,0,null,0]
[null,null,8,{"$f":"'SCS total'!$D$17","v":"SCADA"},"Dollars","Real $2018","End_Year",0,0,0,0,0,0,0,null,0]
[null,null,9,{"$f":"'SCS total'!$D$18","v":"Communications"},"Dollars","Real $2018","End_Year",0,0,0,0,0,0,0,null,0]
[null,null,10,{"$f":"'SCS total'!$D$19","v":"Land and Easements"},"Dollars","Real $2018","End_Year",0,0,0,0,0,0,0,null,0]
[null,null,11,{"$f":"'SCS total'!$D$20","v":"Property"},"Dollars","Real $2018","End_Year",0,0,0.68100000000000005,0.68100000000000005,0.68100000000000005,0.68100000000000005,0.68100000000000005,null,3.4050000000000002]
[null,null,12,{"$f":"'SCS total'!$D$21","v":"IT and Communications"},"Dollars","Real $2018","End_Year",0,0,0,0,0,0,0,null,0]
[null,null,13,{"$f":"'SCS total'!$D$22","v":"Motor Vehicles"},"Dollars","Real $2018","End_Year",0,0,0,0,0,0,0,null,0]
[null,null,14,{"$f":"'SCS total'!$D$23","v":"Plant and Equipment"},"Dollars","Real $2018","End_Year",0.54400000000000004,0.54400000000000004,1.0190000000000001,1.0190000000000001,1.0190000000000001,1.0190000000000001,1.0190000000000001,null,5.0950000000000006]
[null,null,15,{"$f":"'SCS total'!$D$24","v":"Property Leases"},"Dollars","Real $2018","End_Year",0,0,4.2901078069173098,5.4338601662708007E-2,14.776543150508569,5.4338601662708007E-2,0.50266085244765579,null,19.677989013198946]
[null,null,16,{"$f":"'SCS total'!$D$25","v":"Fleet Leases"},"Dollars","Real $2018","End_Year",0,0,12.96308283551649,3.2921500397805734,2.8884946390938038,3.2468792997860318,2.6445432067002574,null,25.035150020877154]
[]
[null,null,null,"Total",{"$f":"E8","v":"Dollars"},"Real $2018","End_Year",0.54400000000000004,0.54400000000000004,18.9531906424338,5.0464886414432817,19.365037789602372,5.0012179014487401,4.8472040591479129,null,53.2131390340761]
[]
[null,null,null,"Check - Value","Dollars","Real $2018","End_Year",0.54400000000000004,0.54400000000000004,18.9531906424338,5.0464886414432808,19.365037789602376,5.0012179014487392,4.8472040591479129,null,53.2131390340761]
[{"$f":"IF(SUM($H28:$P28)>0,1,0)","v":0},null,null,"Check - Flag",null,null,null,{"$f":"IF(ROUND(H25-H27,4)=0,0,1)","v":0},{"$f":"IF(ROUND(I25-I27,4)=0,0,1)","v":0},0,0,0,0,0,null,0]
[]
[null,"End"]

{"sheet":"IT","index":11,"n_rows":30,"n_cols":16,"rows_kept":30,"cut":false,"hidden":false,"merged":[]}
[{"$f":"IF(SUM($A2:$A32)>0,1,0)","v":0},"Information Technology Capital Expenditure"]
[]
[null,"Direct Capex Forecasts"]
[]
[null,null,"Direct Costs (Excluding Capitalised Overheads and Cost Escalation)"]
[]
[null,null,"Ref.","Regulatory Asset Class","Unit","Basis","Timing","RY18","RY19","RY20","RY21","RY22","RY23","RY24",null,"Total FY20 to FY24"]
[null,null,{"$f":"N(C7)+1","v":1},{"$f":"'SCS total'!$D$10","v":"Substations"},"Dollars","Real $2018","End_Year",0,0,0,0,0,0,0,null,0]
[null,null,{"$f":"N(C8)+1","v":2},{"$f":"'SCS total'!$D$11","v":"Distribution Lines"},"Dollars","Real $2018","End_Year",0,0,0,0,0,0,0,null,0]
[null,null,3,{"$f":"'SCS total'!$D$12","v":"Transmission Lines"},"Dollars","Real $2018","End_Year",0,0,0,0,0,0,0,null,0]
[null,null,4,{"$f":"'SCS total'!$D$13","v":"LV Services"},"Dollars","Real $2018","End_Year",0,0,0,0,0,0,0,null,0]
[null,null,5,{"$f":"'SCS total'!$D$14","v":"Distribution Substations"},"Dollars","Real $2018","End_Year",0,0,0,0,0,0,0,null,0]
[null,null,6,{"$f":"'SCS total'!$D$15","v":"Distribution Switchgear"},"Dollars","Real $2018","End_Year",0,0,0,0,0,0,0,null,0]
[null,null,7,{"$f":"'SCS total'!$D$16","v":"Protection"},"Dollars","Real $2018","End_Year",0,0,0,0,0,0,0,null,0]
[null,null,8,{"$f":"'SCS total'!$D$17","v":"SCADA"},"Dollars","Real $2018","End_Year",0,0,0,0,0,0,0,null,0]
[null,null,9,{"$f":"'SCS total'!$D$18","v":"Communications"},"Dollars","Real $2018","End_Year",0,0,0,0,0,0,0,null,0]
[null,null,10,{"$f":"'SCS total'!$D$19","v":"Land and Easements"},"Dollars","Real $2018","End_Year",0,0,0,0,0,0,0,null,0]
[null,null,11,{"$f":"'SCS total'!$D$20","v":"Property"},"Dollars","Real $2018","End_Year",0,0,0,0,0,0,0,null,0]
[null,null,12,{"$f":"'SCS total'!$D$21","v":"IT and Communications"},"Dollars","Real $2018","End_Year",4.4860122453885278,4.6760942453885272,5,5,5,5,5,null,25]
[null,null,13,{"$f":"'SCS total'!$D$22","v":"Motor Vehicles"},"Dollars","Real $2018","End_Year",0,0,0,0,0,0,0,null,0]
[null,null,14,{"$f":"'SCS total'!$D$23","v":"Plant and Equipment"},"Dollars","Real $2018","End_Year",0,0,0,0,0,0,0,null,0]
[null,null,15,{"$f":"'SCS total'!$D$24","v":"Property Leases"},"Dollars","Real $2018","End_Year",0,0,0,0,0,0,0,null,0]
[null,null,16,{"$f":"'SCS total'!$D$25","v":"Fleet Leases"},"Dollars","Real $2018","End_Year",0,0,0,0,0,0,0,null,0]
[]
[null,null,null,"Total",{"$f":"E8","v":"Dollars"},"Real $2018","End_Year",4.4860122453885278,4.6760942453885272,5,5,5,5,5,null,25]
[]
[null,null,null,"Check - Value","Dollars","Real $2018","End_Year",4.4860122453885278,4.6760942453885272,5,5,5,5,5,null,25]
[{"$f":"IF(SUM($H28:$P28)>0,1,0)","v":0},null,null,"Check - Flag",null,null,null,{"$f":"IF(ROUND(H25-H27,4)=0,0,1)","v":0},{"$f":"IF(ROUND(I25-I27,4)=0,0,1)","v":0},0,0,0,0,0,null,0]
[]
[null,"End"]

{"sheet":"Escalation","index":12,"n_rows":55,"n_cols":18,"rows_kept":55,"cut":false,"hidden":false,"merged":[]}
[null,"Escalation on Direct Capex Forecasts - SCS"]
[]
[null,"Escalation Forecasts"]
[]
[null,null,"Cost Escalation on Direct Costs"]
[]
[null,null,"Ref.","Regulatory Asset Class","Unit","Basis","Timing","RY18","RY19","RY20","RY21","RY22","RY23","RY24",null,"Total FY20 to FY24"]
[null,null,{"$f":"N(C7)+1","v":1},{"$f":"'SCS total'!$D$10","v":"Substations"},"Dollars","Real $2018","End_Year",{"$f":"H30*H$52-H30","v":1.8876523293420711E-2},{"$f":"I30*I$52-I30","v":8.4680189717255772E-2},4.123058914762634E-2,2.8513959233788633E-2,2.9672731673797692E-2,3.2961361117352261E-2,6.3380880256753258E-2,null,{"$f":"SUM(J8:N8)","v":0.19575952142931818}]
[null,null,2,{"$f":"'SCS total'!$D$11","v":"Distribution Lines"},"Dollars","Real $2018","End_Year",{"$f":"H31*H$52-H31","v":3.0925308570488141E-2},{"$f":"I31*I$52-I31","v":0.10538997972235364},0.1026059738870515,8.7706053851018595E-2,0.10422836999966023,0.131988748149789,0.19464881726592154,null,0.62117796315344087]
[null,null,3,{"$f":"'SCS total'!$D$12","v":"Transmission Lines"},"Dollars","Real $2018","End_Year",{"$f":"H32*H$52-H32","v":1.9940837775701326E-2},1.5142546799999934E-3,1.272890996034004E-2,8.9151971908947303E-3,1.2867639662748065E-2,2.0112016952960499E-2,2.7722772260773354E-2,null,8.2346536027716688E-2]
[null,null,4,{"$f":"'SCS total'!$D$13","v":"LV Services"},"Dollars","Real $2018","End_Year",{"$f":"H33*H$52-H33","v":1.7417285792107329E-3},6.1668867563445806E-3,6.8456474458538086E-3,6.1075920986957133E-3,8.9989904395268994E-3,7.2092219181353334E-3,1.0160349192067986E-2,null,3.932180109427974E-2]
[null,null,5,{"$f":"'SCS total'!$D$14","v":"Distribution Substations"},"Dollars","Real $2018","End_Year",{"$f":"H34*H$52-H34","v":9.793675940617419E-3},3.8868251225069095E-2,2.8612231335229943E-2,2.2603036290171019E-2,3.3917385269503164E-2,5.4573320360333355E-2,7.714020603860039E-2,null,0.21684617929383787]
[null,null,6,{"$f":"'SCS total'!$D$15","v":"Distribution Switchgear"},"Dollars","Real $2018","End_Year",{"$f":"H35*H$52-H35","v":1.2090792836939812E-2},2.6315784826499211E-2,2.3510271042855635E-2,1.7982660355802871E-2,2.549987943209242E-2,4.0133986388831033E-2,5.6604230431506863E-2,null,0.16373102765108882]
[null,null,7,{"$f":"'SCS total'!$D$16","v":"Protection"},"Dollars","Real $2018","End_Year",{"$f":"H36*H$52-H36","v":2.3372651490000118E-3},1.6126265893571912E-2,1.4461907672651542E-2,1.2266490376525496E-2,7.2054243261421291E-3,9.5682831976386939E-3,1.6420125529107654E-2,null,5.9922231102065515E-2]
[null,null,8,{"$f":"'SCS total'!$D$17","v":"SCADA"},"Dollars","Real $2018","End_Year",{"$f":"H37*H$52-H37","v":1.1141548320000028E-3},7.6177017652319101E-3,3.8019781300289157E-3,3.7649280775801097E-3,3.4154846018406015E-3,2.5805101116893603E-3,5.0205412169785357E-3,null,1.8583442138117523E-2]
[null,null,9,{"$f":"'SCS total'!$D$18","v":"Communications"},"Dollars","Real $2018","End_Year",{"$f":"H38*H$52-H38","v":1.2285722700000612E-2},1.1756521910051942E-2,1.1491278840765062E-2,9.3349608904098602E-3,1.1335777798135105E-2,1.3895736580815443E-2,1.7748995832465475E-2,null,6.3806749942590946E-2]
[null,null,10,{"$f":"'SCS total'!$D$19","v":"Land and Easements"},"Dollars","Real $2018","End_Year",{"$f":"H39*H$52-H39","v":0},0,0,0,0,0,0,null,0]
[null,null,11,{"$f":"'SCS total'!$D$20","v":"Property"},"Dollars","Real $2018","End_Year",{"$f":"H40*H$52-H40","v":0},0,3.6654065212325948E-3,3.2101392354251246E-3,4.7952949924844335E-3,6.4122572569161873E-3,8.7532889011852077E-3,null,2.6836386907243548E-2]
[null,null,12,{"$f":"'SCS total'!$D$21","v":"IT and Communications"},"Dollars","Real $2018","End_Year",{"$f":"H41*H$52-H41","v":1.0712597241988142E-2},3.0786076500872284E-2,2.5977367265999973E-2,2.2012832570110774E-2,6.1841830830667632E-2,5.1432847586935893E-2,6.1908825950811597E-2,null,0.22317370420452587]
[null,null,13,{"$f":"'SCS total'!$D$22","v":"Motor Vehicles"},"Dollars","Real $2018","End_Year",{"$f":"H42*H$52-H42","v":0},0,0,0,0,0,0,null,0]
[null,null,14,{"$f":"'SCS total'!$D$23","v":"Plant and Equipment"},"Dollars","Real $2018","End_Year",{"$f":"H43*H$52-H43","v":1.2990720000000122E-3},3.5815415040000298E-3,5.2941874488108276E-3,4.0055493551682808E-3,5.7813601482983312E-3,9.0362192570840882E-3,1.2617018728775298E-2,null,3.6734334938136826E-2]
[null,null,15,{"$f":"'SCS total'!$D$24","v":"Property Leases"},"Dollars","Real $2018","End_Year",{"$f":"H44*H$52-H44","v":0},0,2.2289141222205267E-2,2.1359759651698451E-4,8.3835640529891009E-2,4.8186017541470422E-4,6.2238286452936942E-3,null,{"$f":"SUM(J22:N22)","v":0.11304406816932167}]
[null,null,16,{"$f":"'SCS total'!$D$25","v":"Fleet Leases"},"Dollars","Real $2018","End_Year",{"$f":"H45*H$52-H45","v":0},0,6.734935274355891E-2,1.2940990646673534E-2,1.6388054754690629E-2,2.8792456579150638E-2,3.2744113020601429E-2,null,0.15821496774467514]
[]
[null,null,null,"Total",{"$f":"E8","v":"Dollars"},"Real $2018","End_Year",{"$f":"SUM(H8:H23)","v":0.12111767891936692},{"$f":"SUM(I8:I23)","v":0.33280345450125037},0.36986424266421036,0.23957798776878172,0.40978386445947834,0.40917882563304647,0.59109399327084222,null,2.019498913796359]
[]
[null,"Workings - Total Direct Costs Requiring Escalation"]
[]
[null,null,"Ref.","Regulatory Asset Class","Unit","Basis","Timing","RY18","RY19","RY20","RY21","RY22","RY23","RY24"]
[null,null,1,{"$f":"'SCS total'!$D$10","v":"Substations"},"Dollars","Real $2018","End_Year",{"$f":"Augex!H8+Repex!H8+Connections!H8+'Non-Network'!H8+IT!H8","v":7.904741747663552},{"$f":"Augex!I8+Repex!I8+Connections!I8+'Non-Network'!I8+IT!I8","v":12.862066},{"$f":"Augex!J8+Repex!J8+Connections!J8+'Non-Network'!J8+IT!J8","v":7.9358675429726997},{"$f":"Augex!K8+Repex!K8+Connections!K8+'Non-Network'!K8+IT!K8","v":7.2538675429726993},{"$f":"Augex!L8+Repex!L8+Connections!L8+'Non-Network'!L8+IT!L8","v":5.23},{"$f":"Augex!M8+Repex!M8+Connections!M8+'Non-Network'!M8+IT!M8","v":3.7170000000000001},{"$f":"Augex!N8+Repex!N8+Connections!N8+'Non-Network'!N8+IT!N8","v":5.1188888888888897}]
[null,null,2,{"$f":"'SCS total'!$D$11","v":"Distribution Lines"},"Dollars","Real $2018","End_Year",{"$f":"Augex!H9+Repex!H9+Connections!H9+'Non-Network'!H9+IT!H9","v":12.950296721309712},{"$f":"Augex!I9+Repex!I9+Connections!I9+'Non-Network'!I9+IT!I9","v":16.007674043405387},{"$f":"Augex!J9+Repex!J9+Connections!J9+'Non-Network'!J9+IT!J9","v":19.749109452932281},{"$f":"Augex!K9+Repex!K9+Connections!K9+'Non-Network'!K9+IT!K9","v":22.312162689712686},{"$f":"Augex!L9+Repex!L9+Connections!L9+'Non-Network'!L9+IT!L9","v":18.370886141891166},{"$f":"Augex!M9+Repex!M9+Connections!M9+'Non-Network'!M9+IT!M9","v":14.884160126946114},{"$f":"Augex!N9+Repex!N9+Connections!N9+'Non-Network'!N9+IT!N9","v":15.720603183508572}]
[null,null,3,{"$f":"'SCS total'!$D$12","v":"Transmission Lines"},"Dollars","Real $2018","End_Year",{"$f":"Augex!H10+Repex!H10+Connections!H10+'Non-Network'!H10+IT!H10","v":8.350434579439252},{"$f":"Augex!I10+Repex!I10+Connections!I10+'Non-Network'!I10+IT!I10","v":0.23},{"$f":"Augex!J10+Repex!J10+Connections!J10+'Non-Network'!J10+IT!J10","v":2.4500000000000002},{"$f":"Augex!K10+Repex!K10+Connections!K10+'Non-Network'!K10+IT!K10","v":2.2679999999999998},{"$f":"Augex!L10+Repex!L10+Connections!L10+'Non-Network'!L10+IT!L10","v":2.2679999999999998},{"$f":"Augex!M10+Repex!M10+Connections!M10+'Non-Network'!M10+IT!M10","v":2.2679999999999998},{"$f":"Augex!N10+Repex!N10+Connections!N10+'Non-Network'!N10+IT!N10","v":2.2389999999999999}]
[null,null,4,{"$f":"'SCS total'!$D$13","v":"LV Services"},"Dollars","Real $2018","End_Year",{"$f":"Augex!H11+Repex!H11+Connections!H11+'Non-Network'!H11+IT!H11","v":0.7293670767213748},{"$f":"Augex!I11+Repex!I11+Connections!I11+'Non-Network'!I11+IT!I11","v":0.93668784563984986},{"$f":"Augex!J11+Repex!J11+Connections!J11+'Non-Network'!J11+IT!J11","v":1.3176176353355191},{"$f":"Augex!K11+Repex!K11+Connections!K11+'Non-Network'!K11+IT!K11","v":1.5537535046324584},{"$f":"Augex!L11+Repex!L11+Connections!L11+'Non-Network'!L11+IT!L11","v":1.5861269705844581},{"$f":"Augex!M11+Repex!M11+Connections!M11+'Non-Network'!M11+IT!M11","v":0.81297243078964088},{"$f":"Augex!N11+Repex!N11+Connections!N11+'Non-Network'!N11+IT!N11","v":0.8205897168959938}]
[null,null,5,{"$f":"'SCS total'!$D$14","v":"Distribution Substations"},"Dollars","Real $2018","End_Year",{"$f":"Augex!H12+Repex!H12+Connections!H12+'Non-Network'!H12+IT!H12","v":4.1012043302415879},{"$f":"Augex!I12+Repex!I12+Connections!I12+'Non-Network'!I12+IT!I12","v":5.9036949991568992},{"$f":"Augex!J12+Repex!J12+Connections!J12+'Non-Network'!J12+IT!J12","v":5.5071460941845718},{"$f":"Augex!K12+Repex!K12+Connections!K12+'Non-Network'!K12+IT!K12","v":5.7501460941845721},{"$f":"Augex!L12+Repex!L12+Connections!L12+'Non-Network'!L12+IT!L12","v":5.9781460941845719},{"$f":"Augex!M12+Repex!M12+Connections!M12+'Non-Network'!M12+IT!M12","v":6.154146094184572},{"$f":"Augex!N12+Repex!N12+Connections!N12+'Non-Network'!N12+IT!N12","v":6.2301460941845725}]
[null,null,6,{"$f":"'SCS total'!$D$15","v":"Distribution Switchgear"},"Dollars","Real $2018","End_Year",{"$f":"Augex!H13+Repex!H13+Connections!H13+'Non-Network'!H13+IT!H13","v":5.0631460791203367},{"$f":"Augex!I13+Repex!I13+Connections!I13+'Non-Network'!I13+IT!I13","v":3.9971020661431593},{"$f":"Augex!J13+Repex!J13+Connections!J13+'Non-Network'!J13+IT!J13","v":4.5251450622608278},{"$f":"Augex!K13+Repex!K13+Connections!K13+'Non-Network'!K13+IT!K13","v":4.57473601690113},{"$f":"Augex!L13+Repex!L13+Connections!L13+'Non-Network'!L13+IT!L13","v":4.4945093325400984},{"$f":"Augex!M13+Repex!M13+Connections!M13+'Non-Network'!M13+IT!M13","v":4.5258454854508736},{"$f":"Augex!N13+Repex!N13+Connections!N13+'Non-Network'!N13+IT!N13","v":4.5715800261242761}]
[null,null,7,{"$f":"'SCS total'!$D$16","v":"Protection"},"Dollars","Real $2018","End_Year",{"$f":"Augex!H14+Repex!H14+Connections!H14+'Non-Network'!H14+IT!H14","v":0.97875425000000005},{"$f":"Augex!I14+Repex!I14+Connections!I14+'Non-Network'!I14+IT!I14","v":2.449417},{"$f":"Augex!J14+Repex!J14+Connections!J14+'Non-Network'!J14+IT!J14","v":2.7835591506572293},{"$f":"Augex!K14+Repex!K14+Connections!K14+'Non-Network'!K14+IT!K14","v":3.1205591506572299},{"$f":"Augex!L14+Repex!L14+Connections!L14+'Non-Network'!L14+IT!L14","v":1.27},{"$f":"Augex!M14+Repex!M14+Connections!M14+'Non-Network'!M14+IT!M14","v":1.079},{"$f":"Augex!N14+Repex!N14+Connections!N14+'Non-Network'!N14+IT!N14","v":1.3261538461538462}]
[null,null,8,{"$f":"'SCS total'!$D$17","v":"SCADA"},"Dollars","Real $2018","End_Year",{"$f":"Augex!H15+Repex!H15+Connections!H15+'Non-Network'!H15+IT!H15","v":0.46656399999999998},{"$f":"Augex!I15+Repex!I15+Connections!I15+'Non-Network'!I15+IT!I15","v":1.157052},{"$f":"Augex!J15+Repex!J15+Connections!J15+'Non-Network'!J15+IT!J15","v":0.73178665318503533},{"$f":"Augex!K15+Repex!K15+Connections!K15+'Non-Network'!K15+IT!K15","v":0.95778665318503531},{"$f":"Augex!L15+Repex!L15+Connections!L15+'Non-Network'!L15+IT!L15","v":0.60200000000000009},{"$f":"Augex!M15+Repex!M15+Connections!M15+'Non-Network'!M15+IT!M15","v":0.29099999999999998},{"$f":"Augex!N15+Repex!N15+Connections!N15+'Non-Network'!N15+IT!N15","v":0.40547863247863247}]
[null,null,9,{"$f":"'SCS total'!$D$18","v":"Communications"},"Dollars","Real $2018","End_Year",{"$f":"Augex!H16+Repex!H16+Connections!H16+'Non-Network'!H16+IT!H16","v":5.1447750000000001},{"$f":"Augex!I16+Repex!I16+Connections!I16+'Non-Network'!I16+IT!I16","v":1.7856969999999999},{"$f":"Augex!J16+Repex!J16+Connections!J16+'Non-Network'!J16+IT!J16","v":2.2117866531850354},{"$f":"Augex!K16+Repex!K16+Connections!K16+'Non-Network'!K16+IT!K16","v":2.3747866531850352},{"$f":"Augex!L16+Repex!L16+Connections!L16+'Non-Network'!L16+IT!L16","v":1.9980000000000002},{"$f":"Augex!M16+Repex!M16+Connections!M16+'Non-Network'!M16+IT!M16","v":1.5670000000000002},{"$f":"Augex!N16+Repex!N16+Connections!N16+'Non-Network'!N16+IT!N16","v":1.4334786324786326}]
[null,null,10,{"$f":"'SCS total'!$D$19","v":"Land and Easements"},"Dollars","Real $2018","End_Year",{"$f":"Augex!H17+Repex!H17+Connections!H17+'Non-Network'!H17+IT!H17","v":0},{"$f":"Augex!I17+Repex!I17+Connections!I17+'Non-Network'!I17+IT!I17","v":0},{"$f":"Augex!J17+Repex!J17+Connections!J17+'Non-Network'!J17+IT!J17","v":0},{"$f":"Augex!K17+Repex!K17+Connections!K17+'Non-Network'!K17+IT!K17","v":0},{"$f":"Augex!L17+Repex!L17+Connections!L17+'Non-Network'!L17+IT!L17","v":0},{"$f":"Augex!M17+Repex!M17+Connections!M17+'Non-Network'!M17+IT!M17","v":0},{"$f":"Augex!N17+Repex!N17+Connections!N17+'Non-Network'!N17+IT!N17","v":0}]
[null,null,11,{"$f":"'SCS total'!$D$20","v":"Property"},"Dollars","Real $2018","End_Year",{"$f":"Augex!H18+Repex!H18+Connections!H18+'Non-Network'!H18+IT!H18","v":0},{"$f":"Augex!I18+Repex!I18+Connections!I18+'Non-Network'!I18+IT!I18","v":0},{"$f":"Augex!J18+Repex!J18+Connections!J18+'Non-Network'!J18+IT!J18","v":0.70550000000000002},{"$f":"Augex!K18+Repex!K18+Connections!K18+'Non-Network'!K18+IT!K18","v":0.8166500000000001},{"$f":"Augex!L18+Repex!L18+Connections!L18+'Non-Network'!L18+IT!L18","v":0.84520000000000006},{"$f":"Augex!M18+Repex!M18+Connections!M18+'Non-Network'!M18+IT!M18","v":0.72310000000000008},{"$f":"Augex!N18+Repex!N18+Connections!N18+'Non-Network'!N18+IT!N18","v":0.70695000000000008}]
[null,null,12,{"$f":"'SCS total'!$D$21","v":"IT and Communications"},"Dollars","Real $2018","End_Year",{"$f":"Augex!H19+Repex!H19+Connections!H19+'Non-Network'!H19+IT!H19","v":4.4860122453885278},{"$f":"Augex!I19+Repex!I19+Connections!I19+'Non-Network'!I19+IT!I19","v":4.6760942453885272},{"$f":"Augex!J19+Repex!J19+Connections!J19+'Non-Network'!J19+IT!J19","v":5},{"$f":"Augex!K19+Repex!K19+Connections!K19+'Non-Network'!K19+IT!K19","v":5.6},{"$f":"Augex!L19+Repex!L19+Connections!L19+'Non-Network'!L19+IT!L19","v":10.9},{"$f":"Augex!M19+Repex!M19+Connections!M19+'Non-Network'!M19+IT!M19","v":5.8},{"$f":"Augex!N19+Repex!N19+Connections!N19+'Non-Network'!N19+IT!N19","v":5}]
[null,null,13,{"$f":"'SCS total'!$D$22","v":"Motor Vehicles"},"Dollars","Real $2018","End_Year",{"$f":"Augex!H20+Repex!H20+Connections!H20+'Non-Network'!H20+IT!H20","v":0},{"$f":"Augex!I20+Repex!I20+Connections!I20+'Non-Network'!I20+IT!I20","v":0},{"$f":"Augex!J20+Repex!J20+Connections!J20+'Non-Network'!J20+IT!J20","v":0},{"$f":"Augex!K20+Repex!K20+Connections!K20+'Non-Network'!K20+IT!K20","v":0},{"$f":"Augex!L20+Repex!L20+Connections!L20+'Non-Network'!L20+IT!L20","v":0},{"$f":"Augex!M20+Repex!M20+Connections!M20+'Non-Network'!M20+IT!M20","v":0},{"$f":"Augex!N20+Repex!N20+Connections!N20+'Non-Network'!N20+IT!N20","v":0}]
[null,null,14,{"$f":"'SCS total'!$D$23","v":"Plant and Equipment"},"Dollars","Real $2018","End_Year",{"$f":"Augex!H21+Repex!H21+Connections!H21+'Non-Network'!H21+IT!H21","v":0.54400000000000004},{"$f":"Augex!I21+Repex!I21+Connections!I21+'Non-Network'!I21+IT!I21","v":0.54400000000000004},{"$f":"Augex!J21+Repex!J21+Connections!J21+'Non-Network'!J21+IT!J21","v":1.0190000000000001},{"$f":"Augex!K21+Repex!K21+Connections!K21+'Non-Network'!K21+IT!K21","v":1.0190000000000001},{"$f":"Augex!L21+Repex!L21+Connections!L21+'Non-Network'!L21+IT!L21","v":1.0190000000000001},{"$f":"Augex!M21+Repex!M21+Connections!M21+'Non-Network'!M21+IT!M21","v":1.0190000000000001},{"$f":"Augex!N21+Repex!N21+Connections!N21+'Non-Network'!N21+IT!N21","v":1.0190000000000001}]
[null,null,14,{"$f":"'SCS total'!$D$24","v":"Property Leases"},"Dollars","Real $2018","End_Year",{"$f":"Augex!H22+Repex!H22+Connections!H22+'Non-Network'!H22+IT!H22","v":0},{"$f":"Augex!I22+Repex!I22+Connections!I22+'Non-Network'!I22+IT!I22","v":0},{"$f":"Augex!J22+Repex!J22+Connections!J22+'Non-Network'!J22+IT!J22","v":4.2901078069173098},{"$f":"Augex!K22+Repex!K22+Connections!K22+'Non-Network'!K22+IT!K22","v":5.4338601662708007E-2},{"$f":"Augex!L22+Repex!L22+Connections!L22+'Non-Network'!L22+IT!L22","v":14.776543150508569},{"$f":"Augex!M22+Repex!M22+Connections!M22+'Non-Network'!M22+IT!M22","v":5.4338601662708007E-2},{"$f":"Augex!N22+Repex!N22+Connections!N22+'Non-Network'!N22+IT!N22","v":0.50266085244765579}]
[null,null,14,{"$f":"'SCS total'!$D$25","v":"Fleet Leases"},"Dollars","Real $2018","End_Year",{"$f":"Augex!H23+Repex!H23+Connections!H23+'Non-Network'!H23+IT!H23","v":0},{"$f":"Augex!I23+Repex!I23+Connections!I23+'Non-Network'!I23+IT!I23","v":0},{"$f":"Augex!J23+Repex!J23+Connections!J23+'Non-Network'!J23+IT!J23","v":12.96308283551649},{"$f":"Augex!K23+Repex!K23+Connections!K23+'Non-Network'!K23+IT!K23","v":3.2921500397805734},{"$f":"Augex!L23+Repex!L23+Connections!L23+'Non-Network'!L23+IT!L23","v":2.8884946390938038},{"$f":"Augex!M23+Repex!M23+Connections!M23+'Non-Network'!M23+IT!M23","v":3.2468792997860318},{"$f":"Augex!N23+Repex!N23+Connections!N23+'Non-Network'!N23+IT!N23","v":2.6445432067002574}]
[]
[null,null,null,"Total","Dollars","Real $2018","End_Year",{"$f":"SUM(H30:H45)","v":50.71929602988434},{"$f":"SUM(I30:I45)","v":50.549485199733809},71.189708887146992,60.947936946874123,72.22690632880267,46.142442038819937,47.739073079861321]
[]
[null,null,null,"Labour weight",null,null,null,{"$f":"'[2]Input|Rate of change'!$P$49","v":0.59699999999999998},null,null,null,null,null,null,null,null,null,"Note: Sourced from SCS Opex Model"]
[null,null,null,"CPI weight",null,null,null,{"$f":"1-H49","v":0.40300000000000002}]
[null,null,null,"Real labour escalation rate",null,null,null,4.0000000000000001E-3,7.0000000000000001E-3,-2.3E-3,-2.0999999999999999E-3,2.8999999999999998E-3,5.3E-3,5.7999999999999996E-3,null,null,null,"Note: Sourced from SCS Opex Model and the DAE LPI values for RY18 and RY19 from its Feb 2017 report for SA (Table 7.1)"]
[null,null,null,"Applied Escalation Profile","Factor","N/A","N/A",1.0023880000000001,1.006583716,1.0051954734532,1.0039308629589483,1.0056735624615292,1.0088677323425752,1.0123817651901623]
[]
[]
[null,"End"]

{"sheet":"Capitalised OH","index":13,"n_rows":56,"n_cols":16,"rows_kept":56,"cut":false,"hidden":false,"merged":[]}
[null,"Capitalised Overheads Forecast - SCS"]
[]
[null,{"$f":"B1","v":"Capitalised Overheads Forecast - SCS"}]
[]
[null,null,"Escalated Capitalised Overheads"]
[]
[null,null,"Ref.","Regulatory Asset Class","Unit","Basis","Timing","RY18","RY19","RY20","RY21","RY22","RY23","RY24",null,"Total FY20 to FY24"]
[null,null,{"$f":"N(C7)+1","v":1},{"$f":"'SCS total'!$D$10","v":"Substations"},"Dollars","Real $2018","End_Year",0,0,{"$f":"IF(OR($P37=\"No\",SUMIF($P$37:$P$52,\"Yes\",J$37:J$52)=0),0,J37/SUMIF($P$37:$P$52,\"Yes\",J$37:J$52))*J$32","v":1.256276662667833},{"$f":"IF(OR($P37=\"No\",SUMIF($P$37:$P$52,\"Yes\",K$37:K$52)=0),0,K37/SUMIF($P$37:$P$52,\"Yes\",K$37:K$52))*K$32","v":1.348624284946089},0.82791783506976946,0.92793374127213712,1.2446467938757968,null,{"$f":"SUM(J8:N8)","v":5.6053993178316253}]
[null,null,{"$f":"N(C8)+1","v":2},{"$f":"'SCS total'!$D$11","v":"Distribution Lines"},"Dollars","Real $2018","End_Year",0,0,{"$f":"IF(OR($P38=\"No\",SUMIF($P$37:$P$52,\"Yes\",J$37:J$52)=0),0,J38/SUMIF($P$37:$P$52,\"Yes\",J$37:J$52))*J$32","v":3.1263557739394683},4.1482318604184396,2.9081423103074115,3.715769274224018,3.8224307608276167,null,17.720929979716953]
[null,null,3,{"$f":"'SCS total'!$D$12","v":"Transmission Lines"},"Dollars","Real $2018","End_Year",0,0,{"$f":"IF(OR($P39=\"No\",SUMIF($P$37:$P$52,\"Yes\",J$37:J$52)=0),0,J39/SUMIF($P$37:$P$52,\"Yes\",J$37:J$52))*J$32","v":0.38784390072912528},0.4216619424242003,0.35902823134574319,0.5661968590813039,0.54440802134558663,null,2.2791389549259593]
[null,null,4,{"$f":"'SCS total'!$D$13","v":"LV Services"},"Dollars","Real $2018","End_Year",0,0,{"$f":"IF(OR($P40=\"No\",SUMIF($P$37:$P$52,\"Yes\",J$37:J$52)=0),0,J40/SUMIF($P$37:$P$52,\"Yes\",J$37:J$52))*J$32","v":0.20858365851347505},0.28887068818859396,0.2510865788971427,0.20295521906207564,0.1995246199695771,null,1.1510207646308643]
[null,null,5,{"$f":"'SCS total'!$D$14","v":"Distribution Substations"},"Dollars","Real $2018","End_Year",0,0,{"$f":"IF(OR($P41=\"No\",SUMIF($P$37:$P$52,\"Yes\",J$37:J$52)=0),0,J41/SUMIF($P$37:$P$52,\"Yes\",J$37:J$52))*J$32","v":0.87180123389947384},1.0690554547164,0.94635062562678551,1.536357226126446,1.5148465867927461,null,5.938411127161852]
[null,null,6,{"$f":"'SCS total'!$D$15","v":"Distribution Switchgear"},"Dollars","Real $2018","End_Year",0,0,{"$f":"IF(OR($P42=\"No\",SUMIF($P$37:$P$52,\"Yes\",J$37:J$52)=0),0,J42/SUMIF($P$37:$P$52,\"Yes\",J$37:J$52))*J$32","v":0.71634690298464487},0.85052560624536144,0.71148841994215539,1.1298586854275063,1.1115698242274776,null,4.5197894388271456]
[null,null,7,{"$f":"'SCS total'!$D$16","v":"Protection"},"Dollars","Real $2018","End_Year",0,0,{"$f":"IF(OR($P43=\"No\",SUMIF($P$37:$P$52,\"Yes\",J$37:J$52)=0),0,J43/SUMIF($P$37:$P$52,\"Yes\",J$37:J$52))*J$32","v":0.44064752608210228},0.58016800393110246,0.20104314541847174,0.26936790606204897,0.32245144769292317,null,1.8136780291866486]
[null,null,8,{"$f":"'SCS total'!$D$17","v":"SCADA"},"Dollars","Real $2018","End_Year",0,0,{"$f":"IF(OR($P44=\"No\",SUMIF($P$37:$P$52,\"Yes\",J$37:J$52)=0),0,J44/SUMIF($P$37:$P$52,\"Yes\",J$37:J$52))*J$32","v":0.11584448574399824},0.1780697445370264,9.5297616962141729E-2,7.2646951495881587E-2,9.8591255027068614E-2,null,0.56045005376611656]
[null,null,9,{"$f":"'SCS total'!$D$18","v":"Communications"},"Dollars","Real $2018","End_Year",0,0,{"$f":"IF(OR($P45=\"No\",SUMIF($P$37:$P$52,\"Yes\",J$37:J$52)=0),0,J45/SUMIF($P$37:$P$52,\"Yes\",J$37:J$52))*J$32","v":0.35013386251098},0.44151549957013564,0.31628677523315479,0.39119509619947246,0.34854723802986592,null,1.8476784715436088]
[null,null,10,{"$f":"'SCS total'!$D$19","v":"Land and Easements"},"Dollars","Real $2018","End_Year",0,0,{"$f":"IF(OR($P46=\"No\",SUMIF($P$37:$P$52,\"Yes\",J$37:J$52)=0),0,J46/SUMIF($P$37:$P$52,\"Yes\",J$37:J$52))*J$32","v":0},0,0,0,0,null,0]
[null,null,11,{"$f":"'SCS total'!$D$20","v":"Property"},"Dollars","Real $2018","End_Year",0,0,{"$f":"IF(OR($P47=\"No\",SUMIF($P$37:$P$52,\"Yes\",J$37:J$52)=0),0,J47/SUMIF($P$37:$P$52,\"Yes\",J$37:J$52))*J$32","v":0.111683213046693},0.15182990532659754,0.13379658780133252,0.18051893686141579,0.17189336788310072,null,0.74972201091913959]
[null,null,12,{"$f":"'SCS total'!$D$21","v":"IT and Communications"},"Dollars","Real $2018","End_Year",0,0,{"$f":"IF(OR($P48=\"No\",SUMIF($P$37:$P$52,\"Yes\",J$37:J$52)=0),0,J48/SUMIF($P$37:$P$52,\"Yes\",J$37:J$52))*J$32","v":0.79151816475331693},1.0411405985782725,1.7254884134341275,1.4479461122890493,1.2157392169396755,null,6.221832505994441]
[null,null,13,{"$f":"'SCS total'!$D$22","v":"Motor Vehicles"},"Dollars","Real $2018","End_Year",0,0,{"$f":"IF(OR($P49=\"No\",SUMIF($P$37:$P$52,\"Yes\",J$37:J$52)=0),0,J49/SUMIF($P$37:$P$52,\"Yes\",J$37:J$52))*J$32","v":0},0,0,0,0,null,0]
[null,null,14,{"$f":"'SCS total'!$D$23","v":"Plant and Equipment"},"Dollars","Real $2018","End_Year",0,0,{"$f":"IF(OR($P50=\"No\",SUMIF($P$37:$P$52,\"Yes\",J$37:J$52)=0),0,J50/SUMIF($P$37:$P$52,\"Yes\",J$37:J$52))*J$32","v":0.161311401976726},0.18945040534843924,0.16130942140269505,0.25438915317630018,0.24776765241230589,null,1.0142280343164665]
[null,null,15,{"$f":"'SCS total'!$D$24","v":"Property Leases"},"Dollars","Real $2018","End_Year",0,0,{"$f":"IF(OR($P51=\"No\",SUMIF($P$37:$P$52,\"Yes\",J$37:J$52)=0),0,J51/SUMIF($P$37:$P$52,\"Yes\",J$37:J$52))*J$32","v":0.67913965158501322},1.0102522189467521E-2,2.3391517428267847,1.3565408107714021E-2,0.12222090222818857,null,{"$f":"SUM(J22:N22)","v":3.1641802269371682}]
[null,null,16,{"$f":"'SCS total'!$D$25","v":"Fleet Leases"},"Dollars","Real $2018","End_Year",0,0,{"$f":"IF(OR($P52=\"No\",SUMIF($P$37:$P$52,\"Yes\",J$37:J$52)=0),0,J52/SUMIF($P$37:$P$52,\"Yes\",J$37:J$52))*J$32","v":2.052103107102647},0.6120698326833266,0.45725358091953672,0.81057004468913363,0.64301497745538183,null,4.5750115428500253]
[]
[null,null,null,"Total",{"$f":"E8","v":"Dollars"},"Real $2018","End_Year",{"$f":"SUM(H8:H23)","v":0},{"$f":"SUM(I8:I23)","v":0},11.269589545535498,11.331316349103453,11.433641285187251,11.519270614074506,11.607652664707311,null,57.161470458608015]
[]
[null,"Capitalised Overheads to be allocated"]
[]
[null,null,"Ref.","Regulatory Asset Class","Unit","Basis","Timing","RY18","RY19","RY20","RY21","RY22","RY23","RY24"]
[null,null,{"$f":"N(C29)+1","v":1},"Direct Unescalated Capitalised Overheads","Dollars","Real $2018","End_Year",{"$f":"SUM('[3]2.1 Expenditure summary'!$K$15:$K$16)/10^6*(1+'Total by category'!$G$22)^0.5*(1+'Total by category'!$H$22)","v":11.14579748354795},"N/A","N/A","N/A","N/A","N/A","N/A",null,"Note: sourced from PWC's 22 May 2018 CA RIN response.  Calculated as the sum of cells K15:K16 of the '2.1 Expenditure summary' sheet inflated from mid-year RY17 dollars to end-year RY18 dollars (1.5. years of inflation)."]
[null,null,{"$f":"N(C30)+1","v":2},"Overall Rate of Change","Percent","N/A","N/A","N/A",{"$f":"AVERAGE(J31:N31)","v":6.79114234392193E-3},4.2863616119865888E-3,5.4772894184427212E-3,9.0302779422355428E-3,7.4892439557452395E-3,7.6725387911995568E-3]
[null,null,3,"Total Capitalised Overheads","Dollars","Real $2018","End_Year",{"$f":"H30","v":11.14579748354795},{"$f":"H32*(1+I31)","v":11.221490180795252},{"$f":"I32*(1+J31)","v":11.269589545535498},11.331316349103451,11.433641285187253,11.5192706140745,11.607652664707311]
[]
[null,"Share of Direct Costs"]
[]
[null,null,"Ref.","Regulatory Asset Class","Unit","Basis","Timing","RY18","RY19","RY20","RY21","RY22","RY23","RY24",null,"Allocated OH?"]
[null,null,{"$f":"N(C36)+1","v":1},{"$f":"'SCS total'!$D$10","v":"Substations"},"Dollars","Real $2018","End_Year",{"$f":"IF(Escalation!H$47=0,0,Escalation!H30/Escalation!H$47)","v":0.15585274967156476},{"$f":"IF(Escalation!I$47=0,0,Escalation!I30/Escalation!I$47)","v":0.25444504428044562},{"$f":"IF(Escalation!J$47=0,0,Escalation!J30/Escalation!J$47)","v":0.1114749261800323},{"$f":"IF(Escalation!K$47=0,0,Escalation!K30/Escalation!K$47)","v":0.11901744187494985},{"$f":"IF(Escalation!L$47=0,0,Escalation!L30/Escalation!L$47)","v":7.2410688285487024E-2},{"$f":"IF(Escalation!M$47=0,0,Escalation!M30/Escalation!M$47)","v":8.0554904243534911E-2},{"$f":"IF(Escalation!N$47=0,0,Escalation!N30/Escalation!N$47)","v":0.10722639881016642},null,"Yes"]
[null,null,{"$f":"N(C37)+1","v":2},{"$f":"'SCS total'!$D$11","v":"Distribution Lines"},"Dollars","Real $2018","End_Year",{"$f":"IF(Escalation!H$47=0,0,Escalation!H31/Escalation!H$47)","v":0.25533273793231004},{"$f":"IF(Escalation!I$47=0,0,Escalation!I31/Escalation!I$47)","v":0.31667333465721792},{"$f":"IF(Escalation!J$47=0,0,Escalation!J31/Escalation!J$47)","v":0.27741522983665273},{"$f":"IF(Escalation!K$47=0,0,Escalation!K31/Escalation!K$47)","v":0.36608561023421193},{"$f":"IF(Escalation!L$47=0,0,Escalation!L31/Escalation!L$47)","v":0.25434961949305057},{"$f":"IF(Escalation!M$47=0,0,Escalation!M31/Escalation!M$47)","v":0.32256983959418473},{"$f":"IF(Escalation!N$47=0,0,Escalation!N31/Escalation!N$47)","v":0.32930264810986232},null,"Yes"]
[null,null,3,{"$f":"'SCS total'!$D$12","v":"Transmission Lines"},"Dollars","Real $2018","End_Year",{"$f":"IF(Escalation!H$47=0,0,Escalation!H32/Escalation!H$47)","v":0.16464019087565979},{"$f":"IF(Escalation!I$47=0,0,Escalation!I32/Escalation!I$47)","v":4.5499968811000113E-3},{"$f":"IF(Escalation!J$47=0,0,Escalation!J32/Escalation!J$47)","v":3.4415086650850704E-2},{"$f":"IF(Escalation!K$47=0,0,Escalation!K32/Escalation!K$47)","v":3.7212088113448775E-2},{"$f":"IF(Escalation!L$47=0,0,Escalation!L32/Escalation!L$47)","v":3.1401040350188252E-2},{"$f":"IF(Escalation!M$47=0,0,Escalation!M32/Escalation!M$47)","v":4.9152144962156891E-2},{"$f":"IF(Escalation!N$47=0,0,Escalation!N32/Escalation!N$47)","v":4.6900784945163081E-2},null,"Yes"]
[null,null,4,{"$f":"'SCS total'!$D$13","v":"LV Services"},"Dollars","Real $2018","End_Year",{"$f":"IF(Escalation!H$47=0,0,Escalation!H33/Escalation!H$47)","v":1.4380465302428962E-2},{"$f":"IF(Escalation!I$47=0,0,Escalation!I33/Escalation!I$47)","v":1.8530116418372197E-2},{"$f":"IF(Escalation!J$47=0,0,Escalation!J33/Escalation!J$47)","v":1.850854085418812E-2},{"$f":"IF(Escalation!K$47=0,0,Escalation!K33/Escalation!K$47)","v":2.5493127125645009E-2},{"$f":"IF(Escalation!L$47=0,0,Escalation!L33/Escalation!L$47)","v":2.1960333775945515E-2},{"$f":"IF(Escalation!M$47=0,0,Escalation!M33/Escalation!M$47)","v":1.7618756070727291E-2},{"$f":"IF(Escalation!N$47=0,0,Escalation!N33/Escalation!N$47)","v":1.7189058436959028E-2},null,"Yes"]
[null,null,5,{"$f":"'SCS total'!$D$14","v":"Distribution Substations"},"Dollars","Real $2018","End_Year",{"$f":"IF(Escalation!H$47=0,0,Escalation!H34/Escalation!H$47)","v":8.0860829137398033E-2},{"$f":"IF(Escalation!I$47=0,0,Escalation!I34/Escalation!I$47)","v":0.1167904079701288},{"$f":"IF(Escalation!J$47=0,0,Escalation!J34/Escalation!J$47)","v":7.7358738787859607E-2},{"$f":"IF(Escalation!K$47=0,0,Escalation!K34/Escalation!K$47)","v":9.4345213016754678E-2},{"$f":"IF(Escalation!L$47=0,0,Escalation!L34/Escalation!L$47)","v":8.2768962399828061E-2},{"$f":"IF(Escalation!M$47=0,0,Escalation!M34/Escalation!M$47)","v":0.13337278701042846},{"$f":"IF(Escalation!N$47=0,0,Escalation!N34/Escalation!N$47)","v":0.13050412779825743},null,"Yes"]
[null,null,6,{"$f":"'SCS total'!$D$15","v":"Distribution Switchgear"},"Dollars","Real $2018","End_Year",{"$f":"IF(Escalation!H$47=0,0,Escalation!H35/Escalation!H$47)","v":9.9826820863938612E-2},{"$f":"IF(Escalation!I$47=0,0,Escalation!I35/Escalation!I$47)","v":7.9073051888651241E-2},{"$f":"IF(Escalation!J$47=0,0,Escalation!J35/Escalation!J$47)","v":6.3564595683826774E-2},{"$f":"IF(Escalation!K$47=0,0,Escalation!K35/Escalation!K$47)","v":7.5059735342457023E-2},{"$f":"IF(Escalation!L$47=0,0,Escalation!L35/Escalation!L$47)","v":6.2227631792499696E-2},{"$f":"IF(Escalation!M$47=0,0,Escalation!M35/Escalation!M$47)","v":9.8084221065786903E-2},{"$f":"IF(Escalation!N$47=0,0,Escalation!N35/Escalation!N$47)","v":9.576180958680558E-2},null,"Yes"]
[null,null,7,{"$f":"'SCS total'!$D$16","v":"Protection"},"Dollars","Real $2018","End_Year",{"$f":"IF(Escalation!H$47=0,0,Escalation!H36/Escalation!H$47)","v":1.9297473084470804E-2},{"$f":"IF(Escalation!I$47=0,0,Escalation!I36/Escalation!I$47)","v":4.8455824828318894E-2},{"$f":"IF(Escalation!J$47=0,0,Escalation!J36/Escalation!J$47)","v":3.910058341536201E-2},{"$f":"IF(Escalation!K$47=0,0,Escalation!K36/Escalation!K$47)","v":5.1200406559737968E-2},{"$f":"IF(Escalation!L$47=0,0,Escalation!L36/Escalation!L$47)","v":1.7583474975634516E-2},{"$f":"IF(Escalation!M$47=0,0,Escalation!M36/Escalation!M$47)","v":2.3384111293724554E-2},{"$f":"IF(Escalation!N$47=0,0,Escalation!N36/Escalation!N$47)","v":2.7779212301323103E-2},null,"Yes"]
[null,null,8,{"$f":"'SCS total'!$D$17","v":"SCADA"},"Dollars","Real $2018","End_Year",{"$f":"IF(Escalation!H$47=0,0,Escalation!H37/Escalation!H$47)","v":9.1989447117936263E-3},{"$f":"IF(Escalation!I$47=0,0,Escalation!I37/Escalation!I$47)","v":2.2889491266393606E-2},{"$f":"IF(Escalation!J$47=0,0,Escalation!J37/Escalation!J$47)","v":1.0279388195632254E-2},{"$f":"IF(Escalation!K$47=0,0,Escalation!K37/Escalation!K$47)","v":1.5714833038891859E-2},{"$f":"IF(Escalation!L$47=0,0,Escalation!L37/Escalation!L$47)","v":8.3348440435684883E-3},{"$f":"IF(Escalation!M$47=0,0,Escalation!M37/Escalation!M$47)","v":6.3065582821815059E-3},{"$f":"IF(Escalation!N$47=0,0,Escalation!N37/Escalation!N$47)","v":8.493642760937543E-3},null,"Yes"]
[null,null,9,{"$f":"'SCS total'!$D$18","v":"Communications"},"Dollars","Real $2018","End_Year",{"$f":"IF(Escalation!H$47=0,0,Escalation!H38/Escalation!H$47)","v":0.10143624621620626},{"$f":"IF(Escalation!I$47=0,0,Escalation!I38/Escalation!I$47)","v":3.5325720785172376E-2},{"$f":"IF(Escalation!J$47=0,0,Escalation!J38/Escalation!J$47)","v":3.1068909927574721E-2},{"$f":"IF(Escalation!K$47=0,0,Escalation!K38/Escalation!K$47)","v":3.8964184386668273E-2},{"$f":"IF(Escalation!L$47=0,0,Escalation!L38/Escalation!L$47)","v":2.7662821260880131E-2},{"$f":"IF(Escalation!M$47=0,0,Escalation!M38/Escalation!M$47)","v":3.3960057828791829E-2},{"$f":"IF(Escalation!N$47=0,0,Escalation!N38/Escalation!N$47)","v":3.0027366264120954E-2},null,"Yes"]
[null,null,10,{"$f":"'SCS total'!$D$19","v":"Land and Easements"},"Dollars","Real $2018","End_Year",{"$f":"IF(Escalation!H$47=0,0,Escalation!H39/Escalation!H$47)","v":0},{"$f":"IF(Escalation!I$47=0,0,Escalation!I39/Escalation!I$47)","v":0},{"$f":"IF(Escalation!J$47=0,0,Escalation!J39/Escalation!J$47)","v":0},{"$f":"IF(Escalation!K$47=0,0,Escalation!K39/Escalation!K$47)","v":0},{"$f":"IF(Escalation!L$47=0,0,Escalation!L39/Escalation!L$47)","v":0},{"$f":"IF(Escalation!M$47=0,0,Escalation!M39/Escalation!M$47)","v":0},{"$f":"IF(Escalation!N$47=0,0,Escalation!N39/Escalation!N$47)","v":0},null,"Yes"]
[null,null,11,{"$f":"'SCS total'!$D$20","v":"Property"},"Dollars","Real $2018","End_Year",{"$f":"IF(Escalation!H$47=0,0,Escalation!H40/Escalation!H$47)","v":0},{"$f":"IF(Escalation!I$47=0,0,Escalation!I40/Escalation!I$47)","v":0},{"$f":"IF(Escalation!J$47=0,0,Escalation!J40/Escalation!J$47)","v":9.9101402580306815E-3},{"$f":"IF(Escalation!K$47=0,0,Escalation!K40/Escalation!K$47)","v":1.3399140986705443E-2},{"$f":"IF(Escalation!L$47=0,0,Escalation!L40/Escalation!L$47)","v":1.1702010275123065E-2},{"$f":"IF(Escalation!M$47=0,0,Escalation!M40/Escalation!M$47)","v":1.5671038810465457E-2},{"$f":"IF(Escalation!N$47=0,0,Escalation!N40/Escalation!N$47)","v":1.4808624348808863E-2},null,"Yes"]
[null,null,12,{"$f":"'SCS total'!$D$21","v":"IT and Communications"},"Dollars","Real $2018","End_Year",{"$f":"IF(Escalation!H$47=0,0,Escalation!H41/Escalation!H$47)","v":8.844784128599345E-2},{"$f":"IF(Escalation!I$47=0,0,Escalation!I41/Escalation!I$47)","v":9.2505279270641338E-2},{"$f":"IF(Escalation!J$47=0,0,Escalation!J41/Escalation!J$47)","v":7.0234870716021844E-2},{"$f":"IF(Escalation!K$47=0,0,Escalation!K41/Escalation!K$47)","v":9.1881699045552531E-2},{"$f":"IF(Escalation!L$47=0,0,Escalation!L41/Escalation!L$47)","v":0.15091328916095767},{"$f":"IF(Escalation!M$47=0,0,Escalation!M41/Escalation!M$47)","v":0.12569772521186509},{"$f":"IF(Escalation!N$47=0,0,Escalation!N41/Escalation!N$47)","v":0.10473600925672863},null,"Yes"]
[null,null,13,{"$f":"'SCS total'!$D$22","v":"Motor Vehicles"},"Dollars","Real $2018","End_Year",{"$f":"IF(Escalation!H$47=0,0,Escalation!H42/Escalation!H$47)","v":0},{"$f":"IF(Escalation!I$47=0,0,Escalation!I42/Escalation!I$47)","v":0},{"$f":"IF(Escalation!J$47=0,0,Escalation!J42/Escalation!J$47)","v":0},{"$f":"IF(Escalation!K$47=0,0,Escalation!K42/Escalation!K$47)","v":0},{"$f":"IF(Escalation!L$47=0,0,Escalation!L42/Escalation!L$47)","v":0},{"$f":"IF(Escalation!M$47=0,0,Escalation!M42/Escalation!M$47)","v":0},{"$f":"IF(Escalation!N$47=0,0,Escalation!N42/Escalation!N$47)","v":0},null,"Yes"]
[null,null,14,{"$f":"'SCS total'!$D$23","v":"Plant and Equipment"},"Dollars","Real $2018","End_Year",{"$f":"IF(Escalation!H$47=0,0,Escalation!H43/Escalation!H$47)","v":1.0725700918235725E-2},{"$f":"IF(Escalation!I$47=0,0,Escalation!I43/Escalation!I$47)","v":1.0761731753558287E-2},{"$f":"IF(Escalation!J$47=0,0,Escalation!J43/Escalation!J$47)","v":1.4313866651925253E-2},{"$f":"IF(Escalation!K$47=0,0,Escalation!K43/Escalation!K$47)","v":1.6719187737038937E-2},{"$f":"IF(Escalation!L$47=0,0,Escalation!L43/Escalation!L$47)","v":1.4108315748166594E-2},{"$f":"IF(Escalation!M$47=0,0,Escalation!M43/Escalation!M$47)","v":2.2083789998429401E-2},{"$f":"IF(Escalation!N$47=0,0,Escalation!N43/Escalation!N$47)","v":2.1345198686521297E-2},null,"Yes"]
[null,null,15,{"$f":"'SCS total'!$D$24","v":"Property Leases"},"Dollars","Real $2018","End_Year",{"$f":"IF(Escalation!H$47=0,0,Escalation!H44/Escalation!H$47)","v":0},{"$f":"IF(Escalation!I$47=0,0,Escalation!I44/Escalation!I$47)","v":0},{"$f":"IF(Escalation!J$47=0,0,Escalation!J44/Escalation!J$47)","v":6.026303343532665E-2},{"$f":"IF(Escalation!K$47=0,0,Escalation!K44/Escalation!K$47)","v":8.915576865230531E-4},{"$f":"IF(Escalation!L$47=0,0,Escalation!L44/Escalation!L$47)","v":0.20458502103413467},{"$f":"IF(Escalation!M$47=0,0,Escalation!M44/Escalation!M$47)","v":1.1776273483096666E-3},{"$f":"IF(Escalation!N$47=0,0,Escalation!N44/Escalation!N$47)","v":1.0529338338990557E-2},null,"Yes"]
[null,null,16,{"$f":"'SCS total'!$D$25","v":"Fleet Leases"},"Dollars","Real $2018","End_Year",{"$f":"IF(Escalation!H$47=0,0,Escalation!H45/Escalation!H$47)","v":0},{"$f":"IF(Escalation!I$47=0,0,Escalation!I45/Escalation!I$47)","v":0},{"$f":"IF(Escalation!J$47=0,0,Escalation!J45/Escalation!J$47)","v":0.18209208940671651},{"$f":"IF(Escalation!K$47=0,0,Escalation!K45/Escalation!K$47)","v":5.4015774851414719E-2},{"$f":"IF(Escalation!L$47=0,0,Escalation!L45/Escalation!L$47)","v":3.999194740453571E-2},{"$f":"IF(Escalation!M$47=0,0,Escalation!M45/Escalation!M$47)","v":7.0366438279413371E-2},{"$f":"IF(Escalation!N$47=0,0,Escalation!N45/Escalation!N$47)","v":5.5395780355355397E-2},null,"Yes"]
[]
[null,null,null,"Total","Dollars","Real $2018","End_Year",{"$f":"SUM(H37:H52)","v":1},{"$f":"SUM(I37:I52)","v":1.0000000000000002},1.0000000000000002,1,1,0.99999999999999989,1.0000000000000002]
[]
[null,"End"]

{"sheet":"Capital Contributions","index":14,"n_rows":27,"n_cols":16,"rows_kept":27,"cut":false,"hidden":false,"merged":[]}
[null,"Connection Capital Expenditure"]
[]
[null,"Direct Capex Forecasts"]
[]
[null,null,"Direct Costs (Excluding Capitalised Overheads and Cost Escalation)"]
[]
[null,null,"Ref.","Regulatory Asset Class","Unit","Basis","Timing","RY18","RY19","RY20","RY21","RY22","RY23","RY24",null,"Total FY20 to FY24"]
[null,null,{"$f":"N(C7)+1","v":1},{"$f":"'SCS total'!$D$10","v":"Substations"},"Dollars","Real $2018","End_Year",{"$f":"'[4]Capital contributions'!I8","v":0},{"$f":"'[4]Capital contributions'!J8","v":0},{"$f":"'[4]Capital contributions'!K8","v":0},{"$f":"'[4]Capital contributions'!L8","v":0},{"$f":"'[4]Capital contributions'!M8","v":0},{"$f":"'[4]Capital contributions'!N8","v":0},{"$f":"'[4]Capital contributions'!O8","v":0},null,{"$f":"SUM(J8:N8)","v":0}]
[null,null,{"$f":"N(C8)+1","v":2},{"$f":"'SCS total'!$D$11","v":"Distribution Lines"},"Dollars","Real $2018","End_Year",{"$f":"'[4]Capital contributions'!I9","v":6.1941878899470684},{"$f":"'[4]Capital contributions'!J9","v":6.2506528242577115},{"$f":"'[4]Capital contributions'!K9","v":6.3718303799131375},{"$f":"'[4]Capital contributions'!L9","v":6.4505006254695392},{"$f":"'[4]Capital contributions'!M9","v":6.4612860623603368},{"$f":"'[4]Capital contributions'!N9","v":6.2037044519095366},{"$f":"'[4]Capital contributions'!O9","v":6.2062422017661945},null,31.693563721418744]
[null,null,3,{"$f":"'SCS total'!$D$12","v":"Transmission Lines"},"Dollars","Real $2018","End_Year",{"$f":"'[4]Capital contributions'!I10","v":0},{"$f":"'[4]Capital contributions'!J10","v":0},{"$f":"'[4]Capital contributions'!K10","v":0},{"$f":"'[4]Capital contributions'!L10","v":0},{"$f":"'[4]Capital contributions'!M10","v":0},{"$f":"'[4]Capital contributions'!N10","v":0},{"$f":"'[4]Capital contributions'!O10","v":0},null,0]
[null,null,4,{"$f":"'SCS total'!$D$13","v":"LV Services"},"Dollars","Real $2018","End_Year",{"$f":"'[4]Capital contributions'!I11","v":0.14168152157816355},{"$f":"'[4]Capital contributions'!J11","v":0.17557844475143386},{"$f":"'[4]Capital contributions'!K11","v":0.24832352706710384},{"$f":"'[4]Capital contributions'!L11","v":0.29555070092649172},{"$f":"'[4]Capital contributions'!M11","v":0.30202539411689161},{"$f":"'[4]Capital contributions'!N11","v":0.14739448615792819},{"$f":"'[4]Capital contributions'!O11","v":0.14891794337919878},null,1.142212051647614]
[null,null,5,{"$f":"'SCS total'!$D$14","v":"Distribution Substations"},"Dollars","Real $2018","End_Year",{"$f":"'[4]Capital contributions'!I12","v":2.2861460941845722},{"$f":"'[4]Capital contributions'!J12","v":2.2861460941845722},{"$f":"'[4]Capital contributions'!K12","v":2.2861460941845722},{"$f":"'[4]Capital contributions'!L12","v":2.2861460941845722},{"$f":"'[4]Capital contributions'!M12","v":2.2861460941845722},{"$f":"'[4]Capital contributions'!N12","v":2.2861460941845722},{"$f":"'[4]Capital contributions'!O12","v":2.2861460941845722},null,11.43073047092286]
[null,null,6,{"$f":"'SCS total'!$D$15","v":"Distribution Switchgear"},"Dollars","Real $2018","End_Year",{"$f":"'[4]Capital contributions'!I13","v":0.66887364224513413},{"$f":"'[4]Capital contributions'!J13","v":0.66887364224513413},{"$f":"'[4]Capital contributions'!K13","v":0.66887364224513413},{"$f":"'[4]Capital contributions'!L13","v":0.66887364224513413},{"$f":"'[4]Capital contributions'!M13","v":0.66887364224513413},{"$f":"'[4]Capital contributions'!N13","v":0.66887364224513413},{"$f":"'[4]Capital contributions'!O13","v":0.66887364224513413},null,3.3443682112256705]
[null,null,7,{"$f":"'SCS total'!$D$16","v":"Protection"},"Dollars","Real $2018","End_Year",{"$f":"'[4]Capital contributions'!I14","v":0},{"$f":"'[4]Capital contributions'!J14","v":0},{"$f":"'[4]Capital contributions'!K14","v":0},{"$f":"'[4]Capital contributions'!L14","v":0},{"$f":"'[4]Capital contributions'!M14","v":0},{"$f":"'[4]Capital contributions'!N14","v":0},{"$f":"'[4]Capital contributions'!O14","v":0},null,0]
[null,null,8,{"$f":"'SCS total'!$D$17","v":"SCADA"},"Dollars","Real $2018","End_Year",{"$f":"'[4]Capital contributions'!I15","v":0},{"$f":"'[4]Capital contributions'!J15","v":0},{"$f":"'[4]Capital contributions'!K15","v":0},{"$f":"'[4]Capital contributions'!L15","v":0},{"$f":"'[4]Capital contributions'!M15","v":0},{"$f":"'[4]Capital contributions'!N15","v":0},{"$f":"'[4]Capital contributions'!O15","v":0},null,0]
[null,null,9,{"$f":"'SCS total'!$D$18","v":"Communications"},"Dollars","Real $2018","End_Year",{"$f":"'[4]Capital contributions'!I16","v":0},{"$f":"'[4]Capital contributions'!J16","v":0},{"$f":"'[4]Capital contributions'!K16","v":0},{"$f":"'[4]Capital contributions'!L16","v":0},{"$f":"'[4]Capital contributions'!M16","v":0},{"$f":"'[4]Capital contributions'!N16","v":0},{"$f":"'[4]Capital contributions'!O16","v":0},null,0]
[null,null,10,{"$f":"'SCS total'!$D$19","v":"Land and Easements"},"Dollars","Real $2018","End_Year",{"$f":"'[4]Capital contributions'!I17","v":0},{"$f":"'[4]Capital contributions'!J17","v":0},{"$f":"'[4]Capital contributions'!K17","v":0},{"$f":"'[4]Capital contributions'!L17","v":0},{"$f":"'[4]Capital contributions'!M17","v":0},{"$f":"'[4]Capital contributions'!N17","v":0},{"$f":"'[4]Capital contributions'!O17","v":0},null,0]
[null,null,11,{"$f":"'SCS total'!$D$20","v":"Property"},"Dollars","Real $2018","End_Year",{"$f":"'[4]Capital contributions'!I18","v":0},{"$f":"'[4]Capital contributions'!J18","v":0},{"$f":"'[4]Capital contributions'!K18","v":0},{"$f":"'[4]Capital contributions'!L18","v":0},{"$f":"'[4]Capital contributions'!M18","v":0},{"$f":"'[4]Capital contributions'!N18","v":0},{"$f":"'[4]Capital contributions'!O18","v":0},null,0]
[null,null,12,{"$f":"'SCS total'!$D$21","v":"IT and Communications"},"Dollars","Real $2018","End_Year",{"$f":"'[4]Capital contributions'!I19","v":0},{"$f":"'[4]Capital contributions'!J19","v":0},{"$f":"'[4]Capital contributions'!K19","v":0},{"$f":"'[4]Capital contributions'!L19","v":0},{"$f":"'[4]Capital contributions'!M19","v":0},{"$f":"'[4]Capital contributions'!N19","v":0},{"$f":"'[4]Capital contributions'!O19","v":0},null,0]
[null,null,13,{"$f":"'SCS total'!$D$22","v":"Motor Vehicles"},"Dollars","Real $2018","End_Year",{"$f":"'[4]Capital contributions'!I20","v":0},{"$f":"'[4]Capital contributions'!J20","v":0},{"$f":"'[4]Capital contributions'!K20","v":0},{"$f":"'[4]Capital contributions'!L20","v":0},{"$f":"'[4]Capital contributions'!M20","v":0},{"$f":"'[4]Capital contributions'!N20","v":0},{"$f":"'[4]Capital contributions'!O20","v":0},null,0]
[null,null,14,{"$f":"'SCS total'!$D$23","v":"Plant and Equipment"},"Dollars","Real $2018","End_Year",{"$f":"'[4]Capital contributions'!I21","v":0},{"$f":"'[4]Capital contributions'!J21","v":0},{"$f":"'[4]Capital contributions'!K21","v":0},{"$f":"'[4]Capital contributions'!L21","v":0},{"$f":"'[4]Capital contributions'!M21","v":0},{"$f":"'[4]Capital contributions'!N21","v":0},{"$f":"'[4]Capital contributions'!O21","v":0},null,0]
[null,null,15,{"$f":"'SCS total'!$D$24","v":"Property Leases"},"Dollars","Real $2018","End_Year",0,0,0,0,0,0,0,null,{"$f":"SUM(J22:N22)","v":0}]
[null,null,16,{"$f":"'SCS total'!$D$25","v":"Fleet Leases"},"Dollars","Real $2018","End_Year",0,0,0,0,0,0,0,null,0]
[]
[null,null,null,"Total",{"$f":"E8","v":"Dollars"},"Real $2018","End_Year",{"$f":"SUM(H8:H23)","v":9.2908891479549389},{"$f":"SUM(I8:I23)","v":9.3812510054388518},9.5751736434099488,{"$f":"SUM(K8:K23)","v":9.7010710628257382},9.7183311929069358,9.3061186744971724,9.3101798815751007,null,47.610874455214891]
[]
[null,"End"]

{"sheet":"ACS Metering -->","index":15,"n_rows":8,"n_cols":2,"rows_kept":8,"cut":false,"hidden":false,"merged":[]}
[]
[]
[]
[]
[]
[]
[]
[null,"ACS Metering"]

{"sheet":"Metering total","index":16,"n_rows":23,"n_cols":16,"rows_kept":23,"cut":false,"hidden":false,"merged":[]}
[{"$f":"IF(SUM($A2:$A23)>0,1,0)","v":0},"Consolidated Capital Expenditure Forecast - Metering"]
[]
[null,"Capex Forecasts - Metering"]
[]
[null,null,"Direct Costs including Cost Escalation and Capitalised Overheads"]
[]
[null,null,null,"Forecast inflation","Per cent","Nominal","End_Year",null,{"$f":"'Total by category'!$I$22","v":2.2499999999999999E-2}]
[]
[null,null,"Ref.","Regulatory Asset Class","Unit","Basis","Timing","RY18","RY19","RY20","RY21","RY22","RY23","RY24",null,"Total FY20 to FY24"]
[null,null,{"$f":"N(C9)+1","v":1},"Mechanical Meters","Dollars","Real $2019","End_Year",{"$f":"(Metering!H8+'Metering | Escalation'!H8+'Metering | Capitalised OH'!H8)*(1+$I$7)","v":0},{"$f":"(Metering!I8+'Metering | Escalation'!I8+'Metering | Capitalised OH'!I8)*(1+$I$7)","v":0},{"$f":"(Metering!J8+'Metering | Escalation'!J8+'Metering | Capitalised OH'!J8)*(1+$I$7)","v":0},{"$f":"(Metering!K8+'Metering | Escalation'!K8+'Metering | Capitalised OH'!K8)*(1+$I$7)","v":0},{"$f":"(Metering!L8+'Metering | Escalation'!L8+'Metering | Capitalised OH'!L8)*(1+$I$7)","v":0},{"$f":"(Metering!M8+'Metering | Escalation'!M8+'Metering | Capitalised OH'!M8)*(1+$I$7)","v":0},{"$f":"(Metering!N8+'Metering | Escalation'!N8+'Metering | Capitalised OH'!N8)*(1+$I$7)","v":0},null,{"$f":"SUM(J10:N10)","v":0}]
[null,null,{"$f":"N(C10)+1","v":2},"Electronic Meters","Dollars","Real $2019","End_Year",{"$f":"(Metering!H9+'Metering | Escalation'!H9+'Metering | Capitalised OH'!H9)*(1+$I$7)","v":1.9284039115733345},{"$f":"(Metering!I9+'Metering | Escalation'!I9+'Metering | Capitalised OH'!I9)*(1+$I$7)","v":4.2011017831788866},{"$f":"(Metering!J9+'Metering | Escalation'!J9+'Metering | Capitalised OH'!J9)*(1+$I$7)","v":3.0802939360021631},{"$f":"(Metering!K9+'Metering | Escalation'!K9+'Metering | Capitalised OH'!K9)*(1+$I$7)","v":3.3084700021203113},{"$f":"(Metering!L9+'Metering | Escalation'!L9+'Metering | Capitalised OH'!L9)*(1+$I$7)","v":3.3792100715439948},{"$f":"(Metering!M9+'Metering | Escalation'!M9+'Metering | Capitalised OH'!M9)*(1+$I$7)","v":2.9293424268876498},{"$f":"(Metering!N9+'Metering | Escalation'!N9+'Metering | Capitalised OH'!N9)*(1+$I$7)","v":3.1815925644136112},null,15.878909000967729]
[null,null,3,"Metering Communications","Dollars","Real $2019","End_Year",{"$f":"(Metering!H10+'Metering | Escalation'!H10+'Metering | Capitalised OH'!H10)*(1+$I$7)","v":0},{"$f":"(Metering!I10+'Metering | Escalation'!I10+'Metering | Capitalised OH'!I10)*(1+$I$7)","v":0},{"$f":"(Metering!J10+'Metering | Escalation'!J10+'Metering | Capitalised OH'!J10)*(1+$I$7)","v":2.8730584913015802},{"$f":"(Metering!K10+'Metering | Escalation'!K10+'Metering | Capitalised OH'!K10)*(1+$I$7)","v":0.17842405321311228},{"$f":"(Metering!L10+'Metering | Escalation'!L10+'Metering | Capitalised OH'!L10)*(1+$I$7)","v":0.18212828535139503},{"$f":"(Metering!M10+'Metering | Escalation'!M10+'Metering | Capitalised OH'!M10)*(1+$I$7)","v":4.0833039547135259},{"$f":"(Metering!N10+'Metering | Escalation'!N10+'Metering | Capitalised OH'!N10)*(1+$I$7)","v":0.1730237163609861},null,7.4899385009405997]
[null,null,4,"Metering Dedicated CTs and VTs","Dollars","Real $2019","End_Year",{"$f":"(Metering!H11+'Metering | Escalation'!H11+'Metering | Capitalised OH'!H11)*(1+$I$7)","v":0.1096072686062},{"$f":"(Metering!I11+'Metering | Escalation'!I11+'Metering | Capitalised OH'!I11)*(1+$I$7)","v":0.11015367465982039},{"$f":"(Metering!J11+'Metering | Escalation'!J11+'Metering | Capitalised OH'!J11)*(1+$I$7)","v":0.11739476931335262},{"$f":"(Metering!K11+'Metering | Escalation'!K11+'Metering | Capitalised OH'!K11)*(1+$I$7)","v":0.12389354695296945},{"$f":"(Metering!L11+'Metering | Escalation'!L11+'Metering | Capitalised OH'!L11)*(1+$I$7)","v":0.12428964452392834},{"$f":"(Metering!M11+'Metering | Escalation'!M11+'Metering | Capitalised OH'!M11)*(1+$I$7)","v":0.11763320174238373},{"$f":"(Metering!N11+'Metering | Escalation'!N11+'Metering | Capitalised OH'!N11)*(1+$I$7)","v":0.12623689576632424},null,0.60944805829895832]
[null,null,5,"Metering Non Network Other","Dollars","Real $2019","End_Year",{"$f":"(Metering!H12+'Metering | Escalation'!H12+'Metering | Capitalised OH'!H12)*(1+$I$7)","v":0},{"$f":"(Metering!I12+'Metering | Escalation'!I12+'Metering | Capitalised OH'!I12)*(1+$I$7)","v":0},{"$f":"(Metering!J12+'Metering | Escalation'!J12+'Metering | Capitalised OH'!J12)*(1+$I$7)","v":0},{"$f":"(Metering!K12+'Metering | Escalation'!K12+'Metering | Capitalised OH'!K12)*(1+$I$7)","v":0},{"$f":"(Metering!L12+'Metering | Escalation'!L12+'Metering | Capitalised OH'!L12)*(1+$I$7)","v":0},{"$f":"(Metering!M12+'Metering | Escalation'!M12+'Metering | Capitalised OH'!M12)*(1+$I$7)","v":0},{"$f":"(Metering!N12+'Metering | Escalation'!N12+'Metering | Capitalised OH'!N12)*(1+$I$7)","v":0},null,0]
[null,null,6,"Metering Non Network IT and Communications","Dollars","Real $2019","End_Year",{"$f":"(Metering!H13+'Metering | Escalation'!H13+'Metering | Capitalised OH'!H13)*(1+$I$7)","v":0},{"$f":"(Metering!I13+'Metering | Escalation'!I13+'Metering | Capitalised OH'!I13)*(1+$I$7)","v":0},{"$f":"(Metering!J13+'Metering | Escalation'!J13+'Metering | Capitalised OH'!J13)*(1+$I$7)","v":0.11664775883170322},{"$f":"(Metering!K13+'Metering | Escalation'!K13+'Metering | Capitalised OH'!K13)*(1+$I$7)","v":0},{"$f":"(Metering!L13+'Metering | Escalation'!L13+'Metering | Capitalised OH'!L13)*(1+$I$7)","v":0},{"$f":"(Metering!M13+'Metering | Escalation'!M13+'Metering | Capitalised OH'!M13)*(1+$I$7)","v":0},{"$f":"(Metering!N13+'Metering | Escalation'!N13+'Metering | Capitalised OH'!N13)*(1+$I$7)","v":0},null,0.11664775883170322]
[null,null,7,"Fleet leases","Dollars","Real $2019","End_Year",{"$f":"(Metering!H14+'Metering | Escalation'!H14+'Metering | Capitalised OH'!H14)*(1+$I$7)","v":0},{"$f":"(Metering!I14+'Metering | Escalation'!I14+'Metering | Capitalised OH'!I14)*(1+$I$7)","v":0},{"$f":"(Metering!J14+'Metering | Escalation'!J14+'Metering | Capitalised OH'!J14)*(1+$I$7)","v":0.41498260799196146},{"$f":"(Metering!K14+'Metering | Escalation'!K14+'Metering | Capitalised OH'!K14)*(1+$I$7)","v":8.6386735016645969E-2},{"$f":"(Metering!L14+'Metering | Escalation'!L14+'Metering | Capitalised OH'!L14)*(1+$I$7)","v":3.5820266810103606E-2},{"$f":"(Metering!M14+'Metering | Escalation'!M14+'Metering | Capitalised OH'!M14)*(1+$I$7)","v":0.1672558859286768},{"$f":"(Metering!N14+'Metering | Escalation'!N14+'Metering | Capitalised OH'!N14)*(1+$I$7)","v":0.11041202626662192},null,{"$f":"SUM(J16:N16)","v":0.81485752201400985}]
[]
[null,null,null,"Total",{"$f":"E10","v":"Dollars"},"Real $2019","End_Year",{"$f":"SUM(H10:H16)","v":2.0380111801795344},{"$f":"SUM(I10:I16)","v":4.3112554578387066},6.6023775634407613,3.6971743373030388,3.7214482682294219,7.2975354692722361,3.5912652028075436,null,24.909800841052999]
[]
[null,null,null,"Check - Value","Dollars","Real $2019","End_Year",{"$f":"SUM('Metering:Metering | Capitalised OH'!H16)*(1+$I$7)","v":2.0380111801795344},{"$f":"SUM('Metering:Metering | Capitalised OH'!I16)*(1+$I$7)","v":4.3112554578387074},{"$f":"SUM('Metering:Metering | Capitalised OH'!J16)*(1+$I$7)","v":6.6023775634407613},{"$f":"SUM('Metering:Metering | Capitalised OH'!K16)*(1+$I$7)","v":3.6971743373030397},{"$f":"SUM('Metering:Metering | Capitalised OH'!L16)*(1+$I$7)","v":3.7214482682294219},{"$f":"SUM('Metering:Metering | Capitalised OH'!M16)*(1+$I$7)","v":7.297535469272237},{"$f":"SUM('Metering:Metering | Capitalised OH'!N16)*(1+$I$7)","v":3.5912652028075436},null,{"$f":"SUM(J20:N20)","v":24.909800841053002}]
[{"$f":"IF(SUM($H21:$P21)>0,1,0)","v":0},null,null,"Check - Flag",null,null,null,{"$f":"IF(ROUND(H18-H20,4)=0,0,1)","v":0},{"$f":"IF(ROUND(I18-I20,4)=0,0,1)","v":0},0,0,0,0,0,null,0]
[]
[null,"End"]

{"sheet":"Metering","index":17,"n_rows":18,"n_cols":16,"rows_kept":18,"cut":false,"hidden":false,"merged":[]}
[null,"Metering Capital Expenditure"]
[]
[null,"Direct Capex Forecasts"]
[]
[null,null,"Direct Costs (Excluding Capitalised Overheads and Cost Escalation)"]
[]
[null,null,"Ref.","Regulatory Asset Class","Unit","Basis","Timing","RY18","RY19","RY20","RY21","RY22","RY23","RY24",null,"Total FY20 to FY24"]
[null,null,{"$f":"N(C7)+1","v":1},{"$f":"'Metering total'!$D$10","v":"Mechanical Meters"},"Dollars","Real $2018","End_Year",{"$f":"[5]Output_AER_Capex!J19","v":0},{"$f":"[5]Output_AER_Capex!K19","v":0},{"$f":"[5]Output_AER_Capex!L19","v":0},{"$f":"[5]Output_AER_Capex!M19","v":0},{"$f":"[5]Output_AER_Capex!N19","v":0},{"$f":"[5]Output_AER_Capex!O19","v":0},{"$f":"[5]Output_AER_Capex!P19","v":0},null,{"$f":"SUM(J8:N8)","v":0}]
[null,null,{"$f":"N(C8)+1","v":2},{"$f":"'Metering total'!$D$11","v":"Electronic Meters"},"Dollars","Real $2018","End_Year",{"$f":"[5]Output_AER_Capex!J20","v":1.8814766294795455},{"$f":"[5]Output_AER_Capex!K20","v":4.081783696035818},{"$f":"[5]Output_AER_Capex!L20","v":2.8106076650080047},{"$f":"[5]Output_AER_Capex!M20","v":2.8631851558095578},{"$f":"[5]Output_AER_Capex!N20","v":2.9184384172090607},{"$f":"[5]Output_AER_Capex!O20","v":2.6764227786621944},{"$f":"[5]Output_AER_Capex!P20","v":2.7116664443652971},null,13.980320461054115]
[null,null,{"$f":"N(C9)+1","v":3},{"$f":"'Metering total'!$D$12","v":"Metering Communications"},"Dollars","Real $2018","End_Year",{"$f":"[5]Output_AER_Capex!J21","v":0},{"$f":"[5]Output_AER_Capex!K21","v":0},{"$f":"[5]Output_AER_Capex!L21","v":2.6215161232791142},{"$f":"[5]Output_AER_Capex!M21","v":0.15441007482968269},{"$f":"[5]Output_AER_Capex!N21","v":0.15729421183544948},{"$f":"[5]Output_AER_Capex!O21","v":3.7307511802941069},{"$f":"[5]Output_AER_Capex!P21","v":0.14746784707234767},null,6.8114394373107015]
[null,null,4,{"$f":"'Metering total'!$D$13","v":"Metering Dedicated CTs and VTs"},"Dollars","Real $2018","End_Year",{"$f":"[5]Output_AER_Capex!J22","v":0.10693999999999999},{"$f":"[5]Output_AER_Capex!K22","v":0.10702513209395938},{"$f":"[5]Output_AER_Capex!L22","v":0.10711660812870023},{"$f":"[5]Output_AER_Capex!M22","v":0.10721879427922858},{"$f":"[5]Output_AER_Capex!N22","v":0.10734214972144496},{"$f":"[5]Output_AER_Capex!O22","v":0.1074767421454331},{"$f":"[5]Output_AER_Capex!P22","v":0.10759151191110215},null,0.53674580618590906]
[null,null,5,{"$f":"'Metering total'!$D$14","v":"Metering Non Network Other"},"Dollars","Real $2018","End_Year",{"$f":"[5]Output_AER_Capex!J23","v":0},{"$f":"[5]Output_AER_Capex!K23","v":0},{"$f":"[5]Output_AER_Capex!L23","v":0},{"$f":"[5]Output_AER_Capex!M23","v":0},{"$f":"[5]Output_AER_Capex!N23","v":0},{"$f":"[5]Output_AER_Capex!O23","v":0},{"$f":"[5]Output_AER_Capex!P23","v":0},null,0]
[null,null,6,{"$f":"'Metering total'!$D$15","v":"Metering Non Network IT and Communications"},"Dollars","Real $2018","End_Year",{"$f":"[5]Output_AER_Capex!J24","v":0},{"$f":"[5]Output_AER_Capex!K24","v":0},{"$f":"[5]Output_AER_Capex!L24","v":0.106435},{"$f":"[5]Output_AER_Capex!M24","v":0},{"$f":"[5]Output_AER_Capex!N24","v":0},{"$f":"[5]Output_AER_Capex!O24","v":0},{"$f":"[5]Output_AER_Capex!P24","v":0},null,0.106435]
[null,null,7,{"$f":"'Metering total'!$D$16","v":"Fleet leases"},"Dollars","Real $2018","End_Year",{"$f":"[5]Output_AER_Capex!J25","v":0},{"$f":"[5]Output_AER_Capex!K25","v":0},{"$f":"[5]Output_AER_Capex!L25","v":0.37864999999999999},{"$f":"[5]Output_AER_Capex!M25","v":7.4759999999999993E-2},{"$f":"[5]Output_AER_Capex!N25","v":3.0936000000000002E-2},{"$f":"[5]Output_AER_Capex!O25","v":0.15281500000000001},{"$f":"[5]Output_AER_Capex!P25","v":9.4103999999999993E-2},null,{"$f":"SUM(J14:N14)","v":0.73126499999999994}]
[]
[null,null,null,"Total",{"$f":"E8","v":"Dollars"},"Real $2018","End_Year",{"$f":"SUM(H8:H14)","v":1.9884166294795456},{"$f":"SUM(I8:I14)","v":4.1888088281297771},6.0243253964158194,3.1995740249184692,3.2140107787659553,6.6674657011017349,3.0608298033487471,null,22.166205704550727]
[]
[null,"End"]

{"sheet":"Metering | Escalation","index":18,"n_rows":33,"n_cols":16,"rows_kept":33,"cut":false,"hidden":false,"merged":[]}
[null,"Escalation on Direct Capex Forecasts - Metering"]
[]
[null,"Escalation Forecasts"]
[]
[null,null,"Cost Escalation on Direct Costs"]
[]
[null,null,"Ref.","Regulatory Asset Class","Unit","Basis","Timing","RY18","RY19","RY20","RY21","RY22","RY23","RY24",null,"Total FY20 to FY24"]
[null,null,{"$f":"N(C7)+1","v":1},{"$f":"'Metering total'!$D$10","v":"Mechanical Meters"},"Dollars","Real $2018","End_Year",{"$f":"H21*H$31-H21","v":0},0,0,0,0,0,0,null,{"$f":"SUM(J8:N8)","v":0}]
[null,null,2,{"$f":"'Metering total'!$D$11","v":"Electronic Meters"},"Dollars","Real $2018","End_Year",4.4929661911972119E-3,2.6873304628129979E-2,1.4602437510909727E-2,1.1254788473582522E-2,1.6557942650162083E-2,2.3733800836747587E-2,3.3575217188173578E-2,null,9.9724186659575498E-2]
[null,null,3,{"$f":"'Metering total'!$D$12","v":"Metering Communications"},"Dollars","Real $2018","End_Year",0,0,1.3620017425632458E-2,6.0696484363642611E-4,8.9241853568541862E-4,3.3083302903594625E-2,1.8259122555485674E-3,null,5.0028615964097495E-2]
[null,null,4,{"$f":"'Metering total'!$D$13","v":"Metering Dedicated CTs and VTs"},"Dollars","Real $2018","End_Year",2.5537272000000777E-4,7.0462307456911621E-4,5.5652149392949879E-4,4.2146238693531457E-4,6.0901239119943995E-4,9.530749823976753E-4,1.3321728369378172E-3,null,3.8722440913997458E-3]
[null,null,5,{"$f":"'Metering total'!$D$14","v":"Metering Non Network Other"},"Dollars","Real $2018","End_Year",0,0,0,0,0,0,0,null,0]
[null,null,6,{"$f":"'Metering total'!$D$15","v":"Metering Non Network IT and Communications"},"Dollars","Real $2018","End_Year",0,0,5.5298021699135003E-4,0,0,0,0,null,5.5298021699135003E-4]
[null,null,7,{"$f":"'Metering total'!$D$16","v":"Fleet leases"},"Dollars","Real $2018","End_Year",0,0,1.9672660230541927E-3,2.9387131481097006E-4,1.7551732830986544E-4,1.3551225179306292E-3,1.1651736314550326E-3,null,{"$f":"SUM(J14:N14)","v":4.9569508155606901E-3}]
[]
[null,null,null,"Total",{"$f":"E8","v":"Dollars"},"Real $2018","End_Year",{"$f":"SUM(H8:H14)","v":4.7483389111972196E-3},{"$f":"SUM(I8:I14)","v":2.7577927702699095E-2},3.1299222670517227E-2,1.2577087018965233E-2,1.8234890905356807E-2,5.9125301240670516E-2,3.7898475912114996E-2,null,0.15913497774762478]
[]
[null,"Workings - Total Direct Costs Requiring Escalation"]
[]
[null,null,"Ref.","Regulatory Asset Class","Unit","Basis","Timing","RY18","RY19","RY20","RY21","RY22","RY23","RY24"]
[null,null,1,{"$f":"'Metering total'!$D$10","v":"Mechanical Meters"},"Dollars","Real $2018","End_Year",{"$f":"Metering!H8","v":0},{"$f":"Metering!I8","v":0},{"$f":"Metering!J8","v":0},{"$f":"Metering!K8","v":0},{"$f":"Metering!L8","v":0},{"$f":"Metering!M8","v":0},{"$f":"Metering!N8","v":0}]
[null,null,2,{"$f":"'Metering total'!$D$11","v":"Electronic Meters"},"Dollars","Real $2018","End_Year",{"$f":"Metering!H9","v":1.8814766294795455},{"$f":"Metering!I9","v":4.081783696035818},{"$f":"Metering!J9","v":2.8106076650080047},{"$f":"Metering!K9","v":2.8631851558095578},{"$f":"Metering!L9","v":2.9184384172090607},{"$f":"Metering!M9","v":2.6764227786621944},{"$f":"Metering!N9","v":2.7116664443652971}]
[null,null,3,{"$f":"'Metering total'!$D$12","v":"Metering Communications"},"Dollars","Real $2018","End_Year",{"$f":"Metering!H10","v":0},{"$f":"Metering!I10","v":0},{"$f":"Metering!J10","v":2.6215161232791142},{"$f":"Metering!K10","v":0.15441007482968269},{"$f":"Metering!L10","v":0.15729421183544948},{"$f":"Metering!M10","v":3.7307511802941069},{"$f":"Metering!N10","v":0.14746784707234767}]
[null,null,4,{"$f":"'Metering total'!$D$13","v":"Metering Dedicated CTs and VTs"},"Dollars","Real $2018","End_Year",{"$f":"Metering!H11","v":0.10693999999999999},{"$f":"Metering!I11","v":0.10702513209395938},{"$f":"Metering!J11","v":0.10711660812870023},{"$f":"Metering!K11","v":0.10721879427922858},{"$f":"Metering!L11","v":0.10734214972144496},{"$f":"Metering!M11","v":0.1074767421454331},{"$f":"Metering!N11","v":0.10759151191110215}]
[null,null,5,{"$f":"'Metering total'!$D$14","v":"Metering Non Network Other"},"Dollars","Real $2018","End_Year",{"$f":"Metering!H12","v":0},{"$f":"Metering!I12","v":0},{"$f":"Metering!J12","v":0},{"$f":"Metering!K12","v":0},{"$f":"Metering!L12","v":0},{"$f":"Metering!M12","v":0},{"$f":"Metering!N12","v":0}]
[null,null,6,{"$f":"'Metering total'!$D$15","v":"Metering Non Network IT and Communications"},"Dollars","Real $2018","End_Year",{"$f":"Metering!H13","v":0},{"$f":"Metering!I13","v":0},{"$f":"Metering!J13","v":0.106435},{"$f":"Metering!K13","v":0},{"$f":"Metering!L13","v":0},{"$f":"Metering!M13","v":0},{"$f":"Metering!N13","v":0}]
[null,null,6,{"$f":"'Metering total'!$D$16","v":"Fleet leases"},"Dollars","Real $2018","End_Year",{"$f":"Metering!H14","v":0},{"$f":"Metering!I14","v":0},{"$f":"Metering!J14","v":0.37864999999999999},{"$f":"Metering!K14","v":7.4759999999999993E-2},{"$f":"Metering!L14","v":3.0936000000000002E-2},{"$f":"Metering!M14","v":0.15281500000000001},{"$f":"Metering!N14","v":9.4103999999999993E-2}]
[]
[null,null,null,"Total","Dollars","Real $2018","End_Year",{"$f":"SUM(H21:H27)","v":1.9884166294795456},{"$f":"SUM(I21:I27)","v":4.1888088281297771},6.0243253964158194,3.1995740249184692,3.2140107787659553,6.6674657011017349,3.0608298033487471]
[]
[null,null,null,{"$f":"Escalation!D52","v":"Applied Escalation Profile"},{"$f":"Escalation!E52","v":"Factor"},{"$f":"Escalation!F52","v":"N/A"},{"$f":"Escalation!G52","v":"N/A"},{"$f":"Escalation!H52","v":1.0023880000000001},{"$f":"Escalation!I52","v":1.006583716},{"$f":"Escalation!J52","v":1.0051954734532},{"$f":"Escalation!K52","v":1.0039308629589483},{"$f":"Escalation!L52","v":1.0056735624615292},{"$f":"Escalation!M52","v":1.0088677323425752},{"$f":"Escalation!N52","v":1.0123817651901623},null,"Note: Sourced from the 'Escalation' sheet"]
[]
[null,"End"]

{"sheet":"Metering | Capitalised OH","index":19,"n_rows":38,"n_cols":16,"rows_kept":38,"cut":false,"hidden":false,"merged":[]}
[null,"Capitalised Overheads Forecast - Metering"]
[]
[null,{"$f":"B1","v":"Capitalised Overheads Forecast - Metering"}]
[]
[null,null,"Escalated Capitalised Overheads"]
[]
[null,null,"Ref.","Regulatory Asset Class","Unit","Basis","Timing","RY18","RY19","RY20","RY21","RY22","RY23","RY24",null,"Total FY20 to FY24"]
[null,null,{"$f":"N(C7)+1","v":1},{"$f":"'Metering total'!$D$10","v":"Mechanical Meters"},"Dollars","Real $2018","End_Year",0,0,{"$f":"IF(OR($P28=\"No\",SUMIF($P$28:$P$34,\"Yes\",J$28:J$34)=0),0,J28/SUMIF($P$28:$P$34,\"Yes\",J$28:J$34))*J$23","v":0},0,0,0,0,null,{"$f":"SUM(J8:N8)","v":0}]
[null,null,{"$f":"N(C8)+1","v":2},{"$f":"'Metering total'!$D$11","v":"Electronic Meters"},"Dollars","Real $2018","End_Year",0,0,{"$f":"IF(OR($P29=\"No\",SUMIF($P$28:$P$34,\"Yes\",J$28:J$34)=0),0,J29/SUMIF($P$28:$P$34,\"Yes\",J$28:J$34))*J$23","v":0.18730230432916714},0.36122753945310571,0.36985456585617565,0.16472598958433404,0.36634030853319077,null,1.4494507077559735]
[null,null,3,{"$f":"'Metering total'!$D$12","v":"Metering Communications"},"Dollars","Real $2018","End_Year",0,0,{"$f":"IF(OR($P30=\"No\",SUMIF($P$28:$P$34,\"Yes\",J$28:J$34)=0),0,J30/SUMIF($P$28:$P$34,\"Yes\",J$28:J$34))*J$23","v":0.17470101460242216},1.9480811879846929E-2,1.9933942099667094E-2,0.22961681725562494,1.9922589191405569E-2,null,0.46365517502896669]
[null,null,4,{"$f":"'Metering total'!$D$13","v":"Metering Dedicated CTs and VTs"},"Dollars","Real $2018","End_Year",0,0,{"$f":"IF(OR($P31=\"No\",SUMIF($P$28:$P$34,\"Yes\",J$28:J$34)=0),0,J31/SUMIF($P$28:$P$34,\"Yes\",J$28:J$34))*J$23","v":7.1383807082774781E-3},1.3527026417424813E-2,1.3603502458434665E-2,6.6148789527401162E-3,1.4535382016091319E-2,null,5.5419170552968397E-2]
[null,null,5,{"$f":"'Metering total'!$D$14","v":"Metering Non Network Other"},"Dollars","Real $2018","End_Year",0,0,{"$f":"IF(OR($P32=\"No\",SUMIF($P$28:$P$34,\"Yes\",J$28:J$34)=0),0,J32/SUMIF($P$28:$P$34,\"Yes\",J$28:J$34))*J$23","v":0},0,0,0,0,null,0]
[null,null,6,{"$f":"'Metering total'!$D$15","v":"Metering Non Network IT and Communications"},"Dollars","Real $2018","End_Year",0,0,{"$f":"IF(OR($P33=\"No\",SUMIF($P$28:$P$34,\"Yes\",J$28:J$34)=0),0,J33/SUMIF($P$28:$P$34,\"Yes\",J$28:J$34))*J$23","v":7.0929575157257421E-3},0,0,0,0,null,7.0929575157257421E-3]
[null,null,7,{"$f":"'Metering total'!$D$16","v":"Fleet leases"},"Dollars","Real $2018","End_Year",0,0,{"$f":"IF(OR($P34=\"No\",SUMIF($P$28:$P$34,\"Yes\",J$28:J$34)=0),0,J34/SUMIF($P$28:$P$34,\"Yes\",J$28:J$34))*J$23","v":2.5233695338277375E-2},{"$f":"IF(OR($P34=\"No\",SUMIF($P$28:$P$34,\"Yes\",K$28:K$34)=0),0,K34/SUMIF($P$28:$P$34,\"Yes\",K$28:K$34))*K$23","v":9.4319331024467004E-3},3.9205284517425613E-3,9.4053160431224886E-3,1.2713248145192325E-2,null,{"$f":"SUM(J14:N14)","v":6.0704721080781447E-2}]
[]
[null,null,null,"Total",{"$f":"E8","v":"Dollars"},"Real $2018","End_Year",{"$f":"SUM(H8:H14)","v":0},{"$f":"SUM(I8:I14)","v":0},0.40146835249386992,0.40366731085282415,0.40731253886601998,0.41036300183582158,0.41351152788587997,null,2.0363227319344155]
[]
[null,"Capitalised Overheads to be allocated"]
[]
[null,null,"Ref.","Regulatory Asset Class","Unit","Basis","Timing","RY18","RY19","RY20","RY21","RY22","RY23","RY24"]
[null,null,{"$f":"N(C20)+1","v":1},"Direct Unescalated Capitalised Overheads","Dollars","Real $2018","End_Year",0.39705837864547472,"N/A","N/A","N/A","N/A","N/A","N/A",null,"Note: Sourced from SCS Opex Model and the DAE LPI values for RY18 and RY19 from its Feb 2017 report for SA (Table 7.1)"]
[null,null,{"$f":"N(C21)+1","v":2},{"$f":"'Capitalised OH'!D31","v":"Overall Rate of Change"},{"$f":"'Capitalised OH'!E31","v":"Percent"},{"$f":"'Capitalised OH'!F31","v":"N/A"},{"$f":"'Capitalised OH'!G31","v":"N/A"},{"$f":"'Capitalised OH'!H31","v":"N/A"},{"$f":"'Capitalised OH'!I31","v":6.79114234392193E-3},{"$f":"'Capitalised OH'!J31","v":4.2863616119865888E-3},{"$f":"'Capitalised OH'!K31","v":5.4772894184427212E-3},{"$f":"'Capitalised OH'!L31","v":9.0302779422355428E-3},{"$f":"'Capitalised OH'!M31","v":7.4892439557452395E-3},{"$f":"'Capitalised OH'!N31","v":7.6725387911995568E-3}]
[null,null,3,"Total Capitalised Overheads","Dollars","Real $2018","End_Year",{"$f":"H21","v":0.39705837864547472},{"$f":"H23*(1+I22)","v":0.39975485861370302},{"$f":"I23*(1+J22)","v":0.40146835249386992},0.4036673108528242,0.40731253886601998,0.41036300183582158,0.41351152788588003]
[]
[null,"Share of Direct Costs"]
[]
[null,null,"Ref.","Regulatory Asset Class","Unit","Basis","Timing","RY18","RY19","RY20","RY21","RY22","RY23","RY24",null,"Allocated OH?"]
[null,null,1,{"$f":"'Metering total'!$D$10","v":"Mechanical Meters"},"Dollars","Real $2018","End_Year",{"$f":"IF('Metering | Escalation'!H$29=0,0,'Metering | Escalation'!H21/'Metering | Escalation'!H$29)","v":0},{"$f":"IF('Metering | Escalation'!I$29=0,0,'Metering | Escalation'!I21/'Metering | Escalation'!I$29)","v":0},{"$f":"IF('Metering | Escalation'!J$29=0,0,'Metering | Escalation'!J21/'Metering | Escalation'!J$29)","v":0},{"$f":"IF('Metering | Escalation'!K$29=0,0,'Metering | Escalation'!K21/'Metering | Escalation'!K$29)","v":0},{"$f":"IF('Metering | Escalation'!L$29=0,0,'Metering | Escalation'!L21/'Metering | Escalation'!L$29)","v":0},{"$f":"IF('Metering | Escalation'!M$29=0,0,'Metering | Escalation'!M21/'Metering | Escalation'!M$29)","v":0},{"$f":"IF('Metering | Escalation'!N$29=0,0,'Metering | Escalation'!N21/'Metering | Escalation'!N$29)","v":0},null,"Yes"]
[null,null,2,{"$f":"'Metering total'!$D$11","v":"Electronic Meters"},"Dollars","Real $2018","End_Year",{"$f":"IF('Metering | Escalation'!H$29=0,0,'Metering | Escalation'!H22/'Metering | Escalation'!H$29)","v":0.94621851456352446},{"$f":"IF('Metering | Escalation'!I$29=0,0,'Metering | Escalation'!I22/'Metering | Escalation'!I$29)","v":0.97444974538459805},{"$f":"IF('Metering | Escalation'!J$29=0,0,'Metering | Escalation'!J22/'Metering | Escalation'!J$29)","v":0.46654313637841999},{"$f":"IF('Metering | Escalation'!K$29=0,0,'Metering | Escalation'!K22/'Metering | Escalation'!K$29)","v":0.8948644830564646},{"$f":"IF('Metering | Escalation'!L$29=0,0,'Metering | Escalation'!L22/'Metering | Escalation'!L$29)","v":0.90803628802066993},{"$f":"IF('Metering | Escalation'!M$29=0,0,'Metering | Escalation'!M22/'Metering | Escalation'!M$29)","v":0.40141530510159823},{"$f":"IF('Metering | Escalation'!N$29=0,0,'Metering | Escalation'!N22/'Metering | Escalation'!N$29)","v":0.88592526163936247},null,"Yes"]
[null,null,3,{"$f":"'Metering total'!$D$12","v":"Metering Communications"},"Dollars","Real $2018","End_Year",{"$f":"IF('Metering | Escalation'!H$29=0,0,'Metering | Escalation'!H23/'Metering | Escalation'!H$29)","v":0},{"$f":"IF('Metering | Escalation'!I$29=0,0,'Metering | Escalation'!I23/'Metering | Escalation'!I$29)","v":0},{"$f":"IF('Metering | Escalation'!J$29=0,0,'Metering | Escalation'!J23/'Metering | Escalation'!J$29)","v":0.43515513369161446},{"$f":"IF('Metering | Escalation'!K$29=0,0,'Metering | Escalation'!K23/'Metering | Escalation'!K$29)","v":4.82595725640751E-2},{"$f":"IF('Metering | Escalation'!L$29=0,0,'Metering | Escalation'!L23/'Metering | Escalation'!L$29)","v":4.8940163136554207E-2},{"$f":"IF('Metering | Escalation'!M$29=0,0,'Metering | Escalation'!M23/'Metering | Escalation'!M$29)","v":0.55954561261224578},{"$f":"IF('Metering | Escalation'!N$29=0,0,'Metering | Escalation'!N23/'Metering | Escalation'!N$29)","v":4.8179041811148154E-2},null,"Yes"]
[null,null,4,{"$f":"'Metering total'!$D$13","v":"Metering Dedicated CTs and VTs"},"Dollars","Real $2018","End_Year",{"$f":"IF('Metering | Escalation'!H$29=0,0,'Metering | Escalation'!H24/'Metering | Escalation'!H$29)","v":5.3781485436475554E-2},{"$f":"IF('Metering | Escalation'!I$29=0,0,'Metering | Escalation'!I24/'Metering | Escalation'!I$29)","v":2.5550254615401974E-2},{"$f":"IF('Metering | Escalation'!J$29=0,0,'Metering | Escalation'!J24/'Metering | Escalation'!J$29)","v":1.778068100246202E-2},{"$f":"IF('Metering | Escalation'!K$29=0,0,'Metering | Escalation'!K24/'Metering | Escalation'!K$29)","v":3.3510334014528916E-2},{"$f":"IF('Metering | Escalation'!L$29=0,0,'Metering | Escalation'!L24/'Metering | Escalation'!L$29)","v":3.339819219979711E-2},{"$f":"IF('Metering | Escalation'!M$29=0,0,'Metering | Escalation'!M24/'Metering | Escalation'!M$29)","v":1.6119579306973202E-2},{"$f":"IF('Metering | Escalation'!N$29=0,0,'Metering | Escalation'!N24/'Metering | Escalation'!N$29)","v":3.5151092619847737E-2},null,"Yes"]
[null,null,5,{"$f":"'Metering total'!$D$14","v":"Metering Non Network Other"},"Dollars","Real $2018","End_Year",{"$f":"IF('Metering | Escalation'!H$29=0,0,'Metering | Escalation'!H25/'Metering | Escalation'!H$29)","v":0},{"$f":"IF('Metering | Escalation'!I$29=0,0,'Metering | Escalation'!I25/'Metering | Escalation'!I$29)","v":0},{"$f":"IF('Metering | Escalation'!J$29=0,0,'Metering | Escalation'!J25/'Metering | Escalation'!J$29)","v":0},{"$f":"IF('Metering | Escalation'!K$29=0,0,'Metering | Escalation'!K25/'Metering | Escalation'!K$29)","v":0},{"$f":"IF('Metering | Escalation'!L$29=0,0,'Metering | Escalation'!L25/'Metering | Escalation'!L$29)","v":0},{"$f":"IF('Metering | Escalation'!M$29=0,0,'Metering | Escalation'!M25/'Metering | Escalation'!M$29)","v":0},{"$f":"IF('Metering | Escalation'!N$29=0,0,'Metering | Escalation'!N25/'Metering | Escalation'!N$29)","v":0},null,"Yes"]
[null,null,6,{"$f":"'Metering total'!$D$15","v":"Metering Non Network IT and Communications"},"Dollars","Real $2018","End_Year",{"$f":"IF('Metering | Escalation'!H$29=0,0,'Metering | Escalation'!H26/'Metering | Escalation'!H$29)","v":0},{"$f":"IF('Metering | Escalation'!I$29=0,0,'Metering | Escalation'!I26/'Metering | Escalation'!I$29)","v":0},{"$f":"IF('Metering | Escalation'!J$29=0,0,'Metering | Escalation'!J26/'Metering | Escalation'!J$29)","v":1.7667538354306633E-2},{"$f":"IF('Metering | Escalation'!K$29=0,0,'Metering | Escalation'!K26/'Metering | Escalation'!K$29)","v":0},{"$f":"IF('Metering | Escalation'!L$29=0,0,'Metering | Escalation'!L26/'Metering | Escalation'!L$29)","v":0},{"$f":"IF('Metering | Escalation'!M$29=0,0,'Metering | Escalation'!M26/'Metering | Escalation'!M$29)","v":0},{"$f":"IF('Metering | Escalation'!N$29=0,0,'Metering | Escalation'!N26/'Metering | Escalation'!N$29)","v":0},null,"Yes"]
[null,null,6,{"$f":"'Metering total'!$D$16","v":"Fleet leases"},"Dollars","Real $2018","End_Year",{"$f":"IF('Metering | Escalation'!H$29=0,0,'Metering | Escalation'!H27/'Metering | Escalation'!H$29)","v":0},{"$f":"IF('Metering | Escalation'!I$29=0,0,'Metering | Escalation'!I27/'Metering | Escalation'!I$29)","v":0},{"$f":"IF('Metering | Escalation'!J$29=0,0,'Metering | Escalation'!J27/'Metering | Escalation'!J$29)","v":6.2853510573196852E-2},{"$f":"IF('Metering | Escalation'!K$29=0,0,'Metering | Escalation'!K27/'Metering | Escalation'!K$29)","v":2.3365610364931316E-2},{"$f":"IF('Metering | Escalation'!L$29=0,0,'Metering | Escalation'!L27/'Metering | Escalation'!L$29)","v":9.625356642978691E-3},{"$f":"IF('Metering | Escalation'!M$29=0,0,'Metering | Escalation'!M27/'Metering | Escalation'!M$29)","v":2.291950297918275E-2},{"$f":"IF('Metering | Escalation'!N$29=0,0,'Metering | Escalation'!N27/'Metering | Escalation'!N$29)","v":3.0744603929641592E-2},null,"Yes"]
[]
[null,null,null,"Total","Dollars","Real $2018","End_Year",{"$f":"SUM(H28:H34)","v":1},{"$f":"SUM(I28:I34)","v":1},1,1,1,1,1]
[]
[null,"End"]

{"sheet":"Repex -->","index":20,"n_rows":8,"n_cols":2,"rows_kept":8,"cut":false,"hidden":false,"merged":[]}
[]
[]
[]
[]
[]
[]
[]
[null,"Repex "]

{"sheet":"BNI 1","index":21,"n_rows":34,"n_cols":16,"rows_kept":34,"cut":false,"hidden":false,"merged":[[6,4,6,9],[7,4,7,9],[9,4,9,9]]}
[null,{"$f":"MID(CELL(\"filename\",A1),FIND(\"]\",CELL(\"filename\",A1))+1,255)&\" Capital Expenditure\"","v":"BNI 1 Capital Expenditure"},null,null,null,null,"COMMERCIAL IN CONFIDENCE"]
[]
[null,"Direct Capex Forecasts"]
[]
[null,null,"BNI Description"]
[]
[null,null,null,"Requirement","Description"]
[null,null,null,"Expenditure category","Distribution Lines"]
[null,null,null,"Project / program number","PRA34420"]
[null,null,null,"Project / program description","Alice Springs Corroded Poles"]
[]
[null,null,"Direct Costs (Excluding Capitalised Overheads and Cost Escalation)"]
[]
[null,null,"Ref.","Regulatory Asset Class","Unit","Basis","Timing","RY18","RY19","RY20","RY21","RY22","RY23","RY24",null,"Total FY20 to FY24"]
[null,null,{"$f":"N(C14)+1","v":1},"Substations","Dollars","Real $2018","End_Year","c-i-c","c-i-c","c-i-c","c-i-c","c-i-c","c-i-c","c-i-c",null,{"$f":"SUM(J15:N15)","v":0}]
[null,null,{"$f":"N(C15)+1","v":2},"Distribution Lines","Dollars","Real $2018","End_Year","c-i-c","c-i-c","c-i-c","c-i-c","c-i-c","c-i-c","c-i-c",null,0]
[null,null,3,"Transmission Lines","Dollars","Real $2018","End_Year","c-i-c","c-i-c","c-i-c","c-i-c","c-i-c","c-i-c","c-i-c",null,0]
[null,null,4,"LV Services","Dollars","Real $2018","End_Year","c-i-c","c-i-c","c-i-c","c-i-c","c-i-c","c-i-c","c-i-c",null,0]
[null,null,5,"Distribution Substations","Dollars","Real $2018","End_Year","c-i-c","c-i-c","c-i-c","c-i-c","c-i-c","c-i-c","c-i-c",null,0]
[null,null,6,"Distribution Switchgear","Dollars","Real $2018","End_Year","c-i-c","c-i-c","c-i-c","c-i-c","c-i-c","c-i-c","c-i-c",null,0]
[null,null,7,"Protection","Dollars","Real $2018","End_Year","c-i-c","c-i-c","c-i-c","c-i-c","c-i-c","c-i-c","c-i-c",null,0]
[null,null,8,"SCADA","Dollars","Real $2018","End_Year","c-i-c","c-i-c","c-i-c","c-i-c","c-i-c","c-i-c","c-i-c",null,0]
[null,null,9,"Communications","Dollars","Real $2018","End_Year","c-i-c","c-i-c","c-i-c","c-i-c","c-i-c","c-i-c","c-i-c",null,0]
[null,null,10,"Land and Easements","Dollars","Real $2018","End_Year","c-i-c","c-i-c","c-i-c","c-i-c","c-i-c","c-i-c","c-i-c",null,0]
[null,null,11,"Property","Dollars","Real $2018","End_Year","c-i-c","c-i-c","c-i-c","c-i-c","c-i-c","c-i-c","c-i-c",null,0]
[null,null,12,"IT and Communications","Dollars","Real $2018","End_Year","c-i-c","c-i-c","c-i-c","c-i-c","c-i-c","c-i-c","c-i-c",null,0]
[null,null,13,"Motor Vehicles","Dollars","Real $2018","End_Year","c-i-c","c-i-c","c-i-c","c-i-c","c-i-c","c-i-c","c-i-c",null,0]
[null,null,14,"Plant and Equipment","Dollars","Real $2018","End_Year","c-i-c","c-i-c","c-i-c","c-i-c","c-i-c","c-i-c","c-i-c",null,0]
[null,null,15,"Property Leases","Dollars","Real $2018","End_Year","c-i-c","c-i-c","c-i-c","c-i-c","c-i-c","c-i-c","c-i-c",null,{"$f":"SUM(J29:N29)","v":0}]
[null,null,16,"Fleet Leases","Dollars","Real $2018","End_Year","c-i-c","c-i-c","c-i-c","c-i-c","c-i-c","c-i-c","c-i-c",null,0]
[]
[null,null,null,null,{"$f":"E15","v":"Dollars"},"Real $2018","End_Year",{"$f":"SUM(H15:H30)","v":0},{"$f":"SUM(I15:I30)","v":0},0,0,0,0,0,null,0]
[]
[null,"End"]

{"sheet":"BNI 2","index":22,"n_rows":34,"n_cols":16,"rows_kept":34,"cut":false,"hidden":false,"merged":[[6,4,6,9],[7,4,7,9],[9,4,9,9]]}
[null,{"$f":"MID(CELL(\"filename\",A1),FIND(\"]\",CELL(\"filename\",A1))+1,255)&\" Capital Expenditure\"","v":"BNI 2 Capital Expenditure"},null,null,null,null,"COMMERCIAL IN CONFIDENCE"]
[]
[null,"Direct Capex Forecasts"]
[]
[null,null,"BNI Description"]
[]
[null,null,null,"Requirement","Description"]
[null,null,null,"Expenditure category","Substations"]
[null,null,null,"Project / program number","PRD30402"]
[null,null,null,"Project / program description","Darwin - Replace Berrimah ZSS"]
[]
[null,null,"Direct Costs (Excluding Capitalised Overheads and Cost Escalation)"]
[]
[null,null,"Ref.","Regulatory Asset Class","Unit","Basis","Timing","RY18","RY19","RY20","RY21","RY22","RY23","RY24",null,"Total FY20 to FY24"]
[null,null,{"$f":"N(C14)+1","v":1},"Substations","Dollars","Real $2018","End_Year","c-i-c","c-i-c","c-i-c","c-i-c","c-i-c","c-i-c","c-i-c",null,{"$f":"SUM(J15:N15)","v":0}]
[null,null,{"$f":"N(C15)+1","v":2},"Distribution Lines","Dollars","Real $2018","End_Year","c-i-c","c-i-c","c-i-c","c-i-c","c-i-c","c-i-c","c-i-c",null,0]
[null,null,3,"Transmission Lines","Dollars","Real $2018","End_Year","c-i-c","c-i-c","c-i-c","c-i-c","c-i-c","c-i-c","c-i-c",null,0]
[null,null,4,"LV Services","Dollars","Real $2018","End_Year","c-i-c","c-i-c","c-i-c","c-i-c","c-i-c","c-i-c","c-i-c",null,0]
[null,null,5,"Distribution Substations","Dollars","Real $2018","End_Year","c-i-c","c-i-c","c-i-c","c-i-c","c-i-c","c-i-c","c-i-c",null,0]
[null,null,6,"Distribution Switchgear","Dollars","Real $2018","End_Year","c-i-c","c-i-c","c-i-c","c-i-c","c-i-c","c-i-c","c-i-c",null,0]
[null,null,7,"Protection","Dollars","Real $2018","End_Year","c-i-c","c-i-c","c-i-c","c-i-c","c-i-c","c-i-c","c-i-c",null,0]
[null,null,8,"SCADA","Dollars","Real $2018","End_Year","c-i-c","c-i-c","c-i-c","c-i-c","c-i-c","c-i-c","c-i-c",null,0]
[null,null,9,"Communications","Dollars","Real $2018","End_Year","c-i-c","c-i-c","c-i-c","c-i-c","c-i-c","c-i-c","c-i-c",null,0]
[null,null,10,"Land and Easements","Dollars","Real $2018","End_Year","c-i-c","c-i-c","c-i-c","c-i-c","c-i-c","c-i-c","c-i-c",null,0]
[null,null,11,"Property","Dollars","Real $2018","End_Year","c-i-c","c-i-c","c-i-c","c-i-c","c-i-c","c-i-c","c-i-c",null,0]
[null,null,12,"IT and Communications","Dollars","Real $2018","End_Year","c-i-c","c-i-c","c-i-c","c-i-c","c-i-c","c-i-c","c-i-c",null,0]
[null,null,13,"Motor Vehicles","Dollars","Real $2018","End_Year","c-i-c","c-i-c","c-i-c","c-i-c","c-i-c","c-i-c","c-i-c",null,0]
[null,null,14,"Plant and Equipment","Dollars","Real $2018","End_Year","c-i-c","c-i-c","c-i-c","c-i-c","c-i-c","c-i-c","c-i-c",null,0]
[null,null,15,"Property Leases","Dollars","Real $2018","End_Year","c-i-c","c-i-c","c-i-c","c-i-c","c-i-c","c-i-c","c-i-c",null,{"$f":"SUM(J29:N29)","v":0}]
[null,null,16,"Fleet Leases","Dollars","Real $2018","End_Year","c-i-c","c-i-c","c-i-c","c-i-c","c-i-c","c-i-c","c-i-c",null,0]
[]
[null,null,null,null,{"$f":"E15","v":"Dollars"},"Real $2018","End_Year",{"$f":"SUM(H15:H30)","v":0},{"$f":"SUM(I15:I30)","v":0},0,0,0,0,0,null,0]
[]
[null,"End"]

{"sheet":"BNI 3","index":23,"n_rows":34,"n_cols":16,"rows_kept":34,"cut":false,"hidden":false,"merged":[[6,4,6,9],[7,4,7,9],[9,4,9,9]]}
[null,{"$f":"MID(CELL(\"filename\",A1),FIND(\"]\",CELL(\"filename\",A1))+1,255)&\" Capital Expenditure\"","v":"BNI 3 Capital Expenditure"},null,null,null,null,"COMMERCIAL IN CONFIDENCE"]
[]
[null,"Direct Capex Forecasts"]
[]
[null,null,"BNI Description"]
[]
[null,null,null,"Requirement","Description"]
[null,null,null,"Expenditure category","Protection and SCADA"]
[null,null,null,"Project / program number","PRD32117"]
[null,null,null,"Project / program description","Darwin - Upgrade DKTL Secondary Systems"]
[]
[null,null,"Direct Costs (Excluding Capitalised Overheads and Cost Escalation)"]
[]
[null,null,"Ref.","Regulatory Asset Class","Unit","Basis","Timing","RY18","RY19","RY20","RY21","RY22","RY23","RY24",null,"Total FY20 to FY24"]
[null,null,{"$f":"N(C14)+1","v":1},"Substations","Dollars","Real $2018","End_Year","c-i-c","c-i-c","c-i-c","c-i-c","c-i-c","c-i-c","c-i-c",null,{"$f":"SUM(J15:N15)","v":0}]
[null,null,{"$f":"N(C15)+1","v":2},"Distribution Lines","Dollars","Real $2018","End_Year","c-i-c","c-i-c","c-i-c","c-i-c","c-i-c","c-i-c","c-i-c",null,0]
[null,null,3,"Transmission Lines","Dollars","Real $2018","End_Year","c-i-c","c-i-c","c-i-c","c-i-c","c-i-c","c-i-c","c-i-c",null,0]
[null,null,4,"LV Services","Dollars","Real $2018","End_Year","c-i-c","c-i-c","c-i-c","c-i-c","c-i-c","c-i-c","c-i-c",null,0]
[null,null,5,"Distribution Substations","Dollars","Real $2018","End_Year","c-i-c","c-i-c","c-i-c","c-i-c","c-i-c","c-i-c","c-i-c",null,0]
[null,null,6,"Distribution Switchgear","Dollars","Real $2018","End_Year","c-i-c","c-i-c","c-i-c","c-i-c","c-i-c","c-i-c","c-i-c",null,0]
[null,null,7,"Protection","Dollars","Real $2018","End_Year","c-i-c","c-i-c","c-i-c","c-i-c","c-i-c","c-i-c","c-i-c",null,0]
[null,null,8,"SCADA","Dollars","Real $2018","End_Year","c-i-c","c-i-c","c-i-c","c-i-c","c-i-c","c-i-c","c-i-c",null,0]
[null,null,9,"Communications","Dollars","Real $2018","End_Year","c-i-c","c-i-c","c-i-c","c-i-c","c-i-c","c-i-c","c-i-c",null,0]
[null,null,10,"Land and Easements","Dollars","Real $2018","End_Year","c-i-c","c-i-c","c-i-c","c-i-c","c-i-c","c-i-c","c-i-c",null,0]
[null,null,11,"Property","Dollars","Real $2018","End_Year","c-i-c","c-i-c","c-i-c","c-i-c","c-i-c","c-i-c","c-i-c",null,0]
[null,null,12,"IT and Communications","Dollars","Real $2018","End_Year","c-i-c","c-i-c","c-i-c","c-i-c","c-i-c","c-i-c","c-i-c",null,0]
[null,null,13,"Motor Vehicles","Dollars","Real $2018","End_Year","c-i-c","c-i-c","c-i-c","c-i-c","c-i-c","c-i-c","c-i-c",null,0]
[null,null,14,"Plant and Equipment","Dollars","Real $2018","End_Year","c-i-c","c-i-c","c-i-c","c-i-c","c-i-c","c-i-c","c-i-c",null,0]
[null,null,15,"Property Leases","Dollars","Real $2018","End_Year","c-i-c","c-i-c","c-i-c","c-i-c","c-i-c","c-i-c","c-i-c",null,{"$f":"SUM(J29:N29)","v":0}]
[null,null,16,"Fleet Leases","Dollars","Real $2018","End_Year","c-i-c","c-i-c","c-i-c","c-i-c","c-i-c","c-i-c","c-i-c",null,0]
[]
[null,null,null,null,{"$f":"E15","v":"Dollars"},"Real $2018","End_Year",{"$f":"SUM(H15:H30)","v":0},{"$f":"SUM(I15:I30)","v":0},0,0,0,0,0,null,0]
[]
[null,"End"]

{"sheet":"BNI 4","index":24,"n_rows":34,"n_cols":16,"rows_kept":34,"cut":false,"hidden":false,"merged":[[6,4,6,9],[7,4,7,9],[9,4,9,9]]}
[null,{"$f":"MID(CELL(\"filename\",A1),FIND(\"]\",CELL(\"filename\",A1))+1,255)&\" Capital Expenditure\"","v":"BNI 4 Capital Expenditure"},null,null,null,null,"COMMERCIAL IN CONFIDENCE"]
[]
[null,"Direct Capex Forecasts"]
[]
[null,null,"BNI Description"]
[]
[null,null,null,"Requirement","Description"]
[null,null,null,"Expenditure category","Substations"]
[null,null,null,"Project / program number","PRD33003"]
[null,null,null,"Project / program description","Darwin - Replace Cosmo Howley Transformers"]
[]
[null,null,"Direct Costs (Excluding Capitalised Overheads and Cost Escalation)"]
[]
[null,null,"Ref.","Regulatory Asset Class","Unit","Basis","Timing","RY18","RY19","RY20","RY21","RY22","RY23","RY24",null,"Total FY20 to FY24"]
[null,null,{"$f":"N(C14)+1","v":1},"Substations","Dollars","Real $2018","End_Year","c-i-c","c-i-c","c-i-c","c-i-c","c-i-c","c-i-c","c-i-c",null,{"$f":"SUM(J15:N15)","v":0}]
[null,null,{"$f":"N(C15)+1","v":2},"Distribution Lines","Dollars","Real $2018","End_Year","c-i-c","c-i-c","c-i-c","c-i-c","c-i-c","c-i-c","c-i-c",null,0]
[null,null,3,"Transmission Lines","Dollars","Real $2018","End_Year","c-i-c","c-i-c","c-i-c","c-i-c","c-i-c","c-i-c","c-i-c",null,0]
[null,null,4,"LV Services","Dollars","Real $2018","End_Year","c-i-c","c-i-c","c-i-c","c-i-c","c-i-c","c-i-c","c-i-c",null,0]
[null,null,5,"Distribution Substations","Dollars","Real $2018","End_Year","c-i-c","c-i-c","c-i-c","c-i-c","c-i-c","c-i-c","c-i-c",null,0]
[null,null,6,"Distribution Switchgear","Dollars","Real $2018","End_Year","c-i-c","c-i-c","c-i-c","c-i-c","c-i-c","c-i-c","c-i-c",null,0]
[null,null,7,"Protection","Dollars","Real $2018","End_Year","c-i-c","c-i-c","c-i-c","c-i-c","c-i-c","c-i-c","c-i-c",null,0]
[null,null,8,"SCADA","Dollars","Real $2018","End_Year","c-i-c","c-i-c","c-i-c","c-i-c","c-i-c","c-i-c","c-i-c",null,0]
[null,null,9,"Communications","Dollars","Real $2018","End_Year","c-i-c","c-i-c","c-i-c","c-i-c","c-i-c","c-i-c","c-i-c",null,0]
[null,null,10,"Land and Easements","Dollars","Real $2018","End_Year","c-i-c","c-i-c","c-i-c","c-i-c","c-i-c","c-i-c","c-i-c",null,0]
[null,null,11,"Property","Dollars","Real $2018","End_Year","c-i-c","c-i-c","c-i-c","c-i-c","c-i-c","c-i-c","c-i-c",null,0]
[null,null,12,"IT and Communications","Dollars","Real $2018","End_Year","c-i-c","c-i-c","c-i-c","c-i-c","c-i-c","c-i-c","c-i-c",null,0]
[null,null,13,"Motor Vehicles","Dollars","Real $2018","End_Year","c-i-c","c-i-c","c-i-c","c-i-c","c-i-c","c-i-c","c-i-c",null,0]
[null,null,14,"Plant and Equipment","Dollars","Real $2018","End_Year","c-i-c","c-i-c","c-i-c","c-i-c","c-i-c","c-i-c","c-i-c",null,0]
[null,null,15,"Property Leases","Dollars","Real $2018","End_Year","c-i-c","c-i-c","c-i-c","c-i-c","c-i-c","c-i-c","c-i-c",null,{"$f":"SUM(J29:N29)","v":0}]
[null,null,16,"Fleet Leases","Dollars","Real $2018","End_Year","c-i-c","c-i-c","c-i-c","c-i-c","c-i-c","c-i-c","c-i-c",null,0]
[]
[null,null,null,null,{"$f":"E15","v":"Dollars"},"Real $2018","End_Year",{"$f":"SUM(H15:H30)","v":0},{"$f":"SUM(I15:I30)","v":0},0,0,0,0,0,null,0]
[]
[null,"End"]

{"sheet":"BNI 5","index":25,"n_rows":34,"n_cols":16,"rows_kept":34,"cut":false,"hidden":false,"merged":[[6,4,6,9],[7,4,7,9],[9,4,9,9]]}
[null,{"$f":"MID(CELL(\"filename\",A1),FIND(\"]\",CELL(\"filename\",A1))+1,255)&\" Capital Expenditure\"","v":"BNI 5 Capital Expenditure"},null,null,null,null,"COMMERCIAL IN CONFIDENCE"]
[]
[null,"Direct Capex Forecasts"]
[]
[null,null,"BNI Description"]
[]
[null,null,null,"Requirement","Description"]
[null,null,null,"Expenditure category","Distribution Lines"]
[null,null,null,"Project / program number","PRD33006"]
[null,null,null,"Project / program description","Darwin - Replace Port Feeder"]
[]
[null,null,"Direct Costs (Excluding Capitalised Overheads and Cost Escalation)"]
[]
[null,null,"Ref.","Regulatory Asset Class","Unit","Basis","Timing","RY18","RY19","RY20","RY21","RY22","RY23","RY24",null,"Total FY20 to FY24"]
[null,null,{"$f":"N(C14)+1","v":1},"Substations","Dollars","Real $2018","End_Year","c-i-c","c-i-c","c-i-c","c-i-c","c-i-c","c-i-c","c-i-c",null,{"$f":"SUM(J15:N15)","v":0}]
[null,null,{"$f":"N(C15)+1","v":2},"Distribution Lines","Dollars","Real $2018","End_Year","c-i-c","c-i-c","c-i-c","c-i-c","c-i-c","c-i-c","c-i-c",null,0]
[null,null,3,"Transmission Lines","Dollars","Real $2018","End_Year","c-i-c","c-i-c","c-i-c","c-i-c","c-i-c","c-i-c","c-i-c",null,0]
[null,null,4,"LV Services","Dollars","Real $2018","End_Year","c-i-c","c-i-c","c-i-c","c-i-c","c-i-c","c-i-c","c-i-c",null,0]
[null,null,5,"Distribution Substations","Dollars","Real $2018","End_Year","c-i-c","c-i-c","c-i-c","c-i-c","c-i-c","c-i-c","c-i-c",null,0]
[null,null,6,"Distribution Switchgear","Dollars","Real $2018","End_Year","c-i-c","c-i-c","c-i-c","c-i-c","c-i-c","c-i-c","c-i-c",null,0]
[null,null,7,"Protection","Dollars","Real $2018","End_Year","c-i-c","c-i-c","c-i-c","c-i-c","c-i-c","c-i-c","c-i-c",null,0]
[null,null,8,"SCADA","Dollars","Real $2018","End_Year","c-i-c","c-i-c","c-i-c","c-i-c","c-i-c","c-i-c","c-i-c",null,0]
[null,null,9,"Communications","Dollars","Real $2018","End_Year","c-i-c","c-i-c","c-i-c","c-i-c","c-i-c","c-i-c","c-i-c",null,0]
[null,null,10,"Land and Easements","Dollars","Real $2018","End_Year","c-i-c","c-i-c","c-i-c","c-i-c","c-i-c","c-i-c","c-i-c",null,0]
[null,null,11,"Property","Dollars","Real $2018","End_Year","c-i-c","c-i-c","c-i-c","c-i-c","c-i-c","c-i-c","c-i-c",null,0]
[null,null,12,"IT and Communications","Dollars","Real $2018","End_Year","c-i-c","c-i-c","c-i-c","c-i-c","c-i-c","c-i-c","c-i-c",null,0]
[null,null,13,"Motor Vehicles","Dollars","Real $2018","End_Year","c-i-c","c-i-c","c-i-c","c-i-c","c-i-c","c-i-c","c-i-c",null,0]
[null,null,14,"Plant and Equipment","Dollars","Real $2018","End_Year","c-i-c","c-i-c","c-i-c","c-i-c","c-i-c","c-i-c","c-i-c",null,0]
[null,null,15,"Property Leases","Dollars","Real $2018","End_Year","c-i-c","c-i-c","c-i-c","c-i-c","c-i-c","c-i-c","c-i-c",null,{"$f":"SUM(J29:N29)","v":0}]
[null,null,16,"Fleet Leases","Dollars","Real $2018","End_Year","c-i-c","c-i-c","c-i-c","c-i-c","c-i-c","c-i-c","c-i-c",null,0]
[]
[null,null,null,null,{"$f":"E15","v":"Dollars"},"Real $2018","End_Year",{"$f":"SUM(H15:H30)","v":0},{"$f":"SUM(I15:I30)","v":0},0,0,0,0,0,null,0]
[]
[null,"End"]

{"sheet":"BNI 6","index":26,"n_rows":34,"n_cols":16,"rows_kept":34,"cut":false,"hidden":false,"merged":[[6,4,6,9],[7,4,7,9],[9,4,9,9]]}
[null,{"$f":"MID(CELL(\"filename\",A1),FIND(\"]\",CELL(\"filename\",A1))+1,255)&\" Capital Expenditure\"","v":"BNI 6 Capital Expenditure"},null,null,null,null,"COMMERCIAL IN CONFIDENCE"]
[]
[null,"Direct Capex Forecasts"]
[]
[null,null,"BNI Description"]
[]
[null,null,null,"Requirement","Description"]
[null,null,null,"Expenditure category"]
[null,null,null,"Project / program number"]
[null,null,null,"Project / program description","[deleted]"]
[]
[null,null,"Direct Costs (Excluding Capitalised Overheads and Cost Escalation)"]
[]
[null,null,"Ref.","Regulatory Asset Class","Unit","Basis","Timing","RY18","RY19","RY20","RY21","RY22","RY23","RY24",null,"Total FY20 to FY24"]
[null,null,{"$f":"N(C14)+1","v":1},"Substations","Dollars","Real $2018","End_Year","c-i-c","c-i-c","c-i-c","c-i-c","c-i-c","c-i-c","c-i-c",null,{"$f":"SUM(J15:N15)","v":0}]
[null,null,{"$f":"N(C15)+1","v":2},"Distribution Lines","Dollars","Real $2018","End_Year","c-i-c","c-i-c","c-i-c","c-i-c","c-i-c","c-i-c","c-i-c",null,0]
[null,null,3,"Transmission Lines","Dollars","Real $2018","End_Year","c-i-c","c-i-c","c-i-c","c-i-c","c-i-c","c-i-c","c-i-c",null,0]
[null,null,4,"LV Services","Dollars","Real $2018","End_Year","c-i-c","c-i-c","c-i-c","c-i-c","c-i-c","c-i-c","c-i-c",null,0]
[null,null,5,"Distribution Substations","Dollars","Real $2018","End_Year","c-i-c","c-i-c","c-i-c","c-i-c","c-i-c","c-i-c","c-i-c",null,0]
[null,null,6,"Distribution Switchgear","Dollars","Real $2018","End_Year","c-i-c","c-i-c","c-i-c","c-i-c","c-i-c","c-i-c","c-i-c",null,0]
[null,null,7,"Protection","Dollars","Real $2018","End_Year","c-i-c","c-i-c","c-i-c","c-i-c","c-i-c","c-i-c","c-i-c",null,0]
[null,null,8,"SCADA","Dollars","Real $2018","End_Year","c-i-c","c-i-c","c-i-c","c-i-c","c-i-c","c-i-c","c-i-c",null,0]
[null,null,9,"Communications","Dollars","Real $2018","End_Year","c-i-c","c-i-c","c-i-c","c-i-c","c-i-c","c-i-c","c-i-c",null,0]
[null,null,10,"Land and Easements","Dollars","Real $2018","End_Year","c-i-c","c-i-c","c-i-c","c-i-c","c-i-c","c-i-c","c-i-c",null,0]
[null,null,11,"Property","Dollars","Real $2018","End_Year","c-i-c","c-i-c","c-i-c","c-i-c","c-i-c","c-i-c","c-i-c",null,0]
[null,null,12,"IT and Communications","Dollars","Real $2018","End_Year","c-i-c","c-i-c","c-i-c","c-i-c","c-i-c","c-i-c","c-i-c",null,0]
[null,null,13,"Motor Vehicles","Dollars","Real $2018","End_Year","c-i-c","c-i-c","c-i-c","c-i-c","c-i-c","c-i-c","c-i-c",null,0]
[null,null,14,"Plant and Equipment","Dollars","Real $2018","End_Year","c-i-c","c-i-c","c-i-c","c-i-c","c-i-c","c-i-c","c-i-c",null,0]
[null,null,15,"Property Leases","Dollars","Real $2018","End_Year","c-i-c","c-i-c","c-i-c","c-i-c","c-i-c","c-i-c","c-i-c",null,{"$f":"SUM(J29:N29)","v":0}]
[null,null,16,"Fleet Leases","Dollars","Real $2018","End_Year","c-i-c","c-i-c","c-i-c","c-i-c","c-i-c","c-i-c","c-i-c",null,0]
[]
[null,null,null,null,{"$f":"E15","v":"Dollars"},"Real $2018","End_Year",{"$f":"SUM(H15:H30)","v":0},{"$f":"SUM(I15:I30)","v":0},0,0,0,0,0,null,0]
[]
[null,"End"]

{"sheet":"BNI 7","index":27,"n_rows":34,"n_cols":16,"rows_kept":34,"cut":false,"hidden":false,"merged":[[6,4,6,9],[7,4,7,9],[9,4,9,9]]}
[null,{"$f":"MID(CELL(\"filename\",A1),FIND(\"]\",CELL(\"filename\",A1))+1,255)&\" Capital Expenditure\"","v":"BNI 7 Capital Expenditure"},null,null,null,null,"COMMERCIAL IN CONFIDENCE"]
[]
[null,"Direct Capex Forecasts"]
[]
[null,null,"BNI Description"]
[]
[null,null,null,"Requirement","Description"]
[null,null,null,"Expenditure category","Substations"]
[null,null,null,"Project / program number","PRD33125"]
[null,null,null,"Project / program description","Darwin Replace 66/11kV Centreyard ZSS"]
[]
[null,null,"Direct Costs (Excluding Capitalised Overheads and Cost Escalation)"]
[]
[null,null,"Ref.","Regulatory Asset Class","Unit","Basis","Timing","RY18","RY19","RY20","RY21","RY22","RY23","RY24",null,"Total FY20 to FY24"]
[null,null,{"$f":"N(C14)+1","v":1},"Substations","Dollars","Real $2018","End_Year","c-i-c","c-i-c","c-i-c","c-i-c","c-i-c","c-i-c","c-i-c",null,{"$f":"SUM(J15:N15)","v":0}]
[null,null,{"$f":"N(C15)+1","v":2},"Distribution Lines","Dollars","Real $2018","End_Year","c-i-c","c-i-c","c-i-c","c-i-c","c-i-c","c-i-c","c-i-c",null,0]
[null,null,3,"Transmission Lines","Dollars","Real $2018","End_Year","c-i-c","c-i-c","c-i-c","c-i-c","c-i-c","c-i-c","c-i-c",null,0]
[null,null,4,"LV Services","Dollars","Real $2018","End_Year","c-i-c","c-i-c","c-i-c","c-i-c","c-i-c","c-i-c","c-i-c",null,0]
[null,null,5,"Distribution Substations","Dollars","Real $2018","End_Year","c-i-c","c-i-c","c-i-c","c-i-c","c-i-c","c-i-c","c-i-c",null,0]
[null,null,6,"Distribution Switchgear","Dollars","Real $2018","End_Year","c-i-c","c-i-c","c-i-c","c-i-c","c-i-c","c-i-c","c-i-c",null,0]
[null,null,7,"Protection","Dollars","Real $2018","End_Year","c-i-c","c-i-c","c-i-c","c-i-c","c-i-c","c-i-c","c-i-c",null,0]
[null,null,8,"SCADA","Dollars","Real $2018","End_Year","c-i-c","c-i-c","c-i-c","c-i-c","c-i-c","c-i-c","c-i-c",null,0]
[null,null,9,"Communications","Dollars","Real $2018","End_Year","c-i-c","c-i-c","c-i-c","c-i-c","c-i-c","c-i-c","c-i-c",null,0]
[null,null,10,"Land and Easements","Dollars","Real $2018","End_Year","c-i-c","c-i-c","c-i-c","c-i-c","c-i-c","c-i-c","c-i-c",null,0]
[null,null,11,"Property","Dollars","Real $2018","End_Year","c-i-c","c-i-c","c-i-c","c-i-c","c-i-c","c-i-c","c-i-c",null,0]
[null,null,12,"IT and Communications","Dollars","Real $2018","End_Year","c-i-c","c-i-c","c-i-c","c-i-c","c-i-c","c-i-c","c-i-c",null,0]
[null,null,13,"Motor Vehicles","Dollars","Real $2018","End_Year","c-i-c","c-i-c","c-i-c","c-i-c","c-i-c","c-i-c","c-i-c",null,0]
[null,null,14,"Plant and Equipment","Dollars","Real $2018","End_Year","c-i-c","c-i-c","c-i-c","c-i-c","c-i-c","c-i-c","c-i-c",null,0]
[null,null,15,"Property Leases","Dollars","Real $2018","End_Year","c-i-c","c-i-c","c-i-c","c-i-c","c-i-c","c-i-c","c-i-c",null,{"$f":"SUM(J29:N29)","v":0}]
[null,null,16,"Fleet Leases","Dollars","Real $2018","End_Year","c-i-c","c-i-c","c-i-c","c-i-c","c-i-c","c-i-c","c-i-c",null,0]
[]
[null,null,null,null,{"$f":"E15","v":"Dollars"},"Real $2018","End_Year",{"$f":"SUM(H15:H30)","v":0},{"$f":"SUM(I15:I30)","v":0},0,0,0,0,0,null,0]
[]
[null,"End"]

{"sheet":"BNI 8","index":28,"n_rows":34,"n_cols":16,"rows_kept":34,"cut":false,"hidden":false,"merged":[[6,4,6,9],[7,4,7,9],[9,4,9,9]]}
[null,{"$f":"MID(CELL(\"filename\",A1),FIND(\"]\",CELL(\"filename\",A1))+1,255)&\" Capital Expenditure\"","v":"BNI 8 Capital Expenditure"},null,null,null,null,"COMMERCIAL IN CONFIDENCE"]
[]
[null,"Direct Capex Forecasts"]
[]
[null,null,"BNI Description"]
[]
[null,null,null,"Requirement","Description"]
[null,null,null,"Expenditure category"]
[null,null,null,"Project / program number"]
[null,null,null,"Project / program description","[deleted]"]
[]
[null,null,"Direct Costs (Excluding Capitalised Overheads and Cost Escalation)"]
[]
[null,null,"Ref.","Regulatory Asset Class","Unit","Basis","Timing","RY18","RY19","RY20","RY21","RY22","RY23","RY24",null,"Total FY20 to FY24"]
[null,null,{"$f":"N(C14)+1","v":1},"Substations","Dollars","Real $2018","End_Year","c-i-c","c-i-c","c-i-c","c-i-c","c-i-c","c-i-c","c-i-c",null,{"$f":"SUM(J15:N15)","v":0}]
[null,null,{"$f":"N(C15)+1","v":2},"Distribution Lines","Dollars","Real $2018","End_Year","c-i-c","c-i-c","c-i-c","c-i-c","c-i-c","c-i-c","c-i-c",null,0]
[null,null,3,"Transmission Lines","Dollars","Real $2018","End_Year","c-i-c","c-i-c","c-i-c","c-i-c","c-i-c","c-i-c","c-i-c",null,0]
[null,null,4,"LV Services","Dollars","Real $2018","End_Year","c-i-c","c-i-c","c-i-c","c-i-c","c-i-c","c-i-c","c-i-c",null,0]
[null,null,5,"Distribution Substations","Dollars","Real $2018","End_Year","c-i-c","c-i-c","c-i-c","c-i-c","c-i-c","c-i-c","c-i-c",null,0]
[null,null,6,"Distribution Switchgear","Dollars","Real $2018","End_Year","c-i-c","c-i-c","c-i-c","c-i-c","c-i-c","c-i-c","c-i-c",null,0]
[null,null,7,"Protection","Dollars","Real $2018","End_Year","c-i-c","c-i-c","c-i-c","c-i-c","c-i-c","c-i-c","c-i-c",null,0]
[null,null,8,"SCADA","Dollars","Real $2018","End_Year","c-i-c","c-i-c","c-i-c","c-i-c","c-i-c","c-i-c","c-i-c",null,0]
[null,null,9,"Communications","Dollars","Real $2018","End_Year","c-i-c","c-i-c","c-i-c","c-i-c","c-i-c","c-i-c","c-i-c",null,0]
[null,null,10,"Land and Easements","Dollars","Real $2018","End_Year","c-i-c","c-i-c","c-i-c","c-i-c","c-i-c","c-i-c","c-i-c",null,0]
[null,null,11,"Property","Dollars","Real $2018","End_Year","c-i-c","c-i-c","c-i-c","c-i-c","c-i-c","c-i-c","c-i-c",null,0]
[null,null,12,"IT and Communications","Dollars","Real $2018","End_Year","c-i-c","c-i-c","c-i-c","c-i-c","c-i-c","c-i-c","c-i-c",null,0]
[null,null,13,"Motor Vehicles","Dollars","Real $2018","End_Year","c-i-c","c-i-c","c-i-c","c-i-c","c-i-c","c-i-c","c-i-c",null,0]
[null,null,14,"Plant and Equipment","Dollars","Real $2018","End_Year","c-i-c","c-i-c","c-i-c","c-i-c","c-i-c","c-i-c","c-i-c",null,0]
[null,null,15,"Property Leases","Dollars","Real $2018","End_Year","c-i-c","c-i-c","c-i-c","c-i-c","c-i-c","c-i-c","c-i-c",null,{"$f":"SUM(J29:N29)","v":0}]
[null,null,16,"Fleet Leases","Dollars","Real $2018","End_Year","c-i-c","c-i-c","c-i-c","c-i-c","c-i-c","c-i-c","c-i-c",null,0]
[]
[null,null,null,null,{"$f":"E15","v":"Dollars"},"Real $2018","End_Year",{"$f":"SUM(H15:H30)","v":0},{"$f":"SUM(I15:I30)","v":0},0,0,0,0,0,null,0]
[]
[null,"End"]

{"sheet":"BNI 9","index":29,"n_rows":34,"n_cols":16,"rows_kept":34,"cut":false,"hidden":false,"merged":[[6,4,6,9],[7,4,7,9],[9,4,9,9]]}
[null,{"$f":"MID(CELL(\"filename\",A1),FIND(\"]\",CELL(\"filename\",A1))+1,255)&\" Capital Expenditure\"","v":"BNI 9 Capital Expenditure"},null,null,null,null,"COMMERCIAL IN CONFIDENCE"]
[]
[null,"Direct Capex Forecasts"]
[]
[null,null,"BNI Description"]
[]
[null,null,null,"Requirement","Description"]
[null,null,null,"Expenditure category"]
[null,null,null,"Project / program number"]
[null,null,null,"Project / program description","[deleted]"]
[]
[null,null,"Direct Costs (Excluding Capitalised Overheads and Cost Escalation)"]
[]
[null,null,"Ref.","Regulatory Asset Class","Unit","Basis","Timing","RY18","RY19","RY20","RY21","RY22","RY23","RY24",null,"Total FY20 to FY24"]
[null,null,{"$f":"N(C14)+1","v":1},"Substations","Dollars","Real $2018","End_Year","c-i-c","c-i-c","c-i-c","c-i-c","c-i-c","c-i-c","c-i-c",null,{"$f":"SUM(J15:N15)","v":0}]
[null,null,{"$f":"N(C15)+1","v":2},"Distribution Lines","Dollars","Real $2018","End_Year","c-i-c","c-i-c","c-i-c","c-i-c","c-i-c","c-i-c","c-i-c",null,0]
[null,null,3,"Transmission Lines","Dollars","Real $2018","End_Year","c-i-c","c-i-c","c-i-c","c-i-c","c-i-c","c-i-c","c-i-c",null,0]
[null,null,4,"LV Services","Dollars","Real $2018","End_Year","c-i-c","c-i-c","c-i-c","c-i-c","c-i-c","c-i-c","c-i-c",null,0]
[null,null,5,"Distribution Substations","Dollars","Real $2018","End_Year","c-i-c","c-i-c","c-i-c","c-i-c","c-i-c","c-i-c","c-i-c",null,0]
[null,null,6,"Distribution Switchgear","Dollars","Real $2018","End_Year","c-i-c","c-i-c","c-i-c","c-i-c","c-i-c","c-i-c","c-i-c",null,0]
[null,null,7,"Protection","Dollars","Real $2018","End_Year","c-i-c","c-i-c","c-i-c","c-i-c","c-i-c","c-i-c","c-i-c",null,0]
[null,null,8,"SCADA","Dollars","Real $2018","End_Year","c-i-c","c-i-c","c-i-c","c-i-c","c-i-c","c-i-c","c-i-c",null,0]
[null,null,9,"Communications","Dollars","Real $2018","End_Year","c-i-c","c-i-c","c-i-c","c-i-c","c-i-c","c-i-c","c-i-c",null,0]
[null,null,10,"Land and Easements","Dollars","Real $2018","End_Year","c-i-c","c-i-c","c-i-c","c-i-c","c-i-c","c-i-c","c-i-c",null,0]
[null,null,11,"Property","Dollars","Real $2018","End_Year","c-i-c","c-i-c","c-i-c","c-i-c","c-i-c","c-i-c","c-i-c",null,0]
[null,null,12,"IT and Communications","Dollars","Real $2018","End_Year","c-i-c","c-i-c","c-i-c","c-i-c","c-i-c","c-i-c","c-i-c",null,0]
[null,null,13,"Motor Vehicles","Dollars","Real $2018","End_Year","c-i-c","c-i-c","c-i-c","c-i-c","c-i-c","c-i-c","c-i-c",null,0]
[null,null,14,"Plant and Equipment","Dollars","Real $2018","End_Year","c-i-c","c-i-c","c-i-c","c-i-c","c-i-c","c-i-c","c-i-c",null,0]
[null,null,15,"Property Leases","Dollars","Real $2018","End_Year","c-i-c","c-i-c","c-i-c","c-i-c","c-i-c","c-i-c","c-i-c",null,{"$f":"SUM(J29:N29)","v":0}]
[null,null,16,"Fleet Leases","Dollars","Real $2018","End_Year","c-i-c","c-i-c","c-i-c","c-i-c","c-i-c","c-i-c","c-i-c",null,0]
[]
[null,null,null,null,{"$f":"E15","v":"Dollars"},"Real $2018","End_Year",{"$f":"SUM(H15:H30)","v":0},{"$f":"SUM(I15:I30)","v":0},0,0,0,0,0,null,0]
[]
[null,"End"]

{"sheet":"BNI 10","index":30,"n_rows":34,"n_cols":16,"rows_kept":34,"cut":false,"hidden":false,"merged":[[6,4,6,9],[7,4,7,9],[9,4,9,9]]}
[null,{"$f":"MID(CELL(\"filename\",A1),FIND(\"]\",CELL(\"filename\",A1))+1,255)&\" Capital Expenditure\"","v":"BNI 10 Capital Expenditure"},null,null,null,null,"COMMERCIAL IN CONFIDENCE"]
[]
[null,"Direct Capex Forecasts"]
[]
[null,null,"BNI Description"]
[]
[null,null,null,"Requirement","Description"]
[null,null,null,"Expenditure category","Substations"]
[null,null,null,"Project / program number","PRD30401"]
[null,null,null,"Project / program description","Darwin - Replace Humpty Doo ZSS"]
[]
[null,null,"Direct Costs (Excluding Capitalised Overheads and Cost Escalation)"]
[]
[null,null,"Ref.","Regulatory Asset Class","Unit","Basis","Timing","RY18","RY19","RY20","RY21","RY22","RY23","RY24",null,"Total FY20 to FY24"]
[null,null,{"$f":"N(C14)+1","v":1},"Substations","Dollars","Real $2018","End_Year","c-i-c","c-i-c","c-i-c","c-i-c","c-i-c","c-i-c","c-i-c",null,{"$f":"SUM(J15:N15)","v":0}]
[null,null,{"$f":"N(C15)+1","v":2},"Distribution Lines","Dollars","Real $2018","End_Year","c-i-c","c-i-c","c-i-c","c-i-c","c-i-c","c-i-c","c-i-c",null,0]
[null,null,3,"Transmission Lines","Dollars","Real $2018","End_Year","c-i-c","c-i-c","c-i-c","c-i-c","c-i-c","c-i-c","c-i-c",null,0]
[null,null,4,"LV Services","Dollars","Real $2018","End_Year","c-i-c","c-i-c","c-i-c","c-i-c","c-i-c","c-i-c","c-i-c",null,0]
[null,null,5,"Distribution Substations","Dollars","Real $2018","End_Year","c-i-c","c-i-c","c-i-c","c-i-c","c-i-c","c-i-c","c-i-c",null,0]
[null,null,6,"Distribution Switchgear","Dollars","Real $2018","End_Year","c-i-c","c-i-c","c-i-c","c-i-c","c-i-c","c-i-c","c-i-c",null,0]
[null,null,7,"Protection","Dollars","Real $2018","End_Year","c-i-c","c-i-c","c-i-c","c-i-c","c-i-c","c-i-c","c-i-c",null,0]
[null,null,8,"SCADA","Dollars","Real $2018","End_Year","c-i-c","c-i-c","c-i-c","c-i-c","c-i-c","c-i-c","c-i-c",null,0]
[null,null,9,"Communications","Dollars","Real $2018","End_Year","c-i-c","c-i-c","c-i-c","c-i-c","c-i-c","c-i-c","c-i-c",null,0]
[null,null,10,"Land and Easements","Dollars","Real $2018","End_Year","c-i-c","c-i-c","c-i-c","c-i-c","c-i-c","c-i-c","c-i-c",null,0]
[null,null,11,"Property","Dollars","Real $2018","End_Year","c-i-c","c-i-c","c-i-c","c-i-c","c-i-c","c-i-c","c-i-c",null,0]
[null,null,12,"IT and Communications","Dollars","Real $2018","End_Year","c-i-c","c-i-c","c-i-c","c-i-c","c-i-c","c-i-c","c-i-c",null,0]
[null,null,13,"Motor Vehicles","Dollars","Real $2018","End_Year","c-i-c","c-i-c","c-i-c","c-i-c","c-i-c","c-i-c","c-i-c",null,0]
[null,null,14,"Plant and Equipment","Dollars","Real $2018","End_Year","c-i-c","c-i-c","c-i-c","c-i-c","c-i-c","c-i-c","c-i-c",null,0]
[null,null,15,"Property Leases","Dollars","Real $2018","End_Year","c-i-c","c-i-c","c-i-c","c-i-c","c-i-c","c-i-c","c-i-c",null,{"$f":"SUM(J29:N29)","v":0}]
[null,null,16,"Fleet Leases","Dollars","Real $2018","End_Year","c-i-c","c-i-c","c-i-c","c-i-c","c-i-c","c-i-c","c-i-c",null,0]
[]
[null,null,null,null,{"$f":"E15","v":"Dollars"},"Real $2018","End_Year",{"$f":"SUM(H15:H30)","v":0},{"$f":"SUM(I15:I30)","v":0},0,0,0,0,0,null,0]
[]
[null,"End"]

{"sheet":"BNI 11","index":31,"n_rows":34,"n_cols":16,"rows_kept":34,"cut":false,"hidden":false,"merged":[[6,4,6,9],[7,4,7,9],[9,4,9,9]]}
[null,{"$f":"MID(CELL(\"filename\",A1),FIND(\"]\",CELL(\"filename\",A1))+1,255)&\" Capital Expenditure\"","v":"BNI 11 Capital Expenditure"},null,null,null,null,"COMMERCIAL IN CONFIDENCE"]
[]
[null,"Direct Capex Forecasts"]
[]
[null,null,"BNI Description"]
[]
[null,null,null,"Requirement","Description"]
[null,null,null,"Expenditure category"]
[null,null,null,"Project / program number"]
[null,null,null,"Project / program description","[deleted]"]
[]
[null,null,"Direct Costs (Excluding Capitalised Overheads and Cost Escalation)"]
[]
[null,null,"Ref.","Regulatory Asset Class","Unit","Basis","Timing","RY18","RY19","RY20","RY21","RY22","RY23","RY24",null,"Total FY20 to FY24"]
[null,null,{"$f":"N(C14)+1","v":1},"Substations","Dollars","Real $2018","End_Year","c-i-c","c-i-c","c-i-c","c-i-c","c-i-c","c-i-c","c-i-c",null,{"$f":"SUM(J15:N15)","v":0}]
[null,null,{"$f":"N(C15)+1","v":2},"Distribution Lines","Dollars","Real $2018","End_Year","c-i-c","c-i-c","c-i-c","c-i-c","c-i-c","c-i-c","c-i-c",null,0]
[null,null,3,"Transmission Lines","Dollars","Real $2018","End_Year","c-i-c","c-i-c","c-i-c","c-i-c","c-i-c","c-i-c","c-i-c",null,0]
[null,null,4,"LV Services","Dollars","Real $2018","End_Year","c-i-c","c-i-c","c-i-c","c-i-c","c-i-c","c-i-c","c-i-c",null,0]
[null,null,5,"Distribution Substations","Dollars","Real $2018","End_Year","c-i-c","c-i-c","c-i-c","c-i-c","c-i-c","c-i-c","c-i-c",null,0]
[null,null,6,"Distribution Switchgear","Dollars","Real $2018","End_Year","c-i-c","c-i-c","c-i-c","c-i-c","c-i-c","c-i-c","c-i-c",null,0]
[null,null,7,"Protection","Dollars","Real $2018","End_Year","c-i-c","c-i-c","c-i-c","c-i-c","c-i-c","c-i-c","c-i-c",null,0]
[null,null,8,"SCADA","Dollars","Real $2018","End_Year","c-i-c","c-i-c","c-i-c","c-i-c","c-i-c","c-i-c","c-i-c",null,0]
[null,null,9,"Communications","Dollars","Real $2018","End_Year","c-i-c","c-i-c","c-i-c","c-i-c","c-i-c","c-i-c","c-i-c",null,0]
[null,null,10,"Land and Easements","Dollars","Real $2018","End_Year","c-i-c","c-i-c","c-i-c","c-i-c","c-i-c","c-i-c","c-i-c",null,0]
[null,null,11,"Property","Dollars","Real $2018","End_Year","c-i-c","c-i-c","c-i-c","c-i-c","c-i-c","c-i-c","c-i-c",null,0]
[null,null,12,"IT and Communications","Dollars","Real $2018","End_Year","c-i-c","c-i-c","c-i-c","c-i-c","c-i-c","c-i-c","c-i-c",null,0]
[null,null,13,"Motor Vehicles","Dollars","Real $2018","End_Year","c-i-c","c-i-c","c-i-c","c-i-c","c-i-c","c-i-c","c-i-c",null,0]
[null,null,14,"Plant and Equipment","Dollars","Real $2018","End_Year","c-i-c","c-i-c","c-i-c","c-i-c","c-i-c","c-i-c","c-i-c",null,0]
[null,null,15,"Property Leases","Dollars","Real $2018","End_Year","c-i-c","c-i-c","c-i-c","c-i-c","c-i-c","c-i-c","c-i-c",null,{"$f":"SUM(J29:N29)","v":0}]
[null,null,16,"Fleet Leases","Dollars","Real $2018","End_Year","c-i-c","c-i-c","c-i-c","c-i-c","c-i-c","c-i-c","c-i-c",null,0]
[]
[null,null,null,null,{"$f":"E15","v":"Dollars"},"Real $2018","End_Year",{"$f":"SUM(H15:H30)","v":0},{"$f":"SUM(I15:I30)","v":0},0,0,0,0,0,null,0]
[]
[null,"End"]

{"sheet":"BNI 12","index":32,"n_rows":34,"n_cols":16,"rows_kept":34,"cut":false,"hidden":false,"merged":[[6,4,6,9],[7,4,7,9],[9,4,9,9]]}
[null,{"$f":"MID(CELL(\"filename\",A1),FIND(\"]\",CELL(\"filename\",A1))+1,255)&\" Capital Expenditure\"","v":"BNI 12 Capital Expenditure"},null,null,null,null,"COMMERCIAL IN CONFIDENCE"]
[]
[null,"Direct Capex Forecasts"]
[]
[null,null,"BNI Description"]
[]
[null,null,null,"Requirement","Description"]
[null,null,null,"Expenditure category","IT and Communications"]
[null,null,null,"Project / program number","PRD33134"]
[null,null,null,"Project / program description","Darwin - Energy Management System Upgrade"]
[]
[null,null,"Direct Costs (Excluding Capitalised Overheads and Cost Escalation)"]
[]
[null,null,"Ref.","Regulatory Asset Class","Unit","Basis","Timing","RY18","RY19","RY20","RY21","RY22","RY23","RY24",null,"Total FY20 to FY24"]
[null,null,{"$f":"N(C14)+1","v":1},"Substations","Dollars","Real $2018","End_Year","c-i-c","c-i-c","c-i-c","c-i-c","c-i-c","c-i-c","c-i-c",null,{"$f":"SUM(J15:N15)","v":0}]
[null,null,{"$f":"N(C15)+1","v":2},"Distribution Lines","Dollars","Real $2018","End_Year","c-i-c","c-i-c","c-i-c","c-i-c","c-i-c","c-i-c","c-i-c",null,0]
[null,null,3,"Transmission Lines","Dollars","Real $2018","End_Year","c-i-c","c-i-c","c-i-c","c-i-c","c-i-c","c-i-c","c-i-c",null,0]
[null,null,4,"LV Services","Dollars","Real $2018","End_Year","c-i-c","c-i-c","c-i-c","c-i-c","c-i-c","c-i-c","c-i-c",null,0]
[null,null,5,"Distribution Substations","Dollars","Real $2018","End_Year","c-i-c","c-i-c","c-i-c","c-i-c","c-i-c","c-i-c","c-i-c",null,0]
[null,null,6,"Distribution Switchgear","Dollars","Real $2018","End_Year","c-i-c","c-i-c","c-i-c","c-i-c","c-i-c","c-i-c","c-i-c",null,0]
[null,null,7,"Protection","Dollars","Real $2018","End_Year","c-i-c","c-i-c","c-i-c","c-i-c","c-i-c","c-i-c","c-i-c",null,0]
[null,null,8,"SCADA","Dollars","Real $2018","End_Year","c-i-c","c-i-c","c-i-c","c-i-c","c-i-c","c-i-c","c-i-c",null,0]
[null,null,9,"Communications","Dollars","Real $2018","End_Year","c-i-c","c-i-c","c-i-c","c-i-c","c-i-c","c-i-c","c-i-c",null,0]
[null,null,10,"Land and Easements","Dollars","Real $2018","End_Year","c-i-c","c-i-c","c-i-c","c-i-c","c-i-c","c-i-c","c-i-c",null,0]
[null,null,11,"Property","Dollars","Real $2018","End_Year","c-i-c","c-i-c","c-i-c","c-i-c","c-i-c","c-i-c","c-i-c",null,0]
[null,null,12,"IT and Communications","Dollars","Real $2018","End_Year","c-i-c","c-i-c","c-i-c","c-i-c","c-i-c","c-i-c","c-i-c",null,0]
[null,null,13,"Motor Vehicles","Dollars","Real $2018","End_Year","c-i-c","c-i-c","c-i-c","c-i-c","c-i-c","c-i-c","c-i-c",null,0]
[null,null,14,"Plant and Equipment","Dollars","Real $2018","End_Year","c-i-c","c-i-c","c-i-c","c-i-c","c-i-c","c-i-c","c-i-c",null,0]
[null,null,15,"Property Leases","Dollars","Real $2018","End_Year","c-i-c","c-i-c","c-i-c","c-i-c","c-i-c","c-i-c","c-i-c",null,{"$f":"SUM(J29:N29)","v":0}]
[null,null,16,"Fleet Leases","Dollars","Real $2018","End_Year","c-i-c","c-i-c","c-i-c","c-i-c","c-i-c","c-i-c","c-i-c",null,0]
[]
[null,null,null,null,{"$f":"E15","v":"Dollars"},"Real $2018","End_Year",{"$f":"SUM(H15:H30)","v":0},{"$f":"SUM(I15:I30)","v":0},0,0,0,0,0,null,0]
[]
[null,"End"]

{"sheet":"BNI 13","index":33,"n_rows":34,"n_cols":16,"rows_kept":34,"cut":false,"hidden":false,"merged":[[6,4,6,9],[7,4,7,9],[9,4,9,9]]}
[null,{"$f":"MID(CELL(\"filename\",A1),FIND(\"]\",CELL(\"filename\",A1))+1,255)&\" Capital Expenditure\"","v":"BNI 13 Capital Expenditure"},null,null,null,null,"COMMERCIAL IN CONFIDENCE"]
[]
[null,"Direct Capex Forecasts"]
[]
[null,null,"BNI Description"]
[]
[null,null,null,"Requirement","Description"]
[null,null,null,"Expenditure category"]
[null,null,null,"Project / program number"]
[null,null,null,"Project / program description","[deleted]"]
[]
[null,null,"Direct Costs (Excluding Capitalised Overheads and Cost Escalation)"]
[]
[null,null,"Ref.","Regulatory Asset Class","Unit","Basis","Timing","RY18","RY19","RY20","RY21","RY22","RY23","RY24",null,"Total FY20 to FY24"]
[null,null,{"$f":"N(C14)+1","v":1},"Substations","Dollars","Real $2018","End_Year","c-i-c","c-i-c","c-i-c","c-i-c","c-i-c","c-i-c","c-i-c",null,{"$f":"SUM(J15:N15)","v":0}]
[null,null,{"$f":"N(C15)+1","v":2},"Distribution Lines","Dollars","Real $2018","End_Year","c-i-c","c-i-c","c-i-c","c-i-c","c-i-c","c-i-c","c-i-c",null,0]
[null,null,3,"Transmission Lines","Dollars","Real $2018","End_Year","c-i-c","c-i-c","c-i-c","c-i-c","c-i-c","c-i-c","c-i-c",null,0]
[null,null,4,"LV Services","Dollars","Real $2018","End_Year","c-i-c","c-i-c","c-i-c","c-i-c","c-i-c","c-i-c","c-i-c",null,0]
[null,null,5,"Distribution Substations","Dollars","Real $2018","End_Year","c-i-c","c-i-c","c-i-c","c-i-c","c-i-c","c-i-c","c-i-c",null,0]
[null,null,6,"Distribution Switchgear","Dollars","Real $2018","End_Year","c-i-c","c-i-c","c-i-c","c-i-c","c-i-c","c-i-c","c-i-c",null,0]
[null,null,7,"Protection","Dollars","Real $2018","End_Year","c-i-c","c-i-c","c-i-c","c-i-c","c-i-c","c-i-c","c-i-c",null,0]
[null,null,8,"SCADA","Dollars","Real $2018","End_Year","c-i-c","c-i-c","c-i-c","c-i-c","c-i-c","c-i-c","c-i-c",null,0]
[null,null,9,"Communications","Dollars","Real $2018","End_Year","c-i-c","c-i-c","c-i-c","c-i-c","c-i-c","c-i-c","c-i-c",null,0]
[null,null,10,"Land and Easements","Dollars","Real $2018","End_Year","c-i-c","c-i-c","c-i-c","c-i-c","c-i-c","c-i-c","c-i-c",null,0]
[null,null,11,"Property","Dollars","Real $2018","End_Year","c-i-c","c-i-c","c-i-c","c-i-c","c-i-c","c-i-c","c-i-c",null,0]
[null,null,12,"IT and Communications","Dollars","Real $2018","End_Year","c-i-c","c-i-c","c-i-c","c-i-c","c-i-c","c-i-c","c-i-c",null,0]
[null,null,13,"Motor Vehicles","Dollars","Real $2018","End_Year","c-i-c","c-i-c","c-i-c","c-i-c","c-i-c","c-i-c","c-i-c",null,0]
[null,null,14,"Plant and Equipment","Dollars","Real $2018","End_Year","c-i-c","c-i-c","c-i-c","c-i-c","c-i-c","c-i-c","c-i-c",null,0]
[null,null,15,"Property Leases","Dollars","Real $2018","End_Year","c-i-c","c-i-c","c-i-c","c-i-c","c-i-c","c-i-c","c-i-c",null,{"$f":"SUM(J29:N29)","v":0}]
[null,null,16,"Fleet Leases","Dollars","Real $2018","End_Year","c-i-c","c-i-c","c-i-c","c-i-c","c-i-c","c-i-c","c-i-c",null,0]
[]
[null,null,null,null,{"$f":"E15","v":"Dollars"},"Real $2018","End_Year",{"$f":"SUM(H15:H30)","v":0},{"$f":"SUM(I15:I30)","v":0},0,0,0,0,0,null,0]
[]
[null,"End"]

{"sheet":"BNI 14","index":34,"n_rows":34,"n_cols":16,"rows_kept":34,"cut":false,"hidden":false,"merged":[[6,4,6,9],[7,4,7,9],[9,4,9,9]]}
[null,{"$f":"MID(CELL(\"filename\",A1),FIND(\"]\",CELL(\"filename\",A1))+1,255)&\" Capital Expenditure\"","v":"BNI 14 Capital Expenditure"},null,null,null,null,"COMMERCIAL IN CONFIDENCE"]
[]
[null,"Direct Capex Forecasts"]
[]
[null,null,"BNI Description"]
[]
[null,null,null,"Requirement","Description"]
[null,null,null,"Expenditure category","Substations"]
[null,null,null,"Project / program number","NMP3"]
[null,null,null,"Project / program description","66kV HLC Circuit Breaker Replacement Program"]
[]
[null,null,"Direct Costs (Excluding Capitalised Overheads and Cost Escalation)"]
[]
[null,null,"Ref.","Regulatory Asset Class","Unit","Basis","Timing","RY18","RY19","RY20","RY21","RY22","RY23","RY24",null,"Total FY20 to FY24"]
[null,null,{"$f":"N(C14)+1","v":1},"Substations","Dollars","Real $2018","End_Year","c-i-c","c-i-c","c-i-c","c-i-c","c-i-c","c-i-c","c-i-c",null,{"$f":"SUM(J15:N15)","v":0}]
[null,null,{"$f":"N(C15)+1","v":2},"Distribution Lines","Dollars","Real $2018","End_Year","c-i-c","c-i-c","c-i-c","c-i-c","c-i-c","c-i-c","c-i-c",null,0]
[null,null,3,"Transmission Lines","Dollars","Real $2018","End_Year","c-i-c","c-i-c","c-i-c","c-i-c","c-i-c","c-i-c","c-i-c",null,0]
[null,null,4,"LV Services","Dollars","Real $2018","End_Year","c-i-c","c-i-c","c-i-c","c-i-c","c-i-c","c-i-c","c-i-c",null,0]
[null,null,5,"Distribution Substations","Dollars","Real $2018","End_Year","c-i-c","c-i-c","c-i-c","c-i-c","c-i-c","c-i-c","c-i-c",null,0]
[null,null,6,"Distribution Switchgear","Dollars","Real $2018","End_Year","c-i-c","c-i-c","c-i-c","c-i-c","c-i-c","c-i-c","c-i-c",null,0]
[null,null,7,"Protection","Dollars","Real $2018","End_Year","c-i-c","c-i-c","c-i-c","c-i-c","c-i-c","c-i-c","c-i-c",null,0]
[null,null,8,"SCADA","Dollars","Real $2018","End_Year","c-i-c","c-i-c","c-i-c","c-i-c","c-i-c","c-i-c","c-i-c",null,0]
[null,null,9,"Communications","Dollars","Real $2018","End_Year","c-i-c","c-i-c","c-i-c","c-i-c","c-i-c","c-i-c","c-i-c",null,0]
[null,null,10,"Land and Easements","Dollars","Real $2018","End_Year","c-i-c","c-i-c","c-i-c","c-i-c","c-i-c","c-i-c","c-i-c",null,0]
[null,null,11,"Property","Dollars","Real $2018","End_Year","c-i-c","c-i-c","c-i-c","c-i-c","c-i-c","c-i-c","c-i-c",null,0]
[null,null,12,"IT and Communications","Dollars","Real $2018","End_Year","c-i-c","c-i-c","c-i-c","c-i-c","c-i-c","c-i-c","c-i-c",null,0]
[null,null,13,"Motor Vehicles","Dollars","Real $2018","End_Year","c-i-c","c-i-c","c-i-c","c-i-c","c-i-c","c-i-c","c-i-c",null,0]
[null,null,14,"Plant and Equipment","Dollars","Real $2018","End_Year","c-i-c","c-i-c","c-i-c","c-i-c","c-i-c","c-i-c","c-i-c",null,0]
[null,null,15,"Property Leases","Dollars","Real $2018","End_Year","c-i-c","c-i-c","c-i-c","c-i-c","c-i-c","c-i-c","c-i-c",null,{"$f":"SUM(J29:N29)","v":0}]
[null,null,16,"Fleet Leases","Dollars","Real $2018","End_Year","c-i-c","c-i-c","c-i-c","c-i-c","c-i-c","c-i-c","c-i-c",null,0]
[]
[null,null,null,null,{"$f":"E15","v":"Dollars"},"Real $2018","End_Year",{"$f":"SUM(H15:H30)","v":0},{"$f":"SUM(I15:I30)","v":0},0,0,0,0,0,null,0]
[]
[null,"End"]

{"sheet":"BNI 15","index":35,"n_rows":34,"n_cols":16,"rows_kept":34,"cut":false,"hidden":false,"merged":[[6,4,6,9],[7,4,7,9],[9,4,9,9]]}
[null,{"$f":"MID(CELL(\"filename\",A1),FIND(\"]\",CELL(\"filename\",A1))+1,255)&\" Capital Expenditure\"","v":"BNI 15 Capital Expenditure"},null,null,null,null,"COMMERCIAL IN CONFIDENCE"]
[]
[null,"Direct Capex Forecasts"]
[]
[null,null,"BNI Description"]
[]
[null,null,null,"Requirement","Description"]
[null,null,null,"Expenditure category","Property"]
[null,null,null,"Project / program number","NMP14"]
[null,null,null,"Project / program description","Substation Fire Protection Equipment Replacement Program"]
[]
[null,null,"Direct Costs (Excluding Capitalised Overheads and Cost Escalation)"]
[]
[null,null,"Ref.","Regulatory Asset Class","Unit","Basis","Timing","RY18","RY19","RY20","RY21","RY22","RY23","RY24",null,"Total FY20 to FY24"]
[null,null,{"$f":"N(C14)+1","v":1},"Substations","Dollars","Real $2018","End_Year","c-i-c","c-i-c","c-i-c","c-i-c","c-i-c","c-i-c","c-i-c",null,{"$f":"SUM(J15:N15)","v":0}]
[null,null,{"$f":"N(C15)+1","v":2},"Distribution Lines","Dollars","Real $2018","End_Year","c-i-c","c-i-c","c-i-c","c-i-c","c-i-c","c-i-c","c-i-c",null,0]
[null,null,3,"Transmission Lines","Dollars","Real $2018","End_Year","c-i-c","c-i-c","c-i-c","c-i-c","c-i-c","c-i-c","c-i-c",null,0]
[null,null,4,"LV Services","Dollars","Real $2018","End_Year","c-i-c","c-i-c","c-i-c","c-i-c","c-i-c","c-i-c","c-i-c",null,0]
[null,null,5,"Distribution Substations","Dollars","Real $2018","End_Year","c-i-c","c-i-c","c-i-c","c-i-c","c-i-c","c-i-c","c-i-c",null,0]
[null,null,6,"Distribution Switchgear","Dollars","Real $2018","End_Year","c-i-c","c-i-c","c-i-c","c-i-c","c-i-c","c-i-c","c-i-c",null,0]
[null,null,7,"Protection","Dollars","Real $2018","End_Year","c-i-c","c-i-c","c-i-c","c-i-c","c-i-c","c-i-c","c-i-c",null,0]
[null,null,8,"SCADA","Dollars","Real $2018","End_Year","c-i-c","c-i-c","c-i-c","c-i-c","c-i-c","c-i-c","c-i-c",null,0]
[null,null,9,"Communications","Dollars","Real $2018","End_Year","c-i-c","c-i-c","c-i-c","c-i-c","c-i-c","c-i-c","c-i-c",null,0]
[null,null,10,"Land and Easements","Dollars","Real $2018","End_Year","c-i-c","c-i-c","c-i-c","c-i-c","c-i-c","c-i-c","c-i-c",null,0]
[null,null,11,"Property","Dollars","Real $2018","End_Year","c-i-c","c-i-c","c-i-c","c-i-c","c-i-c","c-i-c","c-i-c",null,0]
[null,null,12,"IT and Communications","Dollars","Real $2018","End_Year","c-i-c","c-i-c","c-i-c","c-i-c","c-i-c","c-i-c","c-i-c",null,0]
[null,null,13,"Motor Vehicles","Dollars","Real $2018","End_Year","c-i-c","c-i-c","c-i-c","c-i-c","c-i-c","c-i-c","c-i-c",null,0]
[null,null,14,"Plant and Equipment","Dollars","Real $2018","End_Year","c-i-c","c-i-c","c-i-c","c-i-c","c-i-c","c-i-c","c-i-c",null,0]
[null,null,15,"Property Leases","Dollars","Real $2018","End_Year","c-i-c","c-i-c","c-i-c","c-i-c","c-i-c","c-i-c","c-i-c",null,{"$f":"SUM(J29:N29)","v":0}]
[null,null,16,"Fleet Leases","Dollars","Real $2018","End_Year","c-i-c","c-i-c","c-i-c","c-i-c","c-i-c","c-i-c","c-i-c",null,0]
[]
[null,null,null,null,{"$f":"E15","v":"Dollars"},"Real $2018","End_Year",{"$f":"SUM(H15:H30)","v":0},{"$f":"SUM(I15:I30)","v":0},0,0,0,0,0,null,0]
[]
[null,"End"]

{"sheet":"BNI 16","index":36,"n_rows":34,"n_cols":16,"rows_kept":34,"cut":false,"hidden":false,"merged":[[6,4,6,9],[7,4,7,9],[9,4,9,9]]}
[null,{"$f":"MID(CELL(\"filename\",A1),FIND(\"]\",CELL(\"filename\",A1))+1,255)&\" Capital Expenditure\"","v":"BNI 16 Capital Expenditure"},null,null,null,null,"COMMERCIAL IN CONFIDENCE"]
[]
[null,"Direct Capex Forecasts"]
[]
[null,null,"BNI Description"]
[]
[null,null,null,"Requirement","Description"]
[null,null,null,"Expenditure category","SCADA and Communications"]
[null,null,null,"Project / program number","NMSC1"]
[null,null,null,"Project / program description","SCADA and Communications Obsolete Asset Replacement Program"]
[]
[null,null,"Direct Costs (Excluding Capitalised Overheads and Cost Escalation)"]
[]
[null,null,"Ref.","Regulatory Asset Class","Unit","Basis","Timing","RY18","RY19","RY20","RY21","RY22","RY23","RY24",null,"Total FY20 to FY24"]
[null,null,{"$f":"N(C14)+1","v":1},"Substations","Dollars","Real $2018","End_Year","c-i-c","c-i-c","c-i-c","c-i-c","c-i-c","c-i-c","c-i-c",null,{"$f":"SUM(J15:N15)","v":0}]
[null,null,{"$f":"N(C15)+1","v":2},"Distribution Lines","Dollars","Real $2018","End_Year","c-i-c","c-i-c","c-i-c","c-i-c","c-i-c","c-i-c","c-i-c",null,0]
[null,null,3,"Transmission Lines","Dollars","Real $2018","End_Year","c-i-c","c-i-c","c-i-c","c-i-c","c-i-c","c-i-c","c-i-c",null,0]
[null,null,4,"LV Services","Dollars","Real $2018","End_Year","c-i-c","c-i-c","c-i-c","c-i-c","c-i-c","c-i-c","c-i-c",null,0]
[null,null,5,"Distribution Substations","Dollars","Real $2018","End_Year","c-i-c","c-i-c","c-i-c","c-i-c","c-i-c","c-i-c","c-i-c",null,0]
[null,null,6,"Distribution Switchgear","Dollars","Real $2018","End_Year","c-i-c","c-i-c","c-i-c","c-i-c","c-i-c","c-i-c","c-i-c",null,0]
[null,null,7,"Protection","Dollars","Real $2018","End_Year","c-i-c","c-i-c","c-i-c","c-i-c","c-i-c","c-i-c","c-i-c",null,0]
[null,null,8,"SCADA","Dollars","Real $2018","End_Year","c-i-c","c-i-c","c-i-c","c-i-c","c-i-c","c-i-c","c-i-c",null,0]
[null,null,9,"Communications","Dollars","Real $2018","End_Year","c-i-c","c-i-c","c-i-c","c-i-c","c-i-c","c-i-c","c-i-c",null,0]
[null,null,10,"Land and Easements","Dollars","Real $2018","End_Year","c-i-c","c-i-c","c-i-c","c-i-c","c-i-c","c-i-c","c-i-c",null,0]
[null,null,11,"Property","Dollars","Real $2018","End_Year","c-i-c","c-i-c","c-i-c","c-i-c","c-i-c","c-i-c","c-i-c",null,0]
[null,null,12,"IT and Communications","Dollars","Real $2018","End_Year","c-i-c","c-i-c","c-i-c","c-i-c","c-i-c","c-i-c","c-i-c",null,0]
[null,null,13,"Motor Vehicles","Dollars","Real $2018","End_Year","c-i-c","c-i-c","c-i-c","c-i-c","c-i-c","c-i-c","c-i-c",null,0]
[null,null,14,"Plant and Equipment","Dollars","Real $2018","End_Year","c-i-c","c-i-c","c-i-c","c-i-c","c-i-c","c-i-c","c-i-c",null,0]
[null,null,15,"Property Leases","Dollars","Real $2018","End_Year","c-i-c","c-i-c","c-i-c","c-i-c","c-i-c","c-i-c","c-i-c",null,{"$f":"SUM(J29:N29)","v":0}]
[null,null,16,"Fleet Leases","Dollars","Real $2018","End_Year","c-i-c","c-i-c","c-i-c","c-i-c","c-i-c","c-i-c","c-i-c",null,0]
[]
[null,null,null,null,{"$f":"E15","v":"Dollars"},"Real $2018","End_Year",{"$f":"SUM(H15:H30)","v":0},{"$f":"SUM(I15:I30)","v":0},0,0,0,0,0,null,0]
[]
[null,"End"]

{"sheet":"BNI 17","index":37,"n_rows":34,"n_cols":16,"rows_kept":34,"cut":false,"hidden":false,"merged":[[6,4,6,9],[7,4,7,9],[9,4,9,9]]}
[null,{"$f":"MID(CELL(\"filename\",A1),FIND(\"]\",CELL(\"filename\",A1))+1,255)&\" Capital Expenditure\"","v":"BNI 17 Capital Expenditure"},null,null,null,null,"COMMERCIAL IN CONFIDENCE"]
[]
[null,"Direct Capex Forecasts"]
[]
[null,null,"BNI Description"]
[]
[null,null,null,"Requirement","Description"]
[null,null,null,"Expenditure category","Communications"]
[null,null,null,"Project / program number","NMSC2"]
[null,null,null,"Project / program description","SCADA and Communications Battery Replacement Program"]
[]
[null,null,"Direct Costs (Excluding Capitalised Overheads and Cost Escalation)"]
[]
[null,null,"Ref.","Regulatory Asset Class","Unit","Basis","Timing","RY18","RY19","RY20","RY21","RY22","RY23","RY24",null,"Total FY20 to FY24"]
[null,null,{"$f":"N(C14)+1","v":1},"Substations","Dollars","Real $2018","End_Year","c-i-c","c-i-c","c-i-c","c-i-c","c-i-c","c-i-c","c-i-c",null,{"$f":"SUM(J15:N15)","v":0}]
[null,null,{"$f":"N(C15)+1","v":2},"Distribution Lines","Dollars","Real $2018","End_Year","c-i-c","c-i-c","c-i-c","c-i-c","c-i-c","c-i-c","c-i-c",null,0]
[null,null,3,"Transmission Lines","Dollars","Real $2018","End_Year","c-i-c","c-i-c","c-i-c","c-i-c","c-i-c","c-i-c","c-i-c",null,0]
[null,null,4,"LV Services","Dollars","Real $2018","End_Year","c-i-c","c-i-c","c-i-c","c-i-c","c-i-c","c-i-c","c-i-c",null,0]
[null,null,5,"Distribution Substations","Dollars","Real $2018","End_Year","c-i-c","c-i-c","c-i-c","c-i-c","c-i-c","c-i-c","c-i-c",null,0]
[null,null,6,"Distribution Switchgear","Dollars","Real $2018","End_Year","c-i-c","c-i-c","c-i-c","c-i-c","c-i-c","c-i-c","c-i-c",null,0]
[null,null,7,"Protection","Dollars","Real $2018","End_Year","c-i-c","c-i-c","c-i-c","c-i-c","c-i-c","c-i-c","c-i-c",null,0]
[null,null,8,"SCADA","Dollars","Real $2018","End_Year","c-i-c","c-i-c","c-i-c","c-i-c","c-i-c","c-i-c","c-i-c",null,0]
[null,null,9,"Communications","Dollars","Real $2018","End_Year","c-i-c","c-i-c","c-i-c","c-i-c","c-i-c","c-i-c","c-i-c",null,0]
[null,null,10,"Land and Easements","Dollars","Real $2018","End_Year","c-i-c","c-i-c","c-i-c","c-i-c","c-i-c","c-i-c","c-i-c",null,0]
[null,null,11,"Property","Dollars","Real $2018","End_Year","c-i-c","c-i-c","c-i-c","c-i-c","c-i-c","c-i-c","c-i-c",null,0]
[null,null,12,"IT and Communications","Dollars","Real $2018","End_Year","c-i-c","c-i-c","c-i-c","c-i-c","c-i-c","c-i-c","c-i-c",null,0]
[null,null,13,"Motor Vehicles","Dollars","Real $2018","End_Year","c-i-c","c-i-c","c-i-c","c-i-c","c-i-c","c-i-c","c-i-c",null,0]
[null,null,14,"Plant and Equipment","Dollars","Real $2018","End_Year","c-i-c","c-i-c","c-i-c","c-i-c","c-i-c","c-i-c","c-i-c",null,0]
[null,null,15,"Property Leases","Dollars","Real $2018","End_Year","c-i-c","c-i-c","c-i-c","c-i-c","c-i-c","c-i-c","c-i-c",null,{"$f":"SUM(J29:N29)","v":0}]
[null,null,16,"Fleet Leases","Dollars","Real $2018","End_Year","c-i-c","c-i-c","c-i-c","c-i-c","c-i-c","c-i-c","c-i-c",null,0]
[]
[null,null,null,null,{"$f":"E15","v":"Dollars"},"Real $2018","End_Year",{"$f":"SUM(H15:H30)","v":0},{"$f":"SUM(I15:I30)","v":0},0,0,0,0,0,null,0]
[]
[null,"End"]

{"sheet":"BNI 18","index":38,"n_rows":34,"n_cols":16,"rows_kept":34,"cut":false,"hidden":false,"merged":[[6,4,6,9],[7,4,7,9],[9,4,9,9]]}
[null,{"$f":"MID(CELL(\"filename\",A1),FIND(\"]\",CELL(\"filename\",A1))+1,255)&\" Capital Expenditure\"","v":"BNI 18 Capital Expenditure"},null,null,null,null,"COMMERCIAL IN CONFIDENCE"]
[]
[null,"Direct Capex Forecasts"]
[]
[null,null,"BNI Description"]
[]
[null,null,null,"Requirement","Description"]
[null,null,null,"Expenditure category","Communications"]
[null,null,null,"Project / program number","NMSC4"]
[null,null,null,"Project / program description","SCADA and Communications Compliance and Safety Program"]
[]
[null,null,"Direct Costs (Excluding Capitalised Overheads and Cost Escalation)"]
[]
[null,null,"Ref.","Regulatory Asset Class","Unit","Basis","Timing","RY18","RY19","RY20","RY21","RY22","RY23","RY24",null,"Total FY20 to FY24"]
[null,null,{"$f":"N(C14)+1","v":1},"Substations","Dollars","Real $2018","End_Year","c-i-c","c-i-c","c-i-c","c-i-c","c-i-c","c-i-c","c-i-c",null,{"$f":"SUM(J15:N15)","v":0}]
[null,null,{"$f":"N(C15)+1","v":2},"Distribution Lines","Dollars","Real $2018","End_Year","c-i-c","c-i-c","c-i-c","c-i-c","c-i-c","c-i-c","c-i-c",null,0]
[null,null,3,"Transmission Lines","Dollars","Real $2018","End_Year","c-i-c","c-i-c","c-i-c","c-i-c","c-i-c","c-i-c","c-i-c",null,0]
[null,null,4,"LV Services","Dollars","Real $2018","End_Year","c-i-c","c-i-c","c-i-c","c-i-c","c-i-c","c-i-c","c-i-c",null,0]
[null,null,5,"Distribution Substations","Dollars","Real $2018","End_Year","c-i-c","c-i-c","c-i-c","c-i-c","c-i-c","c-i-c","c-i-c",null,0]
[null,null,6,"Distribution Switchgear","Dollars","Real $2018","End_Year","c-i-c","c-i-c","c-i-c","c-i-c","c-i-c","c-i-c","c-i-c",null,0]
[null,null,7,"Protection","Dollars","Real $2018","End_Year","c-i-c","c-i-c","c-i-c","c-i-c","c-i-c","c-i-c","c-i-c",null,0]
[null,null,8,"SCADA","Dollars","Real $2018","End_Year","c-i-c","c-i-c","c-i-c","c-i-c","c-i-c","c-i-c","c-i-c",null,0]
[null,null,9,"Communications","Dollars","Real $2018","End_Year","c-i-c","c-i-c","c-i-c","c-i-c","c-i-c","c-i-c","c-i-c",null,0]
[null,null,10,"Land and Easements","Dollars","Real $2018","End_Year","c-i-c","c-i-c","c-i-c","c-i-c","c-i-c","c-i-c","c-i-c",null,0]
[null,null,11,"Property","Dollars","Real $2018","End_Year","c-i-c","c-i-c","c-i-c","c-i-c","c-i-c","c-i-c","c-i-c",null,0]
[null,null,12,"IT and Communications","Dollars","Real $2018","End_Year","c-i-c","c-i-c","c-i-c","c-i-c","c-i-c","c-i-c","c-i-c",null,0]
[null,null,13,"Motor Vehicles","Dollars","Real $2018","End_Year","c-i-c","c-i-c","c-i-c","c-i-c","c-i-c","c-i-c","c-i-c",null,0]
[null,null,14,"Plant and Equipment","Dollars","Real $2018","End_Year","c-i-c","c-i-c","c-i-c","c-i-c","c-i-c","c-i-c","c-i-c",null,0]
[null,null,15,"Property Leases","Dollars","Real $2018","End_Year","c-i-c","c-i-c","c-i-c","c-i-c","c-i-c","c-i-c","c-i-c",null,{"$f":"SUM(J29:N29)","v":0}]
[null,null,16,"Fleet Leases","Dollars","Real $2018","End_Year","c-i-c","c-i-c","c-i-c","c-i-c","c-i-c","c-i-c","c-i-c",null,0]
[]
[null,null,null,null,{"$f":"E15","v":"Dollars"},"Real $2018","End_Year",{"$f":"SUM(H15:H30)","v":0},{"$f":"SUM(I15:I30)","v":0},0,0,0,0,0,null,0]
[]
[null,"End"]

{"sheet":"BNI 19","index":39,"n_rows":34,"n_cols":16,"rows_kept":34,"cut":false,"hidden":false,"merged":[[6,4,6,9],[7,4,7,9],[9,4,9,9]]}
[null,{"$f":"MID(CELL(\"filename\",A1),FIND(\"]\",CELL(\"filename\",A1))+1,255)&\" Capital Expenditure\"","v":"BNI 19 Capital Expenditure"},null,null,null,null,"COMMERCIAL IN CONFIDENCE"]
[]
[null,"Direct Capex Forecasts"]
[]
[null,null,"BNI Description"]
[]
[null,null,null,"Requirement","Description"]
[null,null,null,"Expenditure category","Protection"]
[null,null,null,"Project / program number","NPR"]
[null,null,null,"Project / program description","Protection Relay Replacement Program"]
[]
[null,null,"Direct Costs (Excluding Capitalised Overheads and Cost Escalation)"]
[]
[null,null,"Ref.","Regulatory Asset Class","Unit","Basis","Timing","RY18","RY19","RY20","RY21","RY22","RY23","RY24",null,"Total FY20 to FY24"]
[null,null,{"$f":"N(C14)+1","v":1},"Substations","Dollars","Real $2018","End_Year","c-i-c","c-i-c","c-i-c","c-i-c","c-i-c","c-i-c","c-i-c",null,{"$f":"SUM(J15:N15)","v":0}]
[null,null,{"$f":"N(C15)+1","v":2},"Distribution Lines","Dollars","Real $2018","End_Year","c-i-c","c-i-c","c-i-c","c-i-c","c-i-c","c-i-c","c-i-c",null,0]
[null,null,3,"Transmission Lines","Dollars","Real $2018","End_Year","c-i-c","c-i-c","c-i-c","c-i-c","c-i-c","c-i-c","c-i-c",null,0]
[null,null,4,"LV Services","Dollars","Real $2018","End_Year","c-i-c","c-i-c","c-i-c","c-i-c","c-i-c","c-i-c","c-i-c",null,0]
[null,null,5,"Distribution Substations","Dollars","Real $2018","End_Year","c-i-c","c-i-c","c-i-c","c-i-c","c-i-c","c-i-c","c-i-c",null,0]
[null,null,6,"Distribution Switchgear","Dollars","Real $2018","End_Year","c-i-c","c-i-c","c-i-c","c-i-c","c-i-c","c-i-c","c-i-c",null,0]
[null,null,7,"Protection","Dollars","Real $2018","End_Year","c-i-c","c-i-c","c-i-c","c-i-c","c-i-c","c-i-c","c-i-c",null,0]
[null,null,8,"SCADA","Dollars","Real $2018","End_Year","c-i-c","c-i-c","c-i-c","c-i-c","c-i-c","c-i-c","c-i-c",null,0]
[null,null,9,"Communications","Dollars","Real $2018","End_Year","c-i-c","c-i-c","c-i-c","c-i-c","c-i-c","c-i-c","c-i-c",null,0]
[null,null,10,"Land and Easements","Dollars","Real $2018","End_Year","c-i-c","c-i-c","c-i-c","c-i-c","c-i-c","c-i-c","c-i-c",null,0]
[null,null,11,"Property","Dollars","Real $2018","End_Year","c-i-c","c-i-c","c-i-c","c-i-c","c-i-c","c-i-c","c-i-c",null,0]
[null,null,12,"IT and Communications","Dollars","Real $2018","End_Year","c-i-c","c-i-c","c-i-c","c-i-c","c-i-c","c-i-c","c-i-c",null,0]
[null,null,13,"Motor Vehicles","Dollars","Real $2018","End_Year","c-i-c","c-i-c","c-i-c","c-i-c","c-i-c","c-i-c","c-i-c",null,0]
[null,null,14,"Plant and Equipment","Dollars","Real $2018","End_Year","c-i-c","c-i-c","c-i-c","c-i-c","c-i-c","c-i-c","c-i-c",null,0]
[null,null,15,"Property Leases","Dollars","Real $2018","End_Year","c-i-c","c-i-c","c-i-c","c-i-c","c-i-c","c-i-c","c-i-c",null,{"$f":"SUM(J29:N29)","v":0}]
[null,null,16,"Fleet Leases","Dollars","Real $2018","End_Year","c-i-c","c-i-c","c-i-c","c-i-c","c-i-c","c-i-c","c-i-c",null,0]
[]
[null,null,null,null,{"$f":"E15","v":"Dollars"},"Real $2018","End_Year",{"$f":"SUM(H15:H30)","v":0},{"$f":"SUM(I15:I30)","v":0},0,0,0,0,0,null,0]
[]
[null,"End"]

{"sheet":"BNI 20","index":40,"n_rows":34,"n_cols":16,"rows_kept":34,"cut":false,"hidden":false,"merged":[[6,4,6,9],[7,4,7,9],[9,4,9,9]]}
[null,{"$f":"MID(CELL(\"filename\",A1),FIND(\"]\",CELL(\"filename\",A1))+1,255)&\" Capital Expenditure\"","v":"BNI 20 Capital Expenditure"},null,null,null,null,"COMMERCIAL IN CONFIDENCE"]
[]
[null,"Direct Capex Forecasts"]
[]
[null,null,"NMP1 - High Voltage Cable Replacement Darwin Northern Suburbs"]
[]
[null,null,null,"Requirement","Description"]
[null,null,null,"Expenditure category","Distribution Lines"]
[null,null,null,"Project / program number","NMP1"]
[null,null,null,"Project / program description","Darwin Northern Suburbs High Voltage Cable Replacement Program "]
[]
[null,null,"Direct Costs (Excluding Capitalised Overheads and Cost Escalation)"]
[]
[null,null,"Ref.","Regulatory Asset Class","Unit","Basis","Timing","RY18","RY19","RY20","RY21","RY22","RY23","RY24",null,"Total FY20 to FY24"]
[null,null,{"$f":"N(C14)+1","v":1},"Substations","Dollars","Real $2018","End_Year","c-i-c","c-i-c","c-i-c","c-i-c","c-i-c","c-i-c","c-i-c",null,{"$f":"SUM(J15:N15)","v":0}]
[null,null,{"$f":"N(C15)+1","v":2},"Distribution Lines","Dollars","Real $2018","End_Year","c-i-c","c-i-c","c-i-c","c-i-c","c-i-c","c-i-c","c-i-c",null,{"$f":"SUM(J16:N16)","v":0}]
[null,null,3,"Transmission Lines","Dollars","Real $2018","End_Year","c-i-c","c-i-c","c-i-c","c-i-c","c-i-c","c-i-c","c-i-c",null,0]
[null,null,4,"LV Services","Dollars","Real $2018","End_Year","c-i-c","c-i-c","c-i-c","c-i-c","c-i-c","c-i-c","c-i-c",null,0]
[null,null,5,"Distribution Substations","Dollars","Real $2018","End_Year","c-i-c","c-i-c","c-i-c","c-i-c","c-i-c","c-i-c","c-i-c",null,0]
[null,null,6,"Distribution Switchgear","Dollars","Real $2018","End_Year","c-i-c","c-i-c","c-i-c","c-i-c","c-i-c","c-i-c","c-i-c",null,0]
[null,null,7,"Protection","Dollars","Real $2018","End_Year","c-i-c","c-i-c","c-i-c","c-i-c","c-i-c","c-i-c","c-i-c",null,0]
[null,null,8,"SCADA","Dollars","Real $2018","End_Year","c-i-c","c-i-c","c-i-c","c-i-c","c-i-c","c-i-c","c-i-c",null,0]
[null,null,9,"Communications","Dollars","Real $2018","End_Year","c-i-c","c-i-c","c-i-c","c-i-c","c-i-c","c-i-c","c-i-c",null,0]
[null,null,10,"Land and Easements","Dollars","Real $2018","End_Year","c-i-c","c-i-c","c-i-c","c-i-c","c-i-c","c-i-c","c-i-c",null,0]
[null,null,11,"Property","Dollars","Real $2018","End_Year","c-i-c","c-i-c","c-i-c","c-i-c","c-i-c","c-i-c","c-i-c",null,0]
[null,null,12,"IT and Communications","Dollars","Real $2018","End_Year","c-i-c","c-i-c","c-i-c","c-i-c","c-i-c","c-i-c","c-i-c",null,0]
[null,null,13,"Motor Vehicles","Dollars","Real $2018","End_Year","c-i-c","c-i-c","c-i-c","c-i-c","c-i-c","c-i-c","c-i-c",null,0]
[null,null,14,"Plant and Equipment","Dollars","Real $2018","End_Year","c-i-c","c-i-c","c-i-c","c-i-c","c-i-c","c-i-c","c-i-c",null,0]
[null,null,15,"Property Leases","Dollars","Real $2018","End_Year","c-i-c","c-i-c","c-i-c","c-i-c","c-i-c","c-i-c","c-i-c",null,{"$f":"SUM(J29:N29)","v":0}]
[null,null,16,"Fleet Leases","Dollars","Real $2018","End_Year","c-i-c","c-i-c","c-i-c","c-i-c","c-i-c","c-i-c","c-i-c",null,0]
[]
[null,null,null,null,{"$f":"E15","v":"Dollars"},"Real $2018","End_Year",{"$f":"SUM(H15:H30)","v":0},{"$f":"SUM(I15:I30)","v":0},0,0,0,0,0,null,0]
[]
[null,"End"]

{"sheet":"BNI 21","index":41,"n_rows":34,"n_cols":16,"rows_kept":34,"cut":false,"hidden":false,"merged":[[6,4,6,9],[7,4,7,9],[9,4,9,9]]}
[null,{"$f":"MID(CELL(\"filename\",A1),FIND(\"]\",CELL(\"filename\",A1))+1,255)&\" Capital Expenditure\"","v":"BNI 21 Capital Expenditure"},null,null,null,null,"COMMERCIAL IN CONFIDENCE"]
[]
[null,"Direct Capex Forecasts"]
[]
[null,null,"NMP2 - Cullen Bay and Bayview LV cable Replacement"]
[]
[null,null,null,"Requirement","Description"]
[null,null,null,"Expenditure category","Distribution Lines"]
[null,null,null,"Project / program number","NMP2"]
[null,null,null,"Project / program description","Darwin Cullen Bay and Bayview Low Voltage Cable Replacement Program"]
[]
[null,null,"Direct Costs (Excluding Capitalised Overheads and Cost Escalation)"]
[]
[null,null,"Ref.","Regulatory Asset Class","Unit","Basis","Timing","RY18","RY19","RY20","RY21","RY22","RY23","RY24",null,"Total FY20 to FY24"]
[null,null,{"$f":"N(C14)+1","v":1},"Substations","Dollars","Real $2018","End_Year","c-i-c","c-i-c","c-i-c","c-i-c","c-i-c","c-i-c","c-i-c",null,{"$f":"SUM(J15:N15)","v":0}]
[null,null,{"$f":"N(C15)+1","v":2},"Distribution Lines","Dollars","Real $2018","End_Year","c-i-c","c-i-c","c-i-c","c-i-c","c-i-c","c-i-c","c-i-c",null,0]
[null,null,3,"Transmission Lines","Dollars","Real $2018","End_Year","c-i-c","c-i-c","c-i-c","c-i-c","c-i-c","c-i-c","c-i-c",null,0]
[null,null,4,"LV Services","Dollars","Real $2018","End_Year","c-i-c","c-i-c","c-i-c","c-i-c","c-i-c","c-i-c","c-i-c",null,0]
[null,null,5,"Distribution Substations","Dollars","Real $2018","End_Year","c-i-c","c-i-c","c-i-c","c-i-c","c-i-c","c-i-c","c-i-c",null,0]
[null,null,6,"Distribution Switchgear","Dollars","Real $2018","End_Year","c-i-c","c-i-c","c-i-c","c-i-c","c-i-c","c-i-c","c-i-c",null,0]
[null,null,7,"Protection","Dollars","Real $2018","End_Year","c-i-c","c-i-c","c-i-c","c-i-c","c-i-c","c-i-c","c-i-c",null,0]
[null,null,8,"SCADA","Dollars","Real $2018","End_Year","c-i-c","c-i-c","c-i-c","c-i-c","c-i-c","c-i-c","c-i-c",null,0]
[null,null,9,"Communications","Dollars","Real $2018","End_Year","c-i-c","c-i-c","c-i-c","c-i-c","c-i-c","c-i-c","c-i-c",null,0]
[null,null,10,"Land and Easements","Dollars","Real $2018","End_Year","c-i-c","c-i-c","c-i-c","c-i-c","c-i-c","c-i-c","c-i-c",null,0]
[null,null,11,"Property","Dollars","Real $2018","End_Year","c-i-c","c-i-c","c-i-c","c-i-c","c-i-c","c-i-c","c-i-c",null,0]
[null,null,12,"IT and Communications","Dollars","Real $2018","End_Year","c-i-c","c-i-c","c-i-c","c-i-c","c-i-c","c-i-c","c-i-c",null,0]
[null,null,13,"Motor Vehicles","Dollars","Real $2018","End_Year","c-i-c","c-i-c","c-i-c","c-i-c","c-i-c","c-i-c","c-i-c",null,0]
[null,null,14,"Plant and Equipment","Dollars","Real $2018","End_Year","c-i-c","c-i-c","c-i-c","c-i-c","c-i-c","c-i-c","c-i-c",null,0]
[null,null,15,"Property Leases","Dollars","Real $2018","End_Year","c-i-c","c-i-c","c-i-c","c-i-c","c-i-c","c-i-c","c-i-c",null,{"$f":"SUM(J29:N29)","v":0}]
[null,null,16,"Fleet Leases","Dollars","Real $2018","End_Year","c-i-c","c-i-c","c-i-c","c-i-c","c-i-c","c-i-c","c-i-c",null,0]
[]
[null,null,null,null,{"$f":"E15","v":"Dollars"},"Real $2018","End_Year",{"$f":"SUM(H15:H30)","v":0},{"$f":"SUM(I15:I30)","v":0},0,0,0,0,0,null,0]
[]
[null,"End"]

{"sheet":"BNI 22","index":42,"n_rows":34,"n_cols":16,"rows_kept":34,"cut":false,"hidden":false,"merged":[[6,4,6,9],[7,4,7,9],[9,4,9,9]]}
[null,{"$f":"MID(CELL(\"filename\",A1),FIND(\"]\",CELL(\"filename\",A1))+1,255)&\" Capital Expenditure\"","v":"BNI 22 Capital Expenditure"},null,null,null,null,"COMMERCIAL IN CONFIDENCE"]
[]
[null,"Direct Capex Forecasts"]
[]
[null,null,"NMP5 - Lake Bennett feeder (Cockatoo conductor)"]
[]
[null,null,null,"Requirement","Description"]
[null,null,null,"Expenditure category","Distribution Lines"]
[null,null,null,"Project / program number","NMP5"]
[null,null,null,"Project / program description","Darwin Lake Bennett Conductor Clearance Rectification Program"]
[]
[null,null,"Direct Costs (Excluding Capitalised Overheads and Cost Escalation)"]
[]
[null,null,"Ref.","Regulatory Asset Class","Unit","Basis","Timing","RY18","RY19","RY20","RY21","RY22","RY23","RY24",null,"Total FY20 to FY24"]
[null,null,{"$f":"N(C14)+1","v":1},"Substations","Dollars","Real $2018","End_Year","c-i-c","c-i-c","c-i-c","c-i-c","c-i-c","c-i-c","c-i-c",null,{"$f":"SUM(J15:N15)","v":0}]
[null,null,{"$f":"N(C15)+1","v":2},"Distribution Lines","Dollars","Real $2018","End_Year","c-i-c","c-i-c","c-i-c","c-i-c","c-i-c","c-i-c","c-i-c",null,0]
[null,null,3,"Transmission Lines","Dollars","Real $2018","End_Year","c-i-c","c-i-c","c-i-c","c-i-c","c-i-c","c-i-c","c-i-c",null,0]
[null,null,4,"LV Services","Dollars","Real $2018","End_Year","c-i-c","c-i-c","c-i-c","c-i-c","c-i-c","c-i-c","c-i-c",null,0]
[null,null,5,"Distribution Substations","Dollars","Real $2018","End_Year","c-i-c","c-i-c","c-i-c","c-i-c","c-i-c","c-i-c","c-i-c",null,0]
[null,null,6,"Distribution Switchgear","Dollars","Real $2018","End_Year","c-i-c","c-i-c","c-i-c","c-i-c","c-i-c","c-i-c","c-i-c",null,0]
[null,null,7,"Protection","Dollars","Real $2018","End_Year","c-i-c","c-i-c","c-i-c","c-i-c","c-i-c","c-i-c","c-i-c",null,0]
[null,null,8,"SCADA","Dollars","Real $2018","End_Year","c-i-c","c-i-c","c-i-c","c-i-c","c-i-c","c-i-c","c-i-c",null,0]
[null,null,9,"Communications","Dollars","Real $2018","End_Year","c-i-c","c-i-c","c-i-c","c-i-c","c-i-c","c-i-c","c-i-c",null,0]
[null,null,10,"Land and Easements","Dollars","Real $2018","End_Year","c-i-c","c-i-c","c-i-c","c-i-c","c-i-c","c-i-c","c-i-c",null,0]
[null,null,11,"Property","Dollars","Real $2018","End_Year","c-i-c","c-i-c","c-i-c","c-i-c","c-i-c","c-i-c","c-i-c",null,0]
[null,null,12,"IT and Communications","Dollars","Real $2018","End_Year","c-i-c","c-i-c","c-i-c","c-i-c","c-i-c","c-i-c","c-i-c",null,0]
[null,null,13,"Motor Vehicles","Dollars","Real $2018","End_Year","c-i-c","c-i-c","c-i-c","c-i-c","c-i-c","c-i-c","c-i-c",null,0]
[null,null,14,"Plant and Equipment","Dollars","Real $2018","End_Year","c-i-c","c-i-c","c-i-c","c-i-c","c-i-c","c-i-c","c-i-c",null,0]
[null,null,15,"Property Leases","Dollars","Real $2018","End_Year","c-i-c","c-i-c","c-i-c","c-i-c","c-i-c","c-i-c","c-i-c",null,{"$f":"SUM(J29:N29)","v":0}]
[null,null,16,"Fleet Leases","Dollars","Real $2018","End_Year","c-i-c","c-i-c","c-i-c","c-i-c","c-i-c","c-i-c","c-i-c",null,0]
[]
[null,null,null,null,{"$f":"E15","v":"Dollars"},"Real $2018","End_Year",{"$f":"SUM(H15:H30)","v":0},{"$f":"SUM(I15:I30)","v":0},0,0,0,0,0,null,0]
[]
[null,"End"]

{"sheet":"BNI 23","index":43,"n_rows":34,"n_cols":16,"rows_kept":34,"cut":false,"hidden":false,"merged":[[6,4,6,9],[7,4,7,9],[9,4,9,9]]}
[null,{"$f":"MID(CELL(\"filename\",A1),FIND(\"]\",CELL(\"filename\",A1))+1,255)&\" Capital Expenditure\"","v":"BNI 23 Capital Expenditure"},null,null,null,null,"COMMERCIAL IN CONFIDENCE"]
[]
[null,"Direct Capex Forecasts"]
[]
[null,null,"NMP7 - Distribution Switchgear Replacement (Hazemeyer)"]
[]
[null,null,null,"Requirement","Description"]
[null,null,null,"Expenditure category"]
[null,null,null,"Project / program number"]
[null,null,null,"Project / program description","[deleted]"]
[]
[null,null,"Direct Costs (Excluding Capitalised Overheads and Cost Escalation)"]
[]
[null,null,"Ref.","Regulatory Asset Class","Unit","Basis","Timing","RY18","RY19","RY20","RY21","RY22","RY23","RY24",null,"Total FY20 to FY24"]
[null,null,{"$f":"N(C14)+1","v":1},"Substations","Dollars","Real $2018","End_Year","c-i-c","c-i-c","c-i-c","c-i-c","c-i-c","c-i-c","c-i-c",null,{"$f":"SUM(J15:N15)","v":0}]
[null,null,{"$f":"N(C15)+1","v":2},"Distribution Lines","Dollars","Real $2018","End_Year","c-i-c","c-i-c","c-i-c","c-i-c","c-i-c","c-i-c","c-i-c",null,0]
[null,null,3,"Transmission Lines","Dollars","Real $2018","End_Year","c-i-c","c-i-c","c-i-c","c-i-c","c-i-c","c-i-c","c-i-c",null,0]
[null,null,4,"LV Services","Dollars","Real $2018","End_Year","c-i-c","c-i-c","c-i-c","c-i-c","c-i-c","c-i-c","c-i-c",null,0]
[null,null,5,"Distribution Substations","Dollars","Real $2018","End_Year","c-i-c","c-i-c","c-i-c","c-i-c","c-i-c","c-i-c","c-i-c",null,0]
[null,null,6,"Distribution Switchgear","Dollars","Real $2018","End_Year","c-i-c","c-i-c","c-i-c","c-i-c","c-i-c","c-i-c","c-i-c",null,0]
[null,null,7,"Protection","Dollars","Real $2018","End_Year","c-i-c","c-i-c","c-i-c","c-i-c","c-i-c","c-i-c","c-i-c",null,0]
[null,null,8,"SCADA","Dollars","Real $2018","End_Year","c-i-c","c-i-c","c-i-c","c-i-c","c-i-c","c-i-c","c-i-c",null,0]
[null,null,9,"Communications","Dollars","Real $2018","End_Year","c-i-c","c-i-c","c-i-c","c-i-c","c-i-c","c-i-c","c-i-c",null,0]
[null,null,10,"Land and Easements","Dollars","Real $2018","End_Year","c-i-c","c-i-c","c-i-c","c-i-c","c-i-c","c-i-c","c-i-c",null,0]
[null,null,11,"Property","Dollars","Real $2018","End_Year","c-i-c","c-i-c","c-i-c","c-i-c","c-i-c","c-i-c","c-i-c",null,0]
[null,null,12,"IT and Communications","Dollars","Real $2018","End_Year","c-i-c","c-i-c","c-i-c","c-i-c","c-i-c","c-i-c","c-i-c",null,0]
[null,null,13,"Motor Vehicles","Dollars","Real $2018","End_Year","c-i-c","c-i-c","c-i-c","c-i-c","c-i-c","c-i-c","c-i-c",null,0]
[null,null,14,"Plant and Equipment","Dollars","Real $2018","End_Year","c-i-c","c-i-c","c-i-c","c-i-c","c-i-c","c-i-c","c-i-c",null,0]
[null,null,15,"Property Leases","Dollars","Real $2018","End_Year","c-i-c","c-i-c","c-i-c","c-i-c","c-i-c","c-i-c","c-i-c",null,{"$f":"SUM(J29:N29)","v":0}]
[null,null,16,"Fleet Leases","Dollars","Real $2018","End_Year","c-i-c","c-i-c","c-i-c","c-i-c","c-i-c","c-i-c","c-i-c",null,0]
[]
[null,null,null,null,{"$f":"E15","v":"Dollars"},"Real $2018","End_Year",{"$f":"SUM(H15:H30)","v":0},{"$f":"SUM(I15:I30)","v":0},0,0,0,0,0,null,0]
[]
[null,"End"]

{"sheet":"BNI 24","index":44,"n_rows":34,"n_cols":16,"rows_kept":34,"cut":false,"hidden":false,"merged":[[6,4,6,9],[7,4,7,9],[9,4,9,9]]}
[null,{"$f":"MID(CELL(\"filename\",A1),FIND(\"]\",CELL(\"filename\",A1))+1,255)&\" Capital Expenditure\"","v":"BNI 24 Capital Expenditure"},null,null,null,null,"COMMERCIAL IN CONFIDENCE"]
[]
[null,"Direct Capex Forecasts"]
[]
[null,null,"NMP17 - Single Phase Substation Replacement/Refurbishment"]
[]
[null,null,null,"Requirement","Description"]
[null,null,null,"Expenditure category","Distribution Substations"]
[null,null,null,"Project / program number","NMP17"]
[null,null,null,"Project / program description","Single Phase Substation Refurbishment Program"]
[]
[null,null,"Direct Costs (Excluding Capitalised Overheads and Cost Escalation)"]
[]
[null,null,"Ref.","Regulatory Asset Class","Unit","Basis","Timing","RY18","RY19","RY20","RY21","RY22","RY23","RY24",null,"Total FY20 to FY24"]
[null,null,{"$f":"N(C14)+1","v":1},"Substations","Dollars","Real $2018","End_Year","c-i-c","c-i-c","c-i-c","c-i-c","c-i-c","c-i-c","c-i-c",null,{"$f":"SUM(J15:N15)","v":0}]
[null,null,{"$f":"N(C15)+1","v":2},"Distribution Lines","Dollars","Real $2018","End_Year","c-i-c","c-i-c","c-i-c","c-i-c","c-i-c","c-i-c","c-i-c",null,0]
[null,null,3,"Transmission Lines","Dollars","Real $2018","End_Year","c-i-c","c-i-c","c-i-c","c-i-c","c-i-c","c-i-c","c-i-c",null,0]
[null,null,4,"LV Services","Dollars","Real $2018","End_Year","c-i-c","c-i-c","c-i-c","c-i-c","c-i-c","c-i-c","c-i-c",null,0]
[null,null,5,"Distribution Substations","Dollars","Real $2018","End_Year","c-i-c","c-i-c","c-i-c","c-i-c","c-i-c","c-i-c","c-i-c",null,0]
[null,null,6,"Distribution Switchgear","Dollars","Real $2018","End_Year","c-i-c","c-i-c","c-i-c","c-i-c","c-i-c","c-i-c","c-i-c",null,0]
[null,null,7,"Protection","Dollars","Real $2018","End_Year","c-i-c","c-i-c","c-i-c","c-i-c","c-i-c","c-i-c","c-i-c",null,0]
[null,null,8,"SCADA","Dollars","Real $2018","End_Year","c-i-c","c-i-c","c-i-c","c-i-c","c-i-c","c-i-c","c-i-c",null,0]
[null,null,9,"Communications","Dollars","Real $2018","End_Year","c-i-c","c-i-c","c-i-c","c-i-c","c-i-c","c-i-c","c-i-c",null,0]
[null,null,10,"Land and Easements","Dollars","Real $2018","End_Year","c-i-c","c-i-c","c-i-c","c-i-c","c-i-c","c-i-c","c-i-c",null,0]
[null,null,11,"Property","Dollars","Real $2018","End_Year","c-i-c","c-i-c","c-i-c","c-i-c","c-i-c","c-i-c","c-i-c",null,0]
[null,null,12,"IT and Communications","Dollars","Real $2018","End_Year","c-i-c","c-i-c","c-i-c","c-i-c","c-i-c","c-i-c","c-i-c",null,0]
[null,null,13,"Motor Vehicles","Dollars","Real $2018","End_Year","c-i-c","c-i-c","c-i-c","c-i-c","c-i-c","c-i-c","c-i-c",null,0]
[null,null,14,"Plant and Equipment","Dollars","Real $2018","End_Year","c-i-c","c-i-c","c-i-c","c-i-c","c-i-c","c-i-c","c-i-c",null,0]
[null,null,15,"Property Leases","Dollars","Real $2018","End_Year","c-i-c","c-i-c","c-i-c","c-i-c","c-i-c","c-i-c","c-i-c",null,{"$f":"SUM(J29:N29)","v":0}]
[null,null,16,"Fleet Leases","Dollars","Real $2018","End_Year","c-i-c","c-i-c","c-i-c","c-i-c","c-i-c","c-i-c","c-i-c",null,0]
[]
[null,null,null,null,{"$f":"E15","v":"Dollars"},"Real $2018","End_Year",{"$f":"SUM(H15:H30)","v":0},{"$f":"SUM(I15:I30)","v":0},0,0,0,0,0,null,0]
[]
[null,"End"]

{"sheet":"BNI 25","index":45,"n_rows":34,"n_cols":16,"rows_kept":34,"cut":false,"hidden":false,"merged":[[6,4,6,9],[7,4,7,9],[9,4,9,9]]}
[null,{"$f":"MID(CELL(\"filename\",A1),FIND(\"]\",CELL(\"filename\",A1))+1,255)&\" Capital Expenditure\"","v":"BNI 25 Capital Expenditure"},null,null,null,null,"COMMERCIAL IN CONFIDENCE"]
[]
[null,"Direct Capex Forecasts"]
[]
[null,null,"NMP17 - Single Phase Substation Replacement/Refurbishment"]
[]
[null,null,null,"Requirement","Description"]
[null,null,null,"Expenditure category","Distribution assets"]
[null,null,null,"Project / program number","NMCFR / PRD33437"]
[null,null,null,"Project / program description","All Regions Condition and Failure Based Replacement Pooled Forecast"]
[]
[null,null,"Direct Costs (Excluding Capitalised Overheads and Cost Escalation)"]
[]
[null,null,"Ref.","Regulatory Asset Class","Unit","Basis","Timing","RY18","RY19","RY20","RY21","RY22","RY23","RY24",null,"Total FY20 to FY24"]
[null,null,{"$f":"N(C14)+1","v":1},"Substations","Dollars","Real $2018","End_Year","c-i-c","c-i-c","c-i-c","c-i-c","c-i-c","c-i-c","c-i-c",null,{"$f":"SUM(J15:N15)","v":0}]
[null,null,{"$f":"N(C15)+1","v":2},"Distribution Lines","Dollars","Real $2018","End_Year","c-i-c","c-i-c","c-i-c","c-i-c","c-i-c","c-i-c","c-i-c",null,0]
[null,null,3,"Transmission Lines","Dollars","Real $2018","End_Year","c-i-c","c-i-c","c-i-c","c-i-c","c-i-c","c-i-c","c-i-c",null,0]
[null,null,4,"LV Services","Dollars","Real $2018","End_Year","c-i-c","c-i-c","c-i-c","c-i-c","c-i-c","c-i-c","c-i-c",null,0]
[null,null,5,"Distribution Substations","Dollars","Real $2018","End_Year","c-i-c","c-i-c","c-i-c","c-i-c","c-i-c","c-i-c","c-i-c",null,0]
[null,null,6,"Distribution Switchgear","Dollars","Real $2018","End_Year","c-i-c","c-i-c","c-i-c","c-i-c","c-i-c","c-i-c","c-i-c",null,0]
[null,null,7,"Protection","Dollars","Real $2018","End_Year","c-i-c","c-i-c","c-i-c","c-i-c","c-i-c","c-i-c","c-i-c",null,0]
[null,null,8,"SCADA","Dollars","Real $2018","End_Year","c-i-c","c-i-c","c-i-c","c-i-c","c-i-c","c-i-c","c-i-c",null,0]
[null,null,9,"Communications","Dollars","Real $2018","End_Year","c-i-c","c-i-c","c-i-c","c-i-c","c-i-c","c-i-c","c-i-c",null,0]
[null,null,10,"Land and Easements","Dollars","Real $2018","End_Year","c-i-c","c-i-c","c-i-c","c-i-c","c-i-c","c-i-c","c-i-c",null,0]
[null,null,11,"Property","Dollars","Real $2018","End_Year","c-i-c","c-i-c","c-i-c","c-i-c","c-i-c","c-i-c","c-i-c",null,0]
[null,null,12,"IT and Communications","Dollars","Real $2018","End_Year","c-i-c","c-i-c","c-i-c","c-i-c","c-i-c","c-i-c","c-i-c",null,0]
[null,null,13,"Motor Vehicles","Dollars","Real $2018","End_Year","c-i-c","c-i-c","c-i-c","c-i-c","c-i-c","c-i-c","c-i-c",null,0]
[null,null,14,"Plant and Equipment","Dollars","Real $2018","End_Year","c-i-c","c-i-c","c-i-c","c-i-c","c-i-c","c-i-c","c-i-c",null,0]
[null,null,15,"Property Leases","Dollars","Real $2018","End_Year","c-i-c","c-i-c","c-i-c","c-i-c","c-i-c","c-i-c","c-i-c",null,{"$f":"SUM(J29:N29)","v":0}]
[null,null,16,"Fleet Leases","Dollars","Real $2018","End_Year","c-i-c","c-i-c","c-i-c","c-i-c","c-i-c","c-i-c","c-i-c",null,0]
[]
[null,null,null,null,{"$f":"E15","v":"Dollars"},"Real $2018","End_Year",{"$f":"SUM(H15:H30)","v":0},{"$f":"SUM(I15:I30)","v":0},0,0,0,0,0,null,0]
[]
[null,"End"]

{"sheet":"BNI 26","index":46,"n_rows":34,"n_cols":16,"rows_kept":34,"cut":false,"hidden":false,"merged":[[6,4,6,9],[7,4,7,9],[9,4,9,9]]}
[null,{"$f":"MID(CELL(\"filename\",A1),FIND(\"]\",CELL(\"filename\",A1))+1,255)&\" Capital Expenditure\"","v":"BNI 26 Capital Expenditure"},null,null,null,null,"COMMERCIAL IN CONFIDENCE"]
[]
[null,"Direct Capex Forecasts"]
[]
[null,null,"BNI Description"]
[]
[null,null,null,"Requirement","Description"]
[null,null,null,"Expenditure category","Distribution Lines"]
[null,null,null,"Project / program number","NMP18"]
[null,null,null,"Project / program description","Darwin Coastal Pole Top Corrosion Replacement Program"]
[]
[null,null,"Direct Costs (Excluding Capitalised Overheads and Cost Escalation)"]
[]
[null,null,"Ref.","Regulatory Asset Class","Unit","Basis","Timing","RY18","RY19","RY20","RY21","RY22","RY23","RY24",null,"Total FY20 to FY24"]
[null,null,{"$f":"N(C14)+1","v":1},"Substations","Dollars","Real $2018","End_Year","c-i-c","c-i-c","c-i-c","c-i-c","c-i-c","c-i-c","c-i-c",null,{"$f":"SUM(J15:N15)","v":0}]
[null,null,{"$f":"N(C15)+1","v":2},"Distribution Lines","Dollars","Real $2018","End_Year","c-i-c","c-i-c","c-i-c","c-i-c","c-i-c","c-i-c","c-i-c",null,0]
[null,null,3,"Transmission Lines","Dollars","Real $2018","End_Year","c-i-c","c-i-c","c-i-c","c-i-c","c-i-c","c-i-c","c-i-c",null,0]
[null,null,4,"LV Services","Dollars","Real $2018","End_Year","c-i-c","c-i-c","c-i-c","c-i-c","c-i-c","c-i-c","c-i-c",null,0]
[null,null,5,"Distribution Substations","Dollars","Real $2018","End_Year","c-i-c","c-i-c","c-i-c","c-i-c","c-i-c","c-i-c","c-i-c",null,0]
[null,null,6,"Distribution Switchgear","Dollars","Real $2018","End_Year","c-i-c","c-i-c","c-i-c","c-i-c","c-i-c","c-i-c","c-i-c",null,0]
[null,null,7,"Protection","Dollars","Real $2018","End_Year","c-i-c","c-i-c","c-i-c","c-i-c","c-i-c","c-i-c","c-i-c",null,0]
[null,null,8,"SCADA","Dollars","Real $2018","End_Year","c-i-c","c-i-c","c-i-c","c-i-c","c-i-c","c-i-c","c-i-c",null,0]
[null,null,9,"Communications","Dollars","Real $2018","End_Year","c-i-c","c-i-c","c-i-c","c-i-c","c-i-c","c-i-c","c-i-c",null,0]
[null,null,10,"Land and Easements","Dollars","Real $2018","End_Year","c-i-c","c-i-c","c-i-c","c-i-c","c-i-c","c-i-c","c-i-c",null,0]
[null,null,11,"Property","Dollars","Real $2018","End_Year","c-i-c","c-i-c","c-i-c","c-i-c","c-i-c","c-i-c","c-i-c",null,0]
[null,null,12,"IT and Communications","Dollars","Real $2018","End_Year","c-i-c","c-i-c","c-i-c","c-i-c","c-i-c","c-i-c","c-i-c",null,0]
[null,null,13,"Motor Vehicles","Dollars","Real $2018","End_Year","c-i-c","c-i-c","c-i-c","c-i-c","c-i-c","c-i-c","c-i-c",null,0]
[null,null,14,"Plant and Equipment","Dollars","Real $2018","End_Year","c-i-c","c-i-c","c-i-c","c-i-c","c-i-c","c-i-c","c-i-c",null,0]
[null,null,15,"Property Leases","Dollars","Real $2018","End_Year","c-i-c","c-i-c","c-i-c","c-i-c","c-i-c","c-i-c","c-i-c",null,{"$f":"SUM(J29:N29)","v":0}]
[null,null,16,"Fleet Leases","Dollars","Real $2018","End_Year","c-i-c","c-i-c","c-i-c","c-i-c","c-i-c","c-i-c","c-i-c",null,0]
[]
[null,null,null,null,{"$f":"E15","v":"Dollars"},"Real $2018","End_Year",{"$f":"SUM(H15:H30)","v":0},{"$f":"SUM(I15:I30)","v":0},0,0,0,0,0,null,0]
[]
[null,"End"]

{"sheet":"BNI 27","index":47,"n_rows":34,"n_cols":16,"rows_kept":34,"cut":false,"hidden":false,"merged":[[6,4,6,9],[7,4,7,9],[9,4,9,9]]}
[null,{"$f":"MID(CELL(\"filename\",A1),FIND(\"]\",CELL(\"filename\",A1))+1,255)&\" Capital Expenditure\"","v":"BNI 27 Capital Expenditure"},null,null,null,null,"COMMERCIAL IN CONFIDENCE"]
[]
[null,"Direct Capex Forecasts"]
[]
[null,null,"BNI Description"]
[]
[null,null,null,"Requirement","Description"]
[null,null,null,"Expenditure category","Substations"]
[null,null,null,"Project / program number","NMP16"]
[null,null,null,"Project / program description","Substation DC System Replacement Program"]
[]
[null,null,"Direct Costs (Excluding Capitalised Overheads and Cost Escalation)"]
[]
[null,null,"Ref.","Regulatory Asset Class","Unit","Basis","Timing","RY18","RY19","RY20","RY21","RY22","RY23","RY24",null,"Total FY20 to FY24"]
[null,null,{"$f":"N(C14)+1","v":1},"Substations","Dollars","Real $2018","End_Year","c-i-c","c-i-c","c-i-c","c-i-c","c-i-c","c-i-c","c-i-c",null,{"$f":"SUM(J15:N15)","v":0}]
[null,null,{"$f":"N(C15)+1","v":2},"Distribution Lines","Dollars","Real $2018","End_Year","c-i-c","c-i-c","c-i-c","c-i-c","c-i-c","c-i-c","c-i-c",null,0]
[null,null,3,"Transmission Lines","Dollars","Real $2018","End_Year","c-i-c","c-i-c","c-i-c","c-i-c","c-i-c","c-i-c","c-i-c",null,0]
[null,null,4,"LV Services","Dollars","Real $2018","End_Year","c-i-c","c-i-c","c-i-c","c-i-c","c-i-c","c-i-c","c-i-c",null,0]
[null,null,5,"Distribution Substations","Dollars","Real $2018","End_Year","c-i-c","c-i-c","c-i-c","c-i-c","c-i-c","c-i-c","c-i-c",null,0]
[null,null,6,"Distribution Switchgear","Dollars","Real $2018","End_Year","c-i-c","c-i-c","c-i-c","c-i-c","c-i-c","c-i-c","c-i-c",null,0]
[null,null,7,"Protection","Dollars","Real $2018","End_Year","c-i-c","c-i-c","c-i-c","c-i-c","c-i-c","c-i-c","c-i-c",null,0]
[null,null,8,"SCADA","Dollars","Real $2018","End_Year","c-i-c","c-i-c","c-i-c","c-i-c","c-i-c","c-i-c","c-i-c",null,0]
[null,null,9,"Communications","Dollars","Real $2018","End_Year","c-i-c","c-i-c","c-i-c","c-i-c","c-i-c","c-i-c","c-i-c",null,0]
[null,null,10,"Land and Easements","Dollars","Real $2018","End_Year","c-i-c","c-i-c","c-i-c","c-i-c","c-i-c","c-i-c","c-i-c",null,0]
[null,null,11,"Property","Dollars","Real $2018","End_Year","c-i-c","c-i-c","c-i-c","c-i-c","c-i-c","c-i-c","c-i-c",null,0]
[null,null,12,"IT and Communications","Dollars","Real $2018","End_Year","c-i-c","c-i-c","c-i-c","c-i-c","c-i-c","c-i-c","c-i-c",null,0]
[null,null,13,"Motor Vehicles","Dollars","Real $2018","End_Year","c-i-c","c-i-c","c-i-c","c-i-c","c-i-c","c-i-c","c-i-c",null,0]
[null,null,14,"Plant and Equipment","Dollars","Real $2018","End_Year","c-i-c","c-i-c","c-i-c","c-i-c","c-i-c","c-i-c","c-i-c",null,0]
[null,null,15,"Property Leases","Dollars","Real $2018","End_Year","c-i-c","c-i-c","c-i-c","c-i-c","c-i-c","c-i-c","c-i-c",null,{"$f":"SUM(J29:N29)","v":0}]
[null,null,16,"Fleet Leases","Dollars","Real $2018","End_Year","c-i-c","c-i-c","c-i-c","c-i-c","c-i-c","c-i-c","c-i-c",null,0]
[]
[null,null,null,null,{"$f":"E15","v":"Dollars"},"Real $2018","End_Year",{"$f":"SUM(H15:H30)","v":0},{"$f":"SUM(I15:I30)","v":0},0,0,0,0,0,null,0]
[]
[null,"End"]

{"sheet":"BNI 28","index":48,"n_rows":34,"n_cols":16,"rows_kept":34,"cut":false,"hidden":false,"merged":[[6,4,6,9],[7,4,7,9],[9,4,9,9]]}
[null,{"$f":"MID(CELL(\"filename\",A1),FIND(\"]\",CELL(\"filename\",A1))+1,255)&\" Capital Expenditure\"","v":"BNI 28 Capital Expenditure"},null,null,null,null,"COMMERCIAL IN CONFIDENCE"]
[]
[null,"Direct Capex Forecasts"]
[]
[null,null,"BNI Description"]
[]
[null,null,null,"Requirement","Description"]
[null,null,null,"Expenditure category","Distribution Lines"]
[null,null,null,"Project / program number","NMF"]
[null,null,null,"Project / program description","All Regions Poorly Performing Feeder Improvement Program (REPEX Component)"]
[]
[null,null,"Direct Costs (Excluding Capitalised Overheads and Cost Escalation)"]
[]
[null,null,"Ref.","Regulatory Asset Class","Unit","Basis","Timing","RY18","RY19","RY20","RY21","RY22","RY23","RY24",null,"Total FY20 to FY24"]
[null,null,{"$f":"N(C14)+1","v":1},"Substations","Dollars","Real $2018","End_Year","c-i-c","c-i-c","c-i-c","c-i-c","c-i-c","c-i-c","c-i-c",null,{"$f":"SUM(J15:N15)","v":0}]
[null,null,{"$f":"N(C15)+1","v":2},"Distribution Lines","Dollars","Real $2018","End_Year","c-i-c","c-i-c","c-i-c","c-i-c","c-i-c","c-i-c","c-i-c",null,0]
[null,null,3,"Transmission Lines","Dollars","Real $2018","End_Year","c-i-c","c-i-c","c-i-c","c-i-c","c-i-c","c-i-c","c-i-c",null,0]
[null,null,4,"LV Services","Dollars","Real $2018","End_Year","c-i-c","c-i-c","c-i-c","c-i-c","c-i-c","c-i-c","c-i-c",null,0]
[null,null,5,"Distribution Substations","Dollars","Real $2018","End_Year","c-i-c","c-i-c","c-i-c","c-i-c","c-i-c","c-i-c","c-i-c",null,0]
[null,null,6,"Distribution Switchgear","Dollars","Real $2018","End_Year","c-i-c","c-i-c","c-i-c","c-i-c","c-i-c","c-i-c","c-i-c",null,0]
[null,null,7,"Protection","Dollars","Real $2018","End_Year","c-i-c","c-i-c","c-i-c","c-i-c","c-i-c","c-i-c","c-i-c",null,0]
[null,null,8,"SCADA","Dollars","Real $2018","End_Year","c-i-c","c-i-c","c-i-c","c-i-c","c-i-c","c-i-c","c-i-c",null,0]
[null,null,9,"Communications","Dollars","Real $2018","End_Year","c-i-c","c-i-c","c-i-c","c-i-c","c-i-c","c-i-c","c-i-c",null,0]
[null,null,10,"Land and Easements","Dollars","Real $2018","End_Year","c-i-c","c-i-c","c-i-c","c-i-c","c-i-c","c-i-c","c-i-c",null,0]
[null,null,11,"Property","Dollars","Real $2018","End_Year","c-i-c","c-i-c","c-i-c","c-i-c","c-i-c","c-i-c","c-i-c",null,0]
[null,null,12,"IT and Communications","Dollars","Real $2018","End_Year","c-i-c","c-i-c","c-i-c","c-i-c","c-i-c","c-i-c","c-i-c",null,0]
[null,null,13,"Motor Vehicles","Dollars","Real $2018","End_Year","c-i-c","c-i-c","c-i-c","c-i-c","c-i-c","c-i-c","c-i-c",null,0]
[null,null,14,"Plant and Equipment","Dollars","Real $2018","End_Year","c-i-c","c-i-c","c-i-c","c-i-c","c-i-c","c-i-c","c-i-c",null,0]
[null,null,15,"Property Leases","Dollars","Real $2018","End_Year","c-i-c","c-i-c","c-i-c","c-i-c","c-i-c","c-i-c","c-i-c",null,{"$f":"SUM(J29:N29)","v":0}]
[null,null,16,"Fleet Leases","Dollars","Real $2018","End_Year","c-i-c","c-i-c","c-i-c","c-i-c","c-i-c","c-i-c","c-i-c",null,0]
[]
[null,null,null,null,{"$f":"E15","v":"Dollars"},"Real $2018","End_Year",{"$f":"SUM(H15:H30)","v":0},{"$f":"SUM(I15:I30)","v":0},0,0,0,0,0,null,0]
[]
[null,"End"]

{"sheet":"BNI 29","index":49,"n_rows":34,"n_cols":16,"rows_kept":34,"cut":false,"hidden":false,"merged":[[6,4,6,9],[7,4,7,9],[9,4,9,9]]}
[null,{"$f":"MID(CELL(\"filename\",A1),FIND(\"]\",CELL(\"filename\",A1))+1,255)&\" Capital Expenditure\"","v":"BNI 29 Capital Expenditure"},null,null,null,null,"COMMERCIAL IN CONFIDENCE"]
[]
[null,"Direct Capex Forecasts"]
[]
[null,null,"BNI Description"]
[]
[null,null,null,"Requirement","Description"]
[null,null,null,"Expenditure category"]
[null,null,null,"Project / program number"]
[null,null,null,"Project / program description","[deleted]"]
[]
[null,null,"Direct Costs (Excluding Capitalised Overheads and Cost Escalation)"]
[]
[null,null,"Ref.","Regulatory Asset Class","Unit","Basis","Timing","RY18","RY19","RY20","RY21","RY22","RY23","RY24",null,"Total FY20 to FY24"]
[null,null,{"$f":"N(C14)+1","v":1},"Substations","Dollars","Real $2018","End_Year","c-i-c","c-i-c","c-i-c","c-i-c","c-i-c","c-i-c","c-i-c",null,{"$f":"SUM(J15:N15)","v":0}]
[null,null,{"$f":"N(C15)+1","v":2},"Distribution Lines","Dollars","Real $2018","End_Year","c-i-c","c-i-c","c-i-c","c-i-c","c-i-c","c-i-c","c-i-c",null,0]
[null,null,3,"Transmission Lines","Dollars","Real $2018","End_Year","c-i-c","c-i-c","c-i-c","c-i-c","c-i-c","c-i-c","c-i-c",null,0]
[null,null,4,"LV Services","Dollars","Real $2018","End_Year","c-i-c","c-i-c","c-i-c","c-i-c","c-i-c","c-i-c","c-i-c",null,0]
[null,null,5,"Distribution Substations","Dollars","Real $2018","End_Year","c-i-c","c-i-c","c-i-c","c-i-c","c-i-c","c-i-c","c-i-c",null,0]
[null,null,6,"Distribution Switchgear","Dollars","Real $2018","End_Year","c-i-c","c-i-c","c-i-c","c-i-c","c-i-c","c-i-c","c-i-c",null,0]
[null,null,7,"Protection","Dollars","Real $2018","End_Year","c-i-c","c-i-c","c-i-c","c-i-c","c-i-c","c-i-c","c-i-c",null,0]
[null,null,8,"SCADA","Dollars","Real $2018","End_Year","c-i-c","c-i-c","c-i-c","c-i-c","c-i-c","c-i-c","c-i-c",null,0]
[null,null,9,"Communications","Dollars","Real $2018","End_Year","c-i-c","c-i-c","c-i-c","c-i-c","c-i-c","c-i-c","c-i-c",null,0]
[null,null,10,"Land and Easements","Dollars","Real $2018","End_Year","c-i-c","c-i-c","c-i-c","c-i-c","c-i-c","c-i-c","c-i-c",null,0]
[null,null,11,"Property","Dollars","Real $2018","End_Year","c-i-c","c-i-c","c-i-c","c-i-c","c-i-c","c-i-c","c-i-c",null,0]
[null,null,12,"IT and Communications","Dollars","Real $2018","End_Year","c-i-c","c-i-c","c-i-c","c-i-c","c-i-c","c-i-c","c-i-c",null,0]
[null,null,13,"Motor Vehicles","Dollars","Real $2018","End_Year","c-i-c","c-i-c","c-i-c","c-i-c","c-i-c","c-i-c","c-i-c",null,0]
[null,null,14,"Plant and Equipment","Dollars","Real $2018","End_Year","c-i-c","c-i-c","c-i-c","c-i-c","c-i-c","c-i-c","c-i-c",null,0]
[null,null,15,"Property Leases","Dollars","Real $2018","End_Year","c-i-c","c-i-c","c-i-c","c-i-c","c-i-c","c-i-c","c-i-c",null,{"$f":"SUM(J29:N29)","v":0}]
[null,null,16,"Fleet Leases","Dollars","Real $2018","End_Year","c-i-c","c-i-c","c-i-c","c-i-c","c-i-c","c-i-c","c-i-c",null,0]
[]
[null,null,null,null,{"$f":"E15","v":"Dollars"},"Real $2018","End_Year",{"$f":"SUM(H15:H30)","v":0},{"$f":"SUM(I15:I30)","v":0},0,0,0,0,0,null,0]
[]
[null,"End"]

{"sheet":"BNI 30","index":50,"n_rows":34,"n_cols":16,"rows_kept":34,"cut":false,"hidden":false,"merged":[[6,4,6,9],[7,4,7,9],[9,4,9,9]]}
[null,{"$f":"MID(CELL(\"filename\",A1),FIND(\"]\",CELL(\"filename\",A1))+1,255)&\" Capital Expenditure\"","v":"BNI 30 Capital Expenditure"},null,null,null,null,"COMMERCIAL IN CONFIDENCE"]
[]
[null,"Direct Capex Forecasts"]
[]
[null,null,"BNI Description"]
[]
[null,null,null,"Requirement","Description"]
[null,null,null,"Expenditure category","All"]
[null,null,null,"Project / program number","Budget/SCI"]
[null,null,null,"Project / program description","FY18 budget and FY19 budget for Repex"]
[]
[null,null,"Direct Costs (Excluding Capitalised Overheads and Cost Escalation)"]
[]
[null,null,"Ref.","Regulatory Asset Class","Unit","Basis","Timing","RY18","RY19","RY20","RY21","RY22","RY23","RY24",null,"Total FY20 to FY24"]
[null,null,{"$f":"N(C14)+1","v":1},"Substations","Dollars","Real $2018","End_Year","c-i-c","c-i-c","c-i-c","c-i-c","c-i-c","c-i-c","c-i-c",null,{"$f":"SUM(J15:N15)","v":0}]
[null,null,{"$f":"N(C15)+1","v":2},"Distribution Lines","Dollars","Real $2018","End_Year","c-i-c","c-i-c","c-i-c","c-i-c","c-i-c","c-i-c","c-i-c",null,0]
[null,null,3,"Transmission Lines","Dollars","Real $2018","End_Year","c-i-c","c-i-c","c-i-c","c-i-c","c-i-c","c-i-c","c-i-c",null,0]
[null,null,4,"LV Services","Dollars","Real $2018","End_Year","c-i-c","c-i-c","c-i-c","c-i-c","c-i-c","c-i-c","c-i-c",null,0]
[null,null,5,"Distribution Substations","Dollars","Real $2018","End_Year","c-i-c","c-i-c","c-i-c","c-i-c","c-i-c","c-i-c","c-i-c",null,0]
[null,null,6,"Distribution Switchgear","Dollars","Real $2018","End_Year","c-i-c","c-i-c","c-i-c","c-i-c","c-i-c","c-i-c","c-i-c",null,0]
[null,null,7,"Protection","Dollars","Real $2018","End_Year","c-i-c","c-i-c","c-i-c","c-i-c","c-i-c","c-i-c","c-i-c",null,0]
[null,null,8,"SCADA","Dollars","Real $2018","End_Year","c-i-c","c-i-c","c-i-c","c-i-c","c-i-c","c-i-c","c-i-c",null,0]
[null,null,9,"Communications","Dollars","Real $2018","End_Year","c-i-c","c-i-c","c-i-c","c-i-c","c-i-c","c-i-c","c-i-c",null,0]
[null,null,10,"Land and Easements","Dollars","Real $2018","End_Year","c-i-c","c-i-c","c-i-c","c-i-c","c-i-c","c-i-c","c-i-c",null,0]
[null,null,11,"Property","Dollars","Real $2018","End_Year","c-i-c","c-i-c","c-i-c","c-i-c","c-i-c","c-i-c","c-i-c",null,0]
[null,null,12,"IT and Communications","Dollars","Real $2018","End_Year","c-i-c","c-i-c","c-i-c","c-i-c","c-i-c","c-i-c","c-i-c",null,0]
[null,null,13,"Motor Vehicles","Dollars","Real $2018","End_Year","c-i-c","c-i-c","c-i-c","c-i-c","c-i-c","c-i-c","c-i-c",null,0]
[null,null,14,"Plant and Equipment","Dollars","Real $2018","End_Year","c-i-c","c-i-c","c-i-c","c-i-c","c-i-c","c-i-c","c-i-c",null,0]
[null,null,15,"Property Leases","Dollars","Real $2018","End_Year","c-i-c","c-i-c","c-i-c","c-i-c","c-i-c","c-i-c","c-i-c",null,{"$f":"SUM(J29:N29)","v":0}]
[null,null,16,"Fleet Leases","Dollars","Real $2018","End_Year","c-i-c","c-i-c","c-i-c","c-i-c","c-i-c","c-i-c","c-i-c",null,0]
[]
[null,null,null,null,{"$f":"E15","v":"Dollars"},"Real $2018","End_Year",{"$f":"SUM(H15:H30)","v":0},{"$f":"SUM(I15:I30)","v":0},0,0,0,0,0,null,0]
[]
[null,"End"]

{"sheet":"BNI 31","index":51,"n_rows":34,"n_cols":16,"rows_kept":34,"cut":false,"hidden":false,"merged":[[6,4,6,9],[7,4,7,9],[9,4,9,9]]}
[null,{"$f":"MID(CELL(\"filename\",A1),FIND(\"]\",CELL(\"filename\",A1))+1,255)&\" Capital Expenditure\"","v":"BNI 31 Capital Expenditure"},null,null,null,null,"COMMERCIAL IN CONFIDENCE"]
[]
[null,"Direct Capex Forecasts"]
[]
[null,null,"BNI Description"]
[]
[null,null,null,"Requirement","Description"]
[null,null,null,"Expenditure category","Transmission Lines"]
[null,null,null,"Project / program number","NMP20"]
[null,null,null,"Project / program description","Transmission Line Pole Top Corrosion Replacement Program"]
[]
[null,null,"Direct Costs (Excluding Capitalised Overheads and Cost Escalation)"]
[]
[null,null,"Ref.","Regulatory Asset Class","Unit","Basis","Timing","RY18","RY19","RY20","RY21","RY22","RY23","RY24",null,"Total FY20 to FY24"]
[null,null,{"$f":"N(C14)+1","v":1},"Substations","Dollars","Real $2018","End_Year","c-i-c","c-i-c","c-i-c","c-i-c","c-i-c","c-i-c","c-i-c",null,{"$f":"SUM(J15:N15)","v":0}]
[null,null,{"$f":"N(C15)+1","v":2},"Distribution Lines","Dollars","Real $2018","End_Year","c-i-c","c-i-c","c-i-c","c-i-c","c-i-c","c-i-c","c-i-c",null,0]
[null,null,3,"Transmission Lines","Dollars","Real $2018","End_Year","c-i-c","c-i-c","c-i-c","c-i-c","c-i-c","c-i-c","c-i-c",null,0]
[null,null,4,"LV Services","Dollars","Real $2018","End_Year","c-i-c","c-i-c","c-i-c","c-i-c","c-i-c","c-i-c","c-i-c",null,0]
[null,null,5,"Distribution Substations","Dollars","Real $2018","End_Year","c-i-c","c-i-c","c-i-c","c-i-c","c-i-c","c-i-c","c-i-c",null,0]
[null,null,6,"Distribution Switchgear","Dollars","Real $2018","End_Year","c-i-c","c-i-c","c-i-c","c-i-c","c-i-c","c-i-c","c-i-c",null,0]
[null,null,7,"Protection","Dollars","Real $2018","End_Year","c-i-c","c-i-c","c-i-c","c-i-c","c-i-c","c-i-c","c-i-c",null,0]
[null,null,8,"SCADA","Dollars","Real $2018","End_Year","c-i-c","c-i-c","c-i-c","c-i-c","c-i-c","c-i-c","c-i-c",null,0]
[null,null,9,"Communications","Dollars","Real $2018","End_Year","c-i-c","c-i-c","c-i-c","c-i-c","c-i-c","c-i-c","c-i-c",null,0]
[null,null,10,"Land and Easements","Dollars","Real $2018","End_Year","c-i-c","c-i-c","c-i-c","c-i-c","c-i-c","c-i-c","c-i-c",null,0]
[null,null,11,"Property","Dollars","Real $2018","End_Year","c-i-c","c-i-c","c-i-c","c-i-c","c-i-c","c-i-c","c-i-c",null,0]
[null,null,12,"IT and Communications","Dollars","Real $2018","End_Year","c-i-c","c-i-c","c-i-c","c-i-c","c-i-c","c-i-c","c-i-c",null,0]
[null,null,13,"Motor Vehicles","Dollars","Real $2018","End_Year","c-i-c","c-i-c","c-i-c","c-i-c","c-i-c","c-i-c","c-i-c",null,0]
[null,null,14,"Plant and Equipment","Dollars","Real $2018","End_Year","c-i-c","c-i-c","c-i-c","c-i-c","c-i-c","c-i-c","c-i-c",null,0]
[null,null,15,"Property Leases","Dollars","Real $2018","End_Year","c-i-c","c-i-c","c-i-c","c-i-c","c-i-c","c-i-c","c-i-c",null,{"$f":"SUM(J29:N29)","v":0}]
[null,null,16,"Fleet Leases","Dollars","Real $2018","End_Year","c-i-c","c-i-c","c-i-c","c-i-c","c-i-c","c-i-c","c-i-c",null,0]
[]
[null,null,null,null,{"$f":"E15","v":"Dollars"},"Real $2018","End_Year",{"$f":"SUM(H15:H30)","v":0},{"$f":"SUM(I15:I30)","v":0},0,0,0,0,0,null,0]
[]
[null,"End"]

{"sheet":"BNI 32","index":52,"n_rows":34,"n_cols":16,"rows_kept":34,"cut":false,"hidden":false,"merged":[[6,4,6,9],[7,4,7,9],[9,4,9,9]]}
[null,{"$f":"MID(CELL(\"filename\",A1),FIND(\"]\",CELL(\"filename\",A1))+1,255)&\" Capital Expenditure\"","v":"BNI 32 Capital Expenditure"},null,null,null,null,"COMMERCIAL IN CONFIDENCE"]
[]
[null,"Direct Capex Forecasts"]
[]
[null,null,"BNI Description"]
[]
[null,null,null,"Requirement","Description"]
[null,null,null,"Expenditure category","Transmission Lines"]
[null,null,null,"Project / program number","NMP11"]
[null,null,null,"Project / program description","Transmission Tower Earthing System Refurbishment Program"]
[]
[null,null,"Direct Costs (Excluding Capitalised Overheads and Cost Escalation)"]
[]
[null,null,"Ref.","Regulatory Asset Class","Unit","Basis","Timing","RY18","RY19","RY20","RY21","RY22","RY23","RY24",null,"Total FY20 to FY24"]
[null,null,{"$f":"N(C14)+1","v":1},"Substations","Dollars","Real $2018","End_Year","c-i-c","c-i-c","c-i-c","c-i-c","c-i-c","c-i-c","c-i-c",null,{"$f":"SUM(J15:N15)","v":0}]
[null,null,{"$f":"N(C15)+1","v":2},"Distribution Lines","Dollars","Real $2018","End_Year","c-i-c","c-i-c","c-i-c","c-i-c","c-i-c","c-i-c","c-i-c",null,0]
[null,null,3,"Transmission Lines","Dollars","Real $2018","End_Year","c-i-c","c-i-c","c-i-c","c-i-c","c-i-c","c-i-c","c-i-c",null,0]
[null,null,4,"LV Services","Dollars","Real $2018","End_Year","c-i-c","c-i-c","c-i-c","c-i-c","c-i-c","c-i-c","c-i-c",null,0]
[null,null,5,"Distribution Substations","Dollars","Real $2018","End_Year","c-i-c","c-i-c","c-i-c","c-i-c","c-i-c","c-i-c","c-i-c",null,0]
[null,null,6,"Distribution Switchgear","Dollars","Real $2018","End_Year","c-i-c","c-i-c","c-i-c","c-i-c","c-i-c","c-i-c","c-i-c",null,0]
[null,null,7,"Protection","Dollars","Real $2018","End_Year","c-i-c","c-i-c","c-i-c","c-i-c","c-i-c","c-i-c","c-i-c",null,0]
[null,null,8,"SCADA","Dollars","Real $2018","End_Year","c-i-c","c-i-c","c-i-c","c-i-c","c-i-c","c-i-c","c-i-c",null,0]
[null,null,9,"Communications","Dollars","Real $2018","End_Year","c-i-c","c-i-c","c-i-c","c-i-c","c-i-c","c-i-c","c-i-c",null,0]
[null,null,10,"Land and Easements","Dollars","Real $2018","End_Year","c-i-c","c-i-c","c-i-c","c-i-c","c-i-c","c-i-c","c-i-c",null,0]
[null,null,11,"Property","Dollars","Real $2018","End_Year","c-i-c","c-i-c","c-i-c","c-i-c","c-i-c","c-i-c","c-i-c",null,0]
[null,null,12,"IT and Communications","Dollars","Real $2018","End_Year","c-i-c","c-i-c","c-i-c","c-i-c","c-i-c","c-i-c","c-i-c",null,0]
[null,null,13,"Motor Vehicles","Dollars","Real $2018","End_Year","c-i-c","c-i-c","c-i-c","c-i-c","c-i-c","c-i-c","c-i-c",null,0]
[null,null,14,"Plant and Equipment","Dollars","Real $2018","End_Year","c-i-c","c-i-c","c-i-c","c-i-c","c-i-c","c-i-c","c-i-c",null,0]
[null,null,15,"Property Leases","Dollars","Real $2018","End_Year","c-i-c","c-i-c","c-i-c","c-i-c","c-i-c","c-i-c","c-i-c",null,{"$f":"SUM(J29:N29)","v":0}]
[null,null,16,"Fleet Leases","Dollars","Real $2018","End_Year","c-i-c","c-i-c","c-i-c","c-i-c","c-i-c","c-i-c","c-i-c",null,0]
[]
[null,null,null,null,{"$f":"E15","v":"Dollars"},"Real $2018","End_Year",{"$f":"SUM(H15:H30)","v":0},{"$f":"SUM(I15:I30)","v":0},0,0,0,0,0,null,0]
[]
[null,"End"]

{"sheet":"BNI 33","index":53,"n_rows":34,"n_cols":16,"rows_kept":34,"cut":false,"hidden":false,"merged":[[6,4,6,9],[7,4,7,9],[9,4,9,9]]}
[null,{"$f":"MID(CELL(\"filename\",A1),FIND(\"]\",CELL(\"filename\",A1))+1,255)&\" Capital Expenditure\"","v":"BNI 33 Capital Expenditure"},null,null,null,null,"COMMERCIAL IN CONFIDENCE"]
[]
[null,"Direct Capex Forecasts"]
[]
[null,null,"BNI Description"]
[]
[null,null,null,"Requirement","Description"]
[null,null,null,"Expenditure category","Substations"]
[null,null,null,"Project / program number","PRK31580"]
[null,null,null,"Project / program description","Pine Creek 132kV Transformer Replacement"]
[]
[null,null,"Direct Costs (Excluding Capitalised Overheads and Cost Escalation)"]
[]
[null,null,"Ref.","Regulatory Asset Class","Unit","Basis","Timing","RY18","RY19","RY20","RY21","RY22","RY23","RY24",null,"Total FY20 to FY24"]
[null,null,{"$f":"N(C14)+1","v":1},"Substations","Dollars","Real $2018","End_Year","c-i-c","c-i-c","c-i-c","c-i-c","c-i-c","c-i-c","c-i-c",null,{"$f":"SUM(J15:N15)","v":0}]
[null,null,{"$f":"N(C15)+1","v":2},"Distribution Lines","Dollars","Real $2018","End_Year","c-i-c","c-i-c","c-i-c","c-i-c","c-i-c","c-i-c","c-i-c",null,0]
[null,null,3,"Transmission Lines","Dollars","Real $2018","End_Year","c-i-c","c-i-c","c-i-c","c-i-c","c-i-c","c-i-c","c-i-c",null,0]
[null,null,4,"LV Services","Dollars","Real $2018","End_Year","c-i-c","c-i-c","c-i-c","c-i-c","c-i-c","c-i-c","c-i-c",null,0]
[null,null,5,"Distribution Substations","Dollars","Real $2018","End_Year","c-i-c","c-i-c","c-i-c","c-i-c","c-i-c","c-i-c","c-i-c",null,0]
[null,null,6,"Distribution Switchgear","Dollars","Real $2018","End_Year","c-i-c","c-i-c","c-i-c","c-i-c","c-i-c","c-i-c","c-i-c",null,0]
[null,null,7,"Protection","Dollars","Real $2018","End_Year","c-i-c","c-i-c","c-i-c","c-i-c","c-i-c","c-i-c","c-i-c",null,0]
[null,null,8,"SCADA","Dollars","Real $2018","End_Year","c-i-c","c-i-c","c-i-c","c-i-c","c-i-c","c-i-c","c-i-c",null,0]
[null,null,9,"Communications","Dollars","Real $2018","End_Year","c-i-c","c-i-c","c-i-c","c-i-c","c-i-c","c-i-c","c-i-c",null,0]
[null,null,10,"Land and Easements","Dollars","Real $2018","End_Year","c-i-c","c-i-c","c-i-c","c-i-c","c-i-c","c-i-c","c-i-c",null,0]
[null,null,11,"Property","Dollars","Real $2018","End_Year","c-i-c","c-i-c","c-i-c","c-i-c","c-i-c","c-i-c","c-i-c",null,0]
[null,null,12,"IT and Communications","Dollars","Real $2018","End_Year","c-i-c","c-i-c","c-i-c","c-i-c","c-i-c","c-i-c","c-i-c",null,0]
[null,null,13,"Motor Vehicles","Dollars","Real $2018","End_Year","c-i-c","c-i-c","c-i-c","c-i-c","c-i-c","c-i-c","c-i-c",null,0]
[null,null,14,"Plant and Equipment","Dollars","Real $2018","End_Year","c-i-c","c-i-c","c-i-c","c-i-c","c-i-c","c-i-c","c-i-c",null,0]
[null,null,15,"Property Leases","Dollars","Real $2018","End_Year","c-i-c","c-i-c","c-i-c","c-i-c","c-i-c","c-i-c","c-i-c",null,{"$f":"SUM(J29:N29)","v":0}]
[null,null,16,"Fleet Leases","Dollars","Real $2018","End_Year","c-i-c","c-i-c","c-i-c","c-i-c","c-i-c","c-i-c","c-i-c",null,0]
[]
[null,null,null,null,{"$f":"E15","v":"Dollars"},"Real $2018","End_Year",{"$f":"SUM(H15:H30)","v":0},{"$f":"SUM(I15:I30)","v":0},0,0,0,0,0,null,0]
[]
[null,"End"]

{"sheet":"BNI 34","index":54,"n_rows":34,"n_cols":16,"rows_kept":34,"cut":false,"hidden":false,"merged":[[6,4,6,9],[7,4,7,9],[9,4,9,9]]}
[null,{"$f":"MID(CELL(\"filename\",A1),FIND(\"]\",CELL(\"filename\",A1))+1,255)&\" Capital Expenditure\"","v":"BNI 34 Capital Expenditure"},null,null,null,null,"COMMERCIAL IN CONFIDENCE"]
[]
[null,"Direct Capex Forecasts"]
[]
[null,null,"BNI Description"]
[]
[null,null,null,"Requirement","Description"]
[null,null,null,"Expenditure category"]
[null,null,null,"Project / program number"]
[null,null,null,"Project / program description","[deleted]"]
[]
[null,null,"Direct Costs (Excluding Capitalised Overheads and Cost Escalation)"]
[]
[null,null,"Ref.","Regulatory Asset Class","Unit","Basis","Timing","RY18","RY19","RY20","RY21","RY22","RY23","RY24",null,"Total FY20 to FY24"]
[null,null,{"$f":"N(C14)+1","v":1},"Substations","Dollars","Real $2018","End_Year","c-i-c","c-i-c","c-i-c","c-i-c","c-i-c","c-i-c","c-i-c",null,{"$f":"SUM(J15:N15)","v":0}]
[null,null,{"$f":"N(C15)+1","v":2},"Distribution Lines","Dollars","Real $2018","End_Year","c-i-c","c-i-c","c-i-c","c-i-c","c-i-c","c-i-c","c-i-c",null,0]
[null,null,3,"Transmission Lines","Dollars","Real $2018","End_Year","c-i-c","c-i-c","c-i-c","c-i-c","c-i-c","c-i-c","c-i-c",null,0]
[null,null,4,"LV Services","Dollars","Real $2018","End_Year","c-i-c","c-i-c","c-i-c","c-i-c","c-i-c","c-i-c","c-i-c",null,0]
[null,null,5,"Distribution Substations","Dollars","Real $2018","End_Year","c-i-c","c-i-c","c-i-c","c-i-c","c-i-c","c-i-c","c-i-c",null,0]
[null,null,6,"Distribution Switchgear","Dollars","Real $2018","End_Year","c-i-c","c-i-c","c-i-c","c-i-c","c-i-c","c-i-c","c-i-c",null,0]
[null,null,7,"Protection","Dollars","Real $2018","End_Year","c-i-c","c-i-c","c-i-c","c-i-c","c-i-c","c-i-c","c-i-c",null,0]
[null,null,8,"SCADA","Dollars","Real $2018","End_Year","c-i-c","c-i-c","c-i-c","c-i-c","c-i-c","c-i-c","c-i-c",null,0]
[null,null,9,"Communications","Dollars","Real $2018","End_Year","c-i-c","c-i-c","c-i-c","c-i-c","c-i-c","c-i-c","c-i-c",null,0]
[null,null,10,"Land and Easements","Dollars","Real $2018","End_Year","c-i-c","c-i-c","c-i-c","c-i-c","c-i-c","c-i-c","c-i-c",null,0]
[null,null,11,"Property","Dollars","Real $2018","End_Year","c-i-c","c-i-c","c-i-c","c-i-c","c-i-c","c-i-c","c-i-c",null,0]
[null,null,12,"IT and Communications","Dollars","Real $2018","End_Year","c-i-c","c-i-c","c-i-c","c-i-c","c-i-c","c-i-c","c-i-c",null,0]
[null,null,13,"Motor Vehicles","Dollars","Real $2018","End_Year","c-i-c","c-i-c","c-i-c","c-i-c","c-i-c","c-i-c","c-i-c",null,0]
[null,null,14,"Plant and Equipment","Dollars","Real $2018","End_Year","c-i-c","c-i-c","c-i-c","c-i-c","c-i-c","c-i-c","c-i-c",null,0]
[null,null,15,"Property Leases","Dollars","Real $2018","End_Year","c-i-c","c-i-c","c-i-c","c-i-c","c-i-c","c-i-c","c-i-c",null,{"$f":"SUM(J29:N29)","v":0}]
[null,null,16,"Fleet Leases","Dollars","Real $2018","End_Year","c-i-c","c-i-c","c-i-c","c-i-c","c-i-c","c-i-c","c-i-c",null,0]
[]
[null,null,null,null,{"$f":"E15","v":"Dollars"},"Real $2018","End_Year",{"$f":"SUM(H15:H30)","v":0},{"$f":"SUM(I15:I30)","v":0},0,0,0,0,0,null,0]
[]
[null,"End"]

{"sheet":"BNI 35","index":55,"n_rows":34,"n_cols":16,"rows_kept":34,"cut":false,"hidden":false,"merged":[[6,4,6,9],[7,4,7,9],[9,4,9,9]]}
[null,{"$f":"MID(CELL(\"filename\",A1),FIND(\"]\",CELL(\"filename\",A1))+1,255)&\" Capital Expenditure\"","v":"BNI 35 Capital Expenditure"},null,null,null,null,"COMMERCIAL IN CONFIDENCE"]
[]
[null,"Direct Capex Forecasts"]
[]
[null,null,"BNI Description"]
[]
[null,null,null,"Requirement","Description"]
[null,null,null,"Expenditure category","Transmission Lines"]
[null,null,null,"Project / program number","NMP9"]
[null,null,null,"Project / program description","Transmission Tower Corrosion Protection Life Extension Program"]
[]
[null,null,"Direct Costs (Excluding Capitalised Overheads and Cost Escalation)"]
[]
[null,null,"Ref.","Regulatory Asset Class","Unit","Basis","Timing","RY18","RY19","RY20","RY21","RY22","RY23","RY24",null,"Total FY20 to FY24"]
[null,null,{"$f":"N(C14)+1","v":1},"Substations","Dollars","Real $2018","End_Year","c-i-c","c-i-c","c-i-c","c-i-c","c-i-c","c-i-c","c-i-c",null,{"$f":"SUM(J15:N15)","v":0}]
[null,null,{"$f":"N(C15)+1","v":2},"Distribution Lines","Dollars","Real $2018","End_Year","c-i-c","c-i-c","c-i-c","c-i-c","c-i-c","c-i-c","c-i-c",null,0]
[null,null,3,"Transmission Lines","Dollars","Real $2018","End_Year","c-i-c","c-i-c","c-i-c","c-i-c","c-i-c","c-i-c","c-i-c",null,0]
[null,null,4,"LV Services","Dollars","Real $2018","End_Year","c-i-c","c-i-c","c-i-c","c-i-c","c-i-c","c-i-c","c-i-c",null,0]
[null,null,5,"Distribution Substations","Dollars","Real $2018","End_Year","c-i-c","c-i-c","c-i-c","c-i-c","c-i-c","c-i-c","c-i-c",null,0]
[null,null,6,"Distribution Switchgear","Dollars","Real $2018","End_Year","c-i-c","c-i-c","c-i-c","c-i-c","c-i-c","c-i-c","c-i-c",null,0]
[null,null,7,"Protection","Dollars","Real $2018","End_Year","c-i-c","c-i-c","c-i-c","c-i-c","c-i-c","c-i-c","c-i-c",null,0]
[null,null,8,"SCADA","Dollars","Real $2018","End_Year","c-i-c","c-i-c","c-i-c","c-i-c","c-i-c","c-i-c","c-i-c",null,0]
[null,null,9,"Communications","Dollars","Real $2018","End_Year","c-i-c","c-i-c","c-i-c","c-i-c","c-i-c","c-i-c","c-i-c",null,0]
[null,null,10,"Land and Easements","Dollars","Real $2018","End_Year","c-i-c","c-i-c","c-i-c","c-i-c","c-i-c","c-i-c","c-i-c",null,0]
[null,null,11,"Property","Dollars","Real $2018","End_Year","c-i-c","c-i-c","c-i-c","c-i-c","c-i-c","c-i-c","c-i-c",null,0]
[null,null,12,"IT and Communications","Dollars","Real $2018","End_Year","c-i-c","c-i-c","c-i-c","c-i-c","c-i-c","c-i-c","c-i-c",null,0]
[null,null,13,"Motor Vehicles","Dollars","Real $2018","End_Year","c-i-c","c-i-c","c-i-c","c-i-c","c-i-c","c-i-c","c-i-c",null,0]
[null,null,14,"Plant and Equipment","Dollars","Real $2018","End_Year","c-i-c","c-i-c","c-i-c","c-i-c","c-i-c","c-i-c","c-i-c",null,0]
[null,null,15,"Property Leases","Dollars","Real $2018","End_Year","c-i-c","c-i-c","c-i-c","c-i-c","c-i-c","c-i-c","c-i-c",null,{"$f":"SUM(J29:N29)","v":0}]
[null,null,16,"Fleet Leases","Dollars","Real $2018","End_Year","c-i-c","c-i-c","c-i-c","c-i-c","c-i-c","c-i-c","c-i-c",null,0]
[]
[null,null,null,null,{"$f":"E15","v":"Dollars"},"Real $2018","End_Year",{"$f":"SUM(H15:H30)","v":0},{"$f":"SUM(I15:I30)","v":0},0,0,0,0,0,null,0]
[]
[null,"End"]

{"sheet":"Augex -->","index":56,"n_rows":8,"n_cols":2,"rows_kept":8,"cut":false,"hidden":false,"merged":[]}
[]
[]
[]
[]
[]
[]
[]
[null,"Augex "]

{"sheet":"A-BNI 1","index":57,"n_rows":34,"n_cols":16,"rows_kept":34,"cut":false,"hidden":false,"merged":[[6,4,6,9],[7,4,7,9],[9,4,9,9]]}
[null,{"$f":"MID(CELL(\"filename\",A1),FIND(\"]\",CELL(\"filename\",A1))+1,255)&\" Capital Expenditure\"","v":"A-BNI 1 Capital Expenditure"},null,null,null,null,"COMMERCIAL IN CONFIDENCE"]
[]
[null,"Direct Capex Forecasts"]
[]
[null,null,"BNI Description"]
[]
[null,null,null,"Requirement","Description"]
[null,null,null,"Expenditure category","Substations"]
[null,null,null,"Project / program number","PRD33001"]
[null,null,null,"Project / program description","Darwin - Construct Wishart Zone Substation"]
[]
[null,null,"Direct Costs (Excluding Capitalised Overheads and Cost Escalation)"]
[]
[null,null,"Ref.","Regulatory Asset Class","Unit","Basis","Timing","RY18","RY19","RY20","RY21","RY22","RY23","RY24",null,"Total FY20 to FY24"]
[null,null,{"$f":"N(C14)+1","v":1},"Substations","Dollars","Real $2018","End_Year","c-i-c","c-i-c","c-i-c","c-i-c","c-i-c","c-i-c","c-i-c",null,{"$f":"SUM(J15:N15)","v":0}]
[null,null,{"$f":"N(C15)+1","v":2},"Distribution Lines","Dollars","Real $2018","End_Year","c-i-c","c-i-c","c-i-c","c-i-c","c-i-c","c-i-c","c-i-c",null,0]
[null,null,3,"Transmission Lines","Dollars","Real $2018","End_Year","c-i-c","c-i-c","c-i-c","c-i-c","c-i-c","c-i-c","c-i-c",null,0]
[null,null,4,"LV Services","Dollars","Real $2018","End_Year","c-i-c","c-i-c","c-i-c","c-i-c","c-i-c","c-i-c","c-i-c",null,0]
[null,null,5,"Distribution Substations","Dollars","Real $2018","End_Year","c-i-c","c-i-c","c-i-c","c-i-c","c-i-c","c-i-c","c-i-c",null,0]
[null,null,6,"Distribution Switchgear","Dollars","Real $2018","End_Year","c-i-c","c-i-c","c-i-c","c-i-c","c-i-c","c-i-c","c-i-c",null,0]
[null,null,7,"Protection","Dollars","Real $2018","End_Year","c-i-c","c-i-c","c-i-c","c-i-c","c-i-c","c-i-c","c-i-c",null,0]
[null,null,8,"SCADA","Dollars","Real $2018","End_Year","c-i-c","c-i-c","c-i-c","c-i-c","c-i-c","c-i-c","c-i-c",null,0]
[null,null,9,"Communications","Dollars","Real $2018","End_Year","c-i-c","c-i-c","c-i-c","c-i-c","c-i-c","c-i-c","c-i-c",null,0]
[null,null,10,"Land and Easements","Dollars","Real $2018","End_Year","c-i-c","c-i-c","c-i-c","c-i-c","c-i-c","c-i-c","c-i-c",null,0]
[null,null,11,"Property","Dollars","Real $2018","End_Year","c-i-c","c-i-c","c-i-c","c-i-c","c-i-c","c-i-c","c-i-c",null,0]
[null,null,12,"IT and Communications","Dollars","Real $2018","End_Year","c-i-c","c-i-c","c-i-c","c-i-c","c-i-c","c-i-c","c-i-c",null,0]
[null,null,13,"Motor Vehicles","Dollars","Real $2018","End_Year","c-i-c","c-i-c","c-i-c","c-i-c","c-i-c","c-i-c","c-i-c",null,0]
[null,null,14,"Plant and Equipment","Dollars","Real $2018","End_Year","c-i-c","c-i-c","c-i-c","c-i-c","c-i-c","c-i-c","c-i-c",null,0]
[null,null,15,"Property Leases","Dollars","Real $2018","End_Year","c-i-c","c-i-c","c-i-c","c-i-c","c-i-c","c-i-c","c-i-c",null,{"$f":"SUM(J29:N29)","v":0}]
[null,null,16,"Fleet Leases","Dollars","Real $2018","End_Year","c-i-c","c-i-c","c-i-c","c-i-c","c-i-c","c-i-c","c-i-c",null,0]
[]
[null,null,null,null,{"$f":"E15","v":"Dollars"},"Real $2018","End_Year",{"$f":"SUM(H15:H30)","v":0},{"$f":"SUM(I15:I30)","v":0},0,0,0,0,0,null,0]
[]
[null,"End"]

{"sheet":"A-BNI 2","index":58,"n_rows":34,"n_cols":16,"rows_kept":34,"cut":false,"hidden":false,"merged":[[6,4,6,9],[7,4,7,9],[9,4,9,9]]}
[null,{"$f":"MID(CELL(\"filename\",A1),FIND(\"]\",CELL(\"filename\",A1))+1,255)&\" Capital Expenditure\"","v":"A-BNI 2 Capital Expenditure"},null,null,null,null,"COMMERCIAL IN CONFIDENCE"]
[]
[null,"Direct Capex Forecasts"]
[]
[null,null,"BNI Description"]
[]
[null,null,null,"Requirement","Description"]
[null,null,null,"Expenditure category","Substations"]
[null,null,null,"Project / program number","PRD33002"]
[null,null,null,"Project / program description","Darwin - Archer ZSS Augmentation"]
[]
[null,null,"Direct Costs (Excluding Capitalised Overheads and Cost Escalation)"]
[]
[null,null,"Ref.","Regulatory Asset Class","Unit","Basis","Timing","RY18","RY19","RY20","RY21","RY22","RY23","RY24",null,"Total FY20 to FY24"]
[null,null,{"$f":"N(C14)+1","v":1},"Substations","Dollars","Real $2018","End_Year","c-i-c","c-i-c","c-i-c","c-i-c","c-i-c","c-i-c","c-i-c",null,{"$f":"SUM(J15:N15)","v":0}]
[null,null,{"$f":"N(C15)+1","v":2},"Distribution Lines","Dollars","Real $2018","End_Year","c-i-c","c-i-c","c-i-c","c-i-c","c-i-c","c-i-c","c-i-c",null,0]
[null,null,3,"Transmission Lines","Dollars","Real $2018","End_Year","c-i-c","c-i-c","c-i-c","c-i-c","c-i-c","c-i-c","c-i-c",null,0]
[null,null,4,"LV Services","Dollars","Real $2018","End_Year","c-i-c","c-i-c","c-i-c","c-i-c","c-i-c","c-i-c","c-i-c",null,0]
[null,null,5,"Distribution Substations","Dollars","Real $2018","End_Year","c-i-c","c-i-c","c-i-c","c-i-c","c-i-c","c-i-c","c-i-c",null,0]
[null,null,6,"Distribution Switchgear","Dollars","Real $2018","End_Year","c-i-c","c-i-c","c-i-c","c-i-c","c-i-c","c-i-c","c-i-c",null,0]
[null,null,7,"Protection","Dollars","Real $2018","End_Year","c-i-c","c-i-c","c-i-c","c-i-c","c-i-c","c-i-c","c-i-c",null,0]
[null,null,8,"SCADA","Dollars","Real $2018","End_Year","c-i-c","c-i-c","c-i-c","c-i-c","c-i-c","c-i-c","c-i-c",null,0]
[null,null,9,"Communications","Dollars","Real $2018","End_Year","c-i-c","c-i-c","c-i-c","c-i-c","c-i-c","c-i-c","c-i-c",null,0]
[null,null,10,"Land and Easements","Dollars","Real $2018","End_Year","c-i-c","c-i-c","c-i-c","c-i-c","c-i-c","c-i-c","c-i-c",null,0]
[null,null,11,"Property","Dollars","Real $2018","End_Year","c-i-c","c-i-c","c-i-c","c-i-c","c-i-c","c-i-c","c-i-c",null,0]
[null,null,12,"IT and Communications","Dollars","Real $2018","End_Year","c-i-c","c-i-c","c-i-c","c-i-c","c-i-c","c-i-c","c-i-c",null,0]
[null,null,13,"Motor Vehicles","Dollars","Real $2018","End_Year","c-i-c","c-i-c","c-i-c","c-i-c","c-i-c","c-i-c","c-i-c",null,0]
[null,null,14,"Plant and Equipment","Dollars","Real $2018","End_Year","c-i-c","c-i-c","c-i-c","c-i-c","c-i-c","c-i-c","c-i-c",null,0]
[null,null,15,"Property Leases","Dollars","Real $2018","End_Year","c-i-c","c-i-c","c-i-c","c-i-c","c-i-c","c-i-c","c-i-c",null,{"$f":"SUM(J29:N29)","v":0}]
[null,null,16,"Fleet Leases","Dollars","Real $2018","End_Year","c-i-c","c-i-c","c-i-c","c-i-c","c-i-c","c-i-c","c-i-c",null,0]
[]
[null,null,null,null,{"$f":"E15","v":"Dollars"},"Real $2018","End_Year",{"$f":"SUM(H15:H30)","v":0},{"$f":"SUM(I15:I30)","v":0},0,0,0,0,0,null,0]
[]
[null,"End"]

{"sheet":"A-BNI 3","index":59,"n_rows":34,"n_cols":16,"rows_kept":34,"cut":false,"hidden":false,"merged":[[6,4,6,9],[7,4,7,9],[9,4,9,9]]}
[null,{"$f":"MID(CELL(\"filename\",A1),FIND(\"]\",CELL(\"filename\",A1))+1,255)&\" Capital Expenditure\"","v":"A-BNI 3 Capital Expenditure"},null,null,null,null,"COMMERCIAL IN CONFIDENCE"]
[]
[null,"Direct Capex Forecasts"]
[]
[null,null,"BNI Description"]
[]
[null,null,null,"Requirement","Description"]
[null,null,null,"Expenditure category","Substations"]
[null,null,null,"Project / program number","PRK31430"]
[null,null,null,"Project / program description","Katherine Voltage Rectification"]
[]
[null,null,"Direct Costs (Excluding Capitalised Overheads and Cost Escalation)"]
[]
[null,null,"Ref.","Regulatory Asset Class","Unit","Basis","Timing","RY18","RY19","RY20","RY21","RY22","RY23","RY24",null,"Total FY20 to FY24"]
[null,null,{"$f":"N(C14)+1","v":1},"Substations","Dollars","Real $2018","End_Year","c-i-c","c-i-c","c-i-c","c-i-c","c-i-c","c-i-c","c-i-c",null,{"$f":"SUM(J15:N15)","v":0}]
[null,null,{"$f":"N(C15)+1","v":2},"Distribution Lines","Dollars","Real $2018","End_Year","c-i-c","c-i-c","c-i-c","c-i-c","c-i-c","c-i-c","c-i-c",null,0]
[null,null,3,"Transmission Lines","Dollars","Real $2018","End_Year","c-i-c","c-i-c","c-i-c","c-i-c","c-i-c","c-i-c","c-i-c",null,0]
[null,null,4,"LV Services","Dollars","Real $2018","End_Year","c-i-c","c-i-c","c-i-c","c-i-c","c-i-c","c-i-c","c-i-c",null,0]
[null,null,5,"Distribution Substations","Dollars","Real $2018","End_Year","c-i-c","c-i-c","c-i-c","c-i-c","c-i-c","c-i-c","c-i-c",null,0]
[null,null,6,"Distribution Switchgear","Dollars","Real $2018","End_Year","c-i-c","c-i-c","c-i-c","c-i-c","c-i-c","c-i-c","c-i-c",null,0]
[null,null,7,"Protection","Dollars","Real $2018","End_Year","c-i-c","c-i-c","c-i-c","c-i-c","c-i-c","c-i-c","c-i-c",null,0]
[null,null,8,"SCADA","Dollars","Real $2018","End_Year","c-i-c","c-i-c","c-i-c","c-i-c","c-i-c","c-i-c","c-i-c",null,0]
[null,null,9,"Communications","Dollars","Real $2018","End_Year","c-i-c","c-i-c","c-i-c","c-i-c","c-i-c","c-i-c","c-i-c",null,0]
[null,null,10,"Land and Easements","Dollars","Real $2018","End_Year","c-i-c","c-i-c","c-i-c","c-i-c","c-i-c","c-i-c","c-i-c",null,0]
[null,null,11,"Property","Dollars","Real $2018","End_Year","c-i-c","c-i-c","c-i-c","c-i-c","c-i-c","c-i-c","c-i-c",null,0]
[null,null,12,"IT and Communications","Dollars","Real $2018","End_Year","c-i-c","c-i-c","c-i-c","c-i-c","c-i-c","c-i-c","c-i-c",null,0]
[null,null,13,"Motor Vehicles","Dollars","Real $2018","End_Year","c-i-c","c-i-c","c-i-c","c-i-c","c-i-c","c-i-c","c-i-c",null,0]
[null,null,14,"Plant and Equipment","Dollars","Real $2018","End_Year","c-i-c","c-i-c","c-i-c","c-i-c","c-i-c","c-i-c","c-i-c",null,0]
[null,null,15,"Property Leases","Dollars","Real $2018","End_Year","c-i-c","c-i-c","c-i-c","c-i-c","c-i-c","c-i-c","c-i-c",null,{"$f":"SUM(J29:N29)","v":0}]
[null,null,16,"Fleet Leases","Dollars","Real $2018","End_Year","c-i-c","c-i-c","c-i-c","c-i-c","c-i-c","c-i-c","c-i-c",null,0]
[]
[null,null,null,null,{"$f":"E15","v":"Dollars"},"Real $2018","End_Year",{"$f":"SUM(H15:H30)","v":0},{"$f":"SUM(I15:I30)","v":0},0,0,0,0,0,null,0]
[]
[null,"End"]

{"sheet":"A-BNI 4","index":60,"n_rows":34,"n_cols":16,"rows_kept":34,"cut":false,"hidden":false,"merged":[[6,4,6,9],[7,4,7,9],[9,4,9,9]]}
[null,{"$f":"MID(CELL(\"filename\",A1),FIND(\"]\",CELL(\"filename\",A1))+1,255)&\" Capital Expenditure\"","v":"A-BNI 4 Capital Expenditure"},null,null,null,null,"COMMERCIAL IN CONFIDENCE"]
[]
[null,"Direct Capex Forecasts"]
[]
[null,null,"BNI Description"]
[]
[null,null,null,"Requirement","Description"]
[null,null,null,"Expenditure category","Transmission Lines"]
[null,null,null,"Project / program number","PRD33005"]
[null,null,null,"Project / program description","Darwin - Transmission Line Uprating"]
[]
[null,null,"Direct Costs (Excluding Capitalised Overheads and Cost Escalation)"]
[]
[null,null,"Ref.","Regulatory Asset Class","Unit","Basis","Timing","RY18","RY19","RY20","RY21","RY22","RY23","RY24",null,"Total FY20 to FY24"]
[null,null,{"$f":"N(C14)+1","v":1},"Substations","Dollars","Real $2018","End_Year","c-i-c","c-i-c","c-i-c","c-i-c","c-i-c","c-i-c","c-i-c",null,{"$f":"SUM(J15:N15)","v":0}]
[null,null,{"$f":"N(C15)+1","v":2},"Distribution Lines","Dollars","Real $2018","End_Year","c-i-c","c-i-c","c-i-c","c-i-c","c-i-c","c-i-c","c-i-c",null,0]
[null,null,3,"Transmission Lines","Dollars","Real $2018","End_Year","c-i-c","c-i-c","c-i-c","c-i-c","c-i-c","c-i-c","c-i-c",null,0]
[null,null,4,"LV Services","Dollars","Real $2018","End_Year","c-i-c","c-i-c","c-i-c","c-i-c","c-i-c","c-i-c","c-i-c",null,0]
[null,null,5,"Distribution Substations","Dollars","Real $2018","End_Year","c-i-c","c-i-c","c-i-c","c-i-c","c-i-c","c-i-c","c-i-c",null,0]
[null,null,6,"Distribution Switchgear","Dollars","Real $2018","End_Year","c-i-c","c-i-c","c-i-c","c-i-c","c-i-c","c-i-c","c-i-c",null,0]
[null,null,7,"Protection","Dollars","Real $2018","End_Year","c-i-c","c-i-c","c-i-c","c-i-c","c-i-c","c-i-c","c-i-c",null,0]
[null,null,8,"SCADA","Dollars","Real $2018","End_Year","c-i-c","c-i-c","c-i-c","c-i-c","c-i-c","c-i-c","c-i-c",null,0]
[null,null,9,"Communications","Dollars","Real $2018","End_Year","c-i-c","c-i-c","c-i-c","c-i-c","c-i-c","c-i-c","c-i-c",null,0]
[null,null,10,"Land and Easements","Dollars","Real $2018","End_Year","c-i-c","c-i-c","c-i-c","c-i-c","c-i-c","c-i-c","c-i-c",null,0]
[null,null,11,"Property","Dollars","Real $2018","End_Year","c-i-c","c-i-c","c-i-c","c-i-c","c-i-c","c-i-c","c-i-c",null,0]
[null,null,12,"IT and Communications","Dollars","Real $2018","End_Year","c-i-c","c-i-c","c-i-c","c-i-c","c-i-c","c-i-c","c-i-c",null,0]
[null,null,13,"Motor Vehicles","Dollars","Real $2018","End_Year","c-i-c","c-i-c","c-i-c","c-i-c","c-i-c","c-i-c","c-i-c",null,0]
[null,null,14,"Plant and Equipment","Dollars","Real $2018","End_Year","c-i-c","c-i-c","c-i-c","c-i-c","c-i-c","c-i-c","c-i-c",null,0]
[null,null,15,"Property Leases","Dollars","Real $2018","End_Year","c-i-c","c-i-c","c-i-c","c-i-c","c-i-c","c-i-c","c-i-c",null,{"$f":"SUM(J29:N29)","v":0}]
[null,null,16,"Fleet Leases","Dollars","Real $2018","End_Year","c-i-c","c-i-c","c-i-c","c-i-c","c-i-c","c-i-c","c-i-c",null,0]
[]
[null,null,null,null,{"$f":"E15","v":"Dollars"},"Real $2018","End_Year",{"$f":"SUM(H15:H30)","v":0},{"$f":"SUM(I15:I30)","v":0},0,0,0,0,0,null,0]
[]
[null,"End"]

{"sheet":"A-BNI 5","index":61,"n_rows":34,"n_cols":16,"rows_kept":34,"cut":false,"hidden":false,"merged":[[6,4,6,9],[7,4,7,9],[9,4,9,9]]}
[null,{"$f":"MID(CELL(\"filename\",A1),FIND(\"]\",CELL(\"filename\",A1))+1,255)&\" Capital Expenditure\"","v":"A-BNI 5 Capital Expenditure"},null,null,null,null,"COMMERCIAL IN CONFIDENCE"]
[]
[null,"Direct Capex Forecasts"]
[]
[null,null,"BNI Description"]
[]
[null,null,null,"Requirement","Description"]
[null,null,null,"Expenditure category","Substations"]
[null,null,null,"Project / program number","NPQ"]
[null,null,null,"Project / program description","Power quality compliance program"]
[]
[null,null,"Direct Costs (Excluding Capitalised Overheads and Cost Escalation)"]
[]
[null,null,"Ref.","Regulatory Asset Class","Unit","Basis","Timing","RY18","RY19","RY20","RY21","RY22","RY23","RY24",null,"Total FY20 to FY24"]
[null,null,{"$f":"N(C14)+1","v":1},"Substations","Dollars","Real $2018","End_Year","c-i-c","c-i-c","c-i-c","c-i-c","c-i-c","c-i-c","c-i-c",null,{"$f":"SUM(J15:N15)","v":0}]
[null,null,{"$f":"N(C15)+1","v":2},"Distribution Lines","Dollars","Real $2018","End_Year","c-i-c","c-i-c","c-i-c","c-i-c","c-i-c","c-i-c","c-i-c",null,0]
[null,null,3,"Transmission Lines","Dollars","Real $2018","End_Year","c-i-c","c-i-c","c-i-c","c-i-c","c-i-c","c-i-c","c-i-c",null,0]
[null,null,4,"LV Services","Dollars","Real $2018","End_Year","c-i-c","c-i-c","c-i-c","c-i-c","c-i-c","c-i-c","c-i-c",null,0]
[null,null,5,"Distribution Substations","Dollars","Real $2018","End_Year","c-i-c","c-i-c","c-i-c","c-i-c","c-i-c","c-i-c","c-i-c",null,0]
[null,null,6,"Distribution Switchgear","Dollars","Real $2018","End_Year","c-i-c","c-i-c","c-i-c","c-i-c","c-i-c","c-i-c","c-i-c",null,0]
[null,null,7,"Protection","Dollars","Real $2018","End_Year","c-i-c","c-i-c","c-i-c","c-i-c","c-i-c","c-i-c","c-i-c",null,0]
[null,null,8,"SCADA","Dollars","Real $2018","End_Year","c-i-c","c-i-c","c-i-c","c-i-c","c-i-c","c-i-c","c-i-c",null,0]
[null,null,9,"Communications","Dollars","Real $2018","End_Year","c-i-c","c-i-c","c-i-c","c-i-c","c-i-c","c-i-c","c-i-c",null,0]
[null,null,10,"Land and Easements","Dollars","Real $2018","End_Year","c-i-c","c-i-c","c-i-c","c-i-c","c-i-c","c-i-c","c-i-c",null,0]
[null,null,11,"Property","Dollars","Real $2018","End_Year","c-i-c","c-i-c","c-i-c","c-i-c","c-i-c","c-i-c","c-i-c",null,0]
[null,null,12,"IT and Communications","Dollars","Real $2018","End_Year","c-i-c","c-i-c","c-i-c","c-i-c","c-i-c","c-i-c","c-i-c",null,0]
[null,null,13,"Motor Vehicles","Dollars","Real $2018","End_Year","c-i-c","c-i-c","c-i-c","c-i-c","c-i-c","c-i-c","c-i-c",null,0]
[null,null,14,"Plant and Equipment","Dollars","Real $2018","End_Year","c-i-c","c-i-c","c-i-c","c-i-c","c-i-c","c-i-c","c-i-c",null,0]
[null,null,15,"Property Leases","Dollars","Real $2018","End_Year","c-i-c","c-i-c","c-i-c","c-i-c","c-i-c","c-i-c","c-i-c",null,{"$f":"SUM(J29:N29)","v":0}]
[null,null,16,"Fleet Leases","Dollars","Real $2018","End_Year","c-i-c","c-i-c","c-i-c","c-i-c","c-i-c","c-i-c","c-i-c",null,0]
[]
[null,null,null,null,{"$f":"E15","v":"Dollars"},"Real $2018","End_Year",{"$f":"SUM(H15:H30)","v":0},{"$f":"SUM(I15:I30)","v":0},0,0,0,0,0,null,0]
[]
[null,"End"]

{"sheet":"A-BNI 6","index":62,"n_rows":34,"n_cols":16,"rows_kept":34,"cut":false,"hidden":false,"merged":[[6,4,6,9],[7,4,7,9],[9,4,9,9]]}
[null,{"$f":"MID(CELL(\"filename\",A1),FIND(\"]\",CELL(\"filename\",A1))+1,255)&\" Capital Expenditure\"","v":"A-BNI 6 Capital Expenditure"},null,null,null,null,"COMMERCIAL IN CONFIDENCE"]
[]
[null,"Direct Capex Forecasts"]
[]
[null,null,"BNI Description"]
[]
[null,null,null,"Requirement","Description"]
[null,null,null,"Expenditure category"]
[null,null,null,"Project / program number"]
[null,null,null,"Project / program description","[deleted]"]
[]
[null,null,"Direct Costs (Excluding Capitalised Overheads and Cost Escalation)"]
[]
[null,null,"Ref.","Regulatory Asset Class","Unit","Basis","Timing","RY18","RY19","RY20","RY21","RY22","RY23","RY24",null,"Total FY20 to FY24"]
[null,null,{"$f":"N(C14)+1","v":1},"Substations","Dollars","Real $2018","End_Year","c-i-c","c-i-c","c-i-c","c-i-c","c-i-c","c-i-c","c-i-c",null,{"$f":"SUM(J15:N15)","v":0}]
[null,null,{"$f":"N(C15)+1","v":2},"Distribution Lines","Dollars","Real $2018","End_Year","c-i-c","c-i-c","c-i-c","c-i-c","c-i-c","c-i-c","c-i-c",null,0]
[null,null,3,"Transmission Lines","Dollars","Real $2018","End_Year","c-i-c","c-i-c","c-i-c","c-i-c","c-i-c","c-i-c","c-i-c",null,0]
[null,null,4,"LV Services","Dollars","Real $2018","End_Year","c-i-c","c-i-c","c-i-c","c-i-c","c-i-c","c-i-c","c-i-c",null,0]
[null,null,5,"Distribution Substations","Dollars","Real $2018","End_Year","c-i-c","c-i-c","c-i-c","c-i-c","c-i-c","c-i-c","c-i-c",null,0]
[null,null,6,"Distribution Switchgear","Dollars","Real $2018","End_Year","c-i-c","c-i-c","c-i-c","c-i-c","c-i-c","c-i-c","c-i-c",null,0]
[null,null,7,"Protection","Dollars","Real $2018","End_Year","c-i-c","c-i-c","c-i-c","c-i-c","c-i-c","c-i-c","c-i-c",null,0]
[null,null,8,"SCADA","Dollars","Real $2018","End_Year","c-i-c","c-i-c","c-i-c","c-i-c","c-i-c","c-i-c","c-i-c",null,0]
[null,null,9,"Communications","Dollars","Real $2018","End_Year","c-i-c","c-i-c","c-i-c","c-i-c","c-i-c","c-i-c","c-i-c",null,0]
[null,null,10,"Land and Easements","Dollars","Real $2018","End_Year","c-i-c","c-i-c","c-i-c","c-i-c","c-i-c","c-i-c","c-i-c",null,0]
[null,null,11,"Property","Dollars","Real $2018","End_Year","c-i-c","c-i-c","c-i-c","c-i-c","c-i-c","c-i-c","c-i-c",null,0]
[null,null,12,"IT and Communications","Dollars","Real $2018","End_Year","c-i-c","c-i-c","c-i-c","c-i-c","c-i-c","c-i-c","c-i-c",null,0]
[null,null,13,"Motor Vehicles","Dollars","Real $2018","End_Year","c-i-c","c-i-c","c-i-c","c-i-c","c-i-c","c-i-c","c-i-c",null,0]
[null,null,14,"Plant and Equipment","Dollars","Real $2018","End_Year","c-i-c","c-i-c","c-i-c","c-i-c","c-i-c","c-i-c","c-i-c",null,0]
[null,null,15,"Property Leases","Dollars","Real $2018","End_Year","c-i-c","c-i-c","c-i-c","c-i-c","c-i-c","c-i-c","c-i-c",null,{"$f":"SUM(J29:N29)","v":0}]
[null,null,16,"Fleet Leases","Dollars","Real $2018","End_Year","c-i-c","c-i-c","c-i-c","c-i-c","c-i-c","c-i-c","c-i-c",null,0]
[]
[null,null,null,null,{"$f":"E15","v":"Dollars"},"Real $2018","End_Year",{"$f":"SUM(H15:H30)","v":0},{"$f":"SUM(I15:I30)","v":0},0,0,0,0,0,null,0]
[]
[null,"End"]

{"sheet":"A-BNI 7","index":63,"n_rows":34,"n_cols":16,"rows_kept":34,"cut":false,"hidden":false,"merged":[[6,4,6,9],[7,4,7,9],[9,4,9,9]]}
[null,{"$f":"MID(CELL(\"filename\",A1),FIND(\"]\",CELL(\"filename\",A1))+1,255)&\" Capital Expenditure\"","v":"A-BNI 7 Capital Expenditure"},null,null,null,null,"COMMERCIAL IN CONFIDENCE"]
[]
[null,"Direct Capex Forecasts"]
[]
[null,null,"BNI Description"]
[]
[null,null,null,"Requirement","Description"]
[null,null,null,"Expenditure category","Substations"]
[null,null,null,"Project / program number","PRD33230"]
[null,null,null,"Project / program description","Darwin - Hudson Creek Spare 132kV Transformer"]
[]
[null,null,"Direct Costs (Excluding Capitalised Overheads and Cost Escalation)"]
[]
[null,null,"Ref.","Regulatory Asset Class","Unit","Basis","Timing","RY18","RY19","RY20","RY21","RY22","RY23","RY24",null,"Total FY20 to FY24"]
[null,null,{"$f":"N(C14)+1","v":1},"Substations","Dollars","Real $2018","End_Year","c-i-c","c-i-c","c-i-c","c-i-c","c-i-c","c-i-c","c-i-c",null,{"$f":"SUM(J15:N15)","v":0}]
[null,null,{"$f":"N(C15)+1","v":2},"Distribution Lines","Dollars","Real $2018","End_Year","c-i-c","c-i-c","c-i-c","c-i-c","c-i-c","c-i-c","c-i-c",null,0]
[null,null,3,"Transmission Lines","Dollars","Real $2018","End_Year","c-i-c","c-i-c","c-i-c","c-i-c","c-i-c","c-i-c","c-i-c",null,0]
[null,null,4,"LV Services","Dollars","Real $2018","End_Year","c-i-c","c-i-c","c-i-c","c-i-c","c-i-c","c-i-c","c-i-c",null,0]
[null,null,5,"Distribution Substations","Dollars","Real $2018","End_Year","c-i-c","c-i-c","c-i-c","c-i-c","c-i-c","c-i-c","c-i-c",null,0]
[null,null,6,"Distribution Switchgear","Dollars","Real $2018","End_Year","c-i-c","c-i-c","c-i-c","c-i-c","c-i-c","c-i-c","c-i-c",null,0]
[null,null,7,"Protection","Dollars","Real $2018","End_Year","c-i-c","c-i-c","c-i-c","c-i-c","c-i-c","c-i-c","c-i-c",null,0]
[null,null,8,"SCADA","Dollars","Real $2018","End_Year","c-i-c","c-i-c","c-i-c","c-i-c","c-i-c","c-i-c","c-i-c",null,0]
[null,null,9,"Communications","Dollars","Real $2018","End_Year","c-i-c","c-i-c","c-i-c","c-i-c","c-i-c","c-i-c","c-i-c",null,0]
[null,null,10,"Land and Easements","Dollars","Real $2018","End_Year","c-i-c","c-i-c","c-i-c","c-i-c","c-i-c","c-i-c","c-i-c",null,0]
[null,null,11,"Property","Dollars","Real $2018","End_Year","c-i-c","c-i-c","c-i-c","c-i-c","c-i-c","c-i-c","c-i-c",null,0]
[null,null,12,"IT and Communications","Dollars","Real $2018","End_Year","c-i-c","c-i-c","c-i-c","c-i-c","c-i-c","c-i-c","c-i-c",null,0]
[null,null,13,"Motor Vehicles","Dollars","Real $2018","End_Year","c-i-c","c-i-c","c-i-c","c-i-c","c-i-c","c-i-c","c-i-c",null,0]
[null,null,14,"Plant and Equipment","Dollars","Real $2018","End_Year","c-i-c","c-i-c","c-i-c","c-i-c","c-i-c","c-i-c","c-i-c",null,0]
[null,null,15,"Property Leases","Dollars","Real $2018","End_Year","c-i-c","c-i-c","c-i-c","c-i-c","c-i-c","c-i-c","c-i-c",null,{"$f":"SUM(J29:N29)","v":0}]
[null,null,16,"Fleet Leases","Dollars","Real $2018","End_Year","c-i-c","c-i-c","c-i-c","c-i-c","c-i-c","c-i-c","c-i-c",null,0]
[]
[null,null,null,null,{"$f":"E15","v":"Dollars"},"Real $2018","End_Year",{"$f":"SUM(H15:H30)","v":0},{"$f":"SUM(I15:I30)","v":0},0,0,0,0,0,null,0]
[]
[null,"End"]

{"sheet":"A-BNI 8","index":64,"n_rows":34,"n_cols":16,"rows_kept":34,"cut":false,"hidden":false,"merged":[[6,4,6,9],[7,4,7,9],[9,4,9,9]]}
[null,{"$f":"MID(CELL(\"filename\",A1),FIND(\"]\",CELL(\"filename\",A1))+1,255)&\" Capital Expenditure\"","v":"A-BNI 8 Capital Expenditure"},null,null,null,null,"COMMERCIAL IN CONFIDENCE"]
[]
[null,"Direct Capex Forecasts"]
[]
[null,null,"BNI Description"]
[]
[null,null,null,"Requirement","Description"]
[null,null,null,"Expenditure category","Distribution Lines"]
[null,null,null,"Project / program number","NFO"]
[null,null,null,"Project / program description","Overloaded Feeders / Distribution Augmentation Program"]
[]
[null,null,"Direct Costs (Excluding Capitalised Overheads and Cost Escalation)"]
[]
[null,null,"Ref.","Regulatory Asset Class","Unit","Basis","Timing","RY18","RY19","RY20","RY21","RY22","RY23","RY24",null,"Total FY20 to FY24"]
[null,null,{"$f":"N(C14)+1","v":1},"Substations","Dollars","Real $2018","End_Year","c-i-c","c-i-c","c-i-c","c-i-c","c-i-c","c-i-c","c-i-c",null,{"$f":"SUM(J15:N15)","v":0}]
[null,null,{"$f":"N(C15)+1","v":2},"Distribution Lines","Dollars","Real $2018","End_Year","c-i-c","c-i-c","c-i-c","c-i-c","c-i-c","c-i-c","c-i-c",null,0]
[null,null,3,"Transmission Lines","Dollars","Real $2018","End_Year","c-i-c","c-i-c","c-i-c","c-i-c","c-i-c","c-i-c","c-i-c",null,0]
[null,null,4,"LV Services","Dollars","Real $2018","End_Year","c-i-c","c-i-c","c-i-c","c-i-c","c-i-c","c-i-c","c-i-c",null,0]
[null,null,5,"Distribution Substations","Dollars","Real $2018","End_Year","c-i-c","c-i-c","c-i-c","c-i-c","c-i-c","c-i-c","c-i-c",null,0]
[null,null,6,"Distribution Switchgear","Dollars","Real $2018","End_Year","c-i-c","c-i-c","c-i-c","c-i-c","c-i-c","c-i-c","c-i-c",null,0]
[null,null,7,"Protection","Dollars","Real $2018","End_Year","c-i-c","c-i-c","c-i-c","c-i-c","c-i-c","c-i-c","c-i-c",null,0]
[null,null,8,"SCADA","Dollars","Real $2018","End_Year","c-i-c","c-i-c","c-i-c","c-i-c","c-i-c","c-i-c","c-i-c",null,0]
[null,null,9,"Communications","Dollars","Real $2018","End_Year","c-i-c","c-i-c","c-i-c","c-i-c","c-i-c","c-i-c","c-i-c",null,0]
[null,null,10,"Land and Easements","Dollars","Real $2018","End_Year","c-i-c","c-i-c","c-i-c","c-i-c","c-i-c","c-i-c","c-i-c",null,0]
[null,null,11,"Property","Dollars","Real $2018","End_Year","c-i-c","c-i-c","c-i-c","c-i-c","c-i-c","c-i-c","c-i-c",null,0]
[null,null,12,"IT and Communications","Dollars","Real $2018","End_Year","c-i-c","c-i-c","c-i-c","c-i-c","c-i-c","c-i-c","c-i-c",null,0]
[null,null,13,"Motor Vehicles","Dollars","Real $2018","End_Year","c-i-c","c-i-c","c-i-c","c-i-c","c-i-c","c-i-c","c-i-c",null,0]
[null,null,14,"Plant and Equipment","Dollars","Real $2018","End_Year","c-i-c","c-i-c","c-i-c","c-i-c","c-i-c","c-i-c","c-i-c",null,0]
[null,null,15,"Property Leases","Dollars","Real $2018","End_Year","c-i-c","c-i-c","c-i-c","c-i-c","c-i-c","c-i-c","c-i-c",null,{"$f":"SUM(J29:N29)","v":0}]
[null,null,16,"Fleet Leases","Dollars","Real $2018","End_Year","c-i-c","c-i-c","c-i-c","c-i-c","c-i-c","c-i-c","c-i-c",null,0]
[]
[null,null,null,null,{"$f":"E15","v":"Dollars"},"Real $2018","End_Year",{"$f":"SUM(H15:H30)","v":0},{"$f":"SUM(I15:I30)","v":0},0,0,0,0,0,null,0]
[]
[null,"End"]

{"sheet":"A-BNI 9","index":65,"n_rows":34,"n_cols":16,"rows_kept":34,"cut":false,"hidden":false,"merged":[[6,4,6,9],[7,4,7,9],[9,4,9,9]]}
[null,{"$f":"MID(CELL(\"filename\",A1),FIND(\"]\",CELL(\"filename\",A1))+1,255)&\" Capital Expenditure\"","v":"A-BNI 9 Capital Expenditure"},null,null,null,null,"COMMERCIAL IN CONFIDENCE"]
[]
[null,"Direct Capex Forecasts"]
[]
[null,null,"BNI Description"]
[]
[null,null,null,"Requirement","Description"]
[null,null,null,"Expenditure category","Distribution Switchgear"]
[null,null,null,"Project / program number","NMP7"]
[null,null,null,"Project / program description","Darwin Distribution Substation Fault Level Replacement Program"]
[]
[null,null,"Direct Costs (Excluding Capitalised Overheads and Cost Escalation)"]
[]
[null,null,"Ref.","Regulatory Asset Class","Unit","Basis","Timing","RY18","RY19","RY20","RY21","RY22","RY23","RY24",null,"Total FY20 to FY24"]
[null,null,{"$f":"N(C14)+1","v":1},"Substations","Dollars","Real $2018","End_Year","c-i-c","c-i-c","c-i-c","c-i-c","c-i-c","c-i-c","c-i-c",null,{"$f":"SUM(J15:N15)","v":0}]
[null,null,{"$f":"N(C15)+1","v":2},"Distribution Lines","Dollars","Real $2018","End_Year","c-i-c","c-i-c","c-i-c","c-i-c","c-i-c","c-i-c","c-i-c",null,0]
[null,null,3,"Transmission Lines","Dollars","Real $2018","End_Year","c-i-c","c-i-c","c-i-c","c-i-c","c-i-c","c-i-c","c-i-c",null,0]
[null,null,4,"LV Services","Dollars","Real $2018","End_Year","c-i-c","c-i-c","c-i-c","c-i-c","c-i-c","c-i-c","c-i-c",null,0]
[null,null,5,"Distribution Substations","Dollars","Real $2018","End_Year","c-i-c","c-i-c","c-i-c","c-i-c","c-i-c","c-i-c","c-i-c",null,0]
[null,null,6,"Distribution Switchgear","Dollars","Real $2018","End_Year","c-i-c","c-i-c","c-i-c","c-i-c","c-i-c","c-i-c","c-i-c",null,0]
[null,null,7,"Protection","Dollars","Real $2018","End_Year","c-i-c","c-i-c","c-i-c","c-i-c","c-i-c","c-i-c","c-i-c",null,0]
[null,null,8,"SCADA","Dollars","Real $2018","End_Year","c-i-c","c-i-c","c-i-c","c-i-c","c-i-c","c-i-c","c-i-c",null,0]
[null,null,9,"Communications","Dollars","Real $2018","End_Year","c-i-c","c-i-c","c-i-c","c-i-c","c-i-c","c-i-c","c-i-c",null,0]
[null,null,10,"Land and Easements","Dollars","Real $2018","End_Year","c-i-c","c-i-c","c-i-c","c-i-c","c-i-c","c-i-c","c-i-c",null,0]
[null,null,11,"Property","Dollars","Real $2018","End_Year","c-i-c","c-i-c","c-i-c","c-i-c","c-i-c","c-i-c","c-i-c",null,0]
[null,null,12,"IT and Communications","Dollars","Real $2018","End_Year","c-i-c","c-i-c","c-i-c","c-i-c","c-i-c","c-i-c","c-i-c",null,0]
[null,null,13,"Motor Vehicles","Dollars","Real $2018","End_Year","c-i-c","c-i-c","c-i-c","c-i-c","c-i-c","c-i-c","c-i-c",null,0]
[null,null,14,"Plant and Equipment","Dollars","Real $2018","End_Year","c-i-c","c-i-c","c-i-c","c-i-c","c-i-c","c-i-c","c-i-c",null,0]
[null,null,15,"Property Leases","Dollars","Real $2018","End_Year","c-i-c","c-i-c","c-i-c","c-i-c","c-i-c","c-i-c","c-i-c",null,{"$f":"SUM(J29:N29)","v":0}]
[null,null,16,"Fleet Leases","Dollars","Real $2018","End_Year","c-i-c","c-i-c","c-i-c","c-i-c","c-i-c","c-i-c","c-i-c",null,0]
[]
[null,null,null,null,{"$f":"E15","v":"Dollars"},"Real $2018","End_Year",{"$f":"SUM(H15:H30)","v":0},{"$f":"SUM(I15:I30)","v":0},0,0,0,0,0,null,0]
[]
[null,"End"]

{"sheet":"A-BNI 10","index":66,"n_rows":34,"n_cols":16,"rows_kept":34,"cut":false,"hidden":false,"merged":[[6,4,6,9],[7,4,7,9],[9,4,9,9]]}
[null,{"$f":"MID(CELL(\"filename\",A1),FIND(\"]\",CELL(\"filename\",A1))+1,255)&\" Capital Expenditure\"","v":"A-BNI 10 Capital Expenditure"},null,null,null,null,"COMMERCIAL IN CONFIDENCE"]
[]
[null,"Direct Capex Forecasts"]
[]
[null,null,"BNI Description"]
[]
[null,null,null,"Requirement","Description"]
[null,null,null,"Expenditure category"]
[null,null,null,"Project / program number"]
[null,null,null,"Project / program description","[deleted]"]
[]
[null,null,"Direct Costs (Excluding Capitalised Overheads and Cost Escalation)"]
[]
[null,null,"Ref.","Regulatory Asset Class","Unit","Basis","Timing","RY18","RY19","RY20","RY21","RY22","RY23","RY24",null,"Total FY20 to FY24"]
[null,null,{"$f":"N(C14)+1","v":1},"Substations","Dollars","Real $2018","End_Year","c-i-c","c-i-c","c-i-c","c-i-c","c-i-c","c-i-c","c-i-c",null,{"$f":"SUM(J15:N15)","v":0}]
[null,null,{"$f":"N(C15)+1","v":2},"Distribution Lines","Dollars","Real $2018","End_Year","c-i-c","c-i-c","c-i-c","c-i-c","c-i-c","c-i-c","c-i-c",null,0]
[null,null,3,"Transmission Lines","Dollars","Real $2018","End_Year","c-i-c","c-i-c","c-i-c","c-i-c","c-i-c","c-i-c","c-i-c",null,0]
[null,null,4,"LV Services","Dollars","Real $2018","End_Year","c-i-c","c-i-c","c-i-c","c-i-c","c-i-c","c-i-c","c-i-c",null,0]
[null,null,5,"Distribution Substations","Dollars","Real $2018","End_Year","c-i-c","c-i-c","c-i-c","c-i-c","c-i-c","c-i-c","c-i-c",null,0]
[null,null,6,"Distribution Switchgear","Dollars","Real $2018","End_Year","c-i-c","c-i-c","c-i-c","c-i-c","c-i-c","c-i-c","c-i-c",null,0]
[null,null,7,"Protection","Dollars","Real $2018","End_Year","c-i-c","c-i-c","c-i-c","c-i-c","c-i-c","c-i-c","c-i-c",null,0]
[null,null,8,"SCADA","Dollars","Real $2018","End_Year","c-i-c","c-i-c","c-i-c","c-i-c","c-i-c","c-i-c","c-i-c",null,0]
[null,null,9,"Communications","Dollars","Real $2018","End_Year","c-i-c","c-i-c","c-i-c","c-i-c","c-i-c","c-i-c","c-i-c",null,0]
[null,null,10,"Land and Easements","Dollars","Real $2018","End_Year","c-i-c","c-i-c","c-i-c","c-i-c","c-i-c","c-i-c","c-i-c",null,0]
[null,null,11,"Property","Dollars","Real $2018","End_Year","c-i-c","c-i-c","c-i-c","c-i-c","c-i-c","c-i-c","c-i-c",null,0]
[null,null,12,"IT and Communications","Dollars","Real $2018","End_Year","c-i-c","c-i-c","c-i-c","c-i-c","c-i-c","c-i-c","c-i-c",null,0]
[null,null,13,"Motor Vehicles","Dollars","Real $2018","End_Year","c-i-c","c-i-c","c-i-c","c-i-c","c-i-c","c-i-c","c-i-c",null,0]
[null,null,14,"Plant and Equipment","Dollars","Real $2018","End_Year","c-i-c","c-i-c","c-i-c","c-i-c","c-i-c","c-i-c","c-i-c",null,0]
[null,null,15,"Property Leases","Dollars","Real $2018","End_Year","c-i-c","c-i-c","c-i-c","c-i-c","c-i-c","c-i-c","c-i-c",null,{"$f":"SUM(J29:N29)","v":0}]
[null,null,16,"Fleet Leases","Dollars","Real $2018","End_Year","c-i-c","c-i-c","c-i-c","c-i-c","c-i-c","c-i-c","c-i-c",null,0]
[]
[null,null,null,null,{"$f":"E15","v":"Dollars"},"Real $2018","End_Year",{"$f":"SUM(H15:H30)","v":0},{"$f":"SUM(I15:I30)","v":0},0,0,0,0,0,null,0]
[]
[null,"End"]

{"sheet":"A-BNI 11","index":67,"n_rows":34,"n_cols":16,"rows_kept":34,"cut":false,"hidden":false,"merged":[[6,4,6,9],[7,4,7,9],[9,4,9,9]]}
[null,{"$f":"MID(CELL(\"filename\",A1),FIND(\"]\",CELL(\"filename\",A1))+1,255)&\" Capital Expenditure\"","v":"A-BNI 11 Capital Expenditure"},null,null,null,null,"COMMERCIAL IN CONFIDENCE"]
[]
[null,"Direct Capex Forecasts"]
[]
[null,null,"BNI Description"]
[]
[null,null,null,"Requirement","Description"]
[null,null,null,"Expenditure category","Substations"]
[null,null,null,"Project / program number","TBA"]
[null,null,null,"Project / program description","Tennant Creek - Upgrade Tennant Creek 22/11kV Transformers"]
[]
[null,null,"Direct Costs (Excluding Capitalised Overheads and Cost Escalation)"]
[]
[null,null,"Ref.","Regulatory Asset Class","Unit","Basis","Timing","RY18","RY19","RY20","RY21","RY22","RY23","RY24",null,"Total FY20 to FY24"]
[null,null,{"$f":"N(C14)+1","v":1},"Substations","Dollars","Real $2018","End_Year","c-i-c","c-i-c","c-i-c","c-i-c","c-i-c","c-i-c","c-i-c",null,{"$f":"SUM(J15:N15)","v":0}]
[null,null,{"$f":"N(C15)+1","v":2},"Distribution Lines","Dollars","Real $2018","End_Year","c-i-c","c-i-c","c-i-c","c-i-c","c-i-c","c-i-c","c-i-c",null,0]
[null,null,3,"Transmission Lines","Dollars","Real $2018","End_Year","c-i-c","c-i-c","c-i-c","c-i-c","c-i-c","c-i-c","c-i-c",null,0]
[null,null,4,"LV Services","Dollars","Real $2018","End_Year","c-i-c","c-i-c","c-i-c","c-i-c","c-i-c","c-i-c","c-i-c",null,0]
[null,null,5,"Distribution Substations","Dollars","Real $2018","End_Year","c-i-c","c-i-c","c-i-c","c-i-c","c-i-c","c-i-c","c-i-c",null,0]
[null,null,6,"Distribution Switchgear","Dollars","Real $2018","End_Year","c-i-c","c-i-c","c-i-c","c-i-c","c-i-c","c-i-c","c-i-c",null,0]
[null,null,7,"Protection","Dollars","Real $2018","End_Year","c-i-c","c-i-c","c-i-c","c-i-c","c-i-c","c-i-c","c-i-c",null,0]
[null,null,8,"SCADA","Dollars","Real $2018","End_Year","c-i-c","c-i-c","c-i-c","c-i-c","c-i-c","c-i-c","c-i-c",null,0]
[null,null,9,"Communications","Dollars","Real $2018","End_Year","c-i-c","c-i-c","c-i-c","c-i-c","c-i-c","c-i-c","c-i-c",null,0]
[null,null,10,"Land and Easements","Dollars","Real $2018","End_Year","c-i-c","c-i-c","c-i-c","c-i-c","c-i-c","c-i-c","c-i-c",null,0]
[null,null,11,"Property","Dollars","Real $2018","End_Year","c-i-c","c-i-c","c-i-c","c-i-c","c-i-c","c-i-c","c-i-c",null,0]
[null,null,12,"IT and Communications","Dollars","Real $2018","End_Year","c-i-c","c-i-c","c-i-c","c-i-c","c-i-c","c-i-c","c-i-c",null,0]
[null,null,13,"Motor Vehicles","Dollars","Real $2018","End_Year","c-i-c","c-i-c","c-i-c","c-i-c","c-i-c","c-i-c","c-i-c",null,0]
[null,null,14,"Plant and Equipment","Dollars","Real $2018","End_Year","c-i-c","c-i-c","c-i-c","c-i-c","c-i-c","c-i-c","c-i-c",null,0]
[null,null,15,"Property Leases","Dollars","Real $2018","End_Year","c-i-c","c-i-c","c-i-c","c-i-c","c-i-c","c-i-c","c-i-c",null,{"$f":"SUM(J29:N29)","v":0}]
[null,null,16,"Fleet Leases","Dollars","Real $2018","End_Year","c-i-c","c-i-c","c-i-c","c-i-c","c-i-c","c-i-c","c-i-c",null,0]
[]
[null,null,null,null,{"$f":"E15","v":"Dollars"},"Real $2018","End_Year",{"$f":"SUM(H15:H30)","v":0},{"$f":"SUM(I15:I30)","v":0},0,0,0,0,0,null,0]
[]
[null,"End"]

{"sheet":"A-BNI 12","index":68,"n_rows":34,"n_cols":16,"rows_kept":34,"cut":false,"hidden":false,"merged":[[6,4,6,9],[7,4,7,9],[9,4,9,9]]}
[null,{"$f":"MID(CELL(\"filename\",A1),FIND(\"]\",CELL(\"filename\",A1))+1,255)&\" Capital Expenditure\"","v":"A-BNI 12 Capital Expenditure"},null,null,null,null,"COMMERCIAL IN CONFIDENCE"]
[]
[null,"Direct Capex Forecasts"]
[]
[null,null,"BNI Description"]
[]
[null,null,null,"Requirement","Description"]
[null,null,null,"Expenditure category","Communications"]
[null,null,null,"Project / program number","NMSC3"]
[null,null,null,"Project / program description","SCADA and Communications Optus Cable Extension Program"]
[]
[null,null,"Direct Costs (Excluding Capitalised Overheads and Cost Escalation)"]
[]
[null,null,"Ref.","Regulatory Asset Class","Unit","Basis","Timing","RY18","RY19","RY20","RY21","RY22","RY23","RY24",null,"Total FY20 to FY24"]
[null,null,{"$f":"N(C14)+1","v":1},"Substations","Dollars","Real $2018","End_Year","c-i-c","c-i-c","c-i-c","c-i-c","c-i-c","c-i-c","c-i-c",null,{"$f":"SUM(J15:N15)","v":0}]
[null,null,2,"Distribution Lines","Dollars","Real $2018","End_Year","c-i-c","c-i-c","c-i-c","c-i-c","c-i-c","c-i-c","c-i-c",null,0]
[null,null,3,"Transmission Lines","Dollars","Real $2018","End_Year","c-i-c","c-i-c","c-i-c","c-i-c","c-i-c","c-i-c","c-i-c",null,0]
[null,null,4,"LV Services","Dollars","Real $2018","End_Year","c-i-c","c-i-c","c-i-c","c-i-c","c-i-c","c-i-c","c-i-c",null,0]
[null,null,5,"Distribution Substations","Dollars","Real $2018","End_Year","c-i-c","c-i-c","c-i-c","c-i-c","c-i-c","c-i-c","c-i-c",null,0]
[null,null,6,"Distribution Switchgear","Dollars","Real $2018","End_Year","c-i-c","c-i-c","c-i-c","c-i-c","c-i-c","c-i-c","c-i-c",null,0]
[null,null,7,"Protection","Dollars","Real $2018","End_Year","c-i-c","c-i-c","c-i-c","c-i-c","c-i-c","c-i-c","c-i-c",null,0]
[null,null,8,"SCADA","Dollars","Real $2018","End_Year","c-i-c","c-i-c","c-i-c","c-i-c","c-i-c","c-i-c","c-i-c",null,0]
[null,null,9,"Communications","Dollars","Real $2018","End_Year","c-i-c","c-i-c","c-i-c","c-i-c","c-i-c","c-i-c","c-i-c",null,0]
[null,null,10,"Land and Easements","Dollars","Real $2018","End_Year","c-i-c","c-i-c","c-i-c","c-i-c","c-i-c","c-i-c","c-i-c",null,0]
[null,null,11,"Property","Dollars","Real $2018","End_Year","c-i-c","c-i-c","c-i-c","c-i-c","c-i-c","c-i-c","c-i-c",null,0]
[null,null,12,"IT and Communications","Dollars","Real $2018","End_Year","c-i-c","c-i-c","c-i-c","c-i-c","c-i-c","c-i-c","c-i-c",null,0]
[null,null,13,"Motor Vehicles","Dollars","Real $2018","End_Year","c-i-c","c-i-c","c-i-c","c-i-c","c-i-c","c-i-c","c-i-c",null,0]
[null,null,14,"Plant and Equipment","Dollars","Real $2018","End_Year","c-i-c","c-i-c","c-i-c","c-i-c","c-i-c","c-i-c","c-i-c",null,0]
[null,null,15,"Property Leases","Dollars","Real $2018","End_Year","c-i-c","c-i-c","c-i-c","c-i-c","c-i-c","c-i-c","c-i-c",null,{"$f":"SUM(J29:N29)","v":0}]
[null,null,16,"Fleet Leases","Dollars","Real $2018","End_Year","c-i-c","c-i-c","c-i-c","c-i-c","c-i-c","c-i-c","c-i-c",null,0]
[]
[null,null,null,null,{"$f":"E15","v":"Dollars"},"Real $2018","End_Year",{"$f":"SUM(H15:H30)","v":0},{"$f":"SUM(I15:I30)","v":0},0,0,0,0,0,null,0]
[]
[null,"End"]

{"sheet":"A-BNI 13","index":69,"n_rows":34,"n_cols":16,"rows_kept":34,"cut":false,"hidden":false,"merged":[[6,4,6,9],[7,4,7,9],[9,4,9,9]]}
[null,{"$f":"MID(CELL(\"filename\",A1),FIND(\"]\",CELL(\"filename\",A1))+1,255)&\" Capital Expenditure\"","v":"A-BNI 13 Capital Expenditure"},null,null,null,null,"COMMERCIAL IN CONFIDENCE"]
[]
[null,"Direct Capex Forecasts"]
[]
[null,null,"BNI Description"]
[]
[null,null,null,"Requirement","Description"]
[null,null,null,"Expenditure category","Distribution Switchgear"]
[null,null,null,"Project / program number","NMF"]
[null,null,null,"Project / program description","All Regions Poorly Performing Feeder Improvement Program AUGEX Component)"]
[]
[null,null,"Direct Costs (Excluding Capitalised Overheads and Cost Escalation)"]
[]
[null,null,"Ref.","Regulatory Asset Class","Unit","Basis","Timing","RY18","RY19","RY20","RY21","RY22","RY23","RY24",null,"Total FY20 to FY24"]
[null,null,{"$f":"N(C14)+1","v":1},"Substations","Dollars","Real $2018","End_Year","c-i-c","c-i-c","c-i-c","c-i-c","c-i-c","c-i-c","c-i-c",null,{"$f":"SUM(J15:N15)","v":0}]
[null,null,{"$f":"N(C15)+1","v":2},"Distribution Lines","Dollars","Real $2018","End_Year","c-i-c","c-i-c","c-i-c","c-i-c","c-i-c","c-i-c","c-i-c",null,0]
[null,null,3,"Transmission Lines","Dollars","Real $2018","End_Year","c-i-c","c-i-c","c-i-c","c-i-c","c-i-c","c-i-c","c-i-c",null,0]
[null,null,4,"LV Services","Dollars","Real $2018","End_Year","c-i-c","c-i-c","c-i-c","c-i-c","c-i-c","c-i-c","c-i-c",null,0]
[null,null,5,"Distribution Substations","Dollars","Real $2018","End_Year","c-i-c","c-i-c","c-i-c","c-i-c","c-i-c","c-i-c","c-i-c",null,0]
[null,null,6,"Distribution Switchgear","Dollars","Real $2018","End_Year","c-i-c","c-i-c","c-i-c","c-i-c","c-i-c","c-i-c","c-i-c",null,0]
[null,null,7,"Protection","Dollars","Real $2018","End_Year","c-i-c","c-i-c","c-i-c","c-i-c","c-i-c","c-i-c","c-i-c",null,0]
[null,null,8,"SCADA","Dollars","Real $2018","End_Year","c-i-c","c-i-c","c-i-c","c-i-c","c-i-c","c-i-c","c-i-c",null,0]
[null,null,9,"Communications","Dollars","Real $2018","End_Year","c-i-c","c-i-c","c-i-c","c-i-c","c-i-c","c-i-c","c-i-c",null,0]
[null,null,10,"Land and Easements","Dollars","Real $2018","End_Year","c-i-c","c-i-c","c-i-c","c-i-c","c-i-c","c-i-c","c-i-c",null,0]
[null,null,11,"Property","Dollars","Real $2018","End_Year","c-i-c","c-i-c","c-i-c","c-i-c","c-i-c","c-i-c","c-i-c",null,0]
[null,null,12,"IT and Communications","Dollars","Real $2018","End_Year","c-i-c","c-i-c","c-i-c","c-i-c","c-i-c","c-i-c","c-i-c",null,0]
[null,null,13,"Motor Vehicles","Dollars","Real $2018","End_Year","c-i-c","c-i-c","c-i-c","c-i-c","c-i-c","c-i-c","c-i-c",null,0]
[null,null,14,"Plant and Equipment","Dollars","Real $2018","End_Year","c-i-c","c-i-c","c-i-c","c-i-c","c-i-c","c-i-c","c-i-c",null,0]
[null,null,15,"Property Leases","Dollars","Real $2018","End_Year","c-i-c","c-i-c","c-i-c","c-i-c","c-i-c","c-i-c","c-i-c",null,{"$f":"SUM(J29:N29)","v":0}]
[null,null,16,"Fleet Leases","Dollars","Real $2018","End_Year","c-i-c","c-i-c","c-i-c","c-i-c","c-i-c","c-i-c","c-i-c",null,0]
[]
[null,null,null,null,{"$f":"E15","v":"Dollars"},"Real $2018","End_Year",{"$f":"SUM(H15:H30)","v":0},{"$f":"SUM(I15:I30)","v":0},0,0,0,0,0,null,0]
[]
[null,"End"]

{"sheet":"A-BNI 14","index":70,"n_rows":34,"n_cols":16,"rows_kept":34,"cut":false,"hidden":false,"merged":[[6,4,6,9],[7,4,7,9],[9,4,9,9]]}
[null,{"$f":"MID(CELL(\"filename\",A1),FIND(\"]\",CELL(\"filename\",A1))+1,255)&\" Capital Expenditure\"","v":"A-BNI 14 Capital Expenditure"},null,null,null,null,"COMMERCIAL IN CONFIDENCE"]
[]
[null,"Direct Capex Forecasts"]
[]
[null,null,"BNI Description"]
[]
[null,null,null,"Requirement","Description"]
[null,null,null,"Expenditure category","All"]
[null,null,null,"Project / program number","Budget/SCI"]
[null,null,null,"Project / program description","FY18 budget and FY19 budget for Augex"]
[]
[null,null,"Direct Costs (Excluding Capitalised Overheads and Cost Escalation)"]
[]
[null,null,"Ref.","Regulatory Asset Class","Unit","Basis","Timing","RY18","RY19","RY20","RY21","RY22","RY23","RY24",null,"Total FY20 to FY24"]
[null,null,{"$f":"N(C14)+1","v":1},"Substations","Dollars","Real $2018","End_Year","c-i-c","c-i-c","c-i-c","c-i-c","c-i-c","c-i-c","c-i-c",null,{"$f":"SUM(J15:N15)","v":0}]
[null,null,{"$f":"N(C15)+1","v":2},"Distribution Lines","Dollars","Real $2018","End_Year","c-i-c","c-i-c","c-i-c","c-i-c","c-i-c","c-i-c","c-i-c",null,0]
[null,null,3,"Transmission Lines","Dollars","Real $2018","End_Year","c-i-c","c-i-c","c-i-c","c-i-c","c-i-c","c-i-c","c-i-c",null,0]
[null,null,4,"LV Services","Dollars","Real $2018","End_Year","c-i-c","c-i-c","c-i-c","c-i-c","c-i-c","c-i-c","c-i-c",null,0]
[null,null,5,"Distribution Substations","Dollars","Real $2018","End_Year","c-i-c","c-i-c","c-i-c","c-i-c","c-i-c","c-i-c","c-i-c",null,0]
[null,null,6,"Distribution Switchgear","Dollars","Real $2018","End_Year","c-i-c","c-i-c","c-i-c","c-i-c","c-i-c","c-i-c","c-i-c",null,0]
[null,null,7,"Protection","Dollars","Real $2018","End_Year","c-i-c","c-i-c","c-i-c","c-i-c","c-i-c","c-i-c","c-i-c",null,0]
[null,null,8,"SCADA","Dollars","Real $2018","End_Year","c-i-c","c-i-c","c-i-c","c-i-c","c-i-c","c-i-c","c-i-c",null,0]
[null,null,9,"Communications","Dollars","Real $2018","End_Year","c-i-c","c-i-c","c-i-c","c-i-c","c-i-c","c-i-c","c-i-c",null,0]
[null,null,10,"Land and Easements","Dollars","Real $2018","End_Year","c-i-c","c-i-c","c-i-c","c-i-c","c-i-c","c-i-c","c-i-c",null,0]
[null,null,11,"Property","Dollars","Real $2018","End_Year","c-i-c","c-i-c","c-i-c","c-i-c","c-i-c","c-i-c","c-i-c",null,0]
[null,null,12,"IT and Communications","Dollars","Real $2018","End_Year","c-i-c","c-i-c","c-i-c","c-i-c","c-i-c","c-i-c","c-i-c",null,0]
[null,null,13,"Motor Vehicles","Dollars","Real $2018","End_Year","c-i-c","c-i-c","c-i-c","c-i-c","c-i-c","c-i-c","c-i-c",null,0]
[null,null,14,"Plant and Equipment","Dollars","Real $2018","End_Year","c-i-c","c-i-c","c-i-c","c-i-c","c-i-c","c-i-c","c-i-c",null,0]
[null,null,15,"Property Leases","Dollars","Real $2018","End_Year","c-i-c","c-i-c","c-i-c","c-i-c","c-i-c","c-i-c","c-i-c",null,{"$f":"SUM(J29:N29)","v":0}]
[null,null,16,"Fleet Leases","Dollars","Real $2018","End_Year","c-i-c","c-i-c","c-i-c","c-i-c","c-i-c","c-i-c","c-i-c",null,0]
[]
[null,null,null,null,{"$f":"E15","v":"Dollars"},"Real $2018","End_Year",{"$f":"SUM(H15:H30)","v":0},{"$f":"SUM(I15:I30)","v":0},0,0,0,0,0,null,0]
[]
[null,"End"]

{"sheet":"A-BNI 15","index":71,"n_rows":34,"n_cols":16,"rows_kept":34,"cut":false,"hidden":false,"merged":[[6,4,6,9],[7,4,7,9],[9,4,9,9]]}
[null,{"$f":"MID(CELL(\"filename\",A1),FIND(\"]\",CELL(\"filename\",A1))+1,255)&\" Capital Expenditure\"","v":"A-BNI 15 Capital Expenditure"},null,null,null,null,"COMMERCIAL IN CONFIDENCE"]
[]
[null,"Direct Capex Forecasts"]
[]
[null,null,"BNI Description"]
[]
[null,null,null,"Requirement","Description"]
[null,null,null,"Expenditure category","Substation"]
[null,null,null,"Project / program number","NMP12"]
[null,null,null,"Project / program description","Power Transformer Online Moisture Treatment"]
[]
[null,null,"Direct Costs (Excluding Capitalised Overheads and Cost Escalation)"]
[]
[null,null,"Ref.","Regulatory Asset Class","Unit","Basis","Timing","RY18","RY19","RY20","RY21","RY22","RY23","RY24",null,"Total FY20 to FY24"]
[null,null,{"$f":"N(C14)+1","v":1},"Substations","Dollars","Real $2018","End_Year","c-i-c","c-i-c","c-i-c","c-i-c","c-i-c","c-i-c","c-i-c",null,{"$f":"SUM(J15:N15)","v":0}]
[null,null,{"$f":"N(C15)+1","v":2},"Distribution Lines","Dollars","Real $2018","End_Year","c-i-c","c-i-c","c-i-c","c-i-c","c-i-c","c-i-c","c-i-c",null,0]
[null,null,3,"Transmission Lines","Dollars","Real $2018","End_Year","c-i-c","c-i-c","c-i-c","c-i-c","c-i-c","c-i-c","c-i-c",null,0]
[null,null,4,"LV Services","Dollars","Real $2018","End_Year","c-i-c","c-i-c","c-i-c","c-i-c","c-i-c","c-i-c","c-i-c",null,0]
[null,null,5,"Distribution Substations","Dollars","Real $2018","End_Year","c-i-c","c-i-c","c-i-c","c-i-c","c-i-c","c-i-c","c-i-c",null,0]
[null,null,6,"Distribution Switchgear","Dollars","Real $2018","End_Year","c-i-c","c-i-c","c-i-c","c-i-c","c-i-c","c-i-c","c-i-c",null,0]
[null,null,7,"Protection","Dollars","Real $2018","End_Year","c-i-c","c-i-c","c-i-c","c-i-c","c-i-c","c-i-c","c-i-c",null,0]
[null,null,8,"SCADA","Dollars","Real $2018","End_Year","c-i-c","c-i-c","c-i-c","c-i-c","c-i-c","c-i-c","c-i-c",null,0]
[null,null,9,"Communications","Dollars","Real $2018","End_Year","c-i-c","c-i-c","c-i-c","c-i-c","c-i-c","c-i-c","c-i-c",null,0]
[null,null,10,"Land and Easements","Dollars","Real $2018","End_Year","c-i-c","c-i-c","c-i-c","c-i-c","c-i-c","c-i-c","c-i-c",null,0]
[null,null,11,"Property","Dollars","Real $2018","End_Year","c-i-c","c-i-c","c-i-c","c-i-c","c-i-c","c-i-c","c-i-c",null,0]
[null,null,12,"IT and Communications","Dollars","Real $2018","End_Year","c-i-c","c-i-c","c-i-c","c-i-c","c-i-c","c-i-c","c-i-c",null,0]
[null,null,13,"Motor Vehicles","Dollars","Real $2018","End_Year","c-i-c","c-i-c","c-i-c","c-i-c","c-i-c","c-i-c","c-i-c",null,0]
[null,null,14,"Plant and Equipment","Dollars","Real $2018","End_Year","c-i-c","c-i-c","c-i-c","c-i-c","c-i-c","c-i-c","c-i-c",null,0]
[null,null,15,"Property Leases","Dollars","Real $2018","End_Year","c-i-c","c-i-c","c-i-c","c-i-c","c-i-c","c-i-c","c-i-c",null,{"$f":"SUM(J29:N29)","v":0}]
[null,null,16,"Fleet Leases","Dollars","Real $2018","End_Year","c-i-c","c-i-c","c-i-c","c-i-c","c-i-c","c-i-c","c-i-c",null,0]
[]
[null,null,null,null,{"$f":"E15","v":"Dollars"},"Real $2018","End_Year",{"$f":"SUM(H15:H30)","v":0},{"$f":"SUM(I15:I30)","v":0},0,0,0,0,0,null,0]
[]
[null,"End"]

{"sheet":"ICT -->","index":72,"n_rows":8,"n_cols":2,"rows_kept":8,"cut":false,"hidden":false,"merged":[]}
[]
[]
[]
[]
[]
[]
[]
[null,"ICT"]

{"sheet":"I-BNI 1","index":73,"n_rows":34,"n_cols":16,"rows_kept":34,"cut":false,"hidden":false,"merged":[[6,4,6,9],[7,4,7,9],[9,4,9,9]]}
[null,{"$f":"MID(CELL(\"filename\",A1),FIND(\"]\",CELL(\"filename\",A1))+1,255)&\" Capital Expenditure\"","v":"I-BNI 1 Capital Expenditure"},null,null,null,null,"COMMERCIAL IN CONFIDENCE"]
[]
[null,"Direct Capex Forecasts"]
[]
[null,null,"BNI Description"]
[]
[null,null,null,"Requirement","Description"]
[null,null,null,"Expenditure category","IT and Communications"]
[null,null,null,"Project / program number"]
[null,null,null,"Project / program description","ICT capital expenditure plan (KPMG)"]
[]
[null,null,"Direct Costs (Excluding Capitalised Overheads and Cost Escalation)"]
[]
[null,null,"Ref.","Regulatory Asset Class","Unit","Basis","Timing","RY18","RY19","RY20","RY21","RY22","RY23","RY24",null,"Total FY20 to FY24"]
[null,null,{"$f":"N(C14)+1","v":1},"Substations","Dollars","Real $2018","End_Year","c-i-c","c-i-c","c-i-c","c-i-c","c-i-c","c-i-c","c-i-c",null,{"$f":"SUM(J15:N15)","v":0}]
[null,null,{"$f":"N(C15)+1","v":2},"Distribution Lines","Dollars","Real $2018","End_Year","c-i-c","c-i-c","c-i-c","c-i-c","c-i-c","c-i-c","c-i-c",null,0]
[null,null,3,"Transmission Lines","Dollars","Real $2018","End_Year","c-i-c","c-i-c","c-i-c","c-i-c","c-i-c","c-i-c","c-i-c",null,0]
[null,null,4,"LV Services","Dollars","Real $2018","End_Year","c-i-c","c-i-c","c-i-c","c-i-c","c-i-c","c-i-c","c-i-c",null,0]
[null,null,5,"Distribution Substations","Dollars","Real $2018","End_Year","c-i-c","c-i-c","c-i-c","c-i-c","c-i-c","c-i-c","c-i-c",null,0]
[null,null,6,"Distribution Switchgear","Dollars","Real $2018","End_Year","c-i-c","c-i-c","c-i-c","c-i-c","c-i-c","c-i-c","c-i-c",null,0]
[null,null,7,"Protection","Dollars","Real $2018","End_Year","c-i-c","c-i-c","c-i-c","c-i-c","c-i-c","c-i-c","c-i-c",null,0]
[null,null,8,"SCADA","Dollars","Real $2018","End_Year","c-i-c","c-i-c","c-i-c","c-i-c","c-i-c","c-i-c","c-i-c",null,0]
[null,null,9,"Communications","Dollars","Real $2018","End_Year","c-i-c","c-i-c","c-i-c","c-i-c","c-i-c","c-i-c","c-i-c",null,0]
[null,null,10,"Land and Easements","Dollars","Real $2018","End_Year","c-i-c","c-i-c","c-i-c","c-i-c","c-i-c","c-i-c","c-i-c",null,0]
[null,null,11,"Property","Dollars","Real $2018","End_Year","c-i-c","c-i-c","c-i-c","c-i-c","c-i-c","c-i-c","c-i-c",null,0]
[null,null,12,"IT and Communications","Dollars","Real $2018","End_Year","c-i-c","c-i-c","c-i-c","c-i-c","c-i-c","c-i-c","c-i-c",null,{"$f":"SUM(J26:N26)","v":0}]
[null,null,13,"Motor Vehicles","Dollars","Real $2018","End_Year","c-i-c","c-i-c","c-i-c","c-i-c","c-i-c","c-i-c","c-i-c",null,0]
[null,null,14,"Plant and Equipment","Dollars","Real $2018","End_Year","c-i-c","c-i-c","c-i-c","c-i-c","c-i-c","c-i-c","c-i-c",null,0]
[null,null,15,"Property Leases","Dollars","Real $2018","End_Year","c-i-c","c-i-c","c-i-c","c-i-c","c-i-c","c-i-c","c-i-c",null,{"$f":"SUM(J29:N29)","v":0}]
[null,null,16,"Fleet Leases","Dollars","Real $2018","End_Year","c-i-c","c-i-c","c-i-c","c-i-c","c-i-c","c-i-c","c-i-c",null,0]
[]
[null,null,null,null,{"$f":"E15","v":"Dollars"},"Real $2018","End_Year",{"$f":"SUM(H15:H30)","v":0},{"$f":"SUM(I15:I30)","v":0},0,0,0,0,0,null,0]
[]
[null,"End"]

{"sheet":"NonN -->","index":74,"n_rows":8,"n_cols":2,"rows_kept":8,"cut":false,"hidden":false,"merged":[]}
[]
[]
[]
[]
[]
[]
[]
[null,"Non-Network"]

{"sheet":"N-BNI 1","index":75,"n_rows":34,"n_cols":16,"rows_kept":34,"cut":false,"hidden":false,"merged":[[6,4,6,9],[7,4,7,9],[9,4,9,9]]}
[null,{"$f":"MID(CELL(\"filename\",A1),FIND(\"]\",CELL(\"filename\",A1))+1,255)&\" Capital Expenditure\"","v":"N-BNI 1 Capital Expenditure"},null,null,null,null,"COMMERCIAL IN CONFIDENCE"]
[]
[null,"Direct Capex Forecasts"]
[]
[null,null,"BNI Description"]
[]
[null,null,null,"Requirement","Description"]
[null,null,null,"Expenditure category","Motor Vehicles"]
[null,null,null,"Project / program number","PRD33455"]
[null,null,null,"Project / program description","Vehicle Fleet Program"]
[]
[null,null,"Direct Costs (Excluding Capitalised Overheads and Cost Escalation)"]
[]
[null,null,"Ref.","Regulatory Asset Class","Unit","Basis","Timing","RY18","RY19","RY20","RY21","RY22","RY23","RY24",null,"Total FY20 to FY24"]
[null,null,{"$f":"N(C14)+1","v":1},"Substations","Dollars","Real $2018","End_Year","c-i-c","c-i-c","c-i-c","c-i-c","c-i-c","c-i-c","c-i-c",null,{"$f":"SUM(J15:N15)","v":0}]
[null,null,{"$f":"N(C15)+1","v":2},"Distribution Lines","Dollars","Real $2018","End_Year","c-i-c","c-i-c","c-i-c","c-i-c","c-i-c","c-i-c","c-i-c",null,0]
[null,null,3,"Transmission Lines","Dollars","Real $2018","End_Year","c-i-c","c-i-c","c-i-c","c-i-c","c-i-c","c-i-c","c-i-c",null,0]
[null,null,4,"LV Services","Dollars","Real $2018","End_Year","c-i-c","c-i-c","c-i-c","c-i-c","c-i-c","c-i-c","c-i-c",null,0]
[null,null,5,"Distribution Substations","Dollars","Real $2018","End_Year","c-i-c","c-i-c","c-i-c","c-i-c","c-i-c","c-i-c","c-i-c",null,0]
[null,null,6,"Distribution Switchgear","Dollars","Real $2018","End_Year","c-i-c","c-i-c","c-i-c","c-i-c","c-i-c","c-i-c","c-i-c",null,0]
[null,null,7,"Protection","Dollars","Real $2018","End_Year","c-i-c","c-i-c","c-i-c","c-i-c","c-i-c","c-i-c","c-i-c",null,0]
[null,null,8,"SCADA","Dollars","Real $2018","End_Year","c-i-c","c-i-c","c-i-c","c-i-c","c-i-c","c-i-c","c-i-c",null,0]
[null,null,9,"Communications","Dollars","Real $2018","End_Year","c-i-c","c-i-c","c-i-c","c-i-c","c-i-c","c-i-c","c-i-c",null,0]
[null,null,10,"Land and Easements","Dollars","Real $2018","End_Year","c-i-c","c-i-c","c-i-c","c-i-c","c-i-c","c-i-c","c-i-c",null,0]
[null,null,11,"Property","Dollars","Real $2018","End_Year","c-i-c","c-i-c","c-i-c","c-i-c","c-i-c","c-i-c","c-i-c",null,0]
[null,null,12,"IT and Communications","Dollars","Real $2018","End_Year","c-i-c","c-i-c","c-i-c","c-i-c","c-i-c","c-i-c","c-i-c",null,0]
[null,null,13,"Motor Vehicles","Dollars","Real $2018","End_Year","c-i-c","c-i-c","c-i-c","c-i-c","c-i-c","c-i-c","c-i-c",null,0]
[null,null,14,"Plant and Equipment","Dollars","Real $2018","End_Year","c-i-c","c-i-c","c-i-c","c-i-c","c-i-c","c-i-c","c-i-c",null,0]
[null,null,15,"Property Leases","Dollars","Real $2018","End_Year","c-i-c","c-i-c","c-i-c","c-i-c","c-i-c","c-i-c","c-i-c",null,{"$f":"SUM(J29:N29)","v":0}]
[null,null,16,"Fleet Leases","Dollars","Real $2018","End_Year","c-i-c","c-i-c","c-i-c","c-i-c","c-i-c","c-i-c","c-i-c",null,0]
[]
[null,null,null,null,{"$f":"E15","v":"Dollars"},"Real $2018","End_Year",{"$f":"SUM(H15:H30)","v":0},{"$f":"SUM(I15:I30)","v":0},0,0,0,0,0,null,0]
[]
[null,"End"]

{"sheet":"N-BNI 2","index":76,"n_rows":34,"n_cols":16,"rows_kept":34,"cut":false,"hidden":false,"merged":[[6,4,6,9],[7,4,7,9],[9,4,9,9]]}
[null,{"$f":"MID(CELL(\"filename\",A1),FIND(\"]\",CELL(\"filename\",A1))+1,255)&\" Capital Expenditure\"","v":"N-BNI 2 Capital Expenditure"},null,null,null,null,"COMMERCIAL IN CONFIDENCE"]
[]
[null,"Direct Capex Forecasts"]
[]
[null,null,"BNI Description"]
[]
[null,null,null,"Requirement","Description"]
[null,null,null,"Expenditure category","Property"]
[null,null,null,"Project / program number","PRD33456"]
[null,null,null,"Project / program description","Property Program"]
[]
[null,null,"Direct Costs (Excluding Capitalised Overheads and Cost Escalation)"]
[]
[null,null,"Ref.","Regulatory Asset Class","Unit","Basis","Timing","RY18","RY19","RY20","RY21","RY22","RY23","RY24",null,"Total FY20 to FY24"]
[null,null,{"$f":"N(C14)+1","v":1},"Substations","Dollars","Real $2018","End_Year","c-i-c","c-i-c","c-i-c","c-i-c","c-i-c","c-i-c","c-i-c",null,{"$f":"SUM(J15:N15)","v":0}]
[null,null,{"$f":"N(C15)+1","v":2},"Distribution Lines","Dollars","Real $2018","End_Year","c-i-c","c-i-c","c-i-c","c-i-c","c-i-c","c-i-c","c-i-c",null,0]
[null,null,3,"Transmission Lines","Dollars","Real $2018","End_Year","c-i-c","c-i-c","c-i-c","c-i-c","c-i-c","c-i-c","c-i-c",null,0]
[null,null,4,"LV Services","Dollars","Real $2018","End_Year","c-i-c","c-i-c","c-i-c","c-i-c","c-i-c","c-i-c","c-i-c",null,0]
[null,null,5,"Distribution Substations","Dollars","Real $2018","End_Year","c-i-c","c-i-c","c-i-c","c-i-c","c-i-c","c-i-c","c-i-c",null,0]
[null,null,6,"Distribution Switchgear","Dollars","Real $2018","End_Year","c-i-c","c-i-c","c-i-c","c-i-c","c-i-c","c-i-c","c-i-c",null,0]
[null,null,7,"Protection","Dollars","Real $2018","End_Year","c-i-c","c-i-c","c-i-c","c-i-c","c-i-c","c-i-c","c-i-c",null,0]
[null,null,8,"SCADA","Dollars","Real $2018","End_Year","c-i-c","c-i-c","c-i-c","c-i-c","c-i-c","c-i-c","c-i-c",null,0]
[null,null,9,"Communications","Dollars","Real $2018","End_Year","c-i-c","c-i-c","c-i-c","c-i-c","c-i-c","c-i-c","c-i-c",null,0]
[null,null,10,"Land and Easements","Dollars","Real $2018","End_Year","c-i-c","c-i-c","c-i-c","c-i-c","c-i-c","c-i-c","c-i-c",null,0]
[null,null,11,"Property","Dollars","Real $2018","End_Year","c-i-c","c-i-c","c-i-c","c-i-c","c-i-c","c-i-c","c-i-c",null,0]
[null,null,12,"IT and Communications","Dollars","Real $2018","End_Year","c-i-c","c-i-c","c-i-c","c-i-c","c-i-c","c-i-c","c-i-c",null,0]
[null,null,13,"Motor Vehicles","Dollars","Real $2018","End_Year","c-i-c","c-i-c","c-i-c","c-i-c","c-i-c","c-i-c","c-i-c",null,0]
[null,null,14,"Plant and Equipment","Dollars","Real $2018","End_Year","c-i-c","c-i-c","c-i-c","c-i-c","c-i-c","c-i-c","c-i-c",null,0]
[null,null,15,"Property Leases","Dollars","Real $2018","End_Year","c-i-c","c-i-c","c-i-c","c-i-c","c-i-c","c-i-c","c-i-c",null,{"$f":"SUM(J29:N29)","v":0}]
[null,null,16,"Fleet Leases","Dollars","Real $2018","End_Year","c-i-c","c-i-c","c-i-c","c-i-c","c-i-c","c-i-c","c-i-c",null,0]
[]
[null,null,null,null,{"$f":"E15","v":"Dollars"},"Real $2018","End_Year",{"$f":"SUM(H15:H30)","v":0},{"$f":"SUM(I15:I30)","v":0},0,0,0,0,0,null,0]
[]
[null,"End"]

{"sheet":"N-BNI 3","index":77,"n_rows":34,"n_cols":16,"rows_kept":34,"cut":false,"hidden":false,"merged":[[6,4,6,9],[7,4,7,9],[9,4,9,9]]}
[null,{"$f":"MID(CELL(\"filename\",A1),FIND(\"]\",CELL(\"filename\",A1))+1,255)&\" Capital Expenditure\"","v":"N-BNI 3 Capital Expenditure"},null,null,null,null,"COMMERCIAL IN CONFIDENCE"]
[]
[null,"Direct Capex Forecasts"]
[]
[null,null,"BNI Description"]
[]
[null,null,null,"Requirement","Description"]
[null,null,null,"Expenditure category","Plant and Equipment"]
[null,null,null,"Project / program number","PRD33407"]
[null,null,null,"Project / program description","Capex – Tools and Equipment"]
[]
[null,null,"Direct Costs (Excluding Capitalised Overheads and Cost Escalation)"]
[]
[null,null,"Ref.","Regulatory Asset Class","Unit","Basis","Timing","RY18","RY19","RY20","RY21","RY22","RY23","RY24",null,"Total FY20 to FY24"]
[null,null,{"$f":"N(C14)+1","v":1},"Substations","Dollars","Real $2018","End_Year","c-i-c","c-i-c","c-i-c","c-i-c","c-i-c","c-i-c","c-i-c",null,{"$f":"SUM(J15:N15)","v":0}]
[null,null,{"$f":"N(C15)+1","v":2},"Distribution Lines","Dollars","Real $2018","End_Year","c-i-c","c-i-c","c-i-c","c-i-c","c-i-c","c-i-c","c-i-c",null,0]
[null,null,3,"Transmission Lines","Dollars","Real $2018","End_Year","c-i-c","c-i-c","c-i-c","c-i-c","c-i-c","c-i-c","c-i-c",null,0]
[null,null,4,"LV Services","Dollars","Real $2018","End_Year","c-i-c","c-i-c","c-i-c","c-i-c","c-i-c","c-i-c","c-i-c",null,0]
[null,null,5,"Distribution Substations","Dollars","Real $2018","End_Year","c-i-c","c-i-c","c-i-c","c-i-c","c-i-c","c-i-c","c-i-c",null,0]
[null,null,6,"Distribution Switchgear","Dollars","Real $2018","End_Year","c-i-c","c-i-c","c-i-c","c-i-c","c-i-c","c-i-c","c-i-c",null,0]
[null,null,7,"Protection","Dollars","Real $2018","End_Year","c-i-c","c-i-c","c-i-c","c-i-c","c-i-c","c-i-c","c-i-c",null,0]
[null,null,8,"SCADA","Dollars","Real $2018","End_Year","c-i-c","c-i-c","c-i-c","c-i-c","c-i-c","c-i-c","c-i-c",null,0]
[null,null,9,"Communications","Dollars","Real $2018","End_Year","c-i-c","c-i-c","c-i-c","c-i-c","c-i-c","c-i-c","c-i-c",null,0]
[null,null,10,"Land and Easements","Dollars","Real $2018","End_Year","c-i-c","c-i-c","c-i-c","c-i-c","c-i-c","c-i-c","c-i-c",null,0]
[null,null,11,"Property","Dollars","Real $2018","End_Year","c-i-c","c-i-c","c-i-c","c-i-c","c-i-c","c-i-c","c-i-c",null,0]
[null,null,12,"IT and Communications","Dollars","Real $2018","End_Year","c-i-c","c-i-c","c-i-c","c-i-c","c-i-c","c-i-c","c-i-c",null,0]
[null,null,13,"Motor Vehicles","Dollars","Real $2018","End_Year","c-i-c","c-i-c","c-i-c","c-i-c","c-i-c","c-i-c","c-i-c",null,0]
[null,null,14,"Plant and Equipment","Dollars","Real $2018","End_Year","c-i-c","c-i-c","c-i-c","c-i-c","c-i-c","c-i-c","c-i-c",null,0]
[null,null,15,"Property Leases","Dollars","Real $2018","End_Year","c-i-c","c-i-c","c-i-c","c-i-c","c-i-c","c-i-c","c-i-c",null,{"$f":"SUM(J29:N29)","v":0}]
[null,null,16,"Fleet Leases","Dollars","Real $2018","End_Year","c-i-c","c-i-c","c-i-c","c-i-c","c-i-c","c-i-c","c-i-c",null,0]
[]
[null,null,null,null,{"$f":"E15","v":"Dollars"},"Real $2018","End_Year",{"$f":"SUM(H15:H30)","v":0},{"$f":"SUM(I15:I30)","v":0},0,0,0,0,0,null,0]
[]
[null,"End"]

{"sheet":"N-BNI 4","index":78,"n_rows":34,"n_cols":16,"rows_kept":34,"cut":false,"hidden":false,"merged":[[6,4,6,9],[7,4,7,9],[9,4,9,9]]}
[null,{"$f":"MID(CELL(\"filename\",A1),FIND(\"]\",CELL(\"filename\",A1))+1,255)&\" Capital Expenditure\"","v":"N-BNI 4 Capital Expenditure"},null,null,null,null,"COMMERCIAL IN CONFIDENCE"]
[]
[null,"Direct Capex Forecasts"]
[]
[null,null,"BNI Description"]
[]
[null,null,null,"Requirement","Description"]
[null,null,null,"Expenditure category","Property"]
[null,null,null,"Project / program number"]
[null,null,null,"Project / program description","Upgrade 19 Mile Depot"]
[]
[null,null,"Direct Costs (Excluding Capitalised Overheads and Cost Escalation)"]
[]
[null,null,"Ref.","Regulatory Asset Class","Unit","Basis","Timing","RY18","RY19","RY20","RY21","RY22","RY23","RY24",null,"Total FY20 to FY24"]
[null,null,{"$f":"N(C14)+1","v":1},"Substations","Dollars","Real $2018","End_Year","c-i-c","c-i-c","c-i-c","c-i-c","c-i-c","c-i-c","c-i-c",null,{"$f":"SUM(J15:N15)","v":0}]
[null,null,{"$f":"N(C15)+1","v":2},"Distribution Lines","Dollars","Real $2018","End_Year","c-i-c","c-i-c","c-i-c","c-i-c","c-i-c","c-i-c","c-i-c",null,0]
[null,null,3,"Transmission Lines","Dollars","Real $2018","End_Year","c-i-c","c-i-c","c-i-c","c-i-c","c-i-c","c-i-c","c-i-c",null,0]
[null,null,4,"LV Services","Dollars","Real $2018","End_Year","c-i-c","c-i-c","c-i-c","c-i-c","c-i-c","c-i-c","c-i-c",null,0]
[null,null,5,"Distribution Substations","Dollars","Real $2018","End_Year","c-i-c","c-i-c","c-i-c","c-i-c","c-i-c","c-i-c","c-i-c",null,0]
[null,null,6,"Distribution Switchgear","Dollars","Real $2018","End_Year","c-i-c","c-i-c","c-i-c","c-i-c","c-i-c","c-i-c","c-i-c",null,0]
[null,null,7,"Protection","Dollars","Real $2018","End_Year","c-i-c","c-i-c","c-i-c","c-i-c","c-i-c","c-i-c","c-i-c",null,0]
[null,null,8,"SCADA","Dollars","Real $2018","End_Year","c-i-c","c-i-c","c-i-c","c-i-c","c-i-c","c-i-c","c-i-c",null,0]
[null,null,9,"Communications","Dollars","Real $2018","End_Year","c-i-c","c-i-c","c-i-c","c-i-c","c-i-c","c-i-c","c-i-c",null,0]
[null,null,10,"Land and Easements","Dollars","Real $2018","End_Year","c-i-c","c-i-c","c-i-c","c-i-c","c-i-c","c-i-c","c-i-c",null,0]
[null,null,11,"Property","Dollars","Real $2018","End_Year","c-i-c","c-i-c","c-i-c","c-i-c","c-i-c","c-i-c","c-i-c",null,0]
[null,null,12,"IT and Communications","Dollars","Real $2018","End_Year","c-i-c","c-i-c","c-i-c","c-i-c","c-i-c","c-i-c","c-i-c",null,0]
[null,null,13,"Motor Vehicles","Dollars","Real $2018","End_Year","c-i-c","c-i-c","c-i-c","c-i-c","c-i-c","c-i-c","c-i-c",null,0]
[null,null,14,"Plant and Equipment","Dollars","Real $2018","End_Year","c-i-c","c-i-c","c-i-c","c-i-c","c-i-c","c-i-c","c-i-c",null,0]
[null,null,15,"Property Leases","Dollars","Real $2018","End_Year","c-i-c","c-i-c","c-i-c","c-i-c","c-i-c","c-i-c","c-i-c",null,{"$f":"SUM(J29:N29)","v":0}]
[null,null,16,"Fleet Leases","Dollars","Real $2018","End_Year","c-i-c","c-i-c","c-i-c","c-i-c","c-i-c","c-i-c","c-i-c",null,0]
[]
[null,null,null,null,{"$f":"E15","v":"Dollars"},"Real $2018","End_Year",{"$f":"SUM(H15:H30)","v":0},{"$f":"SUM(I15:I30)","v":0},0,0,0,0,0,null,0]
[]
[null,"End"]

{"sheet":"N-BNI 5","index":79,"n_rows":34,"n_cols":16,"rows_kept":34,"cut":false,"hidden":false,"merged":[[6,4,6,9],[7,4,7,9],[9,4,9,9]]}
[null,{"$f":"MID(CELL(\"filename\",A1),FIND(\"]\",CELL(\"filename\",A1))+1,255)&\" Capital Expenditure\"","v":"N-BNI 5 Capital Expenditure"},null,null,null,null,"COMMERCIAL IN CONFIDENCE"]
[]
[null,"Direct Capex Forecasts"]
[]
[null,null,"BNI Description"]
[]
[null,null,null,"Requirement","Description"]
[null,null,null,"Expenditure category","Property"]
[null,null,null,"Project / program number","PRD33462"]
[null,null,null,"Project / program description","Property leases"]
[]
[null,null,"Direct Costs (Excluding Capitalised Overheads and Cost Escalation)"]
[]
[null,null,"Ref.","Regulatory Asset Class","Unit","Basis","Timing","RY18","RY19","RY20","RY21","RY22","RY23","RY24",null,"Total FY20 to FY24"]
[null,null,{"$f":"N(C14)+1","v":1},"Substations","Dollars","Real $2018","End_Year","c-i-c","c-i-c","c-i-c","c-i-c","c-i-c","c-i-c","c-i-c",null,{"$f":"SUM(J15:N15)","v":0}]
[null,null,{"$f":"N(C15)+1","v":2},"Distribution Lines","Dollars","Real $2018","End_Year","c-i-c","c-i-c","c-i-c","c-i-c","c-i-c","c-i-c","c-i-c",null,0]
[null,null,3,"Transmission Lines","Dollars","Real $2018","End_Year","c-i-c","c-i-c","c-i-c","c-i-c","c-i-c","c-i-c","c-i-c",null,0]
[null,null,4,"LV Services","Dollars","Real $2018","End_Year","c-i-c","c-i-c","c-i-c","c-i-c","c-i-c","c-i-c","c-i-c",null,0]
[null,null,5,"Distribution Substations","Dollars","Real $2018","End_Year","c-i-c","c-i-c","c-i-c","c-i-c","c-i-c","c-i-c","c-i-c",null,0]
[null,null,6,"Distribution Switchgear","Dollars","Real $2018","End_Year","c-i-c","c-i-c","c-i-c","c-i-c","c-i-c","c-i-c","c-i-c",null,0]
[null,null,7,"Protection","Dollars","Real $2018","End_Year","c-i-c","c-i-c","c-i-c","c-i-c","c-i-c","c-i-c","c-i-c",null,0]
[null,null,8,"SCADA","Dollars","Real $2018","End_Year","c-i-c","c-i-c","c-i-c","c-i-c","c-i-c","c-i-c","c-i-c",null,0]
[null,null,9,"Communications","Dollars","Real $2018","End_Year","c-i-c","c-i-c","c-i-c","c-i-c","c-i-c","c-i-c","c-i-c",null,0]
[null,null,10,"Land and Easements","Dollars","Real $2018","End_Year","c-i-c","c-i-c","c-i-c","c-i-c","c-i-c","c-i-c","c-i-c",null,0]
[null,null,11,"Property","Dollars","Real $2018","End_Year","c-i-c","c-i-c","c-i-c","c-i-c","c-i-c","c-i-c","c-i-c",null,0]
[null,null,12,"IT and Communications","Dollars","Real $2018","End_Year","c-i-c","c-i-c","c-i-c","c-i-c","c-i-c","c-i-c","c-i-c",null,0]
[null,null,13,"Motor Vehicles","Dollars","Real $2018","End_Year","c-i-c","c-i-c","c-i-c","c-i-c","c-i-c","c-i-c","c-i-c",null,0]
[null,null,14,"Plant and Equipment","Dollars","Real $2018","End_Year","c-i-c","c-i-c","c-i-c","c-i-c","c-i-c","c-i-c","c-i-c",null,0]
[null,null,15,"Property Leases","Dollars","Real $2018","End_Year","c-i-c","c-i-c","c-i-c","c-i-c","c-i-c","c-i-c","c-i-c",null,{"$f":"SUM(J29:N29)","v":0}]
[null,null,16,"Fleet Leases","Dollars","Real $2018","End_Year","c-i-c","c-i-c","c-i-c","c-i-c","c-i-c","c-i-c","c-i-c",null,0]
[]
[null,null,null,null,{"$f":"E15","v":"Dollars"},"Real $2018","End_Year",{"$f":"SUM(H15:H30)","v":0},{"$f":"SUM(I15:I30)","v":0},0,0,0,0,0,null,0]
[]
[null,"End"]

{"sheet":"N-BNI 6","index":80,"n_rows":34,"n_cols":16,"rows_kept":34,"cut":false,"hidden":false,"merged":[[6,4,6,9],[7,4,7,9],[9,4,9,9]]}
[null,{"$f":"MID(CELL(\"filename\",A1),FIND(\"]\",CELL(\"filename\",A1))+1,255)&\" Capital Expenditure\"","v":"N-BNI 6 Capital Expenditure"},null,null,null,null,"COMMERCIAL IN CONFIDENCE"]
[]
[null,"Direct Capex Forecasts"]
[]
[null,null,"BNI Description"]
[]
[null,null,null,"Requirement","Description"]
[null,null,null,"Expenditure category","IT and Communications"]
[null,null,null,"Project / program number","PRD33454"]
[null,null,null,"Project / program description","Minor Capex"]
[]
[null,null,"Direct Costs (Excluding Capitalised Overheads and Cost Escalation)"]
[]
[null,null,"Ref.","Regulatory Asset Class","Unit","Basis","Timing","RY18","RY19","RY20","RY21","RY22","RY23","RY24",null,"Total FY20 to FY24"]
[null,null,{"$f":"N(C14)+1","v":1},"Substations","Dollars","Real $2018","End_Year","c-i-c","c-i-c","c-i-c","c-i-c","c-i-c","c-i-c","c-i-c",null,{"$f":"SUM(J15:N15)","v":0}]
[null,null,{"$f":"N(C15)+1","v":2},"Distribution Lines","Dollars","Real $2018","End_Year","c-i-c","c-i-c","c-i-c","c-i-c","c-i-c","c-i-c","c-i-c",null,0]
[null,null,3,"Transmission Lines","Dollars","Real $2018","End_Year","c-i-c","c-i-c","c-i-c","c-i-c","c-i-c","c-i-c","c-i-c",null,0]
[null,null,4,"LV Services","Dollars","Real $2018","End_Year","c-i-c","c-i-c","c-i-c","c-i-c","c-i-c","c-i-c","c-i-c",null,0]
[null,null,5,"Distribution Substations","Dollars","Real $2018","End_Year","c-i-c","c-i-c","c-i-c","c-i-c","c-i-c","c-i-c","c-i-c",null,0]
[null,null,6,"Distribution Switchgear","Dollars","Real $2018","End_Year","c-i-c","c-i-c","c-i-c","c-i-c","c-i-c","c-i-c","c-i-c",null,0]
[null,null,7,"Protection","Dollars","Real $2018","End_Year","c-i-c","c-i-c","c-i-c","c-i-c","c-i-c","c-i-c","c-i-c",null,0]
[null,null,8,"SCADA","Dollars","Real $2018","End_Year","c-i-c","c-i-c","c-i-c","c-i-c","c-i-c","c-i-c","c-i-c",null,0]
[null,null,9,"Communications","Dollars","Real $2018","End_Year","c-i-c","c-i-c","c-i-c","c-i-c","c-i-c","c-i-c","c-i-c",null,0]
[null,null,10,"Land and Easements","Dollars","Real $2018","End_Year","c-i-c","c-i-c","c-i-c","c-i-c","c-i-c","c-i-c","c-i-c",null,0]
[null,null,11,"Property","Dollars","Real $2018","End_Year","c-i-c","c-i-c","c-i-c","c-i-c","c-i-c","c-i-c","c-i-c",null,0]
[null,null,12,"IT and Communications","Dollars","Real $2018","End_Year","c-i-c","c-i-c","c-i-c","c-i-c","c-i-c","c-i-c","c-i-c",null,0]
[null,null,13,"Motor Vehicles","Dollars","Real $2018","End_Year","c-i-c","c-i-c","c-i-c","c-i-c","c-i-c","c-i-c","c-i-c",null,0]
[null,null,14,"Plant and Equipment","Dollars","Real $2018","End_Year","c-i-c","c-i-c","c-i-c","c-i-c","c-i-c","c-i-c","c-i-c",null,0]
[null,null,15,"Property Leases","Dollars","Real $2018","End_Year","c-i-c","c-i-c","c-i-c","c-i-c","c-i-c","c-i-c","c-i-c",null,{"$f":"SUM(J29:N29)","v":0}]
[null,null,16,"Fleet Leases","Dollars","Real $2018","End_Year","c-i-c","c-i-c","c-i-c","c-i-c","c-i-c","c-i-c","c-i-c",null,0]
[]
[null,null,null,null,{"$f":"E15","v":"Dollars"},"Real $2018","End_Year",{"$f":"SUM(H15:H30)","v":0},{"$f":"SUM(I15:I30)","v":0},0,0,0,0,0,null,0]
[]
[null,"End"]

{"sheet":"Checks","index":81,"n_rows":25,"n_cols":8,"rows_kept":25,"cut":false,"hidden":false,"merged":[]}
[null,"Summary of Model Checks"]
[null,{"$f":"Title_Msg","v":"No Errors Found"}]
[]
[null,"Model Title Message"]
[]
[null,null,null,"Error Message",null,null,null,{"$f":"IF(H23=0,\"No Errors Found\",\"Errors Found\")","v":"No Errors Found"}]
[null,null,null,"Alert Message"]
[null,null,null,"Model Message",null,null,null,{"$f":"H6&IF(H7=\"\",\"\",\", \" &H7)","v":"No Errors Found"}]
[]
[null,"Model Checks"]
[]
[null,null,"Error Checks"]
[]
[null,null,null,{"$f":"'Total by category'!$B$1","v":"Consolidated Capital Expenditure Forecast"},null,null,null,{"$f":"'Total by category'!$A$1","v":0}]
[null,null,null,{"$f":"'SCS total'!$B$1","v":"Consolidated Capital Expenditure Forecast - SCS"},null,null,null,{"$f":"'SCS total'!$A$1","v":0}]
[null,null,null,{"$f":"'Metering total'!$B$1","v":"Consolidated Capital Expenditure Forecast - Metering"},null,null,null,{"$f":"'Metering total'!$A$1","v":0}]
[null,null,null,{"$f":"Augex!$B$1","v":"Augmentation Expenditure"},null,null,null,{"$f":"Augex!$A$1","v":0}]
[null,null,null,{"$f":"Repex!$B$1","v":"Replacement Expenditure"},null,null,null,{"$f":"Repex!$A$1","v":0}]
[null,null,null,{"$f":"'Non-Network'!$B$1","v":"Non-Network Capital Expenditure"},null,null,null,{"$f":"'Non-Network'!$A$1","v":0}]
[null,null,null,{"$f":"IT!$B$1","v":"Information Technology Capital Expenditure"},null,null,null,{"$f":"IT!$A$1","v":0}]
[null,null,null,"[Spare]",null,null,null,0]
[]
[null,null,"Total Errors",null,null,null,null,{"$f":"IF(SUM(H14:H21)=0,0,1)","v":0}]
[]
[null,"End"]