{"text_format":"1","workbook":"xlsx","n_sheets":6,"sheets":["Schema","Setup","MIC Template","Data Definitions","Valid Data Matrix","Data"],"not_rendered":{"charts":0,"images":1,"macros":1,"external_links":5,"defined_names":390,"comments":0,"pivot_tables":0},"unopened":[],"bounds":{"document_bytes":16777216,"sheet_cells":100000,"rows_first":2000,"rows_last":500,"rows_between":2000,"halvings":0,"cell_chars":16384,"cell_head_chars":4096},"cells_cut":0,"cells_raw":0,"read":"whole","date_system":"1900"}

{"sheet":"Schema","index":0,"n_rows":155,"n_cols":1,"rows_kept":155,"cut":false,"hidden":true,"merged":[]}
["<xs:schema xmlns:xs=\"http://www.w3.org/2001/XMLSchema\" xmlns:xdb=\"http://xmlns.oracle.com/xdb\" xdb:storeVarrayAsTable=\"true\">"]
[]
["<!--Define exclusion clause element-->"]
["<xs:simpleType name=\"extype\">"]
["<xs:restriction base=\"xs:string\">"]
["<xs:pattern value=\"[1-7]?|(3[aA])|(8\\([aA-fF]\\))|9|(10)|(11)|(12)|(99)|(INCLUDED)\" />"]
["</xs:restriction>"]
["</xs:simpleType>"]
[]
["<!--Define marginal value element-->"]
["<xs:simpleType name=\"mvtype\">"]
["<xs:restriction base=\"xs:decimal\">"]
["<xs:fractionDigits value=\"5\" />"]
["</xs:restriction>"]
["</xs:simpleType>"]
[]
["<!--Define TNSP element-->"]
["<xs:simpleType name=\"tnsptype\">"]
["<xs:restriction base=\"xs:string\">"]
["<xs:enumeration value=\"ELECTRANET\" />"]
["<xs:enumeration value=\"TRANSGRID\" />"]
["<xs:enumeration value=\"TASNETWORKS\" />"]
["<xs:enumeration value=\"POWERLINK\" />"]
["<xs:enumeration value=\"AUSNET SERVICES\" />"]
["<xs:enumeration value=\"MURRAYLINK\" />"]
["<xs:enumeration value=\"DIRECTLINK\" />"]
["</xs:restriction>"]
["</xs:simpleType>"]
[]
["<!--Define network condition classifications-->"]
["<xs:simpleType name=\"constrainttype\">"]
["<xs:restriction base=\"xs:string\">"]
["<xs:enumeration value=\"SYSTEM NORMAL\" />"]
["<xs:enumeration value=\"OUTAGE\" />"]
["</xs:restriction>"]
["</xs:simpleType>"]
[]
["<!--Define outage type classifications-->"]
["<xs:simpleType name=\"plantype\">"]
["<xs:union>"]
["<xs:simpleType>"]
["<xs:restriction base=\"xs:string\">"]
["<xs:enumeration value=\"PLANNED\" />"]
["<xs:enumeration value=\"UNPLANNED\" />"]
["</xs:restriction>"]
["</xs:simpleType>"]
["<xs:simpleType>"]
["<xs:restriction base=\"xs:string\">"]
["<xs:minLength value=\"0\"/>"]
["</xs:restriction>"]
["</xs:simpleType>"]
["</xs:union>"]
["</xs:simpleType>"]
[]
["<!--Define sub category type for classification-->"]
["<xs:simpleType name=\"subcattype\">"]
["<xs:restriction base=\"xs:string\">"]
["<xs:enumeration value=\"NRM\" />"]
["<xs:enumeration value=\"NSA\" />"]
["<xs:enumeration value=\"RAMP\" />"]
["<xs:enumeration value=\"FCAS\" />"]
["<xs:enumeration value=\"RECLASS\" />"]
["<xs:enumeration value=\"NC\" />"]
["<xs:enumeration value=\"DIRECTION\" />"]
["<xs:enumeration value=\"MII\" />"]
["<xs:enumeration value=\"OTHER\" />"]
["</xs:restriction>"]
["</xs:simpleType>"]
[]
["<!--Define asset class type-->"]
["<xs:simpleType name=\"assettype\">"]
["<xs:union>"]
["<xs:simpleType>"]
["<xs:restriction base=\"xs:string\">"]
["<xs:enumeration value=\"REGULATED\" />"]
["<xs:enumeration value=\"NON-REGULATED\" />"]
["</xs:restriction>"]
["</xs:simpleType>"]
["<xs:simpleType>"]
["<xs:restriction base=\"xs:string\">"]
["<xs:minLength value=\"0\"/>"]
["</xs:restriction>"]
["</xs:simpleType>"]
["</xs:union>"]
["</xs:simpleType>"]
[]
["<!--Define weighting type-->"]
["<xs:simpleType name=\"wgtype\">"]
["<xs:restriction base=\"xs:decimal\">"]
["<xs:enumeration value=\"1\" />"]
["<xs:enumeration value=\"0.5\" />"]
["<xs:enumeration value=\"0.33\" />"]
["<xs:enumeration value=\"0\" />"]
["</xs:restriction>"]
["</xs:simpleType>"]
[]
["<!--Define rawdata type-->"]
["<xs:complexType name=\"rawdatatype\" xdb:SQLType=\"RAWDATA_T\">"]
["<xs:sequence>"]
["<xs:element name=\"outage\" type=\"outagetype\" maxOccurs=\"unbounded\" xdb:SQLName=\"OUTAGE\" />"]
["</xs:sequence>"]
["</xs:complexType>"]
[]
["<!--Define details type-->"]
["<xs:complexType name=\"detailstype\" xdb:SQLType=\"SUBDETAIL_T\">"]
["<xs:sequence>"]
["<xs:element name=\"stpis_version\" type=\"xs:decimal\" xdb:SQLName=\"STPIS_VERSION\" />"]
["<xs:element name=\"last_validated\" type=\"xs:dateTime\" xdb:SQLName=\"LAST_VALIDATED\" />"]
["<xs:element name=\"tnsp\" type=\"tnsptype\" xdb:SQLName=\"TNSP\" xdb:SQLType=\"VARCHAR2\"/>"]
["<xs:element name=\"performancemeasure_year\" type=\"xs:gYear\" xdb:SQLName=\"PMEASURE_YEAR\"/>"]
["<xs:element name=\"performancemeasure_from\" type=\"xs:dateTime\" xdb:SQLName=\"PMEASURE_FROM\" />"]
["<xs:element name=\"performancemeasure_to\" type=\"xs:dateTime\" xdb:SQLName=\"PMEASURE_TO\" />"]
["<xs:element name=\"performancemeasure_count\" type=\"xs:decimal\" xdb:SQLName=\"PMEASURE_COUNT\"/>"]
["<xs:element name=\"exclusion_count\" type=\"xs:nonNegativeInteger\" xdb:SQLName=\"EXCLUSION_COUNT\"/>"]
["<xs:element name=\"congestion_count\" type=\"xs:nonNegativeInteger\" xdb:SQLName=\"CONGESTION_COUNT\"/>"]
["<xs:element name=\"template_version\" type=\"xs:string\" xdb:SQLName=\"TEMPLATE_VERSION\" />"]
["</xs:sequence>"]
["<xs:attribute name=\"submission_id\" type=\"xs:string\" use=\"required\" xdb:SQLName=\"SUBMISSION_ID\"/>"]
["</xs:complexType>"]
[]
["<!--Define outage type-->"]
["<xs:complexType name=\"outagetype\" xdb:SQLType=\"OUTAGE_T\">"]
["<xs:sequence>"]
["<xs:element name=\"settlementdate\" type=\"xs:dateTime\" xdb:SQLName=\"SETTLEMENTDATE\" />"]
["<xs:element name=\"constraintid\" type=\"xs:string\" xdb:SQLName=\"CONSTRAINTID\" />"]
["<xs:element name=\"constraintset\" type=\"xs:string\" xdb:SQLName=\"CONSTRAINT_SET\" />"]
["<xs:element name=\"genconid_effectivedate\" type=\"xs:dateTime\" xdb:SQLName=\"GENCONID_EFFECTIVEDATE\" />"]
["<xs:element name=\"genconid_versionno\" type=\"xs:positiveInteger\" xdb:SQLName=\"GENCONID_VERSIONNO\" />"]
["<xs:element name=\"marginal_value\" type=\"mvtype\" xdb:SQLName=\"MARGINAL_VALUE\" xdb:SQLType=\"NUMBER\" />"]
["<xs:element name=\"description\" type=\"xs:string\" xdb:SQLName=\"CONSTRAINT_DESCRIPTION\" xdb:SQLType=\"CLOB\" />"]
["<xs:element name=\"network_condition\" type=\"constrainttype\" xdb:SQLName=\"NETWORK_CONDITION\" xdb:SQLType=\"VARCHAR2\" />"]
["<xs:element name=\"category\" type=\"subcattype\" xdb:SQLName=\"NETWORK_CATEGORY\" xdb:SQLType=\"VARCHAR2\" />"]
["<xs:element name=\"equipment_name\" type=\"xs:string\" xdb:SQLName=\"EQUIPMENT_NAME\" />"]
["<xs:element name=\"asset_class\" type=\"assettype\" xdb:SQLName=\"ASSET_CLASS\" xdb:SQLType=\"VARCHAR2\" />"]
["<xs:element name=\"code\" type=\"extype\" xdb:SQLName=\"CODE\" xdb:SQLType=\"VARCHAR2\" />"]
["<xs:element name=\"exclusion_detail\" type=\"xs:string\" xdb:SQLName=\"EXCLUSION_DETAIL\" xdb:SQLType=\"CLOB\" />"]
["<xs:element name=\"outage_type\" type=\"plantype\" xdb:SQLName=\"OUTAGE_TYPE\" xdb:SQLType=\"VARCHAR2\" />"]
["<xs:element name=\"weighting\" type=\"wgtype\" xdb:SQLName=\"WEIGHTING\" xdb:SQLType=\"VARCHAR2\" />"]
["<xs:element name=\"tnsp_comment\" type=\"xs:string\" xdb:SQLName=\"TNSP_COMMENT\" xdb:SQLType=\"CLOB\" />"]
["</xs:sequence>"]
["<xs:attribute name=\"outage_id\" type=\"xs:integer\" use=\"required\" xdb:SQLName=\"OUTAGE_ID\" />"]
["<xs:attribute name=\"submission_id\" type=\"xs:string\" use=\"required\" xdb:SQLName=\"OUTAGE_SUBMISSION_ID\" />"]
["</xs:complexType>"]
[]
["<!--Define root application element type-->"]
["<xs:complexType name=\"apptype\" xdb:SQLType=\"MICAPP_T\">"]
["<xs:sequence>"]
["<xs:element name=\"details\" type=\"detailstype\" />"]
["<xs:element name=\"outages\" type=\"rawdatatype\" />"]
["</xs:sequence>"]
["</xs:complexType>"]
[]
["<xs:element name=\"application\" type=\"apptype\" xdb:defaultTable=\"MIC_SUBMISSION\" />"]
[]
["</xs:schema>"]

{"sheet":"Setup","index":1,"n_rows":8,"n_cols":8,"rows_kept":8,"cut":false,"hidden":true,"merged":[]}
["TNSP","SCHEME","ENUMERATORS","CDATA","SUBMISSION_ID","TEMPLATEVER","EXCELVER","OSVER"]
["AUSNET SERVICES",2,"NETWORK CONDITION","CONSTRAINTID",{"$f":"'MIC Template'!N15 & \"V\" & TRUNC(TEXT('MIC Template'!N16,\"#.#\"),1) & \"_\" &TEXT(IF(ISBLANK('MIC Template'!N69),NOW(),'MIC Template'!N69),\"YYYYMMDDHHMMSS\")","v":"TASNETWORKSV5_20230130160736"},"AERMIC_VER7",{"$f":"INFO(\"RELEASE\")","v":"16.0"},{"$f":"INFO(\"OSVERSION\")","v":"Windows (32-bit) NT :.00"}]
["DIRECTLINK",3,"CATEGORY","CONSTRAINTSET"]
["ELECTRANET",4,"ASSET CLASS","DESCRIPTION"]
["MURRAYLINK",4.0999999999999996,"OUTAGE TYPE","EQUIPMENT_NAME"]
["POWERLINK",5,"CODE","EXCLUSION_DETAIL"]
["TASNETWORKS",null,null,"TNSP_COMMENT"]
["TRANSGRID"]

{"sheet":"MIC Template","index":2,"n_rows":69,"n_cols":16,"rows_kept":69,"cut":false,"hidden":false,"merged":[[64,13,64,14],[65,13,65,14],[56,13,56,14],[57,13,57,14],[58,13,58,14],[59,13,59,14],[63,13,63,14],[61,13,61,14],[60,13,60,14],[62,13,62,14],[51,13,51,14],[52,13,52,14],[53,13,53,14],[54,13,54,14],[55,13,55,14],[45,13,45,14],[46,13,46,14],[47,13,47,14],[49,13,49,14],[50,13,50,14],[48,13,48,14],[58,10,58,12],[59,10,59,12],[63,10,63,12],[65,10,65,12],[64,10,64,12],[61,10,61,12],[60,10,60,12],[62,10,62,12],[53,10,53,12],[54,10,54,12],[55,10,55,12],[56,10,56,12],[57,10,57,12],[47,10,47,12],[49,10,49,12],[50,10,50,12],[51,10,51,12],[52,10,52,12],[48,10,48,12],[15,10,15,12],[16,10,16,12],[17,10,17,12],[14,13,14,15],[15,13,15,15],[16,13,16,15],[17,14,17,15],[0,5,0,22],[7,5,7,22],[13,13,13,15],[13,10,13,12],[14,10,14,12],[8,10,8,15],[39,10,39,12],[40,10,40,12],[68,10,68,12],[37,13,37,15],[39,13,39,15],[40,13,40,15],[68,13,68,15],[38,13,38,14],[38,10,38,12],[42,10,42,12],[42,13,42,15],[43,10,43,15],[44,10,44,12],[44,13,44,14],[45,10,45,12],[46,10,46,12],[18,14,18,15],[18,10,18,12],[29,11,34,15],[35,10,35,15],[37,10,37,12]]}
[]
[]
[]
[]
[]
[]
[]
[null,null,null,null,null,{"$f":"\"Market Impact Parameter Data Template V\" & RIGHT(Setup!$F$2,LEN(Setup!$F$2)-(FIND(\"VER\",Setup!$F$2)+2))","v":"Market Impact Parameter Data Template V7"}]
[]
[]
[null,null,null,null,null,null,null,null,null,"Steps for filling out this template"]
[null,null,null,null,null,null,null,null,null,1,"Complete  details in Table 1"]
[]
[null,null,null,null,null,null,null,null,null,null,"Table 1",null,null,"INPUT"]
[null,null,null,null,null,null,null,null,null,null,"TNSP",null,null,"TASNETWORKS"]
[null,null,null,null,null,null,null,null,null,null,"Scheme Version",null,null,5]
[null,null,null,null,null,null,null,null,null,null,"Performance Year",null,null,2021]
[null,null,null,null,null,null,null,null,null,null,"Performance Period",null,null,"From","2021-01-01"]
[null,null,null,null,null,null,null,null,null,null,null,null,null,"To","2021-12-31"]
[]
[null,null,null,null,null,null,null,null,null,2,"Enter data into the \"Data\" worksheet."]
[null,null,null,null,null,null,null,null,null,null,"Refer to the ","data definitions ","for valid data formats"]
[]
[null,null,null,null,null,null,null,null,null,3,"Complete the check list to confirm the following:"]
[null,null,null,null,null,null,null,null,null,null,"Data has been sourced from MCC constraint solution table and is on a 5-minute resolution"]
[null,null,null,null,null,null,null,null,null,null,"Evidence has been collated for all exclusion claims to be attached to the submission"]
[null,null,null,null,null,null,null,null,null,null,"All inclusion counts have a code of \"INCLUDED\" and a positive weighting"]
[]
[null,null,null,null,null,null,null,null,null,4,"Click Validate Data button"]
[null,null,null,null,null,null,null,null,null,null,null,"An error message will appear if data is invalid. The rows that contain invalid data will be highlighted yellow.  Errors will need to be amended in accordance with the data field requirements before validation can be completed. Data validation may take some time to complete. During validation, a progress indicator will appear to show progress of validation. "]
[]
[]
[]
[]
[]
[null,null,null,null,null,null,null,null,null,null,"Please do not close the spreadsheet during validation. "]
[]
[null,null,null,null,null,null,null,null,null,null,"Table 2",null,null,"OUTPUT"]
[null,null,null,null,null,null,null,null,null,null,"Performance measure",null,null,null,null,{"$f":"SUM(VALUE(INDIRECT(\"Data!$Q2:$Q\" & ROWS(Data!$Q:$Q))))","v":1378}]
[null,null,null,null,null,null,null,null,null,null,"Exclusion count",null,null,{"$f":"SUMPRODUCT(--(LEN(TRIM(Data!$N:$N))>0))-SUMPRODUCT(--(Data!$N:$N=\"99\"))-SUMPRODUCT(--(Data!$N:$N=\"INCLUDED\"))-1","v":64}]
[null,null,null,null,null,null,null,null,null,null,"Congestion count",null,null,{"$f":"SUMPRODUCT(--(LEN(TRIM(Data!$N:$N))>0))-SUMPRODUCT(--(Data!$N:$N=\"99\"))-1","v":1442}]
[]
[null,null,null,null,null,null,null,null,null,null,"Table 3",null,null,"TNSP SUBMISSION"]
[null,null,null,null,null,null,null,null,null,null,{"$f":"IF(LEN($N$17)<4,\"\",\"Year: \" &$N$17) & IF(LEN($N$16)<1,\"\",\" Version: \" &$N$16)","v":"Year: 2021 Version: 5"}]
[null,null,null,null,null,null,null,null,null,null,"Code",null,null,"Count DIs",null,"Sum weight"]
[null,null,null,null,null,null,null,null,null,null,1,null,null,{"$f":"COUNTIFS(Data!$N$2:$N$1048576,$K46)","v":0},null,{"$f":"SUMIFS(Data!$Q$2:$Q$1048576,Data!$N$2:$N$1048576,$K46)","v":0}]
[null,null,null,null,null,null,null,null,null,null,2,null,null,{"$f":"COUNTIFS(Data!$N$2:$N$1048576,$K47)","v":0},null,{"$f":"SUMIFS(Data!$Q$2:$Q$1048576,Data!$N$2:$N$1048576,$K47)","v":0}]
[null,null,null,null,null,null,null,null,null,null,3,null,null,{"$f":"COUNTIFS(Data!$N$2:$N$1048576,$K48)","v":64},null,{"$f":"SUMIFS(Data!$Q$2:$Q$1048576,Data!$N$2:$N$1048576,$K48)","v":0}]
[null,null,null,null,null,null,null,null,null,null,"3A",null,null,{"$f":"COUNTIFS(Data!$N$2:$N$1048576,$K49)","v":0},null,{"$f":"SUMIFS(Data!$Q$2:$Q$1048576,Data!$N$2:$N$1048576,$K49)","v":0}]
[null,null,null,null,null,null,null,null,null,null,4,null,null,{"$f":"COUNTIFS(Data!$N$2:$N$1048576,$K50)","v":0},null,{"$f":"SUMIFS(Data!$Q$2:$Q$1048576,Data!$N$2:$N$1048576,$K50)","v":0}]
[null,null,null,null,null,null,null,null,null,null,5,null,null,{"$f":"COUNTIFS(Data!$N$2:$N$1048576,$K51)","v":0},null,{"$f":"SUMIFS(Data!$Q$2:$Q$1048576,Data!$N$2:$N$1048576,$K51)","v":0}]
[null,null,null,null,null,null,null,null,null,null,6,null,null,{"$f":"COUNTIFS(Data!$N$2:$N$1048576,$K52)","v":0},null,{"$f":"SUMIFS(Data!$Q$2:$Q$1048576,Data!$N$2:$N$1048576,$K52)","v":0}]
[null,null,null,null,null,null,null,null,null,null,7,null,null,{"$f":"COUNTIFS(Data!$N$2:$N$1048576,$K53)","v":0},null,{"$f":"SUMIFS(Data!$Q$2:$Q$1048576,Data!$N$2:$N$1048576,$K53)","v":0}]
[null,null,null,null,null,null,null,null,null,null,"8(a)",null,null,{"$f":"COUNTIFS(Data!$N$2:$N$1048576,UPPER($K54))","v":0},null,{"$f":"SUMIFS(Data!$Q$2:$Q$1048576,Data!$N$2:$N$1048576,$K54)","v":0}]
[null,null,null,null,null,null,null,null,null,null,"8(b)",null,null,{"$f":"COUNTIFS(Data!$N$2:$N$1048576,UPPER($K55))","v":0},null,{"$f":"SUMIFS(Data!$Q$2:$Q$1048576,Data!$N$2:$N$1048576,$K55)","v":0}]
[null,null,null,null,null,null,null,null,null,null,"8(c)",null,null,{"$f":"COUNTIFS(Data!$N$2:$N$1048576,UPPER($K56))","v":0},null,{"$f":"SUMIFS(Data!$Q$2:$Q$1048576,Data!$N$2:$N$1048576,$K56)","v":0}]
[null,null,null,null,null,null,null,null,null,null,"8(d)",null,null,{"$f":"COUNTIFS(Data!$N$2:$N$1048576,UPPER($K57))","v":0},null,{"$f":"SUMIFS(Data!$Q$2:$Q$1048576,Data!$N$2:$N$1048576,$K57)","v":0}]
[null,null,null,null,null,null,null,null,null,null,"8(e)",null,null,{"$f":"COUNTIFS(Data!$N$2:$N$1048576,UPPER($K58))","v":0},null,{"$f":"SUMIFS(Data!$Q$2:$Q$1048576,Data!$N$2:$N$1048576,$K58)","v":0}]
[null,null,null,null,null,null,null,null,null,null,"8(f)",null,null,{"$f":"COUNTIFS(Data!$N$2:$N$1048576,UPPER($K59))","v":0},null,{"$f":"SUMIFS(Data!$Q$2:$Q$1048576,Data!$N$2:$N$1048576,$K59)","v":0}]
[null,null,null,null,null,null,null,null,null,null,9,null,null,{"$f":"COUNTIFS(Data!$N$2:$N$1048576,$K60)","v":0},null,{"$f":"SUMIFS(Data!$Q$2:$Q$1048576,Data!$N$2:$N$1048576,$K60)","v":0}]
[null,null,null,null,null,null,null,null,null,null,10,null,null,{"$f":"COUNTIFS(Data!$N$2:$N$1048576,$K61)","v":0},null,{"$f":"SUMIFS(Data!$Q$2:$Q$1048576,Data!$N$2:$N$1048576,$K61)","v":0}]
[null,null,null,null,null,null,null,null,null,null,11,null,null,{"$f":"COUNTIFS(Data!$N$2:$N$1048576,$K62)","v":0},null,{"$f":"SUMIFS(Data!$Q$2:$Q$1048576,Data!$N$2:$N$1048576,$K62)","v":0}]
[null,null,null,null,null,null,null,null,null,null,12,null,null,{"$f":"COUNTIFS(Data!$N$2:$N$1048576,$K63)","v":0},null,{"$f":"SUMIFS(Data!$Q$2:$Q$1048576,Data!$N$2:$N$1048576,$K63)","v":0}]
[null,null,null,null,null,null,null,null,null,null,99,null,null,{"$f":"COUNTIFS(Data!$N$2:$N$1048576,$K64)","v":0},null,{"$f":"SUMIFS(Data!$Q$2:$Q$1048576,Data!$N$2:$N$1048576,$K64)","v":0}]
[null,null,null,null,null,null,null,null,null,null,"INCLUDED",null,null,{"$f":"COUNTIFS(Data!$N$2:$N$1048576,$K65)","v":1378},null,{"$f":"SUMIFS(Data!$Q$2:$Q$1048576,Data!$N$2:$N$1048576,$K65)","v":1378}]
[null,null,null,null,null,null,null,null,null,null,"Total",null,null,{"$f":"SUM($N$46:$O$65)","v":1442},null,{"$f":"SUM($P$46:$P$65)","v":1378}]
[]
[null,null,null,null,null,null,null,null,null,5,"Submit to AER ONLY if the data was successfully validated"]
[null,null,null,null,null,null,null,null,null,null,"Last validation",null,null,"2023-01-30T16:07:36"]

{"sheet":"Data Definitions","index":3,"n_rows":58,"n_cols":4,"rows_kept":58,"cut":false,"hidden":false,"merged":[]}
["Template instructions and data definitions"]
["What must be submitted?","- TNSP must provide performance data in this workbook in the 'Data' tab. "]
[null,"- The data submitted must conform to the data field requirements set out below. "]
[null,"- Data must be validated prior to the data being submitted to the AER for assessment. "]
[null,"- If the data does not conform to the field requirements then the data will not be able to be validated. "]
[null,"- Submit ALL binding constraints with a marginal value > $10/MWh used to manage TNSP network."]
[null,"- The data must be submitted in a 5 minute resolution and sourced from AEMO's Market Management System MCC_CONSTRAINTSOLUTION table (MCC table).   "]
[null,"- For network outage conditions, if an exclusion is applicable, TNSPs may enter the exclusion clause number in the 'CODE' field. Otherwise the code INCLUDED must be used. "]
[null,"-  The data submitted must fall within the performance period defined in the MIC Template tab. The first valid date time is 00:05 of the day defined the ‘from’ input period. "]
[null,"The last valid date time is 00:00 of the following day defined in the ‘to’ input period."]
[]
["Calcuation of performance measure:","All dispatch intervals with a marginal value greater than $10/MWh, classified as an OUTAGE and identified as INCLUDED, will be used to calculate the TNSP's performance measure. "]
[]
["Data field requirements:","Field","Description","Accepted values"]
[null,"SETTLEMENT DATE","Settlement date/time of the binding network constraint as detailed in the AEMO Market Management System MCC_CONSTRAINTSOLUTION table (MCC table)","dd/mm/yyyy hh:mm\nFirst accepted time value for the performance period is 00:05\n"]
[null,"CONSTRAINT ID","Constraint identifier from the MCC table","text"]
[null,"CONSTRAINT SET","Constraint set refers to the GENCONSET for a constraint.  These are the constraint set(s) that contain the relevant constraint ID that were invoked at the time of the binding constraint. ","text. Multiple values allowed, delimit with semi-colon e.g. V_SET1;V_SET2"]
[null,"EFFECTIVE DATE","Effective date of the constraint ID for the settlement date/time","dd/mm/yyyy hh:mm"]
[null,"VERSION NUMBER","Version number of the binding network constraint for the settlement date/time","integer"]
[null,"MARGINAL VALUE","Marginal value up to 5 decimal places (to be consistent with the MCC table) of the  binding network constraint for the settlement date/time","decimal to 5 significant figures"]
[null,"CONSTRAINT DESCRIPTION","Description of the constraint ID from the MCC table","text"]
[null,"NETWORK CONDITION","Classification of the network constraint as \"System Normal\" or \"Outage\" ","SYSTEM NORMAL | OUTAGE"]
[null,"CATEGORY","Additional categorisation of the network constraint as one of:","Note: this field cannot be left blank"]
[null,null,"-negative residues management ","NRM"]
[null,null,"-network support agreement","NSA"]
[null,null,"-ramping constraint","RAMP"]
[null,null,"-frequency control constraint","FCAS "]
[null,null,"-reclassification","RECLASS"]
[null,null,"-non-conformance","NC"]
[null,null,"-AEMO direction","DIRECTION"]
[null,null,"-manifestly incorrect input","MII "]
[null,null,"-none of the above","OTHER"]
[null,"OUTAGE EQUIPMENT","The equipment that the constraint is invoked to manage","text"]
[null,"ASSET CLASS","Identify whether the equipment is either a regulated asset or non-regulated asset.  If the equipment is in an adjoining region and the TNSP is uncertain whether the equipment is a regulated asset or non-regulated asset, the TNSP should identify it as a regulated asset. Please also indicate in the comments field that the equipment is in an adjoining region. If the equipment is in the TNSP's region, but is not part of the TNSP's network, identify the asset class as non-regulated and indicate in the comments field the type of equipment it is (i.e. generator) and who the asset owner is. ","REGULATED | NON-REGULATED "]
[null,"CODE","Provide the relevant exclusion code under version 2, 3, 4, 4.1 or 5 of the scheme in the specified format, or identify whether it is a non-inclusion in the scheme or an inclusion in the performance count. ","This field cannot be left blank for outages. It must be left blank for system normal conditions."]
[null,null,"Valid exclusion codes are: "]
[null,null,"1 to 7","1 to 7"]
[null,null,"3A","3A (only valid in version 5)"]
[null,null,"8(a)","8(a)"]
[null,null,"8(b)","8(b)"]
[null,null,"8(c) ","8(c) "]
[null,null,"8(d)","8(d)"]
[null,null,"8(e)","8(e)"]
[null,null,"8(f)","8(f)"]
[null,null,9,"9 (only valid in version 4, 4.1 and 5)"]
[null,null,"10 to 12","10 to 12 (only valid in version 5)"]
[null,null,"Or:"]
[null,null,"Non-inclusion. Non-inclusions are binding constraints with MV >$10MWh that are not part of the scheme or not relevant to the TNSP's performance count. Examples include constraints for: ramping,  non-conformance, AEMO direction and negative residues management.  FCAS constraints may be an inclusion or a non-inclusion, depending on whether it was invoked to manage an outage. See the Valid Data Matrix worksheet for more information on where to use code 99.",99]
[null,null,"Or:"]
[null,null,"Inclusion. All inclusions must be identified as included","INCLUDED"]
[null,"EXCLUSION DETAIL","Free text for TNSP to provide details on the exclusion claim (i.e. reference to supportive evidence or outage details). If there is an exclusion code specified, this field must be filled in.","text"]
[null,"OUTAGE TYPE","Where the network condition is \"OUTAGE\", the outage type must be classified as \"PLANNED\" or \"UNPLANNED\". Unplanned outages are outages taken with less than 24 hours notice to AEMO. ","PLANNED | UNPLANNED"]
[null,"WEIGHTING","The following values are valid for weighting:"]
[null,null,"-the count is wholly attributed to TNSP",1]
[null,null,"-the count is shared with one other TNSP",0.5]
[null,null,"-the count is shared with two other TNSPs",0.33]
[null,null,"-not included in the performance count. It must have a code of: \nexclusion code 1 to 7, 3A, 8(a) to 8(f), 9 to 12; or \nnon-inclusion code of 99.",0]
[null,"TNSP COMMENT","Provide any further information that will assist the AER in its assessment of the TNSP data","text"]

{"sheet":"Valid Data Matrix","index":4,"n_rows":33,"n_cols":12,"rows_kept":33,"cut":false,"hidden":false,"merged":[[29,0,29,10],[30,0,30,10],[31,0,31,10],[32,0,32,10],[6,0,7,0],[6,1,7,1],[6,2,6,10],[8,0,25,0]]}
["Valid category-code data matrix"]
["This matrix shows the valid entries for a specific category-code combination. For example:"]
["There is no valid entry for category=NRM (network residue management) and code=1 (force-majeure event)"]
["There is a valid combination for category=OTHER and code=1 (force-majeure event) and the weight must be zero. Evidence must be provided."]
["There is a valid combination for category=NRM (network residue management) and code=99 with weight=0"]
[]
["NETWORK CONDITION \n= OUTAGE","FIELD=Code","Field=Category"]
[null,null,"NRM","NSA","RAMP","FCAS","RECLASS","NC","DIRECTION","MII","OTHER","Comments"]
["STPIS exclusion clause",1,null,null,null,null,null,null,null,null,null,"Force majeure event"]
[null,2,null,null,null,null,null,null,null,null,null,"Reclassification must satisfy NER cl 4.2.3A and NER cl 4.2.3B"]
[null,3,null,null,null,null,null,null,null,null,null,"Version 4 and 4.1 allows only CODE=3 with OUTAGE_TYPE=UNPLANNED  \nVersion 2, 3 and 5 allow CODE=3 with both PLANNED or UNPLANNED outages  "]
[null,"3A",null,null,null,null,null,null,null,null,null,"This code is only applicable to version 5. Only allows CODE=3A with OUTAGE_TYPE=PLANNED"]
[null,4,null,null,null,null,null,null,null,null,null,"Outage on NON-REGULATED asset"]
[null,5,null,null,null,null,null,null,null,null,null,"Outage for PERSONAL SAFETY reasons"]
[null,6,null,null,null,null,null,null,null,null,null,"AEMO DIRECTION for operational security reasons"]
[null,7,null,null,null,null,null,null,null,null,null,"Network service agreement"]
[null,"8(a)",null,null,null,null,null,null,null,null,null,"Manifestly incorrect input must satisfy NER cl 3.9.2b"]
[null,"8(b)",null,null,null,null,null,null,null,null,null,"AEMO invoked wrong constraint"]
[null,"8(c)",null,null,null,null,null,null,null,null,null,"AEMO scheduling error"]
[null,"8(d)",null,null,null,null,null,null,null,null,null,"Must satisfy NER cl 3.12(a) "]
[null,"8(e)",null,null,null,null,null,null,null,null,null,"Must satisfy NER cl 3.14.3"]
[null,"8(f)",null,null,null,null,null,null,null,null,null,"Must satisfy NER cl 3.14.2"]
[null,9,null,null,null,null,null,null,null,null,null,"Network reconfiguration. This code is not applicable to version 2 and  3 "]
[null,10,null,null,null,null,null,null,null,null,null,"Ramping constraints. Applies to version 5 only."]
[null,11,null,null,null,null,null,null,null,null,null,"Transmission connection agreements. Applies to version 5 only."]
[null,12,null,null,null,null,null,null,null,null,null,"Internetwork power tests for NCIPAP. Applies to version 5 only."]
["Non-inclusion",99,null,null,null,null,null,null,null,null,null,"Field=FCAS or OTHER may be relevant to other TNSPs. '99' for RAMP category only applies to version 4.x and below"]
["Inclusion","INCLUDED",null,null,null,null,null,null,null,null,null,"The sum of the weights is the inclusion count"]
[]
["category-code combination is NOT valid"]
["category-code combination is valid but weight must equal 0."]
["category-code combination is valid but weight must equal 0. Supporting evidence must be provided."]
["category-code combination is valid but weight must equal 0.33 or 0.5 or 1 "]

{"sheet":"Data","index":5,"n_rows":1443,"n_cols":18,"rows_kept":1443,"cut":false,"hidden":false,"merged":[]}
["OUTAGE ID","SUBMISSION ID","SETTLEMENT DATE","CONSTRAINT ID","CONSTRAINT SET","EFFECTIVE DATE","VERSION NUMBER","MARGINAL VALUE","CONSTRAINT DESCRIPTION","NETWORK CONDITION","CATEGORY","OUTAGE EQUIPMENT","ASSET CLASS","CODE","EXCLUSION DETAIL","OUTAGE TYPE","WEIGHTING","TNSP COMMENT"]
[1,"TASNETWORKSV5_20230126103852","2021-02-02T07:45:00","V:T_SHGT_BL_1","T-GTSH","2014-10-20",1,-12.806380000000001,"Out = Sheffield to George Town 220 kV line, limit Basslink flow VIC to TAS at low TAS fault levels to avoid inverter commutation instability following trip of remaining Sheffield to George Town 220 kV line, Tamar CCGT out of service","OUTAGE","OTHER","Sheffield GeorgeTown 1 220kV LINE","REGULATED","INCLUDED",null,"PLANNED",1]
[2,"TASNETWORKSV5_20230126103852","2021-02-02T07:50:00","V:T_SHGT_BL_1","T-GTSH","2014-10-20",1,-14.022080000000001,"Out = Sheffield to George Town 220 kV line, limit Basslink flow VIC to TAS at low TAS fault levels to avoid inverter commutation instability following trip of remaining Sheffield to George Town 220 kV line, Tamar CCGT out of service","OUTAGE","OTHER","Sheffield GeorgeTown 1 220kV LINE","REGULATED","INCLUDED",null,"PLANNED",1]
[3,"TASNETWORKSV5_20230126103852","2021-02-02T07:55:00","V:T_SHGT_BL_1","T-GTSH","2014-10-20",1,-18.976230000000001,"Out = Sheffield to George Town 220 kV line, limit Basslink flow VIC to TAS at low TAS fault levels to avoid inverter commutation instability following trip of remaining Sheffield to George Town 220 kV line, Tamar CCGT out of service","OUTAGE","OTHER","Sheffield GeorgeTown 1 220kV LINE","REGULATED","INCLUDED",null,"PLANNED",1]
[4,"TASNETWORKSV5_20230126103852","2021-02-02T08:00:00","V:T_SHGT_BL_1","T-GTSH","2014-10-20",1,-18.085909999999998,"Out = Sheffield to George Town 220 kV line, limit Basslink flow VIC to TAS at low TAS fault levels to avoid inverter commutation instability following trip of remaining Sheffield to George Town 220 kV line, Tamar CCGT out of service","OUTAGE","OTHER","Sheffield GeorgeTown 1 220kV LINE","REGULATED","INCLUDED",null,"PLANNED",1]
[5,"TASNETWORKSV5_20230126103852","2021-02-02T08:10:00","V:T_SHGT_BL_1","T-GTSH","2014-10-20",1,-20.59938,"Out = Sheffield to George Town 220 kV line, limit Basslink flow VIC to TAS at low TAS fault levels to avoid inverter commutation instability following trip of remaining Sheffield to George Town 220 kV line, Tamar CCGT out of service","OUTAGE","OTHER","Sheffield GeorgeTown 1 220kV LINE","REGULATED","INCLUDED",null,"PLANNED",1]
[6,"TASNETWORKSV5_20230126103852","2021-02-02T08:20:00","V:T_SHGT_BL_1","T-GTSH","2014-10-20",1,-20.560099999999998,"Out = Sheffield to George Town 220 kV line, limit Basslink flow VIC to TAS at low TAS fault levels to avoid inverter commutation instability following trip of remaining Sheffield to George Town 220 kV line, Tamar CCGT out of service","OUTAGE","OTHER","Sheffield GeorgeTown 1 220kV LINE","REGULATED","INCLUDED",null,"PLANNED",1]
[7,"TASNETWORKSV5_20230126103852","2021-02-02T08:25:00","V:T_SHGT_BL_1","T-GTSH","2014-10-20",1,-27.644279999999998,"Out = Sheffield to George Town 220 kV line, limit Basslink flow VIC to TAS at low TAS fault levels to avoid inverter commutation instability following trip of remaining Sheffield to George Town 220 kV line, Tamar CCGT out of service","OUTAGE","OTHER","Sheffield GeorgeTown 1 220kV LINE","REGULATED","INCLUDED",null,"PLANNED",1]
[8,"TASNETWORKSV5_20230126103852","2021-02-02T08:30:00","V:T_SHGT_BL_1","T-GTSH","2014-10-20",1,-25.735130000000002,"Out = Sheffield to George Town 220 kV line, limit Basslink flow VIC to TAS at low TAS fault levels to avoid inverter commutation instability following trip of remaining Sheffield to George Town 220 kV line, Tamar CCGT out of service","OUTAGE","OTHER","Sheffield GeorgeTown 1 220kV LINE","REGULATED","INCLUDED",null,"PLANNED",1]
[9,"TASNETWORKSV5_20230126103852","2021-02-02T08:35:00","V:T_SHGT_BL_1","T-GTSH","2014-10-20",1,-28.87032,"Out = Sheffield to George Town 220 kV line, limit Basslink flow VIC to TAS at low TAS fault levels to avoid inverter commutation instability following trip of remaining Sheffield to George Town 220 kV line, Tamar CCGT out of service","OUTAGE","OTHER","Sheffield GeorgeTown 1 220kV LINE","REGULATED","INCLUDED",null,"PLANNED",1]
[10,"TASNETWORKSV5_20230126103852","2021-02-02T11:00:00","V:T_SHGT_BL_1","T-GTSH","2014-10-20",1,-32.866930000000004,"Out = Sheffield to George Town 220 kV line, limit Basslink flow VIC to TAS at low TAS fault levels to avoid inverter commutation instability following trip of remaining Sheffield to George Town 220 kV line, Tamar CCGT out of service","OUTAGE","OTHER","Sheffield GeorgeTown 1 220kV LINE","REGULATED","INCLUDED",null,"PLANNED",1]
[11,"TASNETWORKSV5_20230126103852","2021-02-02T11:05:00","V:T_SHGT_BL_1","T-GTSH","2014-10-20",1,-21.522220000000001,"Out = Sheffield to George Town 220 kV line, limit Basslink flow VIC to TAS at low TAS fault levels to avoid inverter commutation instability following trip of remaining Sheffield to George Town 220 kV line, Tamar CCGT out of service","OUTAGE","OTHER","Sheffield GeorgeTown 1 220kV LINE","REGULATED","INCLUDED",null,"PLANNED",1]
[12,"TASNETWORKSV5_20230126103852","2021-02-02T11:10:00","V:T_SHGT_BL_1","T-GTSH","2014-10-20",1,-60.367959999999997,"Out = Sheffield to George Town 220 kV line, limit Basslink flow VIC to TAS at low TAS fault levels to avoid inverter commutation instability following trip of remaining Sheffield to George Town 220 kV line, Tamar CCGT out of service","OUTAGE","OTHER","Sheffield GeorgeTown 1 220kV LINE","REGULATED","INCLUDED",null,"PLANNED",1]
[13,"TASNETWORKSV5_20230126103852","2021-02-02T11:15:00","V:T_SHGT_BL_1","T-GTSH","2014-10-20",1,-18.935839999999999,"Out = Sheffield to George Town 220 kV line, limit Basslink flow VIC to TAS at low TAS fault levels to avoid inverter commutation instability following trip of remaining Sheffield to George Town 220 kV line, Tamar CCGT out of service","OUTAGE","OTHER","Sheffield GeorgeTown 1 220kV LINE","REGULATED","INCLUDED",null,"PLANNED",1]
[14,"TASNETWORKSV5_20230126103852","2021-02-02T11:30:00","V:T_SHGT_BL_1","T-GTSH","2014-10-20",1,-38.585230000000003,"Out = Sheffield to George Town 220 kV line, limit Basslink flow VIC to TAS at low TAS fault levels to avoid inverter commutation instability following trip of remaining Sheffield to George Town 220 kV line, Tamar CCGT out of service","OUTAGE","OTHER","Sheffield GeorgeTown 1 220kV LINE","REGULATED","INCLUDED",null,"PLANNED",1]
[15,"TASNETWORKSV5_20230126103852","2021-02-02T11:35:00","V:T_SHGT_BL_1","T-GTSH","2014-10-20",1,-60.442830000000001,"Out = Sheffield to George Town 220 kV line, limit Basslink flow VIC to TAS at low TAS fault levels to avoid inverter commutation instability following trip of remaining Sheffield to George Town 220 kV line, Tamar CCGT out of service","OUTAGE","OTHER","Sheffield GeorgeTown 1 220kV LINE","REGULATED","INCLUDED",null,"PLANNED",1]
[16,"TASNETWORKSV5_20230126103852","2021-02-02T11:40:00","V:T_SHGT_BL_1","T-GTSH","2014-10-20",1,-38.862879999999997,"Out = Sheffield to George Town 220 kV line, limit Basslink flow VIC to TAS at low TAS fault levels to avoid inverter commutation instability following trip of remaining Sheffield to George Town 220 kV line, Tamar CCGT out of service","OUTAGE","OTHER","Sheffield GeorgeTown 1 220kV LINE","REGULATED","INCLUDED",null,"PLANNED",1]
[17,"TASNETWORKSV5_20230126103852","2021-02-02T11:45:00","V:T_SHGT_BL_1","T-GTSH","2014-10-20",1,-24.57057,"Out = Sheffield to George Town 220 kV line, limit Basslink flow VIC to TAS at low TAS fault levels to avoid inverter commutation instability following trip of remaining Sheffield to George Town 220 kV line, Tamar CCGT out of service","OUTAGE","OTHER","Sheffield GeorgeTown 1 220kV LINE","REGULATED","INCLUDED",null,"PLANNED",1]
[18,"TASNETWORKSV5_20230126103852","2021-02-02T11:50:00","V:T_SHGT_BL_1","T-GTSH","2014-10-20",1,-22.767800000000001,"Out = Sheffield to George Town 220 kV line, limit Basslink flow VIC to TAS at low TAS fault levels to avoid inverter commutation instability following trip of remaining Sheffield to George Town 220 kV line, Tamar CCGT out of service","OUTAGE","OTHER","Sheffield GeorgeTown 1 220kV LINE","REGULATED","INCLUDED",null,"PLANNED",1]
[19,"TASNETWORKSV5_20230126103852","2021-02-02T11:55:00","V:T_SHGT_BL_1","T-GTSH","2014-10-20",1,-67.223789999999994,"Out = Sheffield to George Town 220 kV line, limit Basslink flow VIC to TAS at low TAS fault levels to avoid inverter commutation instability following trip of remaining Sheffield to George Town 220 kV line, Tamar CCGT out of service","OUTAGE","OTHER","Sheffield GeorgeTown 1 220kV LINE","REGULATED","INCLUDED",null,"PLANNED",1]
[20,"TASNETWORKSV5_20230126103852","2021-02-02T12:00:00","V:T_SHGT_BL_1","T-GTSH","2014-10-20",1,-65.249600000000001,"Out = Sheffield to George Town 220 kV line, limit Basslink flow VIC to TAS at low TAS fault levels to avoid inverter commutation instability following trip of remaining Sheffield to George Town 220 kV line, Tamar CCGT out of service","OUTAGE","OTHER","Sheffield GeorgeTown 1 220kV LINE","REGULATED","INCLUDED",null,"PLANNED",1]
[21,"TASNETWORKSV5_20230126103852","2021-02-02T12:05:00","V:T_SHGT_BL_1","T-GTSH","2014-10-20",1,-34.417900000000003,"Out = Sheffield to George Town 220 kV line, limit Basslink flow VIC to TAS at low TAS fault levels to avoid inverter commutation instability following trip of remaining Sheffield to George Town 220 kV line, Tamar CCGT out of service","OUTAGE","OTHER","Sheffield GeorgeTown 1 220kV LINE","REGULATED","INCLUDED",null,"PLANNED",1]
[22,"TASNETWORKSV5_20230126103852","2021-02-02T12:10:00","V:T_SHGT_BL_1","T-GTSH","2014-10-20",1,-22.91056,"Out = Sheffield to George Town 220 kV line, limit Basslink flow VIC to TAS at low TAS fault levels to avoid inverter commutation instability following trip of remaining Sheffield to George Town 220 kV line, Tamar CCGT out of service","OUTAGE","OTHER","Sheffield GeorgeTown 1 220kV LINE","REGULATED","INCLUDED",null,"PLANNED",1]
[23,"TASNETWORKSV5_20230126103852","2021-02-02T13:45:00","V:T_SHGT_BL_1","T-GTSH","2014-10-20",1,-46.207180000000001,"Out = Sheffield to George Town 220 kV line, limit Basslink flow VIC to TAS at low TAS fault levels to avoid inverter commutation instability following trip of remaining Sheffield to George Town 220 kV line, Tamar CCGT out of service","OUTAGE","OTHER","Sheffield GeorgeTown 1 220kV LINE","REGULATED","INCLUDED",null,"PLANNED",1]
[24,"TASNETWORKSV5_20230126103852","2021-02-02T13:50:00","V:T_SHGT_BL_1","T-GTSH","2014-10-20",1,-69.055139999999994,"Out = Sheffield to George Town 220 kV line, limit Basslink flow VIC to TAS at low TAS fault levels to avoid inverter commutation instability following trip of remaining Sheffield to George Town 220 kV line, Tamar CCGT out of service","OUTAGE","OTHER","Sheffield GeorgeTown 1 220kV LINE","REGULATED","INCLUDED",null,"PLANNED",1]
[25,"TASNETWORKSV5_20230126103852","2021-02-20T12:05:00","F_T++COGT_TL_L6","F-T-COGT","2016-04-12",1,12.46611,"Out = one Comalco to George Town line, Tasmania Lower 6 sec requirement for the loss of the remaining Comalco to George Town line, Basslink able to transfer FCAS, reduce by very fast response on Basslink","OUTAGE","FCAS","GeorgeTown Comalco 5 220kV LINE","REGULATED","INCLUDED",null,"PLANNED",1]
[26,"TASNETWORKSV5_20230126103852","2021-02-20T12:25:00","F_T++COGT_TL_L6","F-T-COGT","2016-04-12",1,14.991110000000001,"Out = one Comalco to George Town line, Tasmania Lower 6 sec requirement for the loss of the remaining Comalco to George Town line, Basslink able to transfer FCAS, reduce by very fast response on Basslink","OUTAGE","FCAS","GeorgeTown Comalco 5 220kV LINE","REGULATED","INCLUDED",null,"PLANNED",1]
[27,"TASNETWORKSV5_20230126103852","2021-02-28T12:45:00","T::T_HA_GT_PM_4","T-GTHA","2014-07-31",1,-56.22,"Out = Hadspen to George Town or Hadspen to Palmerston 220 kV line, prevent poorly damped TAS North - South oscillations following fault and trip of Palmerston to Sheffield 220 kV line, Tamar CCGT out of service.","OUTAGE","OTHER","Hadspen GeorgeTown 2 220kV LINE","REGULATED","INCLUDED",null,"UNPLANNED",1]
[28,"TASNETWORKSV5_20230126103852","2021-02-28T12:50:00","T::T_HA_GT_PM_4","T-GTHA","2014-07-31",1,-56.22,"Out = Hadspen to George Town or Hadspen to Palmerston 220 kV line, prevent poorly damped TAS North - South oscillations following fault and trip of Palmerston to Sheffield 220 kV line, Tamar CCGT out of service.","OUTAGE","OTHER","Hadspen GeorgeTown 2 220kV LINE","REGULATED","INCLUDED",null,"UNPLANNED",1]
[29,"TASNETWORKSV5_20230126103852","2021-02-28T12:55:00","T::T_HA_GT_PM_4","T-GTHA","2014-07-31",1,-64.991979999999998,"Out = Hadspen to George Town or Hadspen to Palmerston 220 kV line, prevent poorly damped TAS North - South oscillations following fault and trip of Palmerston to Sheffield 220 kV line, Tamar CCGT out of service.","OUTAGE","OTHER","Hadspen GeorgeTown 2 220kV LINE","REGULATED","INCLUDED",null,"UNPLANNED",1]
[30,"TASNETWORKSV5_20230126103852","2021-02-28T13:00:00","T::T_HA_GT_PM_4","T-GTHA","2014-07-31",1,-56.22,"Out = Hadspen to George Town or Hadspen to Palmerston 220 kV line, prevent poorly damped TAS North - South oscillations following fault and trip of Palmerston to Sheffield 220 kV line, Tamar CCGT out of service.","OUTAGE","OTHER","Hadspen GeorgeTown 2 220kV LINE","REGULATED","INCLUDED",null,"UNPLANNED",1]
[31,"TASNETWORKSV5_20230126103852","2021-02-28T13:05:00","T::T_HA_GT_PM_4","T-GTHA","2014-07-31",1,-44.08,"Out = Hadspen to George Town or Hadspen to Palmerston 220 kV line, prevent poorly damped TAS North - South oscillations following fault and trip of Palmerston to Sheffield 220 kV line, Tamar CCGT out of service.","OUTAGE","OTHER","Hadspen GeorgeTown 2 220kV LINE","REGULATED","INCLUDED",null,"UNPLANNED",1]
[32,"TASNETWORKSV5_20230126103852","2021-02-28T13:10:00","T::T_HA_GT_PM_4","T-GTHA","2014-07-31",1,-54.927660000000003,"Out = Hadspen to George Town or Hadspen to Palmerston 220 kV line, prevent poorly damped TAS North - South oscillations following fault and trip of Palmerston to Sheffield 220 kV line, Tamar CCGT out of service.","OUTAGE","OTHER","Hadspen GeorgeTown 2 220kV LINE","REGULATED","INCLUDED",null,"UNPLANNED",1]
[33,"TASNETWORKSV5_20230126103852","2021-02-28T13:15:00","T::T_HA_GT_PM_4","T-GTHA","2014-07-31",1,-110.23274000000001,"Out = Hadspen to George Town or Hadspen to Palmerston 220 kV line, prevent poorly damped TAS North - South oscillations following fault and trip of Palmerston to Sheffield 220 kV line, Tamar CCGT out of service.","OUTAGE","OTHER","Hadspen GeorgeTown 2 220kV LINE","REGULATED","INCLUDED",null,"UNPLANNED",1]
[34,"TASNETWORKSV5_20230126103852","2021-02-28T13:20:00","T::T_HA_GT_PM_4","T-GTHA","2014-07-31",1,-44.22,"Out = Hadspen to George Town or Hadspen to Palmerston 220 kV line, prevent poorly damped TAS North - South oscillations following fault and trip of Palmerston to Sheffield 220 kV line, Tamar CCGT out of service.","OUTAGE","OTHER","Hadspen GeorgeTown 2 220kV LINE","REGULATED","INCLUDED",null,"UNPLANNED",1]
[35,"TASNETWORKSV5_20230126103852","2021-02-28T13:25:00","T::T_HA_GT_PM_4","T-GTHA","2014-07-31",1,-517.27904999999998,"Out = Hadspen to George Town or Hadspen to Palmerston 220 kV line, prevent poorly damped TAS North - South oscillations following fault and trip of Palmerston to Sheffield 220 kV line, Tamar CCGT out of service.","OUTAGE","OTHER","Hadspen GeorgeTown 2 220kV LINE","REGULATED","INCLUDED",null,"UNPLANNED",1]
[36,"TASNETWORKSV5_20230126103852","2021-02-28T13:30:00","T::T_HA_GT_PM_4","T-GTHA","2014-07-31",1,-468.48345,"Out = Hadspen to George Town or Hadspen to Palmerston 220 kV line, prevent poorly damped TAS North - South oscillations following fault and trip of Palmerston to Sheffield 220 kV line, Tamar CCGT out of service.","OUTAGE","OTHER","Hadspen GeorgeTown 2 220kV LINE","REGULATED","INCLUDED",null,"UNPLANNED",1]
[37,"TASNETWORKSV5_20230126103852","2021-02-28T13:35:00","T::T_HA_GT_PM_4","T-GTHA","2014-07-31",1,-44.22,"Out = Hadspen to George Town or Hadspen to Palmerston 220 kV line, prevent poorly damped TAS North - South oscillations following fault and trip of Palmerston to Sheffield 220 kV line, Tamar CCGT out of service.","OUTAGE","OTHER","Hadspen GeorgeTown 2 220kV LINE","REGULATED","INCLUDED",null,"UNPLANNED",1]
[38,"TASNETWORKSV5_20230126103852","2021-02-28T13:40:00","T::T_HA_GT_PM_4","T-GTHA","2014-07-31",1,-56.24,"Out = Hadspen to George Town or Hadspen to Palmerston 220 kV line, prevent poorly damped TAS North - South oscillations following fault and trip of Palmerston to Sheffield 220 kV line, Tamar CCGT out of service.","OUTAGE","OTHER","Hadspen GeorgeTown 2 220kV LINE","REGULATED","INCLUDED",null,"UNPLANNED",1]
[39,"TASNETWORKSV5_20230126103852","2021-02-28T13:45:00","T::T_HA_GT_PM_4","T-GTHA","2014-07-31",1,-62.325719999999997,"Out = Hadspen to George Town or Hadspen to Palmerston 220 kV line, prevent poorly damped TAS North - South oscillations following fault and trip of Palmerston to Sheffield 220 kV line, Tamar CCGT out of service.","OUTAGE","OTHER","Hadspen GeorgeTown 2 220kV LINE","REGULATED","INCLUDED",null,"UNPLANNED",1]
[40,"TASNETWORKSV5_20230126103852","2021-02-28T13:50:00","T::T_HA_GT_PM_4","T-GTHA","2014-07-31",1,-61.92483,"Out = Hadspen to George Town or Hadspen to Palmerston 220 kV line, prevent poorly damped TAS North - South oscillations following fault and trip of Palmerston to Sheffield 220 kV line, Tamar CCGT out of service.","OUTAGE","OTHER","Hadspen GeorgeTown 2 220kV LINE","REGULATED","INCLUDED",null,"UNPLANNED",1]
[41,"TASNETWORKSV5_20230126103852","2021-02-28T13:55:00","T::T_HA_GT_PM_4","T-GTHA","2014-07-31",1,-61.629739999999998,"Out = Hadspen to George Town or Hadspen to Palmerston 220 kV line, prevent poorly damped TAS North - South oscillations following fault and trip of Palmerston to Sheffield 220 kV line, Tamar CCGT out of service.","OUTAGE","OTHER","Hadspen GeorgeTown 2 220kV LINE","REGULATED","INCLUDED",null,"UNPLANNED",1]
[42,"TASNETWORKSV5_20230126103852","2021-02-28T14:00:00","T::T_HA_GT_PM_4","T-GTHA","2014-07-31",1,-59.112409999999997,"Out = Hadspen to George Town or Hadspen to Palmerston 220 kV line, prevent poorly damped TAS North - South oscillations following fault and trip of Palmerston to Sheffield 220 kV line, Tamar CCGT out of service.","OUTAGE","OTHER","Hadspen GeorgeTown 2 220kV LINE","REGULATED","INCLUDED",null,"UNPLANNED",1]
[43,"TASNETWORKSV5_20230126103852","2021-02-28T14:05:00","T::T_HA_GT_PM_4","T-GTHA","2014-07-31",1,-56.22,"Out = Hadspen to George Town or Hadspen to Palmerston 220 kV line, prevent poorly damped TAS North - South oscillations following fault and trip of Palmerston to Sheffield 220 kV line, Tamar CCGT out of service.","OUTAGE","OTHER","Hadspen GeorgeTown 2 220kV LINE","REGULATED","INCLUDED",null,"UNPLANNED",1]
[44,"TASNETWORKSV5_20230126103852","2021-02-28T14:10:00","T::T_HA_GT_PM_4","T-GTHA","2014-07-31",1,-80.561340000000001,"Out = Hadspen to George Town or Hadspen to Palmerston 220 kV line, prevent poorly damped TAS North - South oscillations following fault and trip of Palmerston to Sheffield 220 kV line, Tamar CCGT out of service.","OUTAGE","OTHER","Hadspen GeorgeTown 2 220kV LINE","REGULATED","INCLUDED",null,"UNPLANNED",1]
[45,"TASNETWORKSV5_20230126103852","2021-02-28T14:15:00","T::T_HA_GT_PM_4","T-GTHA","2014-07-31",1,-59.961129999999997,"Out = Hadspen to George Town or Hadspen to Palmerston 220 kV line, prevent poorly damped TAS North - South oscillations following fault and trip of Palmerston to Sheffield 220 kV line, Tamar CCGT out of service.","OUTAGE","OTHER","Hadspen GeorgeTown 2 220kV LINE","REGULATED","INCLUDED",null,"UNPLANNED",1]
[46,"TASNETWORKSV5_20230126103852","2021-03-02T08:35:00","T::T_HA_GT_PM_4","T-HAPM_220","2014-07-31",1,-88.917090000000002,"Out = Hadspen to George Town or Hadspen to Palmerston 220 kV line, prevent poorly damped TAS North - South oscillations following fault and trip of Palmerston to Sheffield 220 kV line, Tamar CCGT out of service.","OUTAGE","OTHER","Palmerston Hadspen 2 220kV LINE","REGULATED","INCLUDED",null,"PLANNED",1]
[47,"TASNETWORKSV5_20230126103852","2021-03-02T08:40:00","T::T_HA_GT_PM_4","T-HAPM_220","2014-07-31",1,-30.784929999999999,"Out = Hadspen to George Town or Hadspen to Palmerston 220 kV line, prevent poorly damped TAS North - South oscillations following fault and trip of Palmerston to Sheffield 220 kV line, Tamar CCGT out of service.","OUTAGE","OTHER","Palmerston Hadspen 2 220kV LINE","REGULATED","INCLUDED",null,"PLANNED",1]
[48,"TASNETWORKSV5_20230126103852","2021-03-02T08:45:00","T::T_HA_GT_PM_4","T-HAPM_220","2014-07-31",1,-30.838619999999999,"Out = Hadspen to George Town or Hadspen to Palmerston 220 kV line, prevent poorly damped TAS North - South oscillations following fault and trip of Palmerston to Sheffield 220 kV line, Tamar CCGT out of service.","OUTAGE","OTHER","Palmerston Hadspen 2 220kV LINE","REGULATED","INCLUDED",null,"PLANNED",1]
[49,"TASNETWORKSV5_20230126103852","2021-03-02T08:50:00","T::T_HA_GT_PM_6","T-HAPM_220","2014-07-31",1,-76.358819999999994,"Out = Hadspen to George Town or Hadspen to Palmerston 220 kV line, prevent poorly damped TAS North - South oscillations following trip of remaining in-service Hadspen to George Town or Palmerston to Hadspen 220 kV line, Tamar CCGT out of service.","OUTAGE","OTHER","Palmerston Hadspen 2 220kV LINE","REGULATED","INCLUDED",null,"PLANNED",1]
[50,"TASNETWORKSV5_20230126103852","2021-03-02T08:55:00","T::T_HA_GT_PM_6","T-HAPM_220","2014-07-31",1,-78.354129999999998,"Out = Hadspen to George Town or Hadspen to Palmerston 220 kV line, prevent poorly damped TAS North - South oscillations following trip of remaining in-service Hadspen to George Town or Palmerston to Hadspen 220 kV line, Tamar CCGT out of service.","OUTAGE","OTHER","Palmerston Hadspen 2 220kV LINE","REGULATED","INCLUDED",null,"PLANNED",1]
[51,"TASNETWORKSV5_20230126103852","2021-03-02T09:00:00","T::T_HA_GT_PM_6","T-HAPM_220","2014-07-31",1,-78.4696,"Out = Hadspen to George Town or Hadspen to Palmerston 220 kV line, prevent poorly damped TAS North - South oscillations following trip of remaining in-service Hadspen to George Town or Palmerston to Hadspen 220 kV line, Tamar CCGT out of service.","OUTAGE","OTHER","Palmerston Hadspen 2 220kV LINE","REGULATED","INCLUDED",null,"PLANNED",1]
[52,"TASNETWORKSV5_20230126103852","2021-03-02T09:05:00","T::T_HA_GT_PM_4","T-HAPM_220","2014-07-31",1,-467.28982000000002,"Out = Hadspen to George Town or Hadspen to Palmerston 220 kV line, prevent poorly damped TAS North - South oscillations following fault and trip of Palmerston to Sheffield 220 kV line, Tamar CCGT out of service.","OUTAGE","OTHER","Palmerston Hadspen 2 220kV LINE","REGULATED","INCLUDED",null,"PLANNED",1]
[53,"TASNETWORKSV5_20230126103852","2021-03-02T09:10:00","T::T_HA_GT_PM_6","T-HAPM_220","2014-07-31",1,-71.881870000000006,"Out = Hadspen to George Town or Hadspen to Palmerston 220 kV line, prevent poorly damped TAS North - South oscillations following trip of remaining in-service Hadspen to George Town or Palmerston to Hadspen 220 kV line, Tamar CCGT out of service.","OUTAGE","OTHER","Palmerston Hadspen 2 220kV LINE","REGULATED","INCLUDED",null,"PLANNED",1]
[54,"TASNETWORKSV5_20230126103852","2021-03-02T09:15:00","T::T_HA_GT_PM_4","T-HAPM_220","2014-07-31",1,-2907.9382599999999,"Out = Hadspen to George Town or Hadspen to Palmerston 220 kV line, prevent poorly damped TAS North - South oscillations following fault and trip of Palmerston to Sheffield 220 kV line, Tamar CCGT out of service.","OUTAGE","OTHER","Palmerston Hadspen 2 220kV LINE","REGULATED","INCLUDED",null,"PLANNED",1]
[55,"TASNETWORKSV5_20230126103852","2021-03-02T09:20:00","T::T_HA_GT_PM_6","T-HAPM_220","2014-07-31",1,-71.738519999999994,"Out = Hadspen to George Town or Hadspen to Palmerston 220 kV line, prevent poorly damped TAS North - South oscillations following trip of remaining in-service Hadspen to George Town or Palmerston to Hadspen 220 kV line, Tamar CCGT out of service.","OUTAGE","OTHER","Palmerston Hadspen 2 220kV LINE","REGULATED","INCLUDED",null,"PLANNED",1]
[56,"TASNETWORKSV5_20230126103852","2021-03-02T09:25:00","T::T_HA_GT_PM_6","T-HAPM_220","2014-07-31",1,-52.843319999999999,"Out = Hadspen to George Town or Hadspen to Palmerston 220 kV line, prevent poorly damped TAS North - South oscillations following trip of remaining in-service Hadspen to George Town or Palmerston to Hadspen 220 kV line, Tamar CCGT out of service.","OUTAGE","OTHER","Palmerston Hadspen 2 220kV LINE","REGULATED","INCLUDED",null,"PLANNED",1]
[57,"TASNETWORKSV5_20230126103852","2021-03-02T09:30:00","T::T_HA_GT_PM_6","T-HAPM_220","2014-07-31",1,-71.430430000000001,"Out = Hadspen to George Town or Hadspen to Palmerston 220 kV line, prevent poorly damped TAS North - South oscillations following trip of remaining in-service Hadspen to George Town or Palmerston to Hadspen 220 kV line, Tamar CCGT out of service.","OUTAGE","OTHER","Palmerston Hadspen 2 220kV LINE","REGULATED","INCLUDED",null,"PLANNED",1]
[58,"TASNETWORKSV5_20230126103852","2021-03-02T09:35:00","T::T_HA_GT_PM_4","T-HAPM_220","2014-07-31",1,-54.821759999999998,"Out = Hadspen to George Town or Hadspen to Palmerston 220 kV line, prevent poorly damped TAS North - South oscillations following fault and trip of Palmerston to Sheffield 220 kV line, Tamar CCGT out of service.","OUTAGE","OTHER","Palmerston Hadspen 2 220kV LINE","REGULATED","INCLUDED",null,"PLANNED",1]
[59,"TASNETWORKSV5_20230126103852","2021-03-02T09:40:00","T::T_HA_GT_PM_6","T-HAPM_220","2014-07-31",1,-71.47851,"Out = Hadspen to George Town or Hadspen to Palmerston 220 kV line, prevent poorly damped TAS North - South oscillations following trip of remaining in-service Hadspen to George Town or Palmerston to Hadspen 220 kV line, Tamar CCGT out of service.","OUTAGE","OTHER","Palmerston Hadspen 2 220kV LINE","REGULATED","INCLUDED",null,"PLANNED",1]
[60,"TASNETWORKSV5_20230126103852","2021-03-02T09:45:00","T::T_HA_GT_PM_6","T-HAPM_220","2014-07-31",1,-71.552440000000004,"Out = Hadspen to George Town or Hadspen to Palmerston 220 kV line, prevent poorly damped TAS North - South oscillations following trip of remaining in-service Hadspen to George Town or Palmerston to Hadspen 220 kV line, Tamar CCGT out of service.","OUTAGE","OTHER","Palmerston Hadspen 2 220kV LINE","REGULATED","INCLUDED",null,"PLANNED",1]
[61,"TASNETWORKSV5_20230126103852","2021-03-02T09:50:00","T::T_HA_GT_PM_6","T-HAPM_220","2014-07-31",1,-71.504909999999995,"Out = Hadspen to George Town or Hadspen to Palmerston 220 kV line, prevent poorly damped TAS North - South oscillations following trip of remaining in-service Hadspen to George Town or Palmerston to Hadspen 220 kV line, Tamar CCGT out of service.","OUTAGE","OTHER","Palmerston Hadspen 2 220kV LINE","REGULATED","INCLUDED",null,"PLANNED",1]
[62,"TASNETWORKSV5_20230126103852","2021-03-02T09:55:00","T::T_HA_GT_PM_6","T-HAPM_220","2014-07-31",1,-71.954369999999997,"Out = Hadspen to George Town or Hadspen to Palmerston 220 kV line, prevent poorly damped TAS North - South oscillations following trip of remaining in-service Hadspen to George Town or Palmerston to Hadspen 220 kV line, Tamar CCGT out of service.","OUTAGE","OTHER","Palmerston Hadspen 2 220kV LINE","REGULATED","INCLUDED",null,"PLANNED",1]
[63,"TASNETWORKSV5_20230126103852","2021-03-02T10:00:00","T::T_HA_GT_PM_6","T-HAPM_220","2014-07-31",1,-72.026660000000007,"Out = Hadspen to George Town or Hadspen to Palmerston 220 kV line, prevent poorly damped TAS North - South oscillations following trip of remaining in-service Hadspen to George Town or Palmerston to Hadspen 220 kV line, Tamar CCGT out of service.","OUTAGE","OTHER","Palmerston Hadspen 2 220kV LINE","REGULATED","INCLUDED",null,"PLANNED",1]
[64,"TASNETWORKSV5_20230126103852","2021-03-02T10:05:00","T::T_HA_GT_PM_4","T-HAPM_220","2014-07-31",1,-54.850239999999999,"Out = Hadspen to George Town or Hadspen to Palmerston 220 kV line, prevent poorly damped TAS North - South oscillations following fault and trip of Palmerston to Sheffield 220 kV line, Tamar CCGT out of service.","OUTAGE","OTHER","Palmerston Hadspen 2 220kV LINE","REGULATED","INCLUDED",null,"PLANNED",1]
[65,"TASNETWORKSV5_20230126103852","2021-03-02T10:10:00","T::T_HA_GT_PM_6","T-HAPM_220","2014-07-31",1,-71.918090000000007,"Out = Hadspen to George Town or Hadspen to Palmerston 220 kV line, prevent poorly damped TAS North - South oscillations following trip of remaining in-service Hadspen to George Town or Palmerston to Hadspen 220 kV line, Tamar CCGT out of service.","OUTAGE","OTHER","Palmerston Hadspen 2 220kV LINE","REGULATED","INCLUDED",null,"PLANNED",1]
[66,"TASNETWORKSV5_20230126103852","2021-03-02T10:15:00","T::T_HA_GT_PM_6","T-HAPM_220","2014-07-31",1,-71.881900000000002,"Out = Hadspen to George Town or Hadspen to Palmerston 220 kV line, prevent poorly damped TAS North - South oscillations following trip of remaining in-service Hadspen to George Town or Palmerston to Hadspen 220 kV line, Tamar CCGT out of service.","OUTAGE","OTHER","Palmerston Hadspen 2 220kV LINE","REGULATED","INCLUDED",null,"PLANNED",1]
[67,"TASNETWORKSV5_20230126103852","2021-03-02T10:20:00","T::T_HA_GT_PM_6","T-HAPM_220","2014-07-31",1,-71.918180000000007,"Out = Hadspen to George Town or Hadspen to Palmerston 220 kV line, prevent poorly damped TAS North - South oscillations following trip of remaining in-service Hadspen to George Town or Palmerston to Hadspen 220 kV line, Tamar CCGT out of service.","OUTAGE","OTHER","Palmerston Hadspen 2 220kV LINE","REGULATED","INCLUDED",null,"PLANNED",1]
[68,"TASNETWORKSV5_20230126103852","2021-03-02T10:25:00","T::T_HA_GT_PM_6","T-HAPM_220","2014-07-31",1,-71.515469999999993,"Out = Hadspen to George Town or Hadspen to Palmerston 220 kV line, prevent poorly damped TAS North - South oscillations following trip of remaining in-service Hadspen to George Town or Palmerston to Hadspen 220 kV line, Tamar CCGT out of service.","OUTAGE","OTHER","Palmerston Hadspen 2 220kV LINE","REGULATED","INCLUDED",null,"PLANNED",1]
[69,"TASNETWORKSV5_20230126103852","2021-03-02T10:30:00","T::T_HA_GT_PM_4","T-HAPM_220","2014-07-31",1,-54.841929999999998,"Out = Hadspen to George Town or Hadspen to Palmerston 220 kV line, prevent poorly damped TAS North - South oscillations following fault and trip of Palmerston to Sheffield 220 kV line, Tamar CCGT out of service.","OUTAGE","OTHER","Palmerston Hadspen 2 220kV LINE","REGULATED","INCLUDED",null,"PLANNED",1]
[70,"TASNETWORKSV5_20230126103852","2021-03-02T10:35:00","T::T_HA_GT_PM_6","T-HAPM_220","2014-07-31",1,-41.03501,"Out = Hadspen to George Town or Hadspen to Palmerston 220 kV line, prevent poorly damped TAS North - South oscillations following trip of remaining in-service Hadspen to George Town or Palmerston to Hadspen 220 kV line, Tamar CCGT out of service.","OUTAGE","OTHER","Palmerston Hadspen 2 220kV LINE","REGULATED","INCLUDED",null,"PLANNED",1]
[71,"TASNETWORKSV5_20230126103852","2021-03-02T10:40:00","T::T_HA_GT_PM_6","T-HAPM_220","2014-07-31",1,-52.848280000000003,"Out = Hadspen to George Town or Hadspen to Palmerston 220 kV line, prevent poorly damped TAS North - South oscillations following trip of remaining in-service Hadspen to George Town or Palmerston to Hadspen 220 kV line, Tamar CCGT out of service.","OUTAGE","OTHER","Palmerston Hadspen 2 220kV LINE","REGULATED","INCLUDED",null,"PLANNED",1]
[72,"TASNETWORKSV5_20230126103852","2021-03-02T10:45:00","T::T_HA_GT_PM_6","T-HAPM_220","2014-07-31",1,-65.18074,"Out = Hadspen to George Town or Hadspen to Palmerston 220 kV line, prevent poorly damped TAS North - South oscillations following trip of remaining in-service Hadspen to George Town or Palmerston to Hadspen 220 kV line, Tamar CCGT out of service.","OUTAGE","OTHER","Palmerston Hadspen 2 220kV LINE","REGULATED","INCLUDED",null,"PLANNED",1]
[73,"TASNETWORKSV5_20230126103852","2021-03-02T10:50:00","T::T_HA_GT_PM_6","T-HAPM_220","2014-07-31",1,-53.10248,"Out = Hadspen to George Town or Hadspen to Palmerston 220 kV line, prevent poorly damped TAS North - South oscillations following trip of remaining in-service Hadspen to George Town or Palmerston to Hadspen 220 kV line, Tamar CCGT out of service.","OUTAGE","OTHER","Palmerston Hadspen 2 220kV LINE","REGULATED","INCLUDED",null,"PLANNED",1]
[74,"TASNETWORKSV5_20230126103852","2021-03-02T10:55:00","T::T_HA_GT_PM_6","T-HAPM_220","2014-07-31",1,-49.273710000000001,"Out = Hadspen to George Town or Hadspen to Palmerston 220 kV line, prevent poorly damped TAS North - South oscillations following trip of remaining in-service Hadspen to George Town or Palmerston to Hadspen 220 kV line, Tamar CCGT out of service.","OUTAGE","OTHER","Palmerston Hadspen 2 220kV LINE","REGULATED","INCLUDED",null,"PLANNED",1]
[75,"TASNETWORKSV5_20230126103852","2021-03-02T11:00:00","T::T_HA_GT_PM_6","T-HAPM_220","2014-07-31",1,-84.36627,"Out = Hadspen to George Town or Hadspen to Palmerston 220 kV line, prevent poorly damped TAS North - South oscillations following trip of remaining in-service Hadspen to George Town or Palmerston to Hadspen 220 kV line, Tamar CCGT out of service.","OUTAGE","OTHER","Palmerston Hadspen 2 220kV LINE","REGULATED","INCLUDED",null,"PLANNED",1]
[76,"TASNETWORKSV5_20230126103852","2021-03-02T11:05:00","T::T_HA_GT_PM_4","T-HAPM_220","2014-07-31",1,-37.637329999999999,"Out = Hadspen to George Town or Hadspen to Palmerston 220 kV line, prevent poorly damped TAS North - South oscillations following fault and trip of Palmerston to Sheffield 220 kV line, Tamar CCGT out of service.","OUTAGE","OTHER","Palmerston Hadspen 2 220kV LINE","REGULATED","INCLUDED",null,"PLANNED",1]
[77,"TASNETWORKSV5_20230126103852","2021-03-02T11:10:00","T::T_HA_GT_PM_4","T-HAPM_220","2014-07-31",1,-37.735550000000003,"Out = Hadspen to George Town or Hadspen to Palmerston 220 kV line, prevent poorly damped TAS North - South oscillations following fault and trip of Palmerston to Sheffield 220 kV line, Tamar CCGT out of service.","OUTAGE","OTHER","Palmerston Hadspen 2 220kV LINE","REGULATED","INCLUDED",null,"PLANNED",1]
[78,"TASNETWORKSV5_20230126103852","2021-03-02T11:15:00","T::T_HA_GT_PM_4","T-HAPM_220","2014-07-31",1,-39.106389999999998,"Out = Hadspen to George Town or Hadspen to Palmerston 220 kV line, prevent poorly damped TAS North - South oscillations following fault and trip of Palmerston to Sheffield 220 kV line, Tamar CCGT out of service.","OUTAGE","OTHER","Palmerston Hadspen 2 220kV LINE","REGULATED","INCLUDED",null,"PLANNED",1]
[79,"TASNETWORKSV5_20230126103852","2021-03-02T11:20:00","T::T_HA_GT_PM_4","T-HAPM_220","2014-07-31",1,-37.555759999999999,"Out = Hadspen to George Town or Hadspen to Palmerston 220 kV line, prevent poorly damped TAS North - South oscillations following fault and trip of Palmerston to Sheffield 220 kV line, Tamar CCGT out of service.","OUTAGE","OTHER","Palmerston Hadspen 2 220kV LINE","REGULATED","INCLUDED",null,"PLANNED",1]
[80,"TASNETWORKSV5_20230126103852","2021-03-02T11:25:00","T::T_HA_GT_PM_6","T-HAPM_220","2014-07-31",1,-44.755420000000001,"Out = Hadspen to George Town or Hadspen to Palmerston 220 kV line, prevent poorly damped TAS North - South oscillations following trip of remaining in-service Hadspen to George Town or Palmerston to Hadspen 220 kV line, Tamar CCGT out of service.","OUTAGE","OTHER","Palmerston Hadspen 2 220kV LINE","REGULATED","INCLUDED",null,"PLANNED",1]
[81,"TASNETWORKSV5_20230126103852","2021-03-02T11:30:00","T::T_HA_GT_PM_6","T-HAPM_220","2014-07-31",1,-47.098059999999997,"Out = Hadspen to George Town or Hadspen to Palmerston 220 kV line, prevent poorly damped TAS North - South oscillations following trip of remaining in-service Hadspen to George Town or Palmerston to Hadspen 220 kV line, Tamar CCGT out of service.","OUTAGE","OTHER","Palmerston Hadspen 2 220kV LINE","REGULATED","INCLUDED",null,"PLANNED",1]
[82,"TASNETWORKSV5_20230126103852","2021-03-02T11:35:00","T::T_HA_GT_PM_4","T-HAPM_220","2014-07-31",1,-35.252800000000001,"Out = Hadspen to George Town or Hadspen to Palmerston 220 kV line, prevent poorly damped TAS North - South oscillations following fault and trip of Palmerston to Sheffield 220 kV line, Tamar CCGT out of service.","OUTAGE","OTHER","Palmerston Hadspen 2 220kV LINE","REGULATED","INCLUDED",null,"PLANNED",1]
[83,"TASNETWORKSV5_20230126103852","2021-03-02T11:40:00","T::T_HA_GT_PM_6","T-HAPM_220","2014-07-31",1,-40.765230000000003,"Out = Hadspen to George Town or Hadspen to Palmerston 220 kV line, prevent poorly damped TAS North - South oscillations following trip of remaining in-service Hadspen to George Town or Palmerston to Hadspen 220 kV line, Tamar CCGT out of service.","OUTAGE","OTHER","Palmerston Hadspen 2 220kV LINE","REGULATED","INCLUDED",null,"PLANNED",1]
[84,"TASNETWORKSV5_20230126103852","2021-03-02T11:45:00","T::T_HA_GT_PM_6","T-HAPM_220","2014-07-31",1,-49.765120000000003,"Out = Hadspen to George Town or Hadspen to Palmerston 220 kV line, prevent poorly damped TAS North - South oscillations following trip of remaining in-service Hadspen to George Town or Palmerston to Hadspen 220 kV line, Tamar CCGT out of service.","OUTAGE","OTHER","Palmerston Hadspen 2 220kV LINE","REGULATED","INCLUDED",null,"PLANNED",1]
[85,"TASNETWORKSV5_20230126103852","2021-03-02T11:50:00","T::T_HA_GT_PM_6","T-HAPM_220","2014-07-31",1,-49.928370000000001,"Out = Hadspen to George Town or Hadspen to Palmerston 220 kV line, prevent poorly damped TAS North - South oscillations following trip of remaining in-service Hadspen to George Town or Palmerston to Hadspen 220 kV line, Tamar CCGT out of service.","OUTAGE","OTHER","Palmerston Hadspen 2 220kV LINE","REGULATED","INCLUDED",null,"PLANNED",1]
[86,"TASNETWORKSV5_20230126103852","2021-03-02T11:55:00","T::T_HA_GT_PM_6","T-HAPM_220","2014-07-31",1,-50.282859999999999,"Out = Hadspen to George Town or Hadspen to Palmerston 220 kV line, prevent poorly damped TAS North - South oscillations following trip of remaining in-service Hadspen to George Town or Palmerston to Hadspen 220 kV line, Tamar CCGT out of service.","OUTAGE","OTHER","Palmerston Hadspen 2 220kV LINE","REGULATED","INCLUDED",null,"PLANNED",1]
[87,"TASNETWORKSV5_20230126103852","2021-03-02T12:00:00","T::T_HA_GT_PM_6","T-HAPM_220","2014-07-31",1,-46.669600000000003,"Out = Hadspen to George Town or Hadspen to Palmerston 220 kV line, prevent poorly damped TAS North - South oscillations following trip of remaining in-service Hadspen to George Town or Palmerston to Hadspen 220 kV line, Tamar CCGT out of service.","OUTAGE","OTHER","Palmerston Hadspen 2 220kV LINE","REGULATED","INCLUDED",null,"PLANNED",1]
[88,"TASNETWORKSV5_20230126103852","2021-03-02T12:05:00","T::T_HA_GT_PM_6","T-HAPM_220","2014-07-31",1,-49.928370000000001,"Out = Hadspen to George Town or Hadspen to Palmerston 220 kV line, prevent poorly damped TAS North - South oscillations following trip of remaining in-service Hadspen to George Town or Palmerston to Hadspen 220 kV line, Tamar CCGT out of service.","OUTAGE","OTHER","Palmerston Hadspen 2 220kV LINE","REGULATED","INCLUDED",null,"PLANNED",1]
[89,"TASNETWORKSV5_20230126103852","2021-03-02T12:10:00","T::T_HA_GT_PM_6","T-HAPM_220","2014-07-31",1,-46.438079999999999,"Out = Hadspen to George Town or Hadspen to Palmerston 220 kV line, prevent poorly damped TAS North - South oscillations following trip of remaining in-service Hadspen to George Town or Palmerston to Hadspen 220 kV line, Tamar CCGT out of service.","OUTAGE","OTHER","Palmerston Hadspen 2 220kV LINE","REGULATED","INCLUDED",null,"PLANNED",1]
[90,"TASNETWORKSV5_20230126103852","2021-03-02T12:15:00","T::T_HA_GT_PM_6","T-HAPM_220","2014-07-31",1,-49.928370000000001,"Out = Hadspen to George Town or Hadspen to Palmerston 220 kV line, prevent poorly damped TAS North - South oscillations following trip of remaining in-service Hadspen to George Town or Palmerston to Hadspen 220 kV line, Tamar CCGT out of service.","OUTAGE","OTHER","Palmerston Hadspen 2 220kV LINE","REGULATED","INCLUDED",null,"PLANNED",1]
[91,"TASNETWORKSV5_20230126103852","2021-03-02T12:20:00","T::T_HA_GT_PM_6","T-HAPM_220","2014-07-31",1,-73.778689999999997,"Out = Hadspen to George Town or Hadspen to Palmerston 220 kV line, prevent poorly damped TAS North - South oscillations following trip of remaining in-service Hadspen to George Town or Palmerston to Hadspen 220 kV line, Tamar CCGT out of service.","OUTAGE","OTHER","Palmerston Hadspen 2 220kV LINE","REGULATED","INCLUDED",null,"PLANNED",1]
[92,"TASNETWORKSV5_20230126103852","2021-03-02T12:25:00","T::T_HA_GT_PM_6","T-HAPM_220","2014-07-31",1,-73.778599999999997,"Out = Hadspen to George Town or Hadspen to Palmerston 220 kV line, prevent poorly damped TAS North - South oscillations following trip of remaining in-service Hadspen to George Town or Palmerston to Hadspen 220 kV line, Tamar CCGT out of service.","OUTAGE","OTHER","Palmerston Hadspen 2 220kV LINE","REGULATED","INCLUDED",null,"PLANNED",1]
[93,"TASNETWORKSV5_20230126103852","2021-03-02T12:30:00","T::T_HA_GT_PM_6","T-HAPM_220","2014-07-31",1,-75.717609999999993,"Out = Hadspen to George Town or Hadspen to Palmerston 220 kV line, prevent poorly damped TAS North - South oscillations following trip of remaining in-service Hadspen to George Town or Palmerston to Hadspen 220 kV line, Tamar CCGT out of service.","OUTAGE","OTHER","Palmerston Hadspen 2 220kV LINE","REGULATED","INCLUDED",null,"PLANNED",1]
[94,"TASNETWORKSV5_20230126103852","2021-03-02T12:35:00","T::T_HA_GT_PM_6","T-HAPM_220","2014-07-31",1,-72.135310000000004,"Out = Hadspen to George Town or Hadspen to Palmerston 220 kV line, prevent poorly damped TAS North - South oscillations following trip of remaining in-service Hadspen to George Town or Palmerston to Hadspen 220 kV line, Tamar CCGT out of service.","OUTAGE","OTHER","Palmerston Hadspen 2 220kV LINE","REGULATED","INCLUDED",null,"PLANNED",1]
[95,"TASNETWORKSV5_20230126103852","2021-03-02T12:40:00","T::T_HA_GT_PM_6","T-HAPM_220","2014-07-31",1,-72.171409999999995,"Out = Hadspen to George Town or Hadspen to Palmerston 220 kV line, prevent poorly damped TAS North - South oscillations following trip of remaining in-service Hadspen to George Town or Palmerston to Hadspen 220 kV line, Tamar CCGT out of service.","OUTAGE","OTHER","Palmerston Hadspen 2 220kV LINE","REGULATED","INCLUDED",null,"PLANNED",1]
[96,"TASNETWORKSV5_20230126103852","2021-03-02T12:45:00","T::T_HA_GT_PM_6","T-HAPM_220","2014-07-31",1,-76.240979999999993,"Out = Hadspen to George Town or Hadspen to Palmerston 220 kV line, prevent poorly damped TAS North - South oscillations following trip of remaining in-service Hadspen to George Town or Palmerston to Hadspen 220 kV line, Tamar CCGT out of service.","OUTAGE","OTHER","Palmerston Hadspen 2 220kV LINE","REGULATED","INCLUDED",null,"PLANNED",1]
[97,"TASNETWORKSV5_20230126103852","2021-03-02T12:50:00","T::T_HA_GT_PM_6","T-HAPM_220","2014-07-31",1,-82.275620000000004,"Out = Hadspen to George Town or Hadspen to Palmerston 220 kV line, prevent poorly damped TAS North - South oscillations following trip of remaining in-service Hadspen to George Town or Palmerston to Hadspen 220 kV line, Tamar CCGT out of service.","OUTAGE","OTHER","Palmerston Hadspen 2 220kV LINE","REGULATED","INCLUDED",null,"PLANNED",1]
[98,"TASNETWORKSV5_20230126103852","2021-03-02T12:55:00","T::T_HA_GT_PM_6","T-HAPM_220","2014-07-31",1,-82.130529999999993,"Out = Hadspen to George Town or Hadspen to Palmerston 220 kV line, prevent poorly damped TAS North - South oscillations following trip of remaining in-service Hadspen to George Town or Palmerston to Hadspen 220 kV line, Tamar CCGT out of service.","OUTAGE","OTHER","Palmerston Hadspen 2 220kV LINE","REGULATED","INCLUDED",null,"PLANNED",1]
[99,"TASNETWORKSV5_20230126103852","2021-03-02T13:00:00","T::T_HA_GT_PM_6","T-HAPM_220","2014-07-31",1,-83.94896,"Out = Hadspen to George Town or Hadspen to Palmerston 220 kV line, prevent poorly damped TAS North - South oscillations following trip of remaining in-service Hadspen to George Town or Palmerston to Hadspen 220 kV line, Tamar CCGT out of service.","OUTAGE","OTHER","Palmerston Hadspen 2 220kV LINE","REGULATED","INCLUDED",null,"PLANNED",1]
[100,"TASNETWORKSV5_20230126103852","2021-03-02T13:05:00","T::T_HA_GT_PM_6","T-HAPM_220","2014-07-31",1,-82.311030000000002,"Out = Hadspen to George Town or Hadspen to Palmerston 220 kV line, prevent poorly damped TAS North - South oscillations following trip of remaining in-service Hadspen to George Town or Palmerston to Hadspen 220 kV line, Tamar CCGT out of service.","OUTAGE","OTHER","Palmerston Hadspen 2 220kV LINE","REGULATED","INCLUDED",null,"PLANNED",1]
[101,"TASNETWORKSV5_20230126103852","2021-03-02T13:10:00","T::T_HA_GT_PM_6","T-HAPM_220","2014-07-31",1,-76.204539999999994,"Out = Hadspen to George Town or Hadspen to Palmerston 220 kV line, prevent poorly damped TAS North - South oscillations following trip of remaining in-service Hadspen to George Town or Palmerston to Hadspen 220 kV line, Tamar CCGT out of service.","OUTAGE","OTHER","Palmerston Hadspen 2 220kV LINE","REGULATED","INCLUDED",null,"PLANNED",1]
[102,"TASNETWORKSV5_20230126103852","2021-03-02T13:15:00","T::T_HA_GT_PM_6","T-HAPM_220","2014-07-31",1,-82.150790000000001,"Out = Hadspen to George Town or Hadspen to Palmerston 220 kV line, prevent poorly damped TAS North - South oscillations following trip of remaining in-service Hadspen to George Town or Palmerston to Hadspen 220 kV line, Tamar CCGT out of service.","OUTAGE","OTHER","Palmerston Hadspen 2 220kV LINE","REGULATED","INCLUDED",null,"PLANNED",1]
[103,"TASNETWORKSV5_20230126103852","2021-03-02T13:20:00","T::T_HA_GT_PM_6","T-HAPM_220","2014-07-31",1,-76.064719999999994,"Out = Hadspen to George Town or Hadspen to Palmerston 220 kV line, prevent poorly damped TAS North - South oscillations following trip of remaining in-service Hadspen to George Town or Palmerston to Hadspen 220 kV line, Tamar CCGT out of service.","OUTAGE","OTHER","Palmerston Hadspen 2 220kV LINE","REGULATED","INCLUDED",null,"PLANNED",1]
[104,"TASNETWORKSV5_20230126103852","2021-03-02T13:25:00","T::T_HA_GT_PM_6","T-HAPM_220","2014-07-31",1,-82.130529999999993,"Out = Hadspen to George Town or Hadspen to Palmerston 220 kV line, prevent poorly damped TAS North - South oscillations following trip of remaining in-service Hadspen to George Town or Palmerston to Hadspen 220 kV line, Tamar CCGT out of service.","OUTAGE","OTHER","Palmerston Hadspen 2 220kV LINE","REGULATED","INCLUDED",null,"PLANNED",1]
[105,"TASNETWORKSV5_20230126103852","2021-03-02T13:30:00","T::T_HA_GT_PM_6","T-HAPM_220","2014-07-31",1,-82.295609999999996,"Out = Hadspen to George Town or Hadspen to Palmerston 220 kV line, prevent poorly damped TAS North - South oscillations following trip of remaining in-service Hadspen to George Town or Palmerston to Hadspen 220 kV line, Tamar CCGT out of service.","OUTAGE","OTHER","Palmerston Hadspen 2 220kV LINE","REGULATED","INCLUDED",null,"PLANNED",1]
[106,"TASNETWORKSV5_20230126103852","2021-03-02T13:35:00","T::T_HA_GT_PM_6","T-HAPM_220","2014-07-31",1,-42.571440000000003,"Out = Hadspen to George Town or Hadspen to Palmerston 220 kV line, prevent poorly damped TAS North - South oscillations following trip of remaining in-service Hadspen to George Town or Palmerston to Hadspen 220 kV line, Tamar CCGT out of service.","OUTAGE","OTHER","Palmerston Hadspen 2 220kV LINE","REGULATED","INCLUDED",null,"PLANNED",1]
[107,"TASNETWORKSV5_20230126103852","2021-03-02T13:55:00","T::T_HA_GT_PM_4","T-HAPM_220","2014-07-31",1,-22.176760000000002,"Out = Hadspen to George Town or Hadspen to Palmerston 220 kV line, prevent poorly damped TAS North - South oscillations following fault and trip of Palmerston to Sheffield 220 kV line, Tamar CCGT out of service.","OUTAGE","OTHER","Palmerston Hadspen 2 220kV LINE","REGULATED","INCLUDED",null,"PLANNED",1]
[108,"TASNETWORKSV5_20230126103852","2021-03-02T14:05:00","T::T_HA_GT_PM_4","T-HAPM_220","2014-07-31",1,-46.82094,"Out = Hadspen to George Town or Hadspen to Palmerston 220 kV line, prevent poorly damped TAS North - South oscillations following fault and trip of Palmerston to Sheffield 220 kV line, Tamar CCGT out of service.","OUTAGE","OTHER","Palmerston Hadspen 2 220kV LINE","REGULATED","INCLUDED",null,"PLANNED",1]
[109,"TASNETWORKSV5_20230126103852","2021-03-02T14:10:00","T::T_HA_GT_PM_4","T-HAPM_220","2014-07-31",1,-76.42662,"Out = Hadspen to George Town or Hadspen to Palmerston 220 kV line, prevent poorly damped TAS North - South oscillations following fault and trip of Palmerston to Sheffield 220 kV line, Tamar CCGT out of service.","OUTAGE","OTHER","Palmerston Hadspen 2 220kV LINE","REGULATED","INCLUDED",null,"PLANNED",1]
[110,"TASNETWORKSV5_20230126103852","2021-03-02T14:15:00","T::T_HA_GT_PM_4","T-HAPM_220","2014-07-31",1,-44.316389999999998,"Out = Hadspen to George Town or Hadspen to Palmerston 220 kV line, prevent poorly damped TAS North - South oscillations following fault and trip of Palmerston to Sheffield 220 kV line, Tamar CCGT out of service.","OUTAGE","OTHER","Palmerston Hadspen 2 220kV LINE","REGULATED","INCLUDED",null,"PLANNED",1]
[111,"TASNETWORKSV5_20230126103852","2021-03-02T14:20:00","T::T_HA_GT_PM_4","T-HAPM_220","2014-07-31",1,-38.256990000000002,"Out = Hadspen to George Town or Hadspen to Palmerston 220 kV line, prevent poorly damped TAS North - South oscillations following fault and trip of Palmerston to Sheffield 220 kV line, Tamar CCGT out of service.","OUTAGE","OTHER","Palmerston Hadspen 2 220kV LINE","REGULATED","INCLUDED",null,"PLANNED",1]
[112,"TASNETWORKSV5_20230126103852","2021-03-02T14:25:00","T::T_HA_GT_PM_4","T-HAPM_220","2014-07-31",1,-40.351410000000001,"Out = Hadspen to George Town or Hadspen to Palmerston 220 kV line, prevent poorly damped TAS North - South oscillations following fault and trip of Palmerston to Sheffield 220 kV line, Tamar CCGT out of service.","OUTAGE","OTHER","Palmerston Hadspen 2 220kV LINE","REGULATED","INCLUDED",null,"PLANNED",1]
[113,"TASNETWORKSV5_20230126103852","2021-03-02T14:30:00","T::T_HA_GT_PM_4","T-HAPM_220","2014-07-31",1,-16.187270000000002,"Out = Hadspen to George Town or Hadspen to Palmerston 220 kV line, prevent poorly damped TAS North - South oscillations following fault and trip of Palmerston to Sheffield 220 kV line, Tamar CCGT out of service.","OUTAGE","OTHER","Palmerston Hadspen 2 220kV LINE","REGULATED","INCLUDED",null,"PLANNED",1]
[114,"TASNETWORKSV5_20230126103852","2021-03-02T14:35:00","T::T_HA_GT_PM_4","T-HAPM_220","2014-07-31",1,-37.159999999999997,"Out = Hadspen to George Town or Hadspen to Palmerston 220 kV line, prevent poorly damped TAS North - South oscillations following fault and trip of Palmerston to Sheffield 220 kV line, Tamar CCGT out of service.","OUTAGE","OTHER","Palmerston Hadspen 2 220kV LINE","REGULATED","INCLUDED",null,"PLANNED",1]
[115,"TASNETWORKSV5_20230126103852","2021-03-02T14:40:00","T::T_HA_GT_PM_4","T-HAPM_220","2014-07-31",1,-41.825800000000001,"Out = Hadspen to George Town or Hadspen to Palmerston 220 kV line, prevent poorly damped TAS North - South oscillations following fault and trip of Palmerston to Sheffield 220 kV line, Tamar CCGT out of service.","OUTAGE","OTHER","Palmerston Hadspen 2 220kV LINE","REGULATED","INCLUDED",null,"PLANNED",1]
[116,"TASNETWORKSV5_20230126103852","2021-03-02T14:45:00","T::T_HA_GT_PM_4","T-HAPM_220","2014-07-31",1,-44.06,"Out = Hadspen to George Town or Hadspen to Palmerston 220 kV line, prevent poorly damped TAS North - South oscillations following fault and trip of Palmerston to Sheffield 220 kV line, Tamar CCGT out of service.","OUTAGE","OTHER","Palmerston Hadspen 2 220kV LINE","REGULATED","INCLUDED",null,"PLANNED",1]
[117,"TASNETWORKSV5_20230126103852","2021-03-02T14:50:00","T::T_HA_GT_PM_4","T-HAPM_220","2014-07-31",1,-44.06,"Out = Hadspen to George Town or Hadspen to Palmerston 220 kV line, prevent poorly damped TAS North - South oscillations following fault and trip of Palmerston to Sheffield 220 kV line, Tamar CCGT out of service.","OUTAGE","OTHER","Palmerston Hadspen 2 220kV LINE","REGULATED","INCLUDED",null,"PLANNED",1]
[118,"TASNETWORKSV5_20230126103852","2021-03-02T14:55:00","T::T_HA_GT_PM_4","T-HAPM_220","2014-07-31",1,-41.86,"Out = Hadspen to George Town or Hadspen to Palmerston 220 kV line, prevent poorly damped TAS North - South oscillations following fault and trip of Palmerston to Sheffield 220 kV line, Tamar CCGT out of service.","OUTAGE","OTHER","Palmerston Hadspen 2 220kV LINE","REGULATED","INCLUDED",null,"PLANNED",1]
[119,"TASNETWORKSV5_20230126103852","2021-03-02T15:00:00","T::T_HA_GT_PM_4","T-HAPM_220","2014-07-31",1,-44.06,"Out = Hadspen to George Town or Hadspen to Palmerston 220 kV line, prevent poorly damped TAS North - South oscillations following fault and trip of Palmerston to Sheffield 220 kV line, Tamar CCGT out of service.","OUTAGE","OTHER","Palmerston Hadspen 2 220kV LINE","REGULATED","INCLUDED",null,"PLANNED",1]
[120,"TASNETWORKSV5_20230126103852","2021-03-02T15:05:00","T::T_HA_GT_PM_4","T-HAPM_220","2014-07-31",1,-41.86,"Out = Hadspen to George Town or Hadspen to Palmerston 220 kV line, prevent poorly damped TAS North - South oscillations following fault and trip of Palmerston to Sheffield 220 kV line, Tamar CCGT out of service.","OUTAGE","OTHER","Palmerston Hadspen 2 220kV LINE","REGULATED","INCLUDED",null,"PLANNED",1]
[121,"TASNETWORKSV5_20230126103852","2021-03-02T15:10:00","T::T_HA_GT_PM_4","T-HAPM_220","2014-07-31",1,-38.679760000000002,"Out = Hadspen to George Town or Hadspen to Palmerston 220 kV line, prevent poorly damped TAS North - South oscillations following fault and trip of Palmerston to Sheffield 220 kV line, Tamar CCGT out of service.","OUTAGE","OTHER","Palmerston Hadspen 2 220kV LINE","REGULATED","INCLUDED",null,"PLANNED",1]
[122,"TASNETWORKSV5_20230126103852","2021-03-02T15:15:00","T::T_HA_GT_PM_4","T-HAPM_220","2014-07-31",1,-38.357979999999998,"Out = Hadspen to George Town or Hadspen to Palmerston 220 kV line, prevent poorly damped TAS North - South oscillations following fault and trip of Palmerston to Sheffield 220 kV line, Tamar CCGT out of service.","OUTAGE","OTHER","Palmerston Hadspen 2 220kV LINE","REGULATED","INCLUDED",null,"PLANNED",1]
[123,"TASNETWORKSV5_20230126103852","2021-03-02T15:20:00","T::T_HA_GT_PM_4","T-HAPM_220","2014-07-31",1,-40.772730000000003,"Out = Hadspen to George Town or Hadspen to Palmerston 220 kV line, prevent poorly damped TAS North - South oscillations following fault and trip of Palmerston to Sheffield 220 kV line, Tamar CCGT out of service.","OUTAGE","OTHER","Palmerston Hadspen 2 220kV LINE","REGULATED","INCLUDED",null,"PLANNED",1]
[124,"TASNETWORKSV5_20230126103852","2021-03-02T15:25:00","T::T_HA_GT_PM_4","T-HAPM_220","2014-07-31",1,-39.234409999999997,"Out = Hadspen to George Town or Hadspen to Palmerston 220 kV line, prevent poorly damped TAS North - South oscillations following fault and trip of Palmerston to Sheffield 220 kV line, Tamar CCGT out of service.","OUTAGE","OTHER","Palmerston Hadspen 2 220kV LINE","REGULATED","INCLUDED",null,"PLANNED",1]
[125,"TASNETWORKSV5_20230126103852","2021-03-02T15:30:00","T::T_HA_GT_PM_4","T-HAPM_220","2014-07-31",1,-41.773000000000003,"Out = Hadspen to George Town or Hadspen to Palmerston 220 kV line, prevent poorly damped TAS North - South oscillations following fault and trip of Palmerston to Sheffield 220 kV line, Tamar CCGT out of service.","OUTAGE","OTHER","Palmerston Hadspen 2 220kV LINE","REGULATED","INCLUDED",null,"PLANNED",1]
[126,"TASNETWORKSV5_20230126103852","2021-03-02T15:35:00","T::T_HA_GT_PM_4","T-HAPM_220","2014-07-31",1,-33.26688,"Out = Hadspen to George Town or Hadspen to Palmerston 220 kV line, prevent poorly damped TAS North - South oscillations following fault and trip of Palmerston to Sheffield 220 kV line, Tamar CCGT out of service.","OUTAGE","OTHER","Palmerston Hadspen 2 220kV LINE","REGULATED","INCLUDED",null,"PLANNED",1]
[127,"TASNETWORKSV5_20230126103852","2021-03-02T15:40:00","T::T_HA_GT_PM_4","T-HAPM_220","2014-07-31",1,-33.898809999999997,"Out = Hadspen to George Town or Hadspen to Palmerston 220 kV line, prevent poorly damped TAS North - South oscillations following fault and trip of Palmerston to Sheffield 220 kV line, Tamar CCGT out of service.","OUTAGE","OTHER","Palmerston Hadspen 2 220kV LINE","REGULATED","INCLUDED",null,"PLANNED",1]
[128,"TASNETWORKSV5_20230126103852","2021-03-02T15:45:00","T::T_HA_GT_PM_4","T-HAPM_220","2014-07-31",1,-39.8339,"Out = Hadspen to George Town or Hadspen to Palmerston 220 kV line, prevent poorly damped TAS North - South oscillations following fault and trip of Palmerston to Sheffield 220 kV line, Tamar CCGT out of service.","OUTAGE","OTHER","Palmerston Hadspen 2 220kV LINE","REGULATED","INCLUDED",null,"PLANNED",1]
[129,"TASNETWORKSV5_20230126103852","2021-03-02T15:50:00","T::T_HA_GT_PM_4","T-HAPM_220","2014-07-31",1,-39.612400000000001,"Out = Hadspen to George Town or Hadspen to Palmerston 220 kV line, prevent poorly damped TAS North - South oscillations following fault and trip of Palmerston to Sheffield 220 kV line, Tamar CCGT out of service.","OUTAGE","OTHER","Palmerston Hadspen 2 220kV LINE","REGULATED","INCLUDED",null,"PLANNED",1]
[130,"TASNETWORKSV5_20230126103852","2021-03-02T15:55:00","T::T_HA_GT_PM_4","T-HAPM_220","2014-07-31",1,-40.292749999999998,"Out = Hadspen to George Town or Hadspen to Palmerston 220 kV line, prevent poorly damped TAS North - South oscillations following fault and trip of Palmerston to Sheffield 220 kV line, Tamar CCGT out of service.","OUTAGE","OTHER","Palmerston Hadspen 2 220kV LINE","REGULATED","INCLUDED",null,"PLANNED",1]
[131,"TASNETWORKSV5_20230126103852","2021-03-02T16:00:00","T::T_HA_GT_PM_4","T-HAPM_220","2014-07-31",1,-40.172060000000002,"Out = Hadspen to George Town or Hadspen to Palmerston 220 kV line, prevent poorly damped TAS North - South oscillations following fault and trip of Palmerston to Sheffield 220 kV line, Tamar CCGT out of service.","OUTAGE","OTHER","Palmerston Hadspen 2 220kV LINE","REGULATED","INCLUDED",null,"PLANNED",1]
[132,"TASNETWORKSV5_20230126103852","2021-03-02T16:05:00","T::T_HA_GT_PM_4","T-HAPM_220","2014-07-31",1,-44.06,"Out = Hadspen to George Town or Hadspen to Palmerston 220 kV line, prevent poorly damped TAS North - South oscillations following fault and trip of Palmerston to Sheffield 220 kV line, Tamar CCGT out of service.","OUTAGE","OTHER","Palmerston Hadspen 2 220kV LINE","REGULATED","INCLUDED",null,"PLANNED",1]
[133,"TASNETWORKSV5_20230126103852","2021-03-02T16:10:00","T::T_HA_GT_PM_4","T-HAPM_220","2014-07-31",1,-44.06,"Out = Hadspen to George Town or Hadspen to Palmerston 220 kV line, prevent poorly damped TAS North - South oscillations following fault and trip of Palmerston to Sheffield 220 kV line, Tamar CCGT out of service.","OUTAGE","OTHER","Palmerston Hadspen 2 220kV LINE","REGULATED","INCLUDED",null,"PLANNED",1]
[134,"TASNETWORKSV5_20230126103852","2021-03-02T16:15:00","T::T_HA_GT_PM_4","T-HAPM_220","2014-07-31",1,-44.06,"Out = Hadspen to George Town or Hadspen to Palmerston 220 kV line, prevent poorly damped TAS North - South oscillations following fault and trip of Palmerston to Sheffield 220 kV line, Tamar CCGT out of service.","OUTAGE","OTHER","Palmerston Hadspen 2 220kV LINE","REGULATED","INCLUDED",null,"PLANNED",1]
[135,"TASNETWORKSV5_20230126103852","2021-03-02T16:20:00","T::T_HA_GT_PM_4","T-HAPM_220","2014-07-31",1,-36.831130000000002,"Out = Hadspen to George Town or Hadspen to Palmerston 220 kV line, prevent poorly damped TAS North - South oscillations following fault and trip of Palmerston to Sheffield 220 kV line, Tamar CCGT out of service.","OUTAGE","OTHER","Palmerston Hadspen 2 220kV LINE","REGULATED","INCLUDED",null,"PLANNED",1]
[136,"TASNETWORKSV5_20230126103852","2021-03-02T16:25:00","T::T_HA_GT_PM_4","T-HAPM_220","2014-07-31",1,-37.84328,"Out = Hadspen to George Town or Hadspen to Palmerston 220 kV line, prevent poorly damped TAS North - South oscillations following fault and trip of Palmerston to Sheffield 220 kV line, Tamar CCGT out of service.","OUTAGE","OTHER","Palmerston Hadspen 2 220kV LINE","REGULATED","INCLUDED",null,"PLANNED",1]
[137,"TASNETWORKSV5_20230126103852","2021-03-02T16:30:00","T::T_HA_GT_PM_4","T-HAPM_220","2014-07-31",1,-37.84252,"Out = Hadspen to George Town or Hadspen to Palmerston 220 kV line, prevent poorly damped TAS North - South oscillations following fault and trip of Palmerston to Sheffield 220 kV line, Tamar CCGT out of service.","OUTAGE","OTHER","Palmerston Hadspen 2 220kV LINE","REGULATED","INCLUDED",null,"PLANNED",1]
[138,"TASNETWORKSV5_20230126103852","2021-03-02T16:35:00","T::T_HA_GT_PM_4","T-HAPM_220","2014-07-31",1,-39.320259999999998,"Out = Hadspen to George Town or Hadspen to Palmerston 220 kV line, prevent poorly damped TAS North - South oscillations following fault and trip of Palmerston to Sheffield 220 kV line, Tamar CCGT out of service.","OUTAGE","OTHER","Palmerston Hadspen 2 220kV LINE","REGULATED","INCLUDED",null,"PLANNED",1]
[139,"TASNETWORKSV5_20230126103852","2021-03-02T16:40:00","T::T_HA_GT_PM_4","T-HAPM_220","2014-07-31",1,-33.772559999999999,"Out = Hadspen to George Town or Hadspen to Palmerston 220 kV line, prevent poorly damped TAS North - South oscillations following fault and trip of Palmerston to Sheffield 220 kV line, Tamar CCGT out of service.","OUTAGE","OTHER","Palmerston Hadspen 2 220kV LINE","REGULATED","INCLUDED",null,"PLANNED",1]
[140,"TASNETWORKSV5_20230126103852","2021-03-02T16:45:00","T::T_HA_GT_PM_4","T-HAPM_220","2014-07-31",1,-37.985599999999998,"Out = Hadspen to George Town or Hadspen to Palmerston 220 kV line, prevent poorly damped TAS North - South oscillations following fault and trip of Palmerston to Sheffield 220 kV line, Tamar CCGT out of service.","OUTAGE","OTHER","Palmerston Hadspen 2 220kV LINE","REGULATED","INCLUDED",null,"PLANNED",1]
[141,"TASNETWORKSV5_20230126103852","2021-03-02T16:50:00","T::T_HA_GT_PM_4","T-HAPM_220","2014-07-31",1,-37.830910000000003,"Out = Hadspen to George Town or Hadspen to Palmerston 220 kV line, prevent poorly damped TAS North - South oscillations following fault and trip of Palmerston to Sheffield 220 kV line, Tamar CCGT out of service.","OUTAGE","OTHER","Palmerston Hadspen 2 220kV LINE","REGULATED","INCLUDED",null,"PLANNED",1]
[142,"TASNETWORKSV5_20230126103852","2021-03-02T16:55:00","T::T_HA_GT_PM_4","T-HAPM_220","2014-07-31",1,-33.83954,"Out = Hadspen to George Town or Hadspen to Palmerston 220 kV line, prevent poorly damped TAS North - South oscillations following fault and trip of Palmerston to Sheffield 220 kV line, Tamar CCGT out of service.","OUTAGE","OTHER","Palmerston Hadspen 2 220kV LINE","REGULATED","INCLUDED",null,"PLANNED",1]
[143,"TASNETWORKSV5_20230126103852","2021-03-02T17:00:00","T::T_HA_GT_PM_4","T-HAPM_220","2014-07-31",1,-42.916069999999998,"Out = Hadspen to George Town or Hadspen to Palmerston 220 kV line, prevent poorly damped TAS North - South oscillations following fault and trip of Palmerston to Sheffield 220 kV line, Tamar CCGT out of service.","OUTAGE","OTHER","Palmerston Hadspen 2 220kV LINE","REGULATED","INCLUDED",null,"PLANNED",1]
[144,"TASNETWORKSV5_20230126103852","2021-03-02T17:05:00","T::T_HA_GT_PM_4","T-HAPM_220","2014-07-31",1,-44.06,"Out = Hadspen to George Town or Hadspen to Palmerston 220 kV line, prevent poorly damped TAS North - South oscillations following fault and trip of Palmerston to Sheffield 220 kV line, Tamar CCGT out of service.","OUTAGE","OTHER","Palmerston Hadspen 2 220kV LINE","REGULATED","INCLUDED",null,"PLANNED",1]
[145,"TASNETWORKSV5_20230126103852","2021-03-02T17:10:00","T::T_HA_GT_PM_4","T-HAPM_220","2014-07-31",1,-40.960290000000001,"Out = Hadspen to George Town or Hadspen to Palmerston 220 kV line, prevent poorly damped TAS North - South oscillations following fault and trip of Palmerston to Sheffield 220 kV line, Tamar CCGT out of service.","OUTAGE","OTHER","Palmerston Hadspen 2 220kV LINE","REGULATED","INCLUDED",null,"PLANNED",1]
[146,"TASNETWORKSV5_20230126103852","2021-03-02T17:15:00","T::T_HA_GT_PM_4","T-HAPM_220","2014-07-31",1,-44.06,"Out = Hadspen to George Town or Hadspen to Palmerston 220 kV line, prevent poorly damped TAS North - South oscillations following fault and trip of Palmerston to Sheffield 220 kV line, Tamar CCGT out of service.","OUTAGE","OTHER","Palmerston Hadspen 2 220kV LINE","REGULATED","INCLUDED",null,"PLANNED",1]
[147,"TASNETWORKSV5_20230126103852","2021-03-02T17:20:00","T::T_HA_GT_PM_4","T-HAPM_220","2014-07-31",1,-44.06,"Out = Hadspen to George Town or Hadspen to Palmerston 220 kV line, prevent poorly damped TAS North - South oscillations following fault and trip of Palmerston to Sheffield 220 kV line, Tamar CCGT out of service.","OUTAGE","OTHER","Palmerston Hadspen 2 220kV LINE","REGULATED","INCLUDED",null,"PLANNED",1]
[148,"TASNETWORKSV5_20230126103852","2021-03-02T17:25:00","T::T_HA_GT_PM_4","T-HAPM_220","2014-07-31",1,-43.24,"Out = Hadspen to George Town or Hadspen to Palmerston 220 kV line, prevent poorly damped TAS North - South oscillations following fault and trip of Palmerston to Sheffield 220 kV line, Tamar CCGT out of service.","OUTAGE","OTHER","Palmerston Hadspen 2 220kV LINE","REGULATED","INCLUDED",null,"PLANNED",1]
[149,"TASNETWORKSV5_20230126103852","2021-03-02T17:30:00","T::T_HA_GT_PM_4","T-HAPM_220","2014-07-31",1,-43.24,"Out = Hadspen to George Town or Hadspen to Palmerston 220 kV line, prevent poorly damped TAS North - South oscillations following fault and trip of Palmerston to Sheffield 220 kV line, Tamar CCGT out of service.","OUTAGE","OTHER","Palmerston Hadspen 2 220kV LINE","REGULATED","INCLUDED",null,"PLANNED",1]
[150,"TASNETWORKSV5_20230126103852","2021-03-02T17:35:00","T::T_HA_GT_PM_4","T-HAPM_220","2014-07-31",1,-39.28631,"Out = Hadspen to George Town or Hadspen to Palmerston 220 kV line, prevent poorly damped TAS North - South oscillations following fault and trip of Palmerston to Sheffield 220 kV line, Tamar CCGT out of service.","OUTAGE","OTHER","Palmerston Hadspen 2 220kV LINE","REGULATED","INCLUDED",null,"PLANNED",1]
[151,"TASNETWORKSV5_20230126103852","2021-03-02T17:40:00","T::T_HA_GT_PM_4","T-HAPM_220","2014-07-31",1,-37.939950000000003,"Out = Hadspen to George Town or Hadspen to Palmerston 220 kV line, prevent poorly damped TAS North - South oscillations following fault and trip of Palmerston to Sheffield 220 kV line, Tamar CCGT out of service.","OUTAGE","OTHER","Palmerston Hadspen 2 220kV LINE","REGULATED","INCLUDED",null,"PLANNED",1]
[152,"TASNETWORKSV5_20230126103852","2021-03-02T17:45:00","T::T_HA_GT_PM_4","T-HAPM_220","2014-07-31",1,-35.909010000000002,"Out = Hadspen to George Town or Hadspen to Palmerston 220 kV line, prevent poorly damped TAS North - South oscillations following fault and trip of Palmerston to Sheffield 220 kV line, Tamar CCGT out of service.","OUTAGE","OTHER","Palmerston Hadspen 2 220kV LINE","REGULATED","INCLUDED",null,"PLANNED",1]
[153,"TASNETWORKSV5_20230126103852","2021-03-02T17:50:00","T::T_HA_GT_PM_4","T-HAPM_220","2014-07-31",1,-29.4298,"Out = Hadspen to George Town or Hadspen to Palmerston 220 kV line, prevent poorly damped TAS North - South oscillations following fault and trip of Palmerston to Sheffield 220 kV line, Tamar CCGT out of service.","OUTAGE","OTHER","Palmerston Hadspen 2 220kV LINE","REGULATED","INCLUDED",null,"PLANNED",1]
[154,"TASNETWORKSV5_20230126103852","2021-03-02T17:55:00","T::T_HA_GT_PM_4","T-HAPM_220","2014-07-31",1,-29.319230000000001,"Out = Hadspen to George Town or Hadspen to Palmerston 220 kV line, prevent poorly damped TAS North - South oscillations following fault and trip of Palmerston to Sheffield 220 kV line, Tamar CCGT out of service.","OUTAGE","OTHER","Palmerston Hadspen 2 220kV LINE","REGULATED","INCLUDED",null,"PLANNED",1]
[155,"TASNETWORKSV5_20230126103852","2021-03-02T18:00:00","T::T_HA_GT_PM_4","T-HAPM_220","2014-07-31",1,-29.933710000000001,"Out = Hadspen to George Town or Hadspen to Palmerston 220 kV line, prevent poorly damped TAS North - South oscillations following fault and trip of Palmerston to Sheffield 220 kV line, Tamar CCGT out of service.","OUTAGE","OTHER","Palmerston Hadspen 2 220kV LINE","REGULATED","INCLUDED",null,"PLANNED",1]
[156,"TASNETWORKSV5_20230126103852","2021-03-02T18:05:00","T::T_HA_GT_PM_4","T-HAPM_220","2014-07-31",1,-36.403820000000003,"Out = Hadspen to George Town or Hadspen to Palmerston 220 kV line, prevent poorly damped TAS North - South oscillations following fault and trip of Palmerston to Sheffield 220 kV line, Tamar CCGT out of service.","OUTAGE","OTHER","Palmerston Hadspen 2 220kV LINE","REGULATED","INCLUDED",null,"PLANNED",1]
[157,"TASNETWORKSV5_20230126103852","2021-03-02T18:10:00","T::T_HA_GT_PM_4","T-HAPM_220","2014-07-31",1,-44.06,"Out = Hadspen to George Town or Hadspen to Palmerston 220 kV line, prevent poorly damped TAS North - South oscillations following fault and trip of Palmerston to Sheffield 220 kV line, Tamar CCGT out of service.","OUTAGE","OTHER","Palmerston Hadspen 2 220kV LINE","REGULATED","INCLUDED",null,"PLANNED",1]
[158,"TASNETWORKSV5_20230126103852","2021-03-02T18:15:00","T::T_HA_GT_PM_4","T-HAPM_220","2014-07-31",1,-44.06,"Out = Hadspen to George Town or Hadspen to Palmerston 220 kV line, prevent poorly damped TAS North - South oscillations following fault and trip of Palmerston to Sheffield 220 kV line, Tamar CCGT out of service.","OUTAGE","OTHER","Palmerston Hadspen 2 220kV LINE","REGULATED","INCLUDED",null,"PLANNED",1]
[159,"TASNETWORKSV5_20230126103852","2021-03-02T18:20:00","T::T_HA_GT_PM_4","T-HAPM_220","2014-07-31",1,-41.057839999999999,"Out = Hadspen to George Town or Hadspen to Palmerston 220 kV line, prevent poorly damped TAS North - South oscillations following fault and trip of Palmerston to Sheffield 220 kV line, Tamar CCGT out of service.","OUTAGE","OTHER","Palmerston Hadspen 2 220kV LINE","REGULATED","INCLUDED",null,"PLANNED",1]
[160,"TASNETWORKSV5_20230126103852","2021-03-02T18:25:00","T::T_HA_GT_PM_4","T-HAPM_220","2014-07-31",1,-44.06,"Out = Hadspen to George Town or Hadspen to Palmerston 220 kV line, prevent poorly damped TAS North - South oscillations following fault and trip of Palmerston to Sheffield 220 kV line, Tamar CCGT out of service.","OUTAGE","OTHER","Palmerston Hadspen 2 220kV LINE","REGULATED","INCLUDED",null,"PLANNED",1]
[161,"TASNETWORKSV5_20230126103852","2021-03-02T18:30:00","T::T_HA_GT_PM_4","T-HAPM_220","2014-07-31",1,-44.22,"Out = Hadspen to George Town or Hadspen to Palmerston 220 kV line, prevent poorly damped TAS North - South oscillations following fault and trip of Palmerston to Sheffield 220 kV line, Tamar CCGT out of service.","OUTAGE","OTHER","Palmerston Hadspen 2 220kV LINE","REGULATED","INCLUDED",null,"PLANNED",1]
[162,"TASNETWORKSV5_20230126103852","2021-03-02T18:35:00","T::T_HA_GT_PM_4","T-HAPM_220","2014-07-31",1,-44.06,"Out = Hadspen to George Town or Hadspen to Palmerston 220 kV line, prevent poorly damped TAS North - South oscillations following fault and trip of Palmerston to Sheffield 220 kV line, Tamar CCGT out of service.","OUTAGE","OTHER","Palmerston Hadspen 2 220kV LINE","REGULATED","INCLUDED",null,"PLANNED",1]
[163,"TASNETWORKSV5_20230126103852","2021-03-02T18:40:00","T::T_HA_GT_PM_4","T-HAPM_220","2014-07-31",1,-44.12079,"Out = Hadspen to George Town or Hadspen to Palmerston 220 kV line, prevent poorly damped TAS North - South oscillations following fault and trip of Palmerston to Sheffield 220 kV line, Tamar CCGT out of service.","OUTAGE","OTHER","Palmerston Hadspen 2 220kV LINE","REGULATED","INCLUDED",null,"PLANNED",1]
[164,"TASNETWORKSV5_20230126103852","2021-03-02T18:45:00","T::T_HA_GT_PM_4","T-HAPM_220","2014-07-31",1,-44.06,"Out = Hadspen to George Town or Hadspen to Palmerston 220 kV line, prevent poorly damped TAS North - South oscillations following fault and trip of Palmerston to Sheffield 220 kV line, Tamar CCGT out of service.","OUTAGE","OTHER","Palmerston Hadspen 2 220kV LINE","REGULATED","INCLUDED",null,"PLANNED",1]
[165,"TASNETWORKSV5_20230126103852","2021-03-02T18:50:00","T::T_HA_GT_PM_4","T-HAPM_220","2014-07-31",1,-44.06,"Out = Hadspen to George Town or Hadspen to Palmerston 220 kV line, prevent poorly damped TAS North - South oscillations following fault and trip of Palmerston to Sheffield 220 kV line, Tamar CCGT out of service.","OUTAGE","OTHER","Palmerston Hadspen 2 220kV LINE","REGULATED","INCLUDED",null,"PLANNED",1]
[166,"TASNETWORKSV5_20230126103852","2021-03-02T18:55:00","T::T_HA_GT_PM_4","T-HAPM_220","2014-07-31",1,-44.06,"Out = Hadspen to George Town or Hadspen to Palmerston 220 kV line, prevent poorly damped TAS North - South oscillations following fault and trip of Palmerston to Sheffield 220 kV line, Tamar CCGT out of service.","OUTAGE","OTHER","Palmerston Hadspen 2 220kV LINE","REGULATED","INCLUDED",null,"PLANNED",1]
[167,"TASNETWORKSV5_20230126103852","2021-03-02T19:00:00","T::T_HA_GT_PM_4","T-HAPM_220","2014-07-31",1,-47.049610000000001,"Out = Hadspen to George Town or Hadspen to Palmerston 220 kV line, prevent poorly damped TAS North - South oscillations following fault and trip of Palmerston to Sheffield 220 kV line, Tamar CCGT out of service.","OUTAGE","OTHER","Palmerston Hadspen 2 220kV LINE","REGULATED","INCLUDED",null,"PLANNED",1]
[168,"TASNETWORKSV5_20230126103852","2021-03-02T19:05:00","T::T_HA_GT_PM_4","T-HAPM_220","2014-07-31",1,-47.049610000000001,"Out = Hadspen to George Town or Hadspen to Palmerston 220 kV line, prevent poorly damped TAS North - South oscillations following fault and trip of Palmerston to Sheffield 220 kV line, Tamar CCGT out of service.","OUTAGE","OTHER","Palmerston Hadspen 2 220kV LINE","REGULATED","INCLUDED",null,"PLANNED",1]
[169,"TASNETWORKSV5_20230126103852","2021-03-02T19:10:00","T::T_HA_GT_PM_4","T-HAPM_220","2014-07-31",1,-47.049610000000001,"Out = Hadspen to George Town or Hadspen to Palmerston 220 kV line, prevent poorly damped TAS North - South oscillations following fault and trip of Palmerston to Sheffield 220 kV line, Tamar CCGT out of service.","OUTAGE","OTHER","Palmerston Hadspen 2 220kV LINE","REGULATED","INCLUDED",null,"PLANNED",1]
[170,"TASNETWORKSV5_20230126103852","2021-03-02T19:15:00","T::T_HA_GT_PM_4","T-HAPM_220","2014-07-31",1,-47.049610000000001,"Out = Hadspen to George Town or Hadspen to Palmerston 220 kV line, prevent poorly damped TAS North - South oscillations following fault and trip of Palmerston to Sheffield 220 kV line, Tamar CCGT out of service.","OUTAGE","OTHER","Palmerston Hadspen 2 220kV LINE","REGULATED","INCLUDED",null,"PLANNED",1]
[171,"TASNETWORKSV5_20230126103852","2021-03-02T19:20:00","T::T_HA_GT_PM_4","T-HAPM_220","2014-07-31",1,-47.049610000000001,"Out = Hadspen to George Town or Hadspen to Palmerston 220 kV line, prevent poorly damped TAS North - South oscillations following fault and trip of Palmerston to Sheffield 220 kV line, Tamar CCGT out of service.","OUTAGE","OTHER","Palmerston Hadspen 2 220kV LINE","REGULATED","INCLUDED",null,"PLANNED",1]
[172,"TASNETWORKSV5_20230126103852","2021-03-02T19:25:00","T::T_HA_GT_PM_4","T-HAPM_220","2014-07-31",1,-47.209609999999998,"Out = Hadspen to George Town or Hadspen to Palmerston 220 kV line, prevent poorly damped TAS North - South oscillations following fault and trip of Palmerston to Sheffield 220 kV line, Tamar CCGT out of service.","OUTAGE","OTHER","Palmerston Hadspen 2 220kV LINE","REGULATED","INCLUDED",null,"PLANNED",1]
[173,"TASNETWORKSV5_20230126103852","2021-03-02T19:30:00","T::T_HA_GT_PM_4","T-HAPM_220","2014-07-31",1,-44.22,"Out = Hadspen to George Town or Hadspen to Palmerston 220 kV line, prevent poorly damped TAS North - South oscillations following fault and trip of Palmerston to Sheffield 220 kV line, Tamar CCGT out of service.","OUTAGE","OTHER","Palmerston Hadspen 2 220kV LINE","REGULATED","INCLUDED",null,"PLANNED",1]
[174,"TASNETWORKSV5_20230126103852","2021-03-02T19:35:00","T::T_HA_GT_PM_4","T-HAPM_220","2014-07-31",1,-44.06,"Out = Hadspen to George Town or Hadspen to Palmerston 220 kV line, prevent poorly damped TAS North - South oscillations following fault and trip of Palmerston to Sheffield 220 kV line, Tamar CCGT out of service.","OUTAGE","OTHER","Palmerston Hadspen 2 220kV LINE","REGULATED","INCLUDED",null,"PLANNED",1]
[175,"TASNETWORKSV5_20230126103852","2021-03-02T19:40:00","T::T_HA_GT_PM_4","T-HAPM_220","2014-07-31",1,-45.941740000000003,"Out = Hadspen to George Town or Hadspen to Palmerston 220 kV line, prevent poorly damped TAS North - South oscillations following fault and trip of Palmerston to Sheffield 220 kV line, Tamar CCGT out of service.","OUTAGE","OTHER","Palmerston Hadspen 2 220kV LINE","REGULATED","INCLUDED",null,"PLANNED",1]
[176,"TASNETWORKSV5_20230126103852","2021-03-02T19:45:00","T::T_HA_GT_PM_4","T-HAPM_220","2014-07-31",1,-44.06,"Out = Hadspen to George Town or Hadspen to Palmerston 220 kV line, prevent poorly damped TAS North - South oscillations following fault and trip of Palmerston to Sheffield 220 kV line, Tamar CCGT out of service.","OUTAGE","OTHER","Palmerston Hadspen 2 220kV LINE","REGULATED","INCLUDED",null,"PLANNED",1]
[177,"TASNETWORKSV5_20230126103852","2021-03-02T19:50:00","T::T_HA_GT_PM_4","T-HAPM_220","2014-07-31",1,-44.06,"Out = Hadspen to George Town or Hadspen to Palmerston 220 kV line, prevent poorly damped TAS North - South oscillations following fault and trip of Palmerston to Sheffield 220 kV line, Tamar CCGT out of service.","OUTAGE","OTHER","Palmerston Hadspen 2 220kV LINE","REGULATED","INCLUDED",null,"PLANNED",1]
[178,"TASNETWORKSV5_20230126103852","2021-03-02T19:55:00","T::T_HA_GT_PM_4","T-HAPM_220","2014-07-31",1,-44.06,"Out = Hadspen to George Town or Hadspen to Palmerston 220 kV line, prevent poorly damped TAS North - South oscillations following fault and trip of Palmerston to Sheffield 220 kV line, Tamar CCGT out of service.","OUTAGE","OTHER","Palmerston Hadspen 2 220kV LINE","REGULATED","INCLUDED",null,"PLANNED",1]
[179,"TASNETWORKSV5_20230126103852","2021-03-02T20:00:00","T::T_HA_GT_PM_4","T-HAPM_220","2014-07-31",1,-44.06,"Out = Hadspen to George Town or Hadspen to Palmerston 220 kV line, prevent poorly damped TAS North - South oscillations following fault and trip of Palmerston to Sheffield 220 kV line, Tamar CCGT out of service.","OUTAGE","OTHER","Palmerston Hadspen 2 220kV LINE","REGULATED","INCLUDED",null,"PLANNED",1]
[180,"TASNETWORKSV5_20230126103852","2021-03-02T20:05:00","T::T_HA_GT_PM_4","T-HAPM_220","2014-07-31",1,-47.049610000000001,"Out = Hadspen to George Town or Hadspen to Palmerston 220 kV line, prevent poorly damped TAS North - South oscillations following fault and trip of Palmerston to Sheffield 220 kV line, Tamar CCGT out of service.","OUTAGE","OTHER","Palmerston Hadspen 2 220kV LINE","REGULATED","INCLUDED",null,"PLANNED",1]
[181,"TASNETWORKSV5_20230126103852","2021-03-02T20:10:00","T::T_HA_GT_PM_4","T-HAPM_220","2014-07-31",1,-44.06,"Out = Hadspen to George Town or Hadspen to Palmerston 220 kV line, prevent poorly damped TAS North - South oscillations following fault and trip of Palmerston to Sheffield 220 kV line, Tamar CCGT out of service.","OUTAGE","OTHER","Palmerston Hadspen 2 220kV LINE","REGULATED","INCLUDED",null,"PLANNED",1]
[182,"TASNETWORKSV5_20230126103852","2021-03-02T20:15:00","T::T_HA_GT_PM_4","T-HAPM_220","2014-07-31",1,-47.049610000000001,"Out = Hadspen to George Town or Hadspen to Palmerston 220 kV line, prevent poorly damped TAS North - South oscillations following fault and trip of Palmerston to Sheffield 220 kV line, Tamar CCGT out of service.","OUTAGE","OTHER","Palmerston Hadspen 2 220kV LINE","REGULATED","INCLUDED",null,"PLANNED",1]
[183,"TASNETWORKSV5_20230126103852","2021-03-02T20:20:00","T::T_HA_GT_PM_4","T-HAPM_220","2014-07-31",1,-44.06,"Out = Hadspen to George Town or Hadspen to Palmerston 220 kV line, prevent poorly damped TAS North - South oscillations following fault and trip of Palmerston to Sheffield 220 kV line, Tamar CCGT out of service.","OUTAGE","OTHER","Palmerston Hadspen 2 220kV LINE","REGULATED","INCLUDED",null,"PLANNED",1]
[184,"TASNETWORKSV5_20230126103852","2021-03-02T20:25:00","T::T_HA_GT_PM_4","T-HAPM_220","2014-07-31",1,-44.06,"Out = Hadspen to George Town or Hadspen to Palmerston 220 kV line, prevent poorly damped TAS North - South oscillations following fault and trip of Palmerston to Sheffield 220 kV line, Tamar CCGT out of service.","OUTAGE","OTHER","Palmerston Hadspen 2 220kV LINE","REGULATED","INCLUDED",null,"PLANNED",1]
[185,"TASNETWORKSV5_20230126103852","2021-03-02T20:30:00","T::T_HA_GT_PM_4","T-HAPM_220","2014-07-31",1,-44.06,"Out = Hadspen to George Town or Hadspen to Palmerston 220 kV line, prevent poorly damped TAS North - South oscillations following fault and trip of Palmerston to Sheffield 220 kV line, Tamar CCGT out of service.","OUTAGE","OTHER","Palmerston Hadspen 2 220kV LINE","REGULATED","INCLUDED",null,"PLANNED",1]
[186,"TASNETWORKSV5_20230126103852","2021-03-02T20:35:00","T::T_HA_GT_PM_4","T-HAPM_220","2014-07-31",1,-44.06,"Out = Hadspen to George Town or Hadspen to Palmerston 220 kV line, prevent poorly damped TAS North - South oscillations following fault and trip of Palmerston to Sheffield 220 kV line, Tamar CCGT out of service.","OUTAGE","OTHER","Palmerston Hadspen 2 220kV LINE","REGULATED","INCLUDED",null,"PLANNED",1]
[187,"TASNETWORKSV5_20230126103852","2021-03-02T20:40:00","T::T_HA_GT_PM_4","T-HAPM_220","2014-07-31",1,-44.734650000000002,"Out = Hadspen to George Town or Hadspen to Palmerston 220 kV line, prevent poorly damped TAS North - South oscillations following fault and trip of Palmerston to Sheffield 220 kV line, Tamar CCGT out of service.","OUTAGE","OTHER","Palmerston Hadspen 2 220kV LINE","REGULATED","INCLUDED",null,"PLANNED",1]
[188,"TASNETWORKSV5_20230126103852","2021-03-02T20:45:00","T::T_HA_GT_PM_4","T-HAPM_220","2014-07-31",1,-47.049610000000001,"Out = Hadspen to George Town or Hadspen to Palmerston 220 kV line, prevent poorly damped TAS North - South oscillations following fault and trip of Palmerston to Sheffield 220 kV line, Tamar CCGT out of service.","OUTAGE","OTHER","Palmerston Hadspen 2 220kV LINE","REGULATED","INCLUDED",null,"PLANNED",1]
[189,"TASNETWORKSV5_20230126103852","2021-03-02T20:50:00","T::T_HA_GT_PM_4","T-HAPM_220","2014-07-31",1,-44.734650000000002,"Out = Hadspen to George Town or Hadspen to Palmerston 220 kV line, prevent poorly damped TAS North - South oscillations following fault and trip of Palmerston to Sheffield 220 kV line, Tamar CCGT out of service.","OUTAGE","OTHER","Palmerston Hadspen 2 220kV LINE","REGULATED","INCLUDED",null,"PLANNED",1]
[190,"TASNETWORKSV5_20230126103852","2021-03-02T20:55:00","T::T_HA_GT_PM_4","T-HAPM_220","2014-07-31",1,-44.06,"Out = Hadspen to George Town or Hadspen to Palmerston 220 kV line, prevent poorly damped TAS North - South oscillations following fault and trip of Palmerston to Sheffield 220 kV line, Tamar CCGT out of service.","OUTAGE","OTHER","Palmerston Hadspen 2 220kV LINE","REGULATED","INCLUDED",null,"PLANNED",1]
[191,"TASNETWORKSV5_20230126103852","2021-03-02T21:00:00","T::T_HA_GT_PM_4","T-HAPM_220","2014-07-31",1,-44.06,"Out = Hadspen to George Town or Hadspen to Palmerston 220 kV line, prevent poorly damped TAS North - South oscillations following fault and trip of Palmerston to Sheffield 220 kV line, Tamar CCGT out of service.","OUTAGE","OTHER","Palmerston Hadspen 2 220kV LINE","REGULATED","INCLUDED",null,"PLANNED",1]
[192,"TASNETWORKSV5_20230126103852","2021-03-02T21:05:00","T::T_HA_GT_PM_4","T-HAPM_220","2014-07-31",1,-47.049610000000001,"Out = Hadspen to George Town or Hadspen to Palmerston 220 kV line, prevent poorly damped TAS North - South oscillations following fault and trip of Palmerston to Sheffield 220 kV line, Tamar CCGT out of service.","OUTAGE","OTHER","Palmerston Hadspen 2 220kV LINE","REGULATED","INCLUDED",null,"PLANNED",1]
[193,"TASNETWORKSV5_20230126103852","2021-03-02T21:10:00","T::T_HA_GT_PM_4","T-HAPM_220","2014-07-31",1,-47.049610000000001,"Out = Hadspen to George Town or Hadspen to Palmerston 220 kV line, prevent poorly damped TAS North - South oscillations following fault and trip of Palmerston to Sheffield 220 kV line, Tamar CCGT out of service.","OUTAGE","OTHER","Palmerston Hadspen 2 220kV LINE","REGULATED","INCLUDED",null,"PLANNED",1]
[194,"TASNETWORKSV5_20230126103852","2021-03-02T21:15:00","T::T_HA_GT_PM_4","T-HAPM_220","2014-07-31",1,-47.049610000000001,"Out = Hadspen to George Town or Hadspen to Palmerston 220 kV line, prevent poorly damped TAS North - South oscillations following fault and trip of Palmerston to Sheffield 220 kV line, Tamar CCGT out of service.","OUTAGE","OTHER","Palmerston Hadspen 2 220kV LINE","REGULATED","INCLUDED",null,"PLANNED",1]
[195,"TASNETWORKSV5_20230126103852","2021-03-02T21:20:00","T::T_HA_GT_PM_4","T-HAPM_220","2014-07-31",1,-47.049610000000001,"Out = Hadspen to George Town or Hadspen to Palmerston 220 kV line, prevent poorly damped TAS North - South oscillations following fault and trip of Palmerston to Sheffield 220 kV line, Tamar CCGT out of service.","OUTAGE","OTHER","Palmerston Hadspen 2 220kV LINE","REGULATED","INCLUDED",null,"PLANNED",1]
[196,"TASNETWORKSV5_20230126103852","2021-03-02T21:25:00","T::T_HA_GT_PM_4","T-HAPM_220","2014-07-31",1,-47.049610000000001,"Out = Hadspen to George Town or Hadspen to Palmerston 220 kV line, prevent poorly damped TAS North - South oscillations following fault and trip of Palmerston to Sheffield 220 kV line, Tamar CCGT out of service.","OUTAGE","OTHER","Palmerston Hadspen 2 220kV LINE","REGULATED","INCLUDED",null,"PLANNED",1]
[197,"TASNETWORKSV5_20230126103852","2021-03-02T21:30:00","T::T_HA_GT_PM_4","T-HAPM_220","2014-07-31",1,-47.049610000000001,"Out = Hadspen to George Town or Hadspen to Palmerston 220 kV line, prevent poorly damped TAS North - South oscillations following fault and trip of Palmerston to Sheffield 220 kV line, Tamar CCGT out of service.","OUTAGE","OTHER","Palmerston Hadspen 2 220kV LINE","REGULATED","INCLUDED",null,"PLANNED",1]
[198,"TASNETWORKSV5_20230126103852","2021-03-02T21:35:00","T::T_HA_GT_PM_4","T-HAPM_220","2014-07-31",1,-47.049610000000001,"Out = Hadspen to George Town or Hadspen to Palmerston 220 kV line, prevent poorly damped TAS North - South oscillations following fault and trip of Palmerston to Sheffield 220 kV line, Tamar CCGT out of service.","OUTAGE","OTHER","Palmerston Hadspen 2 220kV LINE","REGULATED","INCLUDED",null,"PLANNED",1]
[199,"TASNETWORKSV5_20230126103852","2021-03-02T21:40:00","T::T_HA_GT_PM_4","T-HAPM_220","2014-07-31",1,-47.049610000000001,"Out = Hadspen to George Town or Hadspen to Palmerston 220 kV line, prevent poorly damped TAS North - South oscillations following fault and trip of Palmerston to Sheffield 220 kV line, Tamar CCGT out of service.","OUTAGE","OTHER","Palmerston Hadspen 2 220kV LINE","REGULATED","INCLUDED",null,"PLANNED",1]
[200,"TASNETWORKSV5_20230126103852","2021-03-02T21:45:00","T::T_HA_GT_PM_4","T-HAPM_220","2014-07-31",1,-44.06,"Out = Hadspen to George Town or Hadspen to Palmerston 220 kV line, prevent poorly damped TAS North - South oscillations following fault and trip of Palmerston to Sheffield 220 kV line, Tamar CCGT out of service.","OUTAGE","OTHER","Palmerston Hadspen 2 220kV LINE","REGULATED","INCLUDED",null,"PLANNED",1]
[201,"TASNETWORKSV5_20230126103852","2021-03-02T21:50:00","T::T_HA_GT_PM_4","T-HAPM_220","2014-07-31",1,-44.06,"Out = Hadspen to George Town or Hadspen to Palmerston 220 kV line, prevent poorly damped TAS North - South oscillations following fault and trip of Palmerston to Sheffield 220 kV line, Tamar CCGT out of service.","OUTAGE","OTHER","Palmerston Hadspen 2 220kV LINE","REGULATED","INCLUDED",null,"PLANNED",1]
[202,"TASNETWORKSV5_20230126103852","2021-03-02T21:55:00","T::T_HA_GT_PM_4","T-HAPM_220","2014-07-31",1,-44.22,"Out = Hadspen to George Town or Hadspen to Palmerston 220 kV line, prevent poorly damped TAS North - South oscillations following fault and trip of Palmerston to Sheffield 220 kV line, Tamar CCGT out of service.","OUTAGE","OTHER","Palmerston Hadspen 2 220kV LINE","REGULATED","INCLUDED",null,"PLANNED",1]
[203,"TASNETWORKSV5_20230126103852","2021-03-02T22:00:00","T::T_HA_GT_PM_4","T-HAPM_220","2014-07-31",1,-47.261780000000002,"Out = Hadspen to George Town or Hadspen to Palmerston 220 kV line, prevent poorly damped TAS North - South oscillations following fault and trip of Palmerston to Sheffield 220 kV line, Tamar CCGT out of service.","OUTAGE","OTHER","Palmerston Hadspen 2 220kV LINE","REGULATED","INCLUDED",null,"PLANNED",1]
[204,"TASNETWORKSV5_20230126103852","2021-03-02T22:05:00","T::T_HA_GT_PM_4","T-HAPM_220","2014-07-31",1,-69.750910000000005,"Out = Hadspen to George Town or Hadspen to Palmerston 220 kV line, prevent poorly damped TAS North - South oscillations following fault and trip of Palmerston to Sheffield 220 kV line, Tamar CCGT out of service.","OUTAGE","OTHER","Palmerston Hadspen 2 220kV LINE","REGULATED","INCLUDED",null,"PLANNED",1]
[205,"TASNETWORKSV5_20230126103852","2021-03-02T22:10:00","T::T_HA_GT_PM_4","T-HAPM_220","2014-07-31",1,-37.952640000000002,"Out = Hadspen to George Town or Hadspen to Palmerston 220 kV line, prevent poorly damped TAS North - South oscillations following fault and trip of Palmerston to Sheffield 220 kV line, Tamar CCGT out of service.","OUTAGE","OTHER","Palmerston Hadspen 2 220kV LINE","REGULATED","INCLUDED",null,"PLANNED",1]
[206,"TASNETWORKSV5_20230126103852","2021-03-02T22:15:00","T::T_HA_GT_PM_4","T-HAPM_220","2014-07-31",1,-47.209609999999998,"Out = Hadspen to George Town or Hadspen to Palmerston 220 kV line, prevent poorly damped TAS North - South oscillations following fault and trip of Palmerston to Sheffield 220 kV line, Tamar CCGT out of service.","OUTAGE","OTHER","Palmerston Hadspen 2 220kV LINE","REGULATED","INCLUDED",null,"PLANNED",1]
[207,"TASNETWORKSV5_20230126103852","2021-03-02T22:20:00","T::T_HA_GT_PM_4","T-HAPM_220","2014-07-31",1,-35.995989999999999,"Out = Hadspen to George Town or Hadspen to Palmerston 220 kV line, prevent poorly damped TAS North - South oscillations following fault and trip of Palmerston to Sheffield 220 kV line, Tamar CCGT out of service.","OUTAGE","OTHER","Palmerston Hadspen 2 220kV LINE","REGULATED","INCLUDED",null,"PLANNED",1]
[208,"TASNETWORKSV5_20230126103852","2021-03-02T22:25:00","T::T_HA_GT_PM_4","T-HAPM_220","2014-07-31",1,-44.532809999999998,"Out = Hadspen to George Town or Hadspen to Palmerston 220 kV line, prevent poorly damped TAS North - South oscillations following fault and trip of Palmerston to Sheffield 220 kV line, Tamar CCGT out of service.","OUTAGE","OTHER","Palmerston Hadspen 2 220kV LINE","REGULATED","INCLUDED",null,"PLANNED",1]
[209,"TASNETWORKSV5_20230126103852","2021-03-02T22:30:00","T::T_HA_GT_PM_4","T-HAPM_220","2014-07-31",1,-44.895969999999998,"Out = Hadspen to George Town or Hadspen to Palmerston 220 kV line, prevent poorly damped TAS North - South oscillations following fault and trip of Palmerston to Sheffield 220 kV line, Tamar CCGT out of service.","OUTAGE","OTHER","Palmerston Hadspen 2 220kV LINE","REGULATED","INCLUDED",null,"PLANNED",1]
[210,"TASNETWORKSV5_20230126103852","2021-03-02T22:35:00","T::T_HA_GT_PM_4","T-HAPM_220","2014-07-31",1,-29.225989999999999,"Out = Hadspen to George Town or Hadspen to Palmerston 220 kV line, prevent poorly damped TAS North - South oscillations following fault and trip of Palmerston to Sheffield 220 kV line, Tamar CCGT out of service.","OUTAGE","OTHER","Palmerston Hadspen 2 220kV LINE","REGULATED","INCLUDED",null,"PLANNED",1]
[211,"TASNETWORKSV5_20230126103852","2021-03-02T22:40:00","T::T_HA_GT_PM_4","T-HAPM_220","2014-07-31",1,-37.536619999999999,"Out = Hadspen to George Town or Hadspen to Palmerston 220 kV line, prevent poorly damped TAS North - South oscillations following fault and trip of Palmerston to Sheffield 220 kV line, Tamar CCGT out of service.","OUTAGE","OTHER","Palmerston Hadspen 2 220kV LINE","REGULATED","INCLUDED",null,"PLANNED",1]
[212,"TASNETWORKSV5_20230126103852","2021-03-02T22:45:00","T::T_HA_GT_PM_4","T-HAPM_220","2014-07-31",1,-34.113280000000003,"Out = Hadspen to George Town or Hadspen to Palmerston 220 kV line, prevent poorly damped TAS North - South oscillations following fault and trip of Palmerston to Sheffield 220 kV line, Tamar CCGT out of service.","OUTAGE","OTHER","Palmerston Hadspen 2 220kV LINE","REGULATED","INCLUDED",null,"PLANNED",1]
[213,"TASNETWORKSV5_20230126103852","2021-03-02T22:50:00","T::T_HA_GT_PM_4","T-HAPM_220","2014-07-31",1,-37.53302,"Out = Hadspen to George Town or Hadspen to Palmerston 220 kV line, prevent poorly damped TAS North - South oscillations following fault and trip of Palmerston to Sheffield 220 kV line, Tamar CCGT out of service.","OUTAGE","OTHER","Palmerston Hadspen 2 220kV LINE","REGULATED","INCLUDED",null,"PLANNED",1]
[214,"TASNETWORKSV5_20230126103852","2021-03-02T22:55:00","T::T_HA_GT_PM_4","T-HAPM_220","2014-07-31",1,-37.674950000000003,"Out = Hadspen to George Town or Hadspen to Palmerston 220 kV line, prevent poorly damped TAS North - South oscillations following fault and trip of Palmerston to Sheffield 220 kV line, Tamar CCGT out of service.","OUTAGE","OTHER","Palmerston Hadspen 2 220kV LINE","REGULATED","INCLUDED",null,"PLANNED",1]
[215,"TASNETWORKSV5_20230126103852","2021-03-02T23:00:00","T::T_HA_GT_PM_4","T-HAPM_220","2014-07-31",1,-35.162320000000001,"Out = Hadspen to George Town or Hadspen to Palmerston 220 kV line, prevent poorly damped TAS North - South oscillations following fault and trip of Palmerston to Sheffield 220 kV line, Tamar CCGT out of service.","OUTAGE","OTHER","Palmerston Hadspen 2 220kV LINE","REGULATED","INCLUDED",null,"PLANNED",1]
[216,"TASNETWORKSV5_20230126103852","2021-03-02T23:05:00","T::T_HA_GT_PM_4","T-HAPM_220","2014-07-31",1,-33.769590000000001,"Out = Hadspen to George Town or Hadspen to Palmerston 220 kV line, prevent poorly damped TAS North - South oscillations following fault and trip of Palmerston to Sheffield 220 kV line, Tamar CCGT out of service.","OUTAGE","OTHER","Palmerston Hadspen 2 220kV LINE","REGULATED","INCLUDED",null,"PLANNED",1]
[217,"TASNETWORKSV5_20230126103852","2021-03-02T23:10:00","T::T_HA_GT_PM_4","T-HAPM_220","2014-07-31",1,-27.449850000000001,"Out = Hadspen to George Town or Hadspen to Palmerston 220 kV line, prevent poorly damped TAS North - South oscillations following fault and trip of Palmerston to Sheffield 220 kV line, Tamar CCGT out of service.","OUTAGE","OTHER","Palmerston Hadspen 2 220kV LINE","REGULATED","INCLUDED",null,"PLANNED",1]
[218,"TASNETWORKSV5_20230126103852","2021-03-02T23:15:00","T::T_HA_GT_PM_4","T-HAPM_220","2014-07-31",1,-15.701650000000001,"Out = Hadspen to George Town or Hadspen to Palmerston 220 kV line, prevent poorly damped TAS North - South oscillations following fault and trip of Palmerston to Sheffield 220 kV line, Tamar CCGT out of service.","OUTAGE","OTHER","Palmerston Hadspen 2 220kV LINE","REGULATED","INCLUDED",null,"PLANNED",1]
[219,"TASNETWORKSV5_20230126103852","2021-03-02T23:20:00","T::T_HA_GT_PM_4","T-HAPM_220","2014-07-31",1,-31.634689999999999,"Out = Hadspen to George Town or Hadspen to Palmerston 220 kV line, prevent poorly damped TAS North - South oscillations following fault and trip of Palmerston to Sheffield 220 kV line, Tamar CCGT out of service.","OUTAGE","OTHER","Palmerston Hadspen 2 220kV LINE","REGULATED","INCLUDED",null,"PLANNED",1]
[220,"TASNETWORKSV5_20230126103852","2021-03-02T23:25:00","T::T_HA_GT_PM_4","T-HAPM_220","2014-07-31",1,-43.750579999999999,"Out = Hadspen to George Town or Hadspen to Palmerston 220 kV line, prevent poorly damped TAS North - South oscillations following fault and trip of Palmerston to Sheffield 220 kV line, Tamar CCGT out of service.","OUTAGE","OTHER","Palmerston Hadspen 2 220kV LINE","REGULATED","INCLUDED",null,"PLANNED",1]
[221,"TASNETWORKSV5_20230126103852","2021-03-02T23:30:00","T::T_HA_GT_PM_4","T-HAPM_220","2014-07-31",1,-46.38429,"Out = Hadspen to George Town or Hadspen to Palmerston 220 kV line, prevent poorly damped TAS North - South oscillations following fault and trip of Palmerston to Sheffield 220 kV line, Tamar CCGT out of service.","OUTAGE","OTHER","Palmerston Hadspen 2 220kV LINE","REGULATED","INCLUDED",null,"PLANNED",1]
[222,"TASNETWORKSV5_20230126103852","2021-03-02T23:35:00","T::T_HA_GT_PM_4","T-HAPM_220","2014-07-31",1,-47.049610000000001,"Out = Hadspen to George Town or Hadspen to Palmerston 220 kV line, prevent poorly damped TAS North - South oscillations following fault and trip of Palmerston to Sheffield 220 kV line, Tamar CCGT out of service.","OUTAGE","OTHER","Palmerston Hadspen 2 220kV LINE","REGULATED","INCLUDED",null,"PLANNED",1]
[223,"TASNETWORKSV5_20230126103852","2021-03-02T23:40:00","T::T_HA_GT_PM_4","T-HAPM_220","2014-07-31",1,-47.049610000000001,"Out = Hadspen to George Town or Hadspen to Palmerston 220 kV line, prevent poorly damped TAS North - South oscillations following fault and trip of Palmerston to Sheffield 220 kV line, Tamar CCGT out of service.","OUTAGE","OTHER","Palmerston Hadspen 2 220kV LINE","REGULATED","INCLUDED",null,"PLANNED",1]
[224,"TASNETWORKSV5_20230126103852","2021-03-02T23:45:00","T::T_HA_GT_PM_4","T-HAPM_220","2014-07-31",1,-38.30829,"Out = Hadspen to George Town or Hadspen to Palmerston 220 kV line, prevent poorly damped TAS North - South oscillations following fault and trip of Palmerston to Sheffield 220 kV line, Tamar CCGT out of service.","OUTAGE","OTHER","Palmerston Hadspen 2 220kV LINE","REGULATED","INCLUDED",null,"PLANNED",1]
[225,"TASNETWORKSV5_20230126103852","2021-03-02T23:50:00","T::T_HA_GT_PM_4","T-HAPM_220","2014-07-31",1,-38.348820000000003,"Out = Hadspen to George Town or Hadspen to Palmerston 220 kV line, prevent poorly damped TAS North - South oscillations following fault and trip of Palmerston to Sheffield 220 kV line, Tamar CCGT out of service.","OUTAGE","OTHER","Palmerston Hadspen 2 220kV LINE","REGULATED","INCLUDED",null,"PLANNED",1]
[226,"TASNETWORKSV5_20230126103852","2021-03-02T23:55:00","T::T_HA_GT_PM_4","T-HAPM_220","2014-07-31",1,-34.799120000000002,"Out = Hadspen to George Town or Hadspen to Palmerston 220 kV line, prevent poorly damped TAS North - South oscillations following fault and trip of Palmerston to Sheffield 220 kV line, Tamar CCGT out of service.","OUTAGE","OTHER","Palmerston Hadspen 2 220kV LINE","REGULATED","INCLUDED",null,"PLANNED",1]
[227,"TASNETWORKSV5_20230126103852","2021-03-03","T::T_HA_GT_PM_4","T-HAPM_220","2014-07-31",1,-34.929000000000002,"Out = Hadspen to George Town or Hadspen to Palmerston 220 kV line, prevent poorly damped TAS North - South oscillations following fault and trip of Palmerston to Sheffield 220 kV line, Tamar CCGT out of service.","OUTAGE","OTHER","Palmerston Hadspen 2 220kV LINE","REGULATED","INCLUDED",null,"PLANNED",1]
[228,"TASNETWORKSV5_20230126103852","2021-03-03T00:05:00","T::T_HA_GT_PM_4","T-HAPM_220","2014-07-31",1,-32.17445,"Out = Hadspen to George Town or Hadspen to Palmerston 220 kV line, prevent poorly damped TAS North - South oscillations following fault and trip of Palmerston to Sheffield 220 kV line, Tamar CCGT out of service.","OUTAGE","OTHER","Palmerston Hadspen 2 220kV LINE","REGULATED","INCLUDED",null,"PLANNED",1]
[229,"TASNETWORKSV5_20230126103852","2021-03-03T00:10:00","T::T_HA_GT_PM_4","T-HAPM_220","2014-07-31",1,-34.628149999999998,"Out = Hadspen to George Town or Hadspen to Palmerston 220 kV line, prevent poorly damped TAS North - South oscillations following fault and trip of Palmerston to Sheffield 220 kV line, Tamar CCGT out of service.","OUTAGE","OTHER","Palmerston Hadspen 2 220kV LINE","REGULATED","INCLUDED",null,"PLANNED",1]
[230,"TASNETWORKSV5_20230126103852","2021-03-03T00:15:00","T::T_HA_GT_PM_4","T-HAPM_220","2014-07-31",1,-34.49127,"Out = Hadspen to George Town or Hadspen to Palmerston 220 kV line, prevent poorly damped TAS North - South oscillations following fault and trip of Palmerston to Sheffield 220 kV line, Tamar CCGT out of service.","OUTAGE","OTHER","Palmerston Hadspen 2 220kV LINE","REGULATED","INCLUDED",null,"PLANNED",1]
[231,"TASNETWORKSV5_20230126103852","2021-03-03T00:20:00","T::T_HA_GT_PM_4","T-HAPM_220","2014-07-31",1,-34.707270000000001,"Out = Hadspen to George Town or Hadspen to Palmerston 220 kV line, prevent poorly damped TAS North - South oscillations following fault and trip of Palmerston to Sheffield 220 kV line, Tamar CCGT out of service.","OUTAGE","OTHER","Palmerston Hadspen 2 220kV LINE","REGULATED","INCLUDED",null,"PLANNED",1]
[232,"TASNETWORKSV5_20230126103852","2021-03-03T00:25:00","T::T_HA_GT_PM_4","T-HAPM_220","2014-07-31",1,-34.777540000000002,"Out = Hadspen to George Town or Hadspen to Palmerston 220 kV line, prevent poorly damped TAS North - South oscillations following fault and trip of Palmerston to Sheffield 220 kV line, Tamar CCGT out of service.","OUTAGE","OTHER","Palmerston Hadspen 2 220kV LINE","REGULATED","INCLUDED",null,"PLANNED",1]
[233,"TASNETWORKSV5_20230126103852","2021-03-03T00:30:00","T::T_HA_GT_PM_4","T-HAPM_220","2014-07-31",1,-34.830159999999999,"Out = Hadspen to George Town or Hadspen to Palmerston 220 kV line, prevent poorly damped TAS North - South oscillations following fault and trip of Palmerston to Sheffield 220 kV line, Tamar CCGT out of service.","OUTAGE","OTHER","Palmerston Hadspen 2 220kV LINE","REGULATED","INCLUDED",null,"PLANNED",1]
[234,"TASNETWORKSV5_20230126103852","2021-03-03T00:35:00","T::T_HA_GT_PM_4","T-HAPM_220","2014-07-31",1,-34.747700000000002,"Out = Hadspen to George Town or Hadspen to Palmerston 220 kV line, prevent poorly damped TAS North - South oscillations following fault and trip of Palmerston to Sheffield 220 kV line, Tamar CCGT out of service.","OUTAGE","OTHER","Palmerston Hadspen 2 220kV LINE","REGULATED","INCLUDED",null,"PLANNED",1]
[235,"TASNETWORKSV5_20230126103852","2021-03-03T00:40:00","T::T_HA_GT_PM_4","T-HAPM_220","2014-07-31",1,-34.926600000000001,"Out = Hadspen to George Town or Hadspen to Palmerston 220 kV line, prevent poorly damped TAS North - South oscillations following fault and trip of Palmerston to Sheffield 220 kV line, Tamar CCGT out of service.","OUTAGE","OTHER","Palmerston Hadspen 2 220kV LINE","REGULATED","INCLUDED",null,"PLANNED",1]
[236,"TASNETWORKSV5_20230126103852","2021-03-03T00:45:00","T::T_HA_GT_PM_4","T-HAPM_220","2014-07-31",1,-34.862760000000002,"Out = Hadspen to George Town or Hadspen to Palmerston 220 kV line, prevent poorly damped TAS North - South oscillations following fault and trip of Palmerston to Sheffield 220 kV line, Tamar CCGT out of service.","OUTAGE","OTHER","Palmerston Hadspen 2 220kV LINE","REGULATED","INCLUDED",null,"PLANNED",1]
[237,"TASNETWORKSV5_20230126103852","2021-03-03T00:50:00","T::T_HA_GT_PM_4","T-HAPM_220","2014-07-31",1,-35.217889999999997,"Out = Hadspen to George Town or Hadspen to Palmerston 220 kV line, prevent poorly damped TAS North - South oscillations following fault and trip of Palmerston to Sheffield 220 kV line, Tamar CCGT out of service.","OUTAGE","OTHER","Palmerston Hadspen 2 220kV LINE","REGULATED","INCLUDED",null,"PLANNED",1]
[238,"TASNETWORKSV5_20230126103852","2021-03-03T00:55:00","T::T_HA_GT_PM_4","T-HAPM_220","2014-07-31",1,-37.178829999999998,"Out = Hadspen to George Town or Hadspen to Palmerston 220 kV line, prevent poorly damped TAS North - South oscillations following fault and trip of Palmerston to Sheffield 220 kV line, Tamar CCGT out of service.","OUTAGE","OTHER","Palmerston Hadspen 2 220kV LINE","REGULATED","INCLUDED",null,"PLANNED",1]
[239,"TASNETWORKSV5_20230126103852","2021-03-03T01:00:00","T::T_HA_GT_PM_4","T-HAPM_220","2014-07-31",1,-35.41234,"Out = Hadspen to George Town or Hadspen to Palmerston 220 kV line, prevent poorly damped TAS North - South oscillations following fault and trip of Palmerston to Sheffield 220 kV line, Tamar CCGT out of service.","OUTAGE","OTHER","Palmerston Hadspen 2 220kV LINE","REGULATED","INCLUDED",null,"PLANNED",1]
[240,"TASNETWORKSV5_20230126103852","2021-03-03T01:05:00","T::T_HA_GT_PM_4","T-HAPM_220","2014-07-31",1,-35.489640000000001,"Out = Hadspen to George Town or Hadspen to Palmerston 220 kV line, prevent poorly damped TAS North - South oscillations following fault and trip of Palmerston to Sheffield 220 kV line, Tamar CCGT out of service.","OUTAGE","OTHER","Palmerston Hadspen 2 220kV LINE","REGULATED","INCLUDED",null,"PLANNED",1]
[241,"TASNETWORKSV5_20230126103852","2021-03-03T01:10:00","T::T_HA_GT_PM_4","T-HAPM_220","2014-07-31",1,-35.446959999999997,"Out = Hadspen to George Town or Hadspen to Palmerston 220 kV line, prevent poorly damped TAS North - South oscillations following fault and trip of Palmerston to Sheffield 220 kV line, Tamar CCGT out of service.","OUTAGE","OTHER","Palmerston Hadspen 2 220kV LINE","REGULATED","INCLUDED",null,"PLANNED",1]
[242,"TASNETWORKSV5_20230126103852","2021-03-03T01:15:00","T::T_HA_GT_PM_4","T-HAPM_220","2014-07-31",1,-36.930430000000001,"Out = Hadspen to George Town or Hadspen to Palmerston 220 kV line, prevent poorly damped TAS North - South oscillations following fault and trip of Palmerston to Sheffield 220 kV line, Tamar CCGT out of service.","OUTAGE","OTHER","Palmerston Hadspen 2 220kV LINE","REGULATED","INCLUDED",null,"PLANNED",1]
[243,"TASNETWORKSV5_20230126103852","2021-03-03T01:20:00","T::T_HA_GT_PM_4","T-HAPM_220","2014-07-31",1,-36.604039999999998,"Out = Hadspen to George Town or Hadspen to Palmerston 220 kV line, prevent poorly damped TAS North - South oscillations following fault and trip of Palmerston to Sheffield 220 kV line, Tamar CCGT out of service.","OUTAGE","OTHER","Palmerston Hadspen 2 220kV LINE","REGULATED","INCLUDED",null,"PLANNED",1]
[244,"TASNETWORKSV5_20230126103852","2021-03-03T01:25:00","T::T_HA_GT_PM_4","T-HAPM_220","2014-07-31",1,-35.238460000000003,"Out = Hadspen to George Town or Hadspen to Palmerston 220 kV line, prevent poorly damped TAS North - South oscillations following fault and trip of Palmerston to Sheffield 220 kV line, Tamar CCGT out of service.","OUTAGE","OTHER","Palmerston Hadspen 2 220kV LINE","REGULATED","INCLUDED",null,"PLANNED",1]
[245,"TASNETWORKSV5_20230126103852","2021-03-03T01:30:00","T::T_HA_GT_PM_4","T-HAPM_220","2014-07-31",1,-41.195099999999996,"Out = Hadspen to George Town or Hadspen to Palmerston 220 kV line, prevent poorly damped TAS North - South oscillations following fault and trip of Palmerston to Sheffield 220 kV line, Tamar CCGT out of service.","OUTAGE","OTHER","Palmerston Hadspen 2 220kV LINE","REGULATED","INCLUDED",null,"PLANNED",1]
[246,"TASNETWORKSV5_20230126103852","2021-03-03T01:35:00","T::T_HA_GT_PM_4","T-HAPM_220","2014-07-31",1,-35.278979999999997,"Out = Hadspen to George Town or Hadspen to Palmerston 220 kV line, prevent poorly damped TAS North - South oscillations following fault and trip of Palmerston to Sheffield 220 kV line, Tamar CCGT out of service.","OUTAGE","OTHER","Palmerston Hadspen 2 220kV LINE","REGULATED","INCLUDED",null,"PLANNED",1]
[247,"TASNETWORKSV5_20230126103852","2021-03-03T01:40:00","T::T_HA_GT_PM_4","T-HAPM_220","2014-07-31",1,-35.249960000000002,"Out = Hadspen to George Town or Hadspen to Palmerston 220 kV line, prevent poorly damped TAS North - South oscillations following fault and trip of Palmerston to Sheffield 220 kV line, Tamar CCGT out of service.","OUTAGE","OTHER","Palmerston Hadspen 2 220kV LINE","REGULATED","INCLUDED",null,"PLANNED",1]
[248,"TASNETWORKSV5_20230126103852","2021-03-03T01:45:00","T::T_HA_GT_PM_4","T-HAPM_220","2014-07-31",1,-34.973579999999998,"Out = Hadspen to George Town or Hadspen to Palmerston 220 kV line, prevent poorly damped TAS North - South oscillations following fault and trip of Palmerston to Sheffield 220 kV line, Tamar CCGT out of service.","OUTAGE","OTHER","Palmerston Hadspen 2 220kV LINE","REGULATED","INCLUDED",null,"PLANNED",1]
[249,"TASNETWORKSV5_20230126103852","2021-03-03T01:50:00","T::T_HA_GT_PM_4","T-HAPM_220","2014-07-31",1,-35.351050000000001,"Out = Hadspen to George Town or Hadspen to Palmerston 220 kV line, prevent poorly damped TAS North - South oscillations following fault and trip of Palmerston to Sheffield 220 kV line, Tamar CCGT out of service.","OUTAGE","OTHER","Palmerston Hadspen 2 220kV LINE","REGULATED","INCLUDED",null,"PLANNED",1]
[250,"TASNETWORKSV5_20230126103852","2021-03-03T01:55:00","T::T_HA_GT_PM_4","T-HAPM_220","2014-07-31",1,-35.530740000000002,"Out = Hadspen to George Town or Hadspen to Palmerston 220 kV line, prevent poorly damped TAS North - South oscillations following fault and trip of Palmerston to Sheffield 220 kV line, Tamar CCGT out of service.","OUTAGE","OTHER","Palmerston Hadspen 2 220kV LINE","REGULATED","INCLUDED",null,"PLANNED",1]
[251,"TASNETWORKSV5_20230126103852","2021-03-03T02:00:00","T::T_HA_GT_PM_4","T-HAPM_220","2014-07-31",1,-35.544890000000002,"Out = Hadspen to George Town or Hadspen to Palmerston 220 kV line, prevent poorly damped TAS North - South oscillations following fault and trip of Palmerston to Sheffield 220 kV line, Tamar CCGT out of service.","OUTAGE","OTHER","Palmerston Hadspen 2 220kV LINE","REGULATED","INCLUDED",null,"PLANNED",1]
[252,"TASNETWORKSV5_20230126103852","2021-03-03T02:05:00","T::T_HA_GT_PM_4","T-HAPM_220","2014-07-31",1,-39.971699999999998,"Out = Hadspen to George Town or Hadspen to Palmerston 220 kV line, prevent poorly damped TAS North - South oscillations following fault and trip of Palmerston to Sheffield 220 kV line, Tamar CCGT out of service.","OUTAGE","OTHER","Palmerston Hadspen 2 220kV LINE","REGULATED","INCLUDED",null,"PLANNED",1]
[253,"TASNETWORKSV5_20230126103852","2021-03-03T02:10:00","T::T_HA_GT_PM_4","T-HAPM_220","2014-07-31",1,-36.666620000000002,"Out = Hadspen to George Town or Hadspen to Palmerston 220 kV line, prevent poorly damped TAS North - South oscillations following fault and trip of Palmerston to Sheffield 220 kV line, Tamar CCGT out of service.","OUTAGE","OTHER","Palmerston Hadspen 2 220kV LINE","REGULATED","INCLUDED",null,"PLANNED",1]
[254,"TASNETWORKSV5_20230126103852","2021-03-03T02:15:00","T::T_HA_GT_PM_4","T-HAPM_220","2014-07-31",1,-39.90063,"Out = Hadspen to George Town or Hadspen to Palmerston 220 kV line, prevent poorly damped TAS North - South oscillations following fault and trip of Palmerston to Sheffield 220 kV line, Tamar CCGT out of service.","OUTAGE","OTHER","Palmerston Hadspen 2 220kV LINE","REGULATED","INCLUDED",null,"PLANNED",1]
[255,"TASNETWORKSV5_20230126103852","2021-03-03T02:20:00","T::T_HA_GT_PM_4","T-HAPM_220","2014-07-31",1,-39.886609999999997,"Out = Hadspen to George Town or Hadspen to Palmerston 220 kV line, prevent poorly damped TAS North - South oscillations following fault and trip of Palmerston to Sheffield 220 kV line, Tamar CCGT out of service.","OUTAGE","OTHER","Palmerston Hadspen 2 220kV LINE","REGULATED","INCLUDED",null,"PLANNED",1]
[256,"TASNETWORKSV5_20230126103852","2021-03-03T02:25:00","T::T_HA_GT_PM_4","T-HAPM_220","2014-07-31",1,-40.42409,"Out = Hadspen to George Town or Hadspen to Palmerston 220 kV line, prevent poorly damped TAS North - South oscillations following fault and trip of Palmerston to Sheffield 220 kV line, Tamar CCGT out of service.","OUTAGE","OTHER","Palmerston Hadspen 2 220kV LINE","REGULATED","INCLUDED",null,"PLANNED",1]
[257,"TASNETWORKSV5_20230126103852","2021-03-03T02:30:00","T::T_HA_GT_PM_4","T-HAPM_220","2014-07-31",1,-55.132089999999998,"Out = Hadspen to George Town or Hadspen to Palmerston 220 kV line, prevent poorly damped TAS North - South oscillations following fault and trip of Palmerston to Sheffield 220 kV line, Tamar CCGT out of service.","OUTAGE","OTHER","Palmerston Hadspen 2 220kV LINE","REGULATED","INCLUDED",null,"PLANNED",1]
[258,"TASNETWORKSV5_20230126103852","2021-03-03T02:35:00","T::T_HA_GT_PM_4","T-HAPM_220","2014-07-31",1,-40.489089999999997,"Out = Hadspen to George Town or Hadspen to Palmerston 220 kV line, prevent poorly damped TAS North - South oscillations following fault and trip of Palmerston to Sheffield 220 kV line, Tamar CCGT out of service.","OUTAGE","OTHER","Palmerston Hadspen 2 220kV LINE","REGULATED","INCLUDED",null,"PLANNED",1]
[259,"TASNETWORKSV5_20230126103852","2021-03-03T02:40:00","T::T_HA_GT_PM_4","T-HAPM_220","2014-07-31",1,-51.967089999999999,"Out = Hadspen to George Town or Hadspen to Palmerston 220 kV line, prevent poorly damped TAS North - South oscillations following fault and trip of Palmerston to Sheffield 220 kV line, Tamar CCGT out of service.","OUTAGE","OTHER","Palmerston Hadspen 2 220kV LINE","REGULATED","INCLUDED",null,"PLANNED",1]
[260,"TASNETWORKSV5_20230126103852","2021-03-03T02:45:00","T::T_HA_GT_PM_4","T-HAPM_220","2014-07-31",1,-54.956150000000001,"Out = Hadspen to George Town or Hadspen to Palmerston 220 kV line, prevent poorly damped TAS North - South oscillations following fault and trip of Palmerston to Sheffield 220 kV line, Tamar CCGT out of service.","OUTAGE","OTHER","Palmerston Hadspen 2 220kV LINE","REGULATED","INCLUDED",null,"PLANNED",1]
[261,"TASNETWORKSV5_20230126103852","2021-03-03T02:50:00","T::T_HA_GT_PM_4","T-HAPM_220","2014-07-31",1,-55.29871,"Out = Hadspen to George Town or Hadspen to Palmerston 220 kV line, prevent poorly damped TAS North - South oscillations following fault and trip of Palmerston to Sheffield 220 kV line, Tamar CCGT out of service.","OUTAGE","OTHER","Palmerston Hadspen 2 220kV LINE","REGULATED","INCLUDED",null,"PLANNED",1]
[262,"TASNETWORKSV5_20230126103852","2021-03-03T02:55:00","T::T_HA_GT_PM_4","T-HAPM_220","2014-07-31",1,-58.811500000000002,"Out = Hadspen to George Town or Hadspen to Palmerston 220 kV line, prevent poorly damped TAS North - South oscillations following fault and trip of Palmerston to Sheffield 220 kV line, Tamar CCGT out of service.","OUTAGE","OTHER","Palmerston Hadspen 2 220kV LINE","REGULATED","INCLUDED",null,"PLANNED",1]
[263,"TASNETWORKSV5_20230126103852","2021-03-03T03:00:00","T::T_HA_GT_PM_4","T-HAPM_220","2014-07-31",1,-58.839269999999999,"Out = Hadspen to George Town or Hadspen to Palmerston 220 kV line, prevent poorly damped TAS North - South oscillations following fault and trip of Palmerston to Sheffield 220 kV line, Tamar CCGT out of service.","OUTAGE","OTHER","Palmerston Hadspen 2 220kV LINE","REGULATED","INCLUDED",null,"PLANNED",1]
[264,"TASNETWORKSV5_20230126103852","2021-03-03T03:05:00","T::T_HA_GT_PM_4","T-HAPM_220","2014-07-31",1,-58.467480000000002,"Out = Hadspen to George Town or Hadspen to Palmerston 220 kV line, prevent poorly damped TAS North - South oscillations following fault and trip of Palmerston to Sheffield 220 kV line, Tamar CCGT out of service.","OUTAGE","OTHER","Palmerston Hadspen 2 220kV LINE","REGULATED","INCLUDED",null,"PLANNED",1]
[265,"TASNETWORKSV5_20230126103852","2021-03-03T03:10:00","T::T_HA_GT_PM_4","T-HAPM_220","2014-07-31",1,-58.783729999999998,"Out = Hadspen to George Town or Hadspen to Palmerston 220 kV line, prevent poorly damped TAS North - South oscillations following fault and trip of Palmerston to Sheffield 220 kV line, Tamar CCGT out of service.","OUTAGE","OTHER","Palmerston Hadspen 2 220kV LINE","REGULATED","INCLUDED",null,"PLANNED",1]
[266,"TASNETWORKSV5_20230126103852","2021-03-03T03:15:00","T::T_HA_GT_PM_4","T-HAPM_220","2014-07-31",1,-58.467480000000002,"Out = Hadspen to George Town or Hadspen to Palmerston 220 kV line, prevent poorly damped TAS North - South oscillations following fault and trip of Palmerston to Sheffield 220 kV line, Tamar CCGT out of service.","OUTAGE","OTHER","Palmerston Hadspen 2 220kV LINE","REGULATED","INCLUDED",null,"PLANNED",1]
[267,"TASNETWORKSV5_20230126103852","2021-03-03T03:20:00","T::T_HA_GT_PM_4","T-HAPM_220","2014-07-31",1,-57.749749999999999,"Out = Hadspen to George Town or Hadspen to Palmerston 220 kV line, prevent poorly damped TAS North - South oscillations following fault and trip of Palmerston to Sheffield 220 kV line, Tamar CCGT out of service.","OUTAGE","OTHER","Palmerston Hadspen 2 220kV LINE","REGULATED","INCLUDED",null,"PLANNED",1]
[268,"TASNETWORKSV5_20230126103852","2021-03-03T03:25:00","T::T_HA_GT_PM_4","T-HAPM_220","2014-07-31",1,-58.43891,"Out = Hadspen to George Town or Hadspen to Palmerston 220 kV line, prevent poorly damped TAS North - South oscillations following fault and trip of Palmerston to Sheffield 220 kV line, Tamar CCGT out of service.","OUTAGE","OTHER","Palmerston Hadspen 2 220kV LINE","REGULATED","INCLUDED",null,"PLANNED",1]
[269,"TASNETWORKSV5_20230126103852","2021-03-03T03:30:00","T::T_HA_GT_PM_4","T-HAPM_220","2014-07-31",1,-54.899079999999998,"Out = Hadspen to George Town or Hadspen to Palmerston 220 kV line, prevent poorly damped TAS North - South oscillations following fault and trip of Palmerston to Sheffield 220 kV line, Tamar CCGT out of service.","OUTAGE","OTHER","Palmerston Hadspen 2 220kV LINE","REGULATED","INCLUDED",null,"PLANNED",1]
[270,"TASNETWORKSV5_20230126103852","2021-03-03T03:35:00","T::T_HA_GT_PM_4","T-HAPM_220","2014-07-31",1,-51.943899999999999,"Out = Hadspen to George Town or Hadspen to Palmerston 220 kV line, prevent poorly damped TAS North - South oscillations following fault and trip of Palmerston to Sheffield 220 kV line, Tamar CCGT out of service.","OUTAGE","OTHER","Palmerston Hadspen 2 220kV LINE","REGULATED","INCLUDED",null,"PLANNED",1]
[271,"TASNETWORKSV5_20230126103852","2021-03-03T03:40:00","T::T_HA_GT_PM_4","T-HAPM_220","2014-07-31",1,-55.187559999999998,"Out = Hadspen to George Town or Hadspen to Palmerston 220 kV line, prevent poorly damped TAS North - South oscillations following fault and trip of Palmerston to Sheffield 220 kV line, Tamar CCGT out of service.","OUTAGE","OTHER","Palmerston Hadspen 2 220kV LINE","REGULATED","INCLUDED",null,"PLANNED",1]
[272,"TASNETWORKSV5_20230126103852","2021-03-03T03:45:00","T::T_HA_GT_PM_4","T-HAPM_220","2014-07-31",1,-55.187559999999998,"Out = Hadspen to George Town or Hadspen to Palmerston 220 kV line, prevent poorly damped TAS North - South oscillations following fault and trip of Palmerston to Sheffield 220 kV line, Tamar CCGT out of service.","OUTAGE","OTHER","Palmerston Hadspen 2 220kV LINE","REGULATED","INCLUDED",null,"PLANNED",1]
[273,"TASNETWORKSV5_20230126103852","2021-03-03T03:50:00","T::T_HA_GT_PM_4","T-HAPM_220","2014-07-31",1,-54.120620000000002,"Out = Hadspen to George Town or Hadspen to Palmerston 220 kV line, prevent poorly damped TAS North - South oscillations following fault and trip of Palmerston to Sheffield 220 kV line, Tamar CCGT out of service.","OUTAGE","OTHER","Palmerston Hadspen 2 220kV LINE","REGULATED","INCLUDED",null,"PLANNED",1]
[274,"TASNETWORKSV5_20230126103852","2021-03-03T03:55:00","T::T_HA_GT_PM_4","T-HAPM_220","2014-07-31",1,-54.120620000000002,"Out = Hadspen to George Town or Hadspen to Palmerston 220 kV line, prevent poorly damped TAS North - South oscillations following fault and trip of Palmerston to Sheffield 220 kV line, Tamar CCGT out of service.","OUTAGE","OTHER","Palmerston Hadspen 2 220kV LINE","REGULATED","INCLUDED",null,"PLANNED",1]
[275,"TASNETWORKSV5_20230126103852","2021-03-03T04:00:00","T::T_HA_GT_PM_4","T-HAPM_220","2014-07-31",1,-51.78528,"Out = Hadspen to George Town or Hadspen to Palmerston 220 kV line, prevent poorly damped TAS North - South oscillations following fault and trip of Palmerston to Sheffield 220 kV line, Tamar CCGT out of service.","OUTAGE","OTHER","Palmerston Hadspen 2 220kV LINE","REGULATED","INCLUDED",null,"PLANNED",1]
[276,"TASNETWORKSV5_20230126103852","2021-03-03T04:05:00","T::T_HA_GT_PM_4","T-HAPM_220","2014-07-31",1,-53.9925,"Out = Hadspen to George Town or Hadspen to Palmerston 220 kV line, prevent poorly damped TAS North - South oscillations following fault and trip of Palmerston to Sheffield 220 kV line, Tamar CCGT out of service.","OUTAGE","OTHER","Palmerston Hadspen 2 220kV LINE","REGULATED","INCLUDED",null,"PLANNED",1]
[277,"TASNETWORKSV5_20230126103852","2021-03-03T04:10:00","T::T_HA_GT_PM_4","T-HAPM_220","2014-07-31",1,-51.699919999999999,"Out = Hadspen to George Town or Hadspen to Palmerston 220 kV line, prevent poorly damped TAS North - South oscillations following fault and trip of Palmerston to Sheffield 220 kV line, Tamar CCGT out of service.","OUTAGE","OTHER","Palmerston Hadspen 2 220kV LINE","REGULATED","INCLUDED",null,"PLANNED",1]
[278,"TASNETWORKSV5_20230126103852","2021-03-03T04:15:00","T::T_HA_GT_PM_4","T-HAPM_220","2014-07-31",1,-51.66328,"Out = Hadspen to George Town or Hadspen to Palmerston 220 kV line, prevent poorly damped TAS North - South oscillations following fault and trip of Palmerston to Sheffield 220 kV line, Tamar CCGT out of service.","OUTAGE","OTHER","Palmerston Hadspen 2 220kV LINE","REGULATED","INCLUDED",null,"PLANNED",1]
[279,"TASNETWORKSV5_20230126103852","2021-03-03T04:20:00","T::T_HA_GT_PM_4","T-HAPM_220","2014-07-31",1,-40.48903,"Out = Hadspen to George Town or Hadspen to Palmerston 220 kV line, prevent poorly damped TAS North - South oscillations following fault and trip of Palmerston to Sheffield 220 kV line, Tamar CCGT out of service.","OUTAGE","OTHER","Palmerston Hadspen 2 220kV LINE","REGULATED","INCLUDED",null,"PLANNED",1]
[280,"TASNETWORKSV5_20230126103852","2021-03-03T04:25:00","T::T_HA_GT_PM_4","T-HAPM_220","2014-07-31",1,-40.489089999999997,"Out = Hadspen to George Town or Hadspen to Palmerston 220 kV line, prevent poorly damped TAS North - South oscillations following fault and trip of Palmerston to Sheffield 220 kV line, Tamar CCGT out of service.","OUTAGE","OTHER","Palmerston Hadspen 2 220kV LINE","REGULATED","INCLUDED",null,"PLANNED",1]
[281,"TASNETWORKSV5_20230126103852","2021-03-03T04:30:00","T::T_HA_GT_PM_4","T-HAPM_220","2014-07-31",1,-32.67389,"Out = Hadspen to George Town or Hadspen to Palmerston 220 kV line, prevent poorly damped TAS North - South oscillations following fault and trip of Palmerston to Sheffield 220 kV line, Tamar CCGT out of service.","OUTAGE","OTHER","Palmerston Hadspen 2 220kV LINE","REGULATED","INCLUDED",null,"PLANNED",1]
[282,"TASNETWORKSV5_20230126103852","2021-03-03T04:35:00","T::T_HA_GT_PM_4","T-HAPM_220","2014-07-31",1,-40.42409,"Out = Hadspen to George Town or Hadspen to Palmerston 220 kV line, prevent poorly damped TAS North - South oscillations following fault and trip of Palmerston to Sheffield 220 kV line, Tamar CCGT out of service.","OUTAGE","OTHER","Palmerston Hadspen 2 220kV LINE","REGULATED","INCLUDED",null,"PLANNED",1]
[283,"TASNETWORKSV5_20230126103852","2021-03-03T04:40:00","T::T_HA_GT_PM_4","T-HAPM_220","2014-07-31",1,-32.756729999999997,"Out = Hadspen to George Town or Hadspen to Palmerston 220 kV line, prevent poorly damped TAS North - South oscillations following fault and trip of Palmerston to Sheffield 220 kV line, Tamar CCGT out of service.","OUTAGE","OTHER","Palmerston Hadspen 2 220kV LINE","REGULATED","INCLUDED",null,"PLANNED",1]
[284,"TASNETWORKSV5_20230126103852","2021-03-03T04:45:00","T::T_HA_GT_PM_4","T-HAPM_220","2014-07-31",1,-34.187159999999999,"Out = Hadspen to George Town or Hadspen to Palmerston 220 kV line, prevent poorly damped TAS North - South oscillations following fault and trip of Palmerston to Sheffield 220 kV line, Tamar CCGT out of service.","OUTAGE","OTHER","Palmerston Hadspen 2 220kV LINE","REGULATED","INCLUDED",null,"PLANNED",1]
[285,"TASNETWORKSV5_20230126103852","2021-03-03T04:50:00","T::T_HA_GT_PM_4","T-HAPM_220","2014-07-31",1,-33.235579999999999,"Out = Hadspen to George Town or Hadspen to Palmerston 220 kV line, prevent poorly damped TAS North - South oscillations following fault and trip of Palmerston to Sheffield 220 kV line, Tamar CCGT out of service.","OUTAGE","OTHER","Palmerston Hadspen 2 220kV LINE","REGULATED","INCLUDED",null,"PLANNED",1]
[286,"TASNETWORKSV5_20230126103852","2021-03-03T04:55:00","T::T_HA_GT_PM_4","T-HAPM_220","2014-07-31",1,-29.819479999999999,"Out = Hadspen to George Town or Hadspen to Palmerston 220 kV line, prevent poorly damped TAS North - South oscillations following fault and trip of Palmerston to Sheffield 220 kV line, Tamar CCGT out of service.","OUTAGE","OTHER","Palmerston Hadspen 2 220kV LINE","REGULATED","INCLUDED",null,"PLANNED",1]
[287,"TASNETWORKSV5_20230126103852","2021-03-03T05:00:00","T::T_HA_GT_PM_4","T-HAPM_220","2014-07-31",1,-29.052600000000002,"Out = Hadspen to George Town or Hadspen to Palmerston 220 kV line, prevent poorly damped TAS North - South oscillations following fault and trip of Palmerston to Sheffield 220 kV line, Tamar CCGT out of service.","OUTAGE","OTHER","Palmerston Hadspen 2 220kV LINE","REGULATED","INCLUDED",null,"PLANNED",1]
[288,"TASNETWORKSV5_20230126103852","2021-03-03T05:05:00","T::T_HA_GT_PM_4","T-HAPM_220","2014-07-31",1,-56.16,"Out = Hadspen to George Town or Hadspen to Palmerston 220 kV line, prevent poorly damped TAS North - South oscillations following fault and trip of Palmerston to Sheffield 220 kV line, Tamar CCGT out of service.","OUTAGE","OTHER","Palmerston Hadspen 2 220kV LINE","REGULATED","INCLUDED",null,"PLANNED",1]
[289,"TASNETWORKSV5_20230126103852","2021-03-03T05:10:00","T::T_HA_GT_PM_4","T-HAPM_220","2014-07-31",1,-38.756839999999997,"Out = Hadspen to George Town or Hadspen to Palmerston 220 kV line, prevent poorly damped TAS North - South oscillations following fault and trip of Palmerston to Sheffield 220 kV line, Tamar CCGT out of service.","OUTAGE","OTHER","Palmerston Hadspen 2 220kV LINE","REGULATED","INCLUDED",null,"PLANNED",1]
[290,"TASNETWORKSV5_20230126103852","2021-03-03T05:15:00","T::T_HA_GT_PM_4","T-HAPM_220","2014-07-31",1,-35.929789999999997,"Out = Hadspen to George Town or Hadspen to Palmerston 220 kV line, prevent poorly damped TAS North - South oscillations following fault and trip of Palmerston to Sheffield 220 kV line, Tamar CCGT out of service.","OUTAGE","OTHER","Palmerston Hadspen 2 220kV LINE","REGULATED","INCLUDED",null,"PLANNED",1]
[291,"TASNETWORKSV5_20230126103852","2021-03-03T05:20:00","T::T_HA_GT_PM_4","T-HAPM_220","2014-07-31",1,-37.923110000000001,"Out = Hadspen to George Town or Hadspen to Palmerston 220 kV line, prevent poorly damped TAS North - South oscillations following fault and trip of Palmerston to Sheffield 220 kV line, Tamar CCGT out of service.","OUTAGE","OTHER","Palmerston Hadspen 2 220kV LINE","REGULATED","INCLUDED",null,"PLANNED",1]
[292,"TASNETWORKSV5_20230126103852","2021-03-03T05:25:00","T::T_HA_GT_PM_4","T-HAPM_220","2014-07-31",1,-34.379300000000001,"Out = Hadspen to George Town or Hadspen to Palmerston 220 kV line, prevent poorly damped TAS North - South oscillations following fault and trip of Palmerston to Sheffield 220 kV line, Tamar CCGT out of service.","OUTAGE","OTHER","Palmerston Hadspen 2 220kV LINE","REGULATED","INCLUDED",null,"PLANNED",1]
[293,"TASNETWORKSV5_20230126103852","2021-03-03T05:30:00","T::T_HA_GT_PM_4","T-HAPM_220","2014-07-31",1,-67.749579999999995,"Out = Hadspen to George Town or Hadspen to Palmerston 220 kV line, prevent poorly damped TAS North - South oscillations following fault and trip of Palmerston to Sheffield 220 kV line, Tamar CCGT out of service.","OUTAGE","OTHER","Palmerston Hadspen 2 220kV LINE","REGULATED","INCLUDED",null,"PLANNED",1]
[294,"TASNETWORKSV5_20230126103852","2021-03-03T05:35:00","T::T_HA_GT_PM_4","T-HAPM_220","2014-07-31",1,-68.645489999999995,"Out = Hadspen to George Town or Hadspen to Palmerston 220 kV line, prevent poorly damped TAS North - South oscillations following fault and trip of Palmerston to Sheffield 220 kV line, Tamar CCGT out of service.","OUTAGE","OTHER","Palmerston Hadspen 2 220kV LINE","REGULATED","INCLUDED",null,"PLANNED",1]
[295,"TASNETWORKSV5_20230126103852","2021-03-03T05:40:00","T::T_HA_GT_PM_4","T-HAPM_220","2014-07-31",1,-36.56427,"Out = Hadspen to George Town or Hadspen to Palmerston 220 kV line, prevent poorly damped TAS North - South oscillations following fault and trip of Palmerston to Sheffield 220 kV line, Tamar CCGT out of service.","OUTAGE","OTHER","Palmerston Hadspen 2 220kV LINE","REGULATED","INCLUDED",null,"PLANNED",1]
[296,"TASNETWORKSV5_20230126103852","2021-03-03T05:45:00","T::T_HA_GT_PM_4","T-HAPM_220","2014-07-31",1,-36.402749999999997,"Out = Hadspen to George Town or Hadspen to Palmerston 220 kV line, prevent poorly damped TAS North - South oscillations following fault and trip of Palmerston to Sheffield 220 kV line, Tamar CCGT out of service.","OUTAGE","OTHER","Palmerston Hadspen 2 220kV LINE","REGULATED","INCLUDED",null,"PLANNED",1]
[297,"TASNETWORKSV5_20230126103852","2021-03-03T05:50:00","T::T_HA_GT_PM_4","T-HAPM_220","2014-07-31",1,-37.50159,"Out = Hadspen to George Town or Hadspen to Palmerston 220 kV line, prevent poorly damped TAS North - South oscillations following fault and trip of Palmerston to Sheffield 220 kV line, Tamar CCGT out of service.","OUTAGE","OTHER","Palmerston Hadspen 2 220kV LINE","REGULATED","INCLUDED",null,"PLANNED",1]
[298,"TASNETWORKSV5_20230126103852","2021-03-03T05:55:00","T::T_HA_GT_PM_4","T-HAPM_220","2014-07-31",1,-58.037320000000001,"Out = Hadspen to George Town or Hadspen to Palmerston 220 kV line, prevent poorly damped TAS North - South oscillations following fault and trip of Palmerston to Sheffield 220 kV line, Tamar CCGT out of service.","OUTAGE","OTHER","Palmerston Hadspen 2 220kV LINE","REGULATED","INCLUDED",null,"PLANNED",1]
[299,"TASNETWORKSV5_20230126103852","2021-03-03T06:00:00","T::T_HA_GT_PM_4","T-HAPM_220","2014-07-31",1,-30.017320000000002,"Out = Hadspen to George Town or Hadspen to Palmerston 220 kV line, prevent poorly damped TAS North - South oscillations following fault and trip of Palmerston to Sheffield 220 kV line, Tamar CCGT out of service.","OUTAGE","OTHER","Palmerston Hadspen 2 220kV LINE","REGULATED","INCLUDED",null,"PLANNED",1]
[300,"TASNETWORKSV5_20230126103852","2021-03-03T06:50:00","T::T_HA_GT_PM_4","T-HAPM_220","2014-07-31",1,-28.06,"Out = Hadspen to George Town or Hadspen to Palmerston 220 kV line, prevent poorly damped TAS North - South oscillations following fault and trip of Palmerston to Sheffield 220 kV line, Tamar CCGT out of service.","OUTAGE","OTHER","Palmerston Hadspen 2 220kV LINE","REGULATED","INCLUDED",null,"PLANNED",1]
[301,"TASNETWORKSV5_20230126103852","2021-03-03T06:55:00","T::T_HA_GT_PM_4","T-HAPM_220","2014-07-31",1,-28.06,"Out = Hadspen to George Town or Hadspen to Palmerston 220 kV line, prevent poorly damped TAS North - South oscillations following fault and trip of Palmerston to Sheffield 220 kV line, Tamar CCGT out of service.","OUTAGE","OTHER","Palmerston Hadspen 2 220kV LINE","REGULATED","INCLUDED",null,"PLANNED",1]
[302,"TASNETWORKSV5_20230126103852","2021-03-03T07:00:00","T::T_HA_GT_PM_4","T-HAPM_220","2014-07-31",1,-28.06,"Out = Hadspen to George Town or Hadspen to Palmerston 220 kV line, prevent poorly damped TAS North - South oscillations following fault and trip of Palmerston to Sheffield 220 kV line, Tamar CCGT out of service.","OUTAGE","OTHER","Palmerston Hadspen 2 220kV LINE","REGULATED","INCLUDED",null,"PLANNED",1]
[303,"TASNETWORKSV5_20230126103852","2021-03-03T07:05:00","T::T_HA_GT_PM_4","T-HAPM_220","2014-07-31",1,-28.06,"Out = Hadspen to George Town or Hadspen to Palmerston 220 kV line, prevent poorly damped TAS North - South oscillations following fault and trip of Palmerston to Sheffield 220 kV line, Tamar CCGT out of service.","OUTAGE","OTHER","Palmerston Hadspen 2 220kV LINE","REGULATED","INCLUDED",null,"PLANNED",1]
[304,"TASNETWORKSV5_20230126103852","2021-03-03T07:10:00","T::T_HA_GT_PM_4","T-HAPM_220","2014-07-31",1,-28.06,"Out = Hadspen to George Town or Hadspen to Palmerston 220 kV line, prevent poorly damped TAS North - South oscillations following fault and trip of Palmerston to Sheffield 220 kV line, Tamar CCGT out of service.","OUTAGE","OTHER","Palmerston Hadspen 2 220kV LINE","REGULATED","INCLUDED",null,"PLANNED",1]
[305,"TASNETWORKSV5_20230126103852","2021-03-03T07:15:00","T::T_HA_GT_PM_4","T-HAPM_220","2014-07-31",1,-29.68702,"Out = Hadspen to George Town or Hadspen to Palmerston 220 kV line, prevent poorly damped TAS North - South oscillations following fault and trip of Palmerston to Sheffield 220 kV line, Tamar CCGT out of service.","OUTAGE","OTHER","Palmerston Hadspen 2 220kV LINE","REGULATED","INCLUDED",null,"PLANNED",1]
[306,"TASNETWORKSV5_20230126103852","2021-03-03T07:20:00","T::T_HA_GT_PM_4","T-HAPM_220","2014-07-31",1,-34.944009999999999,"Out = Hadspen to George Town or Hadspen to Palmerston 220 kV line, prevent poorly damped TAS North - South oscillations following fault and trip of Palmerston to Sheffield 220 kV line, Tamar CCGT out of service.","OUTAGE","OTHER","Palmerston Hadspen 2 220kV LINE","REGULATED","INCLUDED",null,"PLANNED",1]
[307,"TASNETWORKSV5_20230126103852","2021-03-03T07:25:00","T::T_HA_GT_PM_4","T-HAPM_220","2014-07-31",1,-34.018940000000001,"Out = Hadspen to George Town or Hadspen to Palmerston 220 kV line, prevent poorly damped TAS North - South oscillations following fault and trip of Palmerston to Sheffield 220 kV line, Tamar CCGT out of service.","OUTAGE","OTHER","Palmerston Hadspen 2 220kV LINE","REGULATED","INCLUDED",null,"PLANNED",1]
[308,"TASNETWORKSV5_20230126103852","2021-03-03T07:30:00","T::T_HA_GT_PM_4","T-HAPM_220","2014-07-31",1,-31.185839999999999,"Out = Hadspen to George Town or Hadspen to Palmerston 220 kV line, prevent poorly damped TAS North - South oscillations following fault and trip of Palmerston to Sheffield 220 kV line, Tamar CCGT out of service.","OUTAGE","OTHER","Palmerston Hadspen 2 220kV LINE","REGULATED","INCLUDED",null,"PLANNED",1]
[309,"TASNETWORKSV5_20230126103852","2021-03-03T07:35:00","T::T_HA_GT_PM_4","T-HAPM_220","2014-07-31",1,-30.673310000000001,"Out = Hadspen to George Town or Hadspen to Palmerston 220 kV line, prevent poorly damped TAS North - South oscillations following fault and trip of Palmerston to Sheffield 220 kV line, Tamar CCGT out of service.","OUTAGE","OTHER","Palmerston Hadspen 2 220kV LINE","REGULATED","INCLUDED",null,"PLANNED",1]
[310,"TASNETWORKSV5_20230126103852","2021-03-03T07:40:00","T::T_HA_GT_PM_4","T-HAPM_220","2014-07-31",1,-34.072679999999998,"Out = Hadspen to George Town or Hadspen to Palmerston 220 kV line, prevent poorly damped TAS North - South oscillations following fault and trip of Palmerston to Sheffield 220 kV line, Tamar CCGT out of service.","OUTAGE","OTHER","Palmerston Hadspen 2 220kV LINE","REGULATED","INCLUDED",null,"PLANNED",1]
[311,"TASNETWORKSV5_20230126103852","2021-03-03T07:45:00","T::T_HA_GT_PM_4","T-HAPM_220","2014-07-31",1,-34.091169999999998,"Out = Hadspen to George Town or Hadspen to Palmerston 220 kV line, prevent poorly damped TAS North - South oscillations following fault and trip of Palmerston to Sheffield 220 kV line, Tamar CCGT out of service.","OUTAGE","OTHER","Palmerston Hadspen 2 220kV LINE","REGULATED","INCLUDED",null,"PLANNED",1]
[312,"TASNETWORKSV5_20230126103852","2021-03-03T07:50:00","T::T_HA_GT_PM_4","T-HAPM_220","2014-07-31",1,-31.55658,"Out = Hadspen to George Town or Hadspen to Palmerston 220 kV line, prevent poorly damped TAS North - South oscillations following fault and trip of Palmerston to Sheffield 220 kV line, Tamar CCGT out of service.","OUTAGE","OTHER","Palmerston Hadspen 2 220kV LINE","REGULATED","INCLUDED",null,"PLANNED",1]
[313,"TASNETWORKSV5_20230126103852","2021-03-03T07:55:00","T::T_HA_GT_PM_4","T-HAPM_220","2014-07-31",1,-31.55658,"Out = Hadspen to George Town or Hadspen to Palmerston 220 kV line, prevent poorly damped TAS North - South oscillations following fault and trip of Palmerston to Sheffield 220 kV line, Tamar CCGT out of service.","OUTAGE","OTHER","Palmerston Hadspen 2 220kV LINE","REGULATED","INCLUDED",null,"PLANNED",1]
[314,"TASNETWORKSV5_20230126103852","2021-03-03T08:00:00","T::T_HA_GT_PM_4","T-HAPM_220","2014-07-31",1,-31.55658,"Out = Hadspen to George Town or Hadspen to Palmerston 220 kV line, prevent poorly damped TAS North - South oscillations following fault and trip of Palmerston to Sheffield 220 kV line, Tamar CCGT out of service.","OUTAGE","OTHER","Palmerston Hadspen 2 220kV LINE","REGULATED","INCLUDED",null,"PLANNED",1]
[315,"TASNETWORKSV5_20230126103852","2021-03-03T08:05:00","T::T_HA_GT_PM_4","T-HAPM_220","2014-07-31",1,-39.396140000000003,"Out = Hadspen to George Town or Hadspen to Palmerston 220 kV line, prevent poorly damped TAS North - South oscillations following fault and trip of Palmerston to Sheffield 220 kV line, Tamar CCGT out of service.","OUTAGE","OTHER","Palmerston Hadspen 2 220kV LINE","REGULATED","INCLUDED",null,"PLANNED",1]
[316,"TASNETWORKSV5_20230126103852","2021-03-03T08:10:00","T::T_HA_GT_PM_4","T-HAPM_220","2014-07-31",1,-47.22063,"Out = Hadspen to George Town or Hadspen to Palmerston 220 kV line, prevent poorly damped TAS North - South oscillations following fault and trip of Palmerston to Sheffield 220 kV line, Tamar CCGT out of service.","OUTAGE","OTHER","Palmerston Hadspen 2 220kV LINE","REGULATED","INCLUDED",null,"PLANNED",1]
[317,"TASNETWORKSV5_20230126103852","2021-03-03T08:15:00","T::T_HA_GT_PM_4","T-HAPM_220","2014-07-31",1,-44.975760000000001,"Out = Hadspen to George Town or Hadspen to Palmerston 220 kV line, prevent poorly damped TAS North - South oscillations following fault and trip of Palmerston to Sheffield 220 kV line, Tamar CCGT out of service.","OUTAGE","OTHER","Palmerston Hadspen 2 220kV LINE","REGULATED","INCLUDED",null,"PLANNED",1]
[318,"TASNETWORKSV5_20230126103852","2021-03-03T08:20:00","T::T_HA_GT_PM_4","T-HAPM_220","2014-07-31",1,-52.394469999999998,"Out = Hadspen to George Town or Hadspen to Palmerston 220 kV line, prevent poorly damped TAS North - South oscillations following fault and trip of Palmerston to Sheffield 220 kV line, Tamar CCGT out of service.","OUTAGE","OTHER","Palmerston Hadspen 2 220kV LINE","REGULATED","INCLUDED",null,"PLANNED",1]
[319,"TASNETWORKSV5_20230126103852","2021-03-03T08:25:00","T::T_HA_GT_PM_4","T-HAPM_220","2014-07-31",1,-53.511330000000001,"Out = Hadspen to George Town or Hadspen to Palmerston 220 kV line, prevent poorly damped TAS North - South oscillations following fault and trip of Palmerston to Sheffield 220 kV line, Tamar CCGT out of service.","OUTAGE","OTHER","Palmerston Hadspen 2 220kV LINE","REGULATED","INCLUDED",null,"PLANNED",1]
[320,"TASNETWORKSV5_20230126103852","2021-03-03T08:30:00","T::T_HA_GT_PM_4","T-HAPM_220","2014-07-31",1,-53.723480000000002,"Out = Hadspen to George Town or Hadspen to Palmerston 220 kV line, prevent poorly damped TAS North - South oscillations following fault and trip of Palmerston to Sheffield 220 kV line, Tamar CCGT out of service.","OUTAGE","OTHER","Palmerston Hadspen 2 220kV LINE","REGULATED","INCLUDED",null,"PLANNED",1]
[321,"TASNETWORKSV5_20230126103852","2021-03-03T08:35:00","T::T_HA_GT_PM_4","T-HAPM_220","2014-07-31",1,-35.714269999999999,"Out = Hadspen to George Town or Hadspen to Palmerston 220 kV line, prevent poorly damped TAS North - South oscillations following fault and trip of Palmerston to Sheffield 220 kV line, Tamar CCGT out of service.","OUTAGE","OTHER","Palmerston Hadspen 2 220kV LINE","REGULATED","INCLUDED",null,"PLANNED",1]
[322,"TASNETWORKSV5_20230126103852","2021-03-03T08:40:00","T::T_HA_GT_PM_4","T-HAPM_220","2014-07-31",1,-35.568379999999998,"Out = Hadspen to George Town or Hadspen to Palmerston 220 kV line, prevent poorly damped TAS North - South oscillations following fault and trip of Palmerston to Sheffield 220 kV line, Tamar CCGT out of service.","OUTAGE","OTHER","Palmerston Hadspen 2 220kV LINE","REGULATED","INCLUDED",null,"PLANNED",1]
[323,"TASNETWORKSV5_20230126103852","2021-03-03T08:45:00","T::T_HA_GT_PM_4","T-HAPM_220","2014-07-31",1,-45.715580000000003,"Out = Hadspen to George Town or Hadspen to Palmerston 220 kV line, prevent poorly damped TAS North - South oscillations following fault and trip of Palmerston to Sheffield 220 kV line, Tamar CCGT out of service.","OUTAGE","OTHER","Palmerston Hadspen 2 220kV LINE","REGULATED","INCLUDED",null,"PLANNED",1]
[324,"TASNETWORKSV5_20230126103852","2021-03-03T08:50:00","T::T_HA_GT_PM_4","T-HAPM_220","2014-07-31",1,-39.784419999999997,"Out = Hadspen to George Town or Hadspen to Palmerston 220 kV line, prevent poorly damped TAS North - South oscillations following fault and trip of Palmerston to Sheffield 220 kV line, Tamar CCGT out of service.","OUTAGE","OTHER","Palmerston Hadspen 2 220kV LINE","REGULATED","INCLUDED",null,"PLANNED",1]
[325,"TASNETWORKSV5_20230126103852","2021-03-03T08:55:00","T::T_HA_GT_PM_4","T-HAPM_220","2014-07-31",1,-35.297849999999997,"Out = Hadspen to George Town or Hadspen to Palmerston 220 kV line, prevent poorly damped TAS North - South oscillations following fault and trip of Palmerston to Sheffield 220 kV line, Tamar CCGT out of service.","OUTAGE","OTHER","Palmerston Hadspen 2 220kV LINE","REGULATED","INCLUDED",null,"PLANNED",1]
[326,"TASNETWORKSV5_20230126103852","2021-03-03T09:00:00","T::T_HA_GT_PM_4","T-HAPM_220","2014-07-31",1,-37.711219999999997,"Out = Hadspen to George Town or Hadspen to Palmerston 220 kV line, prevent poorly damped TAS North - South oscillations following fault and trip of Palmerston to Sheffield 220 kV line, Tamar CCGT out of service.","OUTAGE","OTHER","Palmerston Hadspen 2 220kV LINE","REGULATED","INCLUDED",null,"PLANNED",1]
[327,"TASNETWORKSV5_20230126103852","2021-03-03T09:05:00","T::T_HA_GT_PM_4","T-HAPM_220","2014-07-31",1,-26.475359999999998,"Out = Hadspen to George Town or Hadspen to Palmerston 220 kV line, prevent poorly damped TAS North - South oscillations following fault and trip of Palmerston to Sheffield 220 kV line, Tamar CCGT out of service.","OUTAGE","OTHER","Palmerston Hadspen 2 220kV LINE","REGULATED","INCLUDED",null,"PLANNED",1]
[328,"TASNETWORKSV5_20230126103852","2021-03-03T09:10:00","T::T_HA_GT_PM_4","T-HAPM_220","2014-07-31",1,-30.103819999999999,"Out = Hadspen to George Town or Hadspen to Palmerston 220 kV line, prevent poorly damped TAS North - South oscillations following fault and trip of Palmerston to Sheffield 220 kV line, Tamar CCGT out of service.","OUTAGE","OTHER","Palmerston Hadspen 2 220kV LINE","REGULATED","INCLUDED",null,"PLANNED",1]
[329,"TASNETWORKSV5_20230126103852","2021-03-03T09:15:00","T::T_HA_GT_PM_4","T-HAPM_220","2014-07-31",1,-33.765369999999997,"Out = Hadspen to George Town or Hadspen to Palmerston 220 kV line, prevent poorly damped TAS North - South oscillations following fault and trip of Palmerston to Sheffield 220 kV line, Tamar CCGT out of service.","OUTAGE","OTHER","Palmerston Hadspen 2 220kV LINE","REGULATED","INCLUDED",null,"PLANNED",1]
[330,"TASNETWORKSV5_20230126103852","2021-03-03T09:20:00","T::T_HA_GT_PM_4","T-HAPM_220","2014-07-31",1,-35.362070000000003,"Out = Hadspen to George Town or Hadspen to Palmerston 220 kV line, prevent poorly damped TAS North - South oscillations following fault and trip of Palmerston to Sheffield 220 kV line, Tamar CCGT out of service.","OUTAGE","OTHER","Palmerston Hadspen 2 220kV LINE","REGULATED","INCLUDED",null,"PLANNED",1]
[331,"TASNETWORKSV5_20230126103852","2021-03-03T09:25:00","T::T_HA_GT_PM_4","T-HAPM_220","2014-07-31",1,-33.79298,"Out = Hadspen to George Town or Hadspen to Palmerston 220 kV line, prevent poorly damped TAS North - South oscillations following fault and trip of Palmerston to Sheffield 220 kV line, Tamar CCGT out of service.","OUTAGE","OTHER","Palmerston Hadspen 2 220kV LINE","REGULATED","INCLUDED",null,"PLANNED",1]
[332,"TASNETWORKSV5_20230126103852","2021-03-03T09:30:00","T::T_HA_GT_PM_4","T-HAPM_220","2014-07-31",1,-37.443559999999998,"Out = Hadspen to George Town or Hadspen to Palmerston 220 kV line, prevent poorly damped TAS North - South oscillations following fault and trip of Palmerston to Sheffield 220 kV line, Tamar CCGT out of service.","OUTAGE","OTHER","Palmerston Hadspen 2 220kV LINE","REGULATED","INCLUDED",null,"PLANNED",1]
[333,"TASNETWORKSV5_20230126103852","2021-03-03T09:35:00","T::T_HA_GT_PM_4","T-HAPM_220","2014-07-31",1,-36.193989999999999,"Out = Hadspen to George Town or Hadspen to Palmerston 220 kV line, prevent poorly damped TAS North - South oscillations following fault and trip of Palmerston to Sheffield 220 kV line, Tamar CCGT out of service.","OUTAGE","OTHER","Palmerston Hadspen 2 220kV LINE","REGULATED","INCLUDED",null,"PLANNED",1]
[334,"TASNETWORKSV5_20230126103852","2021-03-03T09:40:00","T::T_HA_GT_PM_4","T-HAPM_220","2014-07-31",1,-36.830359999999999,"Out = Hadspen to George Town or Hadspen to Palmerston 220 kV line, prevent poorly damped TAS North - South oscillations following fault and trip of Palmerston to Sheffield 220 kV line, Tamar CCGT out of service.","OUTAGE","OTHER","Palmerston Hadspen 2 220kV LINE","REGULATED","INCLUDED",null,"PLANNED",1]
[335,"TASNETWORKSV5_20230126103852","2021-03-03T09:45:00","T::T_HA_GT_PM_4","T-HAPM_220","2014-07-31",1,-37.294890000000002,"Out = Hadspen to George Town or Hadspen to Palmerston 220 kV line, prevent poorly damped TAS North - South oscillations following fault and trip of Palmerston to Sheffield 220 kV line, Tamar CCGT out of service.","OUTAGE","OTHER","Palmerston Hadspen 2 220kV LINE","REGULATED","INCLUDED",null,"PLANNED",1]
[336,"TASNETWORKSV5_20230126103852","2021-03-03T09:50:00","T::T_HA_GT_PM_4","T-HAPM_220","2014-07-31",1,-37.24192,"Out = Hadspen to George Town or Hadspen to Palmerston 220 kV line, prevent poorly damped TAS North - South oscillations following fault and trip of Palmerston to Sheffield 220 kV line, Tamar CCGT out of service.","OUTAGE","OTHER","Palmerston Hadspen 2 220kV LINE","REGULATED","INCLUDED",null,"PLANNED",1]
[337,"TASNETWORKSV5_20230126103852","2021-03-03T09:55:00","T::T_HA_GT_PM_4","T-HAPM_220","2014-07-31",1,-37.646749999999997,"Out = Hadspen to George Town or Hadspen to Palmerston 220 kV line, prevent poorly damped TAS North - South oscillations following fault and trip of Palmerston to Sheffield 220 kV line, Tamar CCGT out of service.","OUTAGE","OTHER","Palmerston Hadspen 2 220kV LINE","REGULATED","INCLUDED",null,"PLANNED",1]
[338,"TASNETWORKSV5_20230126103852","2021-03-03T10:00:00","T::T_HA_GT_PM_4","T-HAPM_220","2014-07-31",1,-37.672649999999997,"Out = Hadspen to George Town or Hadspen to Palmerston 220 kV line, prevent poorly damped TAS North - South oscillations following fault and trip of Palmerston to Sheffield 220 kV line, Tamar CCGT out of service.","OUTAGE","OTHER","Palmerston Hadspen 2 220kV LINE","REGULATED","INCLUDED",null,"PLANNED",1]
[339,"TASNETWORKSV5_20230126103852","2021-03-03T10:05:00","T::T_HA_GT_PM_4","T-HAPM_220","2014-07-31",1,-37.772390000000001,"Out = Hadspen to George Town or Hadspen to Palmerston 220 kV line, prevent poorly damped TAS North - South oscillations following fault and trip of Palmerston to Sheffield 220 kV line, Tamar CCGT out of service.","OUTAGE","OTHER","Palmerston Hadspen 2 220kV LINE","REGULATED","INCLUDED",null,"PLANNED",1]
[340,"TASNETWORKSV5_20230126103852","2021-03-03T10:10:00","T::T_HA_GT_PM_4","T-HAPM_220","2014-07-31",1,-37.817549999999997,"Out = Hadspen to George Town or Hadspen to Palmerston 220 kV line, prevent poorly damped TAS North - South oscillations following fault and trip of Palmerston to Sheffield 220 kV line, Tamar CCGT out of service.","OUTAGE","OTHER","Palmerston Hadspen 2 220kV LINE","REGULATED","INCLUDED",null,"PLANNED",1]
[341,"TASNETWORKSV5_20230126103852","2021-03-03T10:15:00","T::T_HA_GT_PM_4","T-HAPM_220","2014-07-31",1,-37.785339999999998,"Out = Hadspen to George Town or Hadspen to Palmerston 220 kV line, prevent poorly damped TAS North - South oscillations following fault and trip of Palmerston to Sheffield 220 kV line, Tamar CCGT out of service.","OUTAGE","OTHER","Palmerston Hadspen 2 220kV LINE","REGULATED","INCLUDED",null,"PLANNED",1]
[342,"TASNETWORKSV5_20230126103852","2021-03-03T10:20:00","T::T_HA_GT_PM_4","T-HAPM_220","2014-07-31",1,-37.63252,"Out = Hadspen to George Town or Hadspen to Palmerston 220 kV line, prevent poorly damped TAS North - South oscillations following fault and trip of Palmerston to Sheffield 220 kV line, Tamar CCGT out of service.","OUTAGE","OTHER","Palmerston Hadspen 2 220kV LINE","REGULATED","INCLUDED",null,"PLANNED",1]
[343,"TASNETWORKSV5_20230126103852","2021-03-03T10:25:00","T::T_HA_GT_PM_4","T-HAPM_220","2014-07-31",1,-37.74494,"Out = Hadspen to George Town or Hadspen to Palmerston 220 kV line, prevent poorly damped TAS North - South oscillations following fault and trip of Palmerston to Sheffield 220 kV line, Tamar CCGT out of service.","OUTAGE","OTHER","Palmerston Hadspen 2 220kV LINE","REGULATED","INCLUDED",null,"PLANNED",1]
[344,"TASNETWORKSV5_20230126103852","2021-03-03T10:30:00","T::T_HA_GT_PM_4","T-HAPM_220","2014-07-31",1,-37.792769999999997,"Out = Hadspen to George Town or Hadspen to Palmerston 220 kV line, prevent poorly damped TAS North - South oscillations following fault and trip of Palmerston to Sheffield 220 kV line, Tamar CCGT out of service.","OUTAGE","OTHER","Palmerston Hadspen 2 220kV LINE","REGULATED","INCLUDED",null,"PLANNED",1]
[345,"TASNETWORKSV5_20230126103852","2021-03-03T10:35:00","T::T_HA_GT_PM_4","T-HAPM_220","2014-07-31",1,-37.530589999999997,"Out = Hadspen to George Town or Hadspen to Palmerston 220 kV line, prevent poorly damped TAS North - South oscillations following fault and trip of Palmerston to Sheffield 220 kV line, Tamar CCGT out of service.","OUTAGE","OTHER","Palmerston Hadspen 2 220kV LINE","REGULATED","INCLUDED",null,"PLANNED",1]
[346,"TASNETWORKSV5_20230126103852","2021-03-03T10:40:00","T::T_HA_GT_PM_4","T-HAPM_220","2014-07-31",1,-37.524610000000003,"Out = Hadspen to George Town or Hadspen to Palmerston 220 kV line, prevent poorly damped TAS North - South oscillations following fault and trip of Palmerston to Sheffield 220 kV line, Tamar CCGT out of service.","OUTAGE","OTHER","Palmerston Hadspen 2 220kV LINE","REGULATED","INCLUDED",null,"PLANNED",1]
[347,"TASNETWORKSV5_20230126103852","2021-03-03T10:45:00","T::T_HA_GT_PM_4","T-HAPM_220","2014-07-31",1,-37.445419999999999,"Out = Hadspen to George Town or Hadspen to Palmerston 220 kV line, prevent poorly damped TAS North - South oscillations following fault and trip of Palmerston to Sheffield 220 kV line, Tamar CCGT out of service.","OUTAGE","OTHER","Palmerston Hadspen 2 220kV LINE","REGULATED","INCLUDED",null,"PLANNED",1]
[348,"TASNETWORKSV5_20230126103852","2021-03-03T10:50:00","T::T_HA_GT_PM_4","T-HAPM_220","2014-07-31",1,-37.516330000000004,"Out = Hadspen to George Town or Hadspen to Palmerston 220 kV line, prevent poorly damped TAS North - South oscillations following fault and trip of Palmerston to Sheffield 220 kV line, Tamar CCGT out of service.","OUTAGE","OTHER","Palmerston Hadspen 2 220kV LINE","REGULATED","INCLUDED",null,"PLANNED",1]
[349,"TASNETWORKSV5_20230126103852","2021-03-03T10:55:00","T::T_HA_GT_PM_4","T-HAPM_220","2014-07-31",1,-37.595829999999999,"Out = Hadspen to George Town or Hadspen to Palmerston 220 kV line, prevent poorly damped TAS North - South oscillations following fault and trip of Palmerston to Sheffield 220 kV line, Tamar CCGT out of service.","OUTAGE","OTHER","Palmerston Hadspen 2 220kV LINE","REGULATED","INCLUDED",null,"PLANNED",1]
[350,"TASNETWORKSV5_20230126103852","2021-03-03T11:00:00","T::T_HA_GT_PM_4","T-HAPM_220","2014-07-31",1,-45.684460000000001,"Out = Hadspen to George Town or Hadspen to Palmerston 220 kV line, prevent poorly damped TAS North - South oscillations following fault and trip of Palmerston to Sheffield 220 kV line, Tamar CCGT out of service.","OUTAGE","OTHER","Palmerston Hadspen 2 220kV LINE","REGULATED","INCLUDED",null,"PLANNED",1]
[351,"TASNETWORKSV5_20230126103852","2021-03-03T11:05:00","T::T_HA_GT_PM_4","T-HAPM_220","2014-07-31",1,-37.761200000000002,"Out = Hadspen to George Town or Hadspen to Palmerston 220 kV line, prevent poorly damped TAS North - South oscillations following fault and trip of Palmerston to Sheffield 220 kV line, Tamar CCGT out of service.","OUTAGE","OTHER","Palmerston Hadspen 2 220kV LINE","REGULATED","INCLUDED",null,"PLANNED",1]
[352,"TASNETWORKSV5_20230126103852","2021-03-03T11:10:00","T::T_HA_GT_PM_4","T-HAPM_220","2014-07-31",1,-37.698680000000003,"Out = Hadspen to George Town or Hadspen to Palmerston 220 kV line, prevent poorly damped TAS North - South oscillations following fault and trip of Palmerston to Sheffield 220 kV line, Tamar CCGT out of service.","OUTAGE","OTHER","Palmerston Hadspen 2 220kV LINE","REGULATED","INCLUDED",null,"PLANNED",1]
[353,"TASNETWORKSV5_20230126103852","2021-03-03T11:15:00","T::T_HA_GT_PM_4","T-HAPM_220","2014-07-31",1,-37.785899999999998,"Out = Hadspen to George Town or Hadspen to Palmerston 220 kV line, prevent poorly damped TAS North - South oscillations following fault and trip of Palmerston to Sheffield 220 kV line, Tamar CCGT out of service.","OUTAGE","OTHER","Palmerston Hadspen 2 220kV LINE","REGULATED","INCLUDED",null,"PLANNED",1]
[354,"TASNETWORKSV5_20230126103852","2021-03-03T11:20:00","T::T_HA_GT_PM_4","T-HAPM_220","2014-07-31",1,-39.21246,"Out = Hadspen to George Town or Hadspen to Palmerston 220 kV line, prevent poorly damped TAS North - South oscillations following fault and trip of Palmerston to Sheffield 220 kV line, Tamar CCGT out of service.","OUTAGE","OTHER","Palmerston Hadspen 2 220kV LINE","REGULATED","INCLUDED",null,"PLANNED",1]
[355,"TASNETWORKSV5_20230126103852","2021-03-03T11:25:00","T::T_HA_GT_PM_4","T-HAPM_220","2014-07-31",1,-37.84272,"Out = Hadspen to George Town or Hadspen to Palmerston 220 kV line, prevent poorly damped TAS North - South oscillations following fault and trip of Palmerston to Sheffield 220 kV line, Tamar CCGT out of service.","OUTAGE","OTHER","Palmerston Hadspen 2 220kV LINE","REGULATED","INCLUDED",null,"PLANNED",1]
[356,"TASNETWORKSV5_20230126103852","2021-03-03T11:30:00","T::T_HA_GT_PM_4","T-HAPM_220","2014-07-31",1,-37.743839999999999,"Out = Hadspen to George Town or Hadspen to Palmerston 220 kV line, prevent poorly damped TAS North - South oscillations following fault and trip of Palmerston to Sheffield 220 kV line, Tamar CCGT out of service.","OUTAGE","OTHER","Palmerston Hadspen 2 220kV LINE","REGULATED","INCLUDED",null,"PLANNED",1]
[357,"TASNETWORKSV5_20230126103852","2021-03-03T11:35:00","T::T_HA_GT_PM_4","T-HAPM_220","2014-07-31",1,-37.752569999999999,"Out = Hadspen to George Town or Hadspen to Palmerston 220 kV line, prevent poorly damped TAS North - South oscillations following fault and trip of Palmerston to Sheffield 220 kV line, Tamar CCGT out of service.","OUTAGE","OTHER","Palmerston Hadspen 2 220kV LINE","REGULATED","INCLUDED",null,"PLANNED",1]
[358,"TASNETWORKSV5_20230126103852","2021-03-03T11:40:00","T::T_HA_GT_PM_4","T-HAPM_220","2014-07-31",1,-39.205089999999998,"Out = Hadspen to George Town or Hadspen to Palmerston 220 kV line, prevent poorly damped TAS North - South oscillations following fault and trip of Palmerston to Sheffield 220 kV line, Tamar CCGT out of service.","OUTAGE","OTHER","Palmerston Hadspen 2 220kV LINE","REGULATED","INCLUDED",null,"PLANNED",1]
[359,"TASNETWORKSV5_20230126103852","2021-03-03T11:45:00","T::T_HA_GT_PM_4","T-HAPM_220","2014-07-31",1,-37.75956,"Out = Hadspen to George Town or Hadspen to Palmerston 220 kV line, prevent poorly damped TAS North - South oscillations following fault and trip of Palmerston to Sheffield 220 kV line, Tamar CCGT out of service.","OUTAGE","OTHER","Palmerston Hadspen 2 220kV LINE","REGULATED","INCLUDED",null,"PLANNED",1]
[360,"TASNETWORKSV5_20230126103852","2021-03-03T11:50:00","T::T_HA_GT_PM_4","T-HAPM_220","2014-07-31",1,-41.469279999999998,"Out = Hadspen to George Town or Hadspen to Palmerston 220 kV line, prevent poorly damped TAS North - South oscillations following fault and trip of Palmerston to Sheffield 220 kV line, Tamar CCGT out of service.","OUTAGE","OTHER","Palmerston Hadspen 2 220kV LINE","REGULATED","INCLUDED",null,"PLANNED",1]
[361,"TASNETWORKSV5_20230126103852","2021-03-03T11:55:00","T::T_HA_GT_PM_4","T-HAPM_220","2014-07-31",1,-37.610309999999998,"Out = Hadspen to George Town or Hadspen to Palmerston 220 kV line, prevent poorly damped TAS North - South oscillations following fault and trip of Palmerston to Sheffield 220 kV line, Tamar CCGT out of service.","OUTAGE","OTHER","Palmerston Hadspen 2 220kV LINE","REGULATED","INCLUDED",null,"PLANNED",1]
[362,"TASNETWORKSV5_20230126103852","2021-03-03T12:00:00","T::T_HA_GT_PM_4","T-HAPM_220","2014-07-31",1,-42.278359999999999,"Out = Hadspen to George Town or Hadspen to Palmerston 220 kV line, prevent poorly damped TAS North - South oscillations following fault and trip of Palmerston to Sheffield 220 kV line, Tamar CCGT out of service.","OUTAGE","OTHER","Palmerston Hadspen 2 220kV LINE","REGULATED","INCLUDED",null,"PLANNED",1]
[363,"TASNETWORKSV5_20230126103852","2021-03-03T12:05:00","T::T_HA_GT_PM_4","T-HAPM_220","2014-07-31",1,-39.695990000000002,"Out = Hadspen to George Town or Hadspen to Palmerston 220 kV line, prevent poorly damped TAS North - South oscillations following fault and trip of Palmerston to Sheffield 220 kV line, Tamar CCGT out of service.","OUTAGE","OTHER","Palmerston Hadspen 2 220kV LINE","REGULATED","INCLUDED",null,"PLANNED",1]
[364,"TASNETWORKSV5_20230126103852","2021-03-03T12:10:00","T::T_HA_GT_PM_4","T-HAPM_220","2014-07-31",1,-38.739199999999997,"Out = Hadspen to George Town or Hadspen to Palmerston 220 kV line, prevent poorly damped TAS North - South oscillations following fault and trip of Palmerston to Sheffield 220 kV line, Tamar CCGT out of service.","OUTAGE","OTHER","Palmerston Hadspen 2 220kV LINE","REGULATED","INCLUDED",null,"PLANNED",1]
[365,"TASNETWORKSV5_20230126103852","2021-03-03T12:15:00","T::T_HA_GT_PM_4","T-HAPM_220","2014-07-31",1,-37.25515,"Out = Hadspen to George Town or Hadspen to Palmerston 220 kV line, prevent poorly damped TAS North - South oscillations following fault and trip of Palmerston to Sheffield 220 kV line, Tamar CCGT out of service.","OUTAGE","OTHER","Palmerston Hadspen 2 220kV LINE","REGULATED","INCLUDED",null,"PLANNED",1]
[366,"TASNETWORKSV5_20230126103852","2021-03-03T12:20:00","T::T_HA_GT_PM_4","T-HAPM_220","2014-07-31",1,-37.194180000000003,"Out = Hadspen to George Town or Hadspen to Palmerston 220 kV line, prevent poorly damped TAS North - South oscillations following fault and trip of Palmerston to Sheffield 220 kV line, Tamar CCGT out of service.","OUTAGE","OTHER","Palmerston Hadspen 2 220kV LINE","REGULATED","INCLUDED",null,"PLANNED",1]
[367,"TASNETWORKSV5_20230126103852","2021-03-03T12:25:00","T::T_HA_GT_PM_4","T-HAPM_220","2014-07-31",1,-37.217379999999999,"Out = Hadspen to George Town or Hadspen to Palmerston 220 kV line, prevent poorly damped TAS North - South oscillations following fault and trip of Palmerston to Sheffield 220 kV line, Tamar CCGT out of service.","OUTAGE","OTHER","Palmerston Hadspen 2 220kV LINE","REGULATED","INCLUDED",null,"PLANNED",1]
[368,"TASNETWORKSV5_20230126103852","2021-03-03T12:30:00","T::T_HA_GT_PM_4","T-HAPM_220","2014-07-31",1,-37.10624,"Out = Hadspen to George Town or Hadspen to Palmerston 220 kV line, prevent poorly damped TAS North - South oscillations following fault and trip of Palmerston to Sheffield 220 kV line, Tamar CCGT out of service.","OUTAGE","OTHER","Palmerston Hadspen 2 220kV LINE","REGULATED","INCLUDED",null,"PLANNED",1]
[369,"TASNETWORKSV5_20230126103852","2021-03-03T12:35:00","T::T_HA_GT_PM_4","T-HAPM_220","2014-07-31",1,-37.257109999999997,"Out = Hadspen to George Town or Hadspen to Palmerston 220 kV line, prevent poorly damped TAS North - South oscillations following fault and trip of Palmerston to Sheffield 220 kV line, Tamar CCGT out of service.","OUTAGE","OTHER","Palmerston Hadspen 2 220kV LINE","REGULATED","INCLUDED",null,"PLANNED",1]
[370,"TASNETWORKSV5_20230126103852","2021-03-03T12:40:00","T::T_HA_GT_PM_4","T-HAPM_220","2014-07-31",1,-37.188949999999998,"Out = Hadspen to George Town or Hadspen to Palmerston 220 kV line, prevent poorly damped TAS North - South oscillations following fault and trip of Palmerston to Sheffield 220 kV line, Tamar CCGT out of service.","OUTAGE","OTHER","Palmerston Hadspen 2 220kV LINE","REGULATED","INCLUDED",null,"PLANNED",1]
[371,"TASNETWORKSV5_20230126103852","2021-03-03T12:45:00","T::T_HA_GT_PM_4","T-HAPM_220","2014-07-31",1,-38.632089999999998,"Out = Hadspen to George Town or Hadspen to Palmerston 220 kV line, prevent poorly damped TAS North - South oscillations following fault and trip of Palmerston to Sheffield 220 kV line, Tamar CCGT out of service.","OUTAGE","OTHER","Palmerston Hadspen 2 220kV LINE","REGULATED","INCLUDED",null,"PLANNED",1]
[372,"TASNETWORKSV5_20230126103852","2021-03-03T12:50:00","T::T_HA_GT_PM_4","T-HAPM_220","2014-07-31",1,-38.486989999999999,"Out = Hadspen to George Town or Hadspen to Palmerston 220 kV line, prevent poorly damped TAS North - South oscillations following fault and trip of Palmerston to Sheffield 220 kV line, Tamar CCGT out of service.","OUTAGE","OTHER","Palmerston Hadspen 2 220kV LINE","REGULATED","INCLUDED",null,"PLANNED",1]
[373,"TASNETWORKSV5_20230126103852","2021-03-03T12:55:00","T::T_HA_GT_PM_4","T-HAPM_220","2014-07-31",1,-39.409260000000003,"Out = Hadspen to George Town or Hadspen to Palmerston 220 kV line, prevent poorly damped TAS North - South oscillations following fault and trip of Palmerston to Sheffield 220 kV line, Tamar CCGT out of service.","OUTAGE","OTHER","Palmerston Hadspen 2 220kV LINE","REGULATED","INCLUDED",null,"PLANNED",1]
[374,"TASNETWORKSV5_20230126103852","2021-03-03T13:00:00","T::T_HA_GT_PM_4","T-HAPM_220","2014-07-31",1,-36.981879999999997,"Out = Hadspen to George Town or Hadspen to Palmerston 220 kV line, prevent poorly damped TAS North - South oscillations following fault and trip of Palmerston to Sheffield 220 kV line, Tamar CCGT out of service.","OUTAGE","OTHER","Palmerston Hadspen 2 220kV LINE","REGULATED","INCLUDED",null,"PLANNED",1]
[375,"TASNETWORKSV5_20230126103852","2021-03-03T13:05:00","T::T_HA_GT_PM_4","T-HAPM_220","2014-07-31",1,-38.497140000000002,"Out = Hadspen to George Town or Hadspen to Palmerston 220 kV line, prevent poorly damped TAS North - South oscillations following fault and trip of Palmerston to Sheffield 220 kV line, Tamar CCGT out of service.","OUTAGE","OTHER","Palmerston Hadspen 2 220kV LINE","REGULATED","INCLUDED",null,"PLANNED",1]
[376,"TASNETWORKSV5_20230126103852","2021-03-03T13:10:00","T::T_HA_GT_PM_4","T-HAPM_220","2014-07-31",1,-39.767009999999999,"Out = Hadspen to George Town or Hadspen to Palmerston 220 kV line, prevent poorly damped TAS North - South oscillations following fault and trip of Palmerston to Sheffield 220 kV line, Tamar CCGT out of service.","OUTAGE","OTHER","Palmerston Hadspen 2 220kV LINE","REGULATED","INCLUDED",null,"PLANNED",1]
[377,"TASNETWORKSV5_20230126103852","2021-03-03T13:15:00","T::T_HA_GT_PM_4","T-HAPM_220","2014-07-31",1,-39.530029999999996,"Out = Hadspen to George Town or Hadspen to Palmerston 220 kV line, prevent poorly damped TAS North - South oscillations following fault and trip of Palmerston to Sheffield 220 kV line, Tamar CCGT out of service.","OUTAGE","OTHER","Palmerston Hadspen 2 220kV LINE","REGULATED","INCLUDED",null,"PLANNED",1]
[378,"TASNETWORKSV5_20230126103852","2021-03-03T13:20:00","T::T_HA_GT_PM_4","T-HAPM_220","2014-07-31",1,-46.918199999999999,"Out = Hadspen to George Town or Hadspen to Palmerston 220 kV line, prevent poorly damped TAS North - South oscillations following fault and trip of Palmerston to Sheffield 220 kV line, Tamar CCGT out of service.","OUTAGE","OTHER","Palmerston Hadspen 2 220kV LINE","REGULATED","INCLUDED",null,"PLANNED",1]
[379,"TASNETWORKSV5_20230126103852","2021-03-03T13:25:00","T::T_HA_GT_PM_4","T-HAPM_220","2014-07-31",1,-45.632040000000003,"Out = Hadspen to George Town or Hadspen to Palmerston 220 kV line, prevent poorly damped TAS North - South oscillations following fault and trip of Palmerston to Sheffield 220 kV line, Tamar CCGT out of service.","OUTAGE","OTHER","Palmerston Hadspen 2 220kV LINE","REGULATED","INCLUDED",null,"PLANNED",1]
[380,"TASNETWORKSV5_20230126103852","2021-03-03T13:30:00","T::T_HA_GT_PM_4","T-HAPM_220","2014-07-31",1,-45.695740000000001,"Out = Hadspen to George Town or Hadspen to Palmerston 220 kV line, prevent poorly damped TAS North - South oscillations following fault and trip of Palmerston to Sheffield 220 kV line, Tamar CCGT out of service.","OUTAGE","OTHER","Palmerston Hadspen 2 220kV LINE","REGULATED","INCLUDED",null,"PLANNED",1]
[381,"TASNETWORKSV5_20230126103852","2021-03-03T13:35:00","T::T_HA_GT_PM_4","T-HAPM_220","2014-07-31",1,-45.311639999999997,"Out = Hadspen to George Town or Hadspen to Palmerston 220 kV line, prevent poorly damped TAS North - South oscillations following fault and trip of Palmerston to Sheffield 220 kV line, Tamar CCGT out of service.","OUTAGE","OTHER","Palmerston Hadspen 2 220kV LINE","REGULATED","INCLUDED",null,"PLANNED",1]
[382,"TASNETWORKSV5_20230126103852","2021-03-03T13:40:00","T::T_HA_GT_PM_4","T-HAPM_220","2014-07-31",1,-45.51294,"Out = Hadspen to George Town or Hadspen to Palmerston 220 kV line, prevent poorly damped TAS North - South oscillations following fault and trip of Palmerston to Sheffield 220 kV line, Tamar CCGT out of service.","OUTAGE","OTHER","Palmerston Hadspen 2 220kV LINE","REGULATED","INCLUDED",null,"PLANNED",1]
[383,"TASNETWORKSV5_20230126103852","2021-03-03T13:45:00","T::T_HA_GT_PM_4","T-HAPM_220","2014-07-31",1,-45.509990000000002,"Out = Hadspen to George Town or Hadspen to Palmerston 220 kV line, prevent poorly damped TAS North - South oscillations following fault and trip of Palmerston to Sheffield 220 kV line, Tamar CCGT out of service.","OUTAGE","OTHER","Palmerston Hadspen 2 220kV LINE","REGULATED","INCLUDED",null,"PLANNED",1]
[384,"TASNETWORKSV5_20230126103852","2021-03-03T13:50:00","T::T_HA_GT_PM_4","T-HAPM_220","2014-07-31",1,-37.883650000000003,"Out = Hadspen to George Town or Hadspen to Palmerston 220 kV line, prevent poorly damped TAS North - South oscillations following fault and trip of Palmerston to Sheffield 220 kV line, Tamar CCGT out of service.","OUTAGE","OTHER","Palmerston Hadspen 2 220kV LINE","REGULATED","INCLUDED",null,"PLANNED",1]
[385,"TASNETWORKSV5_20230126103852","2021-03-03T13:55:00","T::T_HA_GT_PM_4","T-HAPM_220","2014-07-31",1,-37.769280000000002,"Out = Hadspen to George Town or Hadspen to Palmerston 220 kV line, prevent poorly damped TAS North - South oscillations following fault and trip of Palmerston to Sheffield 220 kV line, Tamar CCGT out of service.","OUTAGE","OTHER","Palmerston Hadspen 2 220kV LINE","REGULATED","INCLUDED",null,"PLANNED",1]
[386,"TASNETWORKSV5_20230126103852","2021-03-03T14:00:00","T::T_HA_GT_PM_4","T-HAPM_220","2014-07-31",1,-45.545780000000001,"Out = Hadspen to George Town or Hadspen to Palmerston 220 kV line, prevent poorly damped TAS North - South oscillations following fault and trip of Palmerston to Sheffield 220 kV line, Tamar CCGT out of service.","OUTAGE","OTHER","Palmerston Hadspen 2 220kV LINE","REGULATED","INCLUDED",null,"PLANNED",1]
[387,"TASNETWORKSV5_20230126103852","2021-03-03T14:05:00","T::T_HA_GT_PM_4","T-HAPM_220","2014-07-31",1,-44.679349999999999,"Out = Hadspen to George Town or Hadspen to Palmerston 220 kV line, prevent poorly damped TAS North - South oscillations following fault and trip of Palmerston to Sheffield 220 kV line, Tamar CCGT out of service.","OUTAGE","OTHER","Palmerston Hadspen 2 220kV LINE","REGULATED","INCLUDED",null,"PLANNED",1]
[388,"TASNETWORKSV5_20230126103852","2021-03-03T14:10:00","T::T_HA_GT_PM_4","T-HAPM_220","2014-07-31",1,-41.04177,"Out = Hadspen to George Town or Hadspen to Palmerston 220 kV line, prevent poorly damped TAS North - South oscillations following fault and trip of Palmerston to Sheffield 220 kV line, Tamar CCGT out of service.","OUTAGE","OTHER","Palmerston Hadspen 2 220kV LINE","REGULATED","INCLUDED",null,"PLANNED",1]
[389,"TASNETWORKSV5_20230126103852","2021-03-03T14:15:00","T::T_HA_GT_PM_4","T-HAPM_220","2014-07-31",1,-38.507759999999998,"Out = Hadspen to George Town or Hadspen to Palmerston 220 kV line, prevent poorly damped TAS North - South oscillations following fault and trip of Palmerston to Sheffield 220 kV line, Tamar CCGT out of service.","OUTAGE","OTHER","Palmerston Hadspen 2 220kV LINE","REGULATED","INCLUDED",null,"PLANNED",1]
[390,"TASNETWORKSV5_20230126103852","2021-03-03T14:20:00","T::T_HA_GT_PM_4","T-HAPM_220","2014-07-31",1,-38.331530000000001,"Out = Hadspen to George Town or Hadspen to Palmerston 220 kV line, prevent poorly damped TAS North - South oscillations following fault and trip of Palmerston to Sheffield 220 kV line, Tamar CCGT out of service.","OUTAGE","OTHER","Palmerston Hadspen 2 220kV LINE","REGULATED","INCLUDED",null,"PLANNED",1]
[391,"TASNETWORKSV5_20230126103852","2021-03-03T14:25:00","T::T_HA_GT_PM_4","T-HAPM_220","2014-07-31",1,-37.83549,"Out = Hadspen to George Town or Hadspen to Palmerston 220 kV line, prevent poorly damped TAS North - South oscillations following fault and trip of Palmerston to Sheffield 220 kV line, Tamar CCGT out of service.","OUTAGE","OTHER","Palmerston Hadspen 2 220kV LINE","REGULATED","INCLUDED",null,"PLANNED",1]
[392,"TASNETWORKSV5_20230126103852","2021-03-03T14:30:00","T::T_HA_GT_PM_4","T-HAPM_220","2014-07-31",1,-37.313209999999998,"Out = Hadspen to George Town or Hadspen to Palmerston 220 kV line, prevent poorly damped TAS North - South oscillations following fault and trip of Palmerston to Sheffield 220 kV line, Tamar CCGT out of service.","OUTAGE","OTHER","Palmerston Hadspen 2 220kV LINE","REGULATED","INCLUDED",null,"PLANNED",1]
[393,"TASNETWORKSV5_20230126103852","2021-03-03T14:35:00","T::T_HA_GT_PM_4","T-HAPM_220","2014-07-31",1,-40.285420000000002,"Out = Hadspen to George Town or Hadspen to Palmerston 220 kV line, prevent poorly damped TAS North - South oscillations following fault and trip of Palmerston to Sheffield 220 kV line, Tamar CCGT out of service.","OUTAGE","OTHER","Palmerston Hadspen 2 220kV LINE","REGULATED","INCLUDED",null,"PLANNED",1]
[394,"TASNETWORKSV5_20230126103852","2021-03-03T14:40:00","T::T_HA_GT_PM_4","T-HAPM_220","2014-07-31",1,-38.802680000000002,"Out = Hadspen to George Town or Hadspen to Palmerston 220 kV line, prevent poorly damped TAS North - South oscillations following fault and trip of Palmerston to Sheffield 220 kV line, Tamar CCGT out of service.","OUTAGE","OTHER","Palmerston Hadspen 2 220kV LINE","REGULATED","INCLUDED",null,"PLANNED",1]
[395,"TASNETWORKSV5_20230126103852","2021-03-03T14:45:00","T::T_HA_GT_PM_4","T-HAPM_220","2014-07-31",1,-37.366160000000001,"Out = Hadspen to George Town or Hadspen to Palmerston 220 kV line, prevent poorly damped TAS North - South oscillations following fault and trip of Palmerston to Sheffield 220 kV line, Tamar CCGT out of service.","OUTAGE","OTHER","Palmerston Hadspen 2 220kV LINE","REGULATED","INCLUDED",null,"PLANNED",1]
[396,"TASNETWORKSV5_20230126103852","2021-03-03T14:50:00","T::T_HA_GT_PM_4","T-HAPM_220","2014-07-31",1,-37.254510000000003,"Out = Hadspen to George Town or Hadspen to Palmerston 220 kV line, prevent poorly damped TAS North - South oscillations following fault and trip of Palmerston to Sheffield 220 kV line, Tamar CCGT out of service.","OUTAGE","OTHER","Palmerston Hadspen 2 220kV LINE","REGULATED","INCLUDED",null,"PLANNED",1]
[397,"TASNETWORKSV5_20230126103852","2021-03-03T14:55:00","T::T_HA_GT_PM_4","T-HAPM_220","2014-07-31",1,-38.591090000000001,"Out = Hadspen to George Town or Hadspen to Palmerston 220 kV line, prevent poorly damped TAS North - South oscillations following fault and trip of Palmerston to Sheffield 220 kV line, Tamar CCGT out of service.","OUTAGE","OTHER","Palmerston Hadspen 2 220kV LINE","REGULATED","INCLUDED",null,"PLANNED",1]
[398,"TASNETWORKSV5_20230126103852","2021-03-03T15:00:00","T::T_HA_GT_PM_4","T-HAPM_220","2014-07-31",1,-35.67163,"Out = Hadspen to George Town or Hadspen to Palmerston 220 kV line, prevent poorly damped TAS North - South oscillations following fault and trip of Palmerston to Sheffield 220 kV line, Tamar CCGT out of service.","OUTAGE","OTHER","Palmerston Hadspen 2 220kV LINE","REGULATED","INCLUDED",null,"PLANNED",1]
[399,"TASNETWORKSV5_20230126103852","2021-03-03T15:05:00","T::T_HA_GT_PM_4","T-HAPM_220","2014-07-31",1,-39.717149999999997,"Out = Hadspen to George Town or Hadspen to Palmerston 220 kV line, prevent poorly damped TAS North - South oscillations following fault and trip of Palmerston to Sheffield 220 kV line, Tamar CCGT out of service.","OUTAGE","OTHER","Palmerston Hadspen 2 220kV LINE","REGULATED","INCLUDED",null,"PLANNED",1]
[400,"TASNETWORKSV5_20230126103852","2021-03-03T15:10:00","T::T_HA_GT_PM_4","T-HAPM_220","2014-07-31",1,-51.602629999999998,"Out = Hadspen to George Town or Hadspen to Palmerston 220 kV line, prevent poorly damped TAS North - South oscillations following fault and trip of Palmerston to Sheffield 220 kV line, Tamar CCGT out of service.","OUTAGE","OTHER","Palmerston Hadspen 2 220kV LINE","REGULATED","INCLUDED",null,"PLANNED",1]
[401,"TASNETWORKSV5_20230126103852","2021-03-03T15:15:00","T::T_HA_GT_PM_4","T-HAPM_220","2014-07-31",1,-47.898890000000002,"Out = Hadspen to George Town or Hadspen to Palmerston 220 kV line, prevent poorly damped TAS North - South oscillations following fault and trip of Palmerston to Sheffield 220 kV line, Tamar CCGT out of service.","OUTAGE","OTHER","Palmerston Hadspen 2 220kV LINE","REGULATED","INCLUDED",null,"PLANNED",1]
[402,"TASNETWORKSV5_20230126103852","2021-03-03T15:20:00","T::T_HA_GT_PM_4","T-HAPM_220","2014-07-31",1,-48.042070000000002,"Out = Hadspen to George Town or Hadspen to Palmerston 220 kV line, prevent poorly damped TAS North - South oscillations following fault and trip of Palmerston to Sheffield 220 kV line, Tamar CCGT out of service.","OUTAGE","OTHER","Palmerston Hadspen 2 220kV LINE","REGULATED","INCLUDED",null,"PLANNED",1]
[403,"TASNETWORKSV5_20230126103852","2021-03-03T15:25:00","T::T_HA_GT_PM_4","T-HAPM_220","2014-07-31",1,-46.346879999999999,"Out = Hadspen to George Town or Hadspen to Palmerston 220 kV line, prevent poorly damped TAS North - South oscillations following fault and trip of Palmerston to Sheffield 220 kV line, Tamar CCGT out of service.","OUTAGE","OTHER","Palmerston Hadspen 2 220kV LINE","REGULATED","INCLUDED",null,"PLANNED",1]
[404,"TASNETWORKSV5_20230126103852","2021-03-03T15:30:00","T::T_HA_GT_PM_4","T-HAPM_220","2014-07-31",1,-45.978090000000002,"Out = Hadspen to George Town or Hadspen to Palmerston 220 kV line, prevent poorly damped TAS North - South oscillations following fault and trip of Palmerston to Sheffield 220 kV line, Tamar CCGT out of service.","OUTAGE","OTHER","Palmerston Hadspen 2 220kV LINE","REGULATED","INCLUDED",null,"PLANNED",1]
[405,"TASNETWORKSV5_20230126103852","2021-03-03T15:35:00","T::T_HA_GT_PM_4","T-HAPM_220","2014-07-31",1,-46.831119999999999,"Out = Hadspen to George Town or Hadspen to Palmerston 220 kV line, prevent poorly damped TAS North - South oscillations following fault and trip of Palmerston to Sheffield 220 kV line, Tamar CCGT out of service.","OUTAGE","OTHER","Palmerston Hadspen 2 220kV LINE","REGULATED","INCLUDED",null,"PLANNED",1]
[406,"TASNETWORKSV5_20230126103852","2021-03-03T15:40:00","T::T_HA_GT_PM_4","T-HAPM_220","2014-07-31",1,-55.076309999999999,"Out = Hadspen to George Town or Hadspen to Palmerston 220 kV line, prevent poorly damped TAS North - South oscillations following fault and trip of Palmerston to Sheffield 220 kV line, Tamar CCGT out of service.","OUTAGE","OTHER","Palmerston Hadspen 2 220kV LINE","REGULATED","INCLUDED",null,"PLANNED",1]
[407,"TASNETWORKSV5_20230126103852","2021-03-03T15:45:00","T::T_HA_GT_PM_4","T-HAPM_220","2014-07-31",1,-36.987259999999999,"Out = Hadspen to George Town or Hadspen to Palmerston 220 kV line, prevent poorly damped TAS North - South oscillations following fault and trip of Palmerston to Sheffield 220 kV line, Tamar CCGT out of service.","OUTAGE","OTHER","Palmerston Hadspen 2 220kV LINE","REGULATED","INCLUDED",null,"PLANNED",1]
[408,"TASNETWORKSV5_20230126103852","2021-03-03T15:50:00","T::T_HA_GT_PM_4","T-HAPM_220","2014-07-31",1,-33.481870000000001,"Out = Hadspen to George Town or Hadspen to Palmerston 220 kV line, prevent poorly damped TAS North - South oscillations following fault and trip of Palmerston to Sheffield 220 kV line, Tamar CCGT out of service.","OUTAGE","OTHER","Palmerston Hadspen 2 220kV LINE","REGULATED","INCLUDED",null,"PLANNED",1]
[409,"TASNETWORKSV5_20230126103852","2021-03-03T15:55:00","T::T_HA_GT_PM_4","T-HAPM_220","2014-07-31",1,-33.434139999999999,"Out = Hadspen to George Town or Hadspen to Palmerston 220 kV line, prevent poorly damped TAS North - South oscillations following fault and trip of Palmerston to Sheffield 220 kV line, Tamar CCGT out of service.","OUTAGE","OTHER","Palmerston Hadspen 2 220kV LINE","REGULATED","INCLUDED",null,"PLANNED",1]
[410,"TASNETWORKSV5_20230126103852","2021-03-03T16:00:00","T::T_HA_GT_PM_4","T-HAPM_220","2014-07-31",1,-40.554040000000001,"Out = Hadspen to George Town or Hadspen to Palmerston 220 kV line, prevent poorly damped TAS North - South oscillations following fault and trip of Palmerston to Sheffield 220 kV line, Tamar CCGT out of service.","OUTAGE","OTHER","Palmerston Hadspen 2 220kV LINE","REGULATED","INCLUDED",null,"PLANNED",1]
[411,"TASNETWORKSV5_20230126103852","2021-03-03T16:05:00","T::T_HA_GT_PM_4","T-HAPM_220","2014-07-31",1,-56.16,"Out = Hadspen to George Town or Hadspen to Palmerston 220 kV line, prevent poorly damped TAS North - South oscillations following fault and trip of Palmerston to Sheffield 220 kV line, Tamar CCGT out of service.","OUTAGE","OTHER","Palmerston Hadspen 2 220kV LINE","REGULATED","INCLUDED",null,"PLANNED",1]
[412,"TASNETWORKSV5_20230126103852","2021-03-18T06:05:00","T_FARC1_2","T-FARC1","2020-09-29",1,-35.04186,"Out=Farrell - Reece 1 220KV line. Discretionary 144 MW limit on Reece 2 + Granville Harbour WF","OUTAGE","OTHER","S Morang F2 No.1 bus 330kV CB","REGULATED",3,"Hydro outage request","PLANNED",0]
[413,"TASNETWORKSV5_20230126103852","2021-03-18T06:40:00","T_FARC1_2","T-FARC1","2020-09-29",1,-23.416799999999999,"Out=Farrell - Reece 1 220KV line. Discretionary 144 MW limit on Reece 2 + Granville Harbour WF","OUTAGE","OTHER","S Morang F2 No.1 bus 330kV CB","REGULATED",3,"Hydro outage request","PLANNED",0]
[414,"TASNETWORKSV5_20230126103852","2021-03-18T06:45:00","T_FARC1_2","T-FARC1","2020-09-29",1,-23.612549999999999,"Out=Farrell - Reece 1 220KV line. Discretionary 144 MW limit on Reece 2 + Granville Harbour WF","OUTAGE","OTHER","S Morang F2 No.1 bus 330kV CB","REGULATED",3,"Hydro outage request","PLANNED",0]
[415,"TASNETWORKSV5_20230126103852","2021-03-18T06:50:00","T_FARC1_2","T-FARC1","2020-09-29",1,-33.800629999999998,"Out=Farrell - Reece 1 220KV line. Discretionary 144 MW limit on Reece 2 + Granville Harbour WF","OUTAGE","OTHER","S Morang F2 No.1 bus 330kV CB","REGULATED",3,"Hydro outage request","PLANNED",0]
[416,"TASNETWORKSV5_20230126103852","2021-03-18T06:55:00","T_FARC1_2","T-FARC1","2020-09-29",1,-34.665280000000003,"Out=Farrell - Reece 1 220KV line. Discretionary 144 MW limit on Reece 2 + Granville Harbour WF","OUTAGE","OTHER","S Morang F2 No.1 bus 330kV CB","REGULATED",3,"Hydro outage request","PLANNED",0]
[417,"TASNETWORKSV5_20230126103852","2021-03-18T07:00:00","T_FARC1_2","T-FARC1","2020-09-29",1,-27.05078,"Out=Farrell - Reece 1 220KV line. Discretionary 144 MW limit on Reece 2 + Granville Harbour WF","OUTAGE","OTHER","S Morang F2 No.1 bus 330kV CB","REGULATED",3,"Hydro outage request","PLANNED",0]
[418,"TASNETWORKSV5_20230126103852","2021-03-18T07:05:00","T_FARC1_2","T-FARC1","2020-09-29",1,-19.899999999999999,"Out=Farrell - Reece 1 220KV line. Discretionary 144 MW limit on Reece 2 + Granville Harbour WF","OUTAGE","OTHER","S Morang F2 No.1 bus 330kV CB","REGULATED",3,"Hydro outage request","PLANNED",0]
[419,"TASNETWORKSV5_20230126103852","2021-03-18T07:10:00","T_FARC1_2","T-FARC1","2020-09-29",1,-19.899999999999999,"Out=Farrell - Reece 1 220KV line. Discretionary 144 MW limit on Reece 2 + Granville Harbour WF","OUTAGE","OTHER","S Morang F2 No.1 bus 330kV CB","REGULATED",3,"Hydro outage request","PLANNED",0]
[420,"TASNETWORKSV5_20230126103852","2021-03-18T07:15:00","T_FARC1_2","T-FARC1","2020-09-29",1,-19.899999999999999,"Out=Farrell - Reece 1 220KV line. Discretionary 144 MW limit on Reece 2 + Granville Harbour WF","OUTAGE","OTHER","S Morang F2 No.1 bus 330kV CB","REGULATED",3,"Hydro outage request","PLANNED",0]
[421,"TASNETWORKSV5_20230126103852","2021-03-18T07:20:00","T_FARC1_2","T-FARC1","2020-09-29",1,-16.077649999999998,"Out=Farrell - Reece 1 220KV line. Discretionary 144 MW limit on Reece 2 + Granville Harbour WF","OUTAGE","OTHER","S Morang F2 No.1 bus 330kV CB","REGULATED",3,"Hydro outage request","PLANNED",0]
[422,"TASNETWORKSV5_20230126103852","2021-03-18T07:25:00","T_FARC1_2","T-FARC1","2020-09-29",1,-10.329929999999999,"Out=Farrell - Reece 1 220KV line. Discretionary 144 MW limit on Reece 2 + Granville Harbour WF","OUTAGE","OTHER","S Morang F2 No.1 bus 330kV CB","REGULATED",3,"Hydro outage request","PLANNED",0]
[423,"TASNETWORKSV5_20230126103852","2021-03-23T07:40:00","T>T_TUNN3_110_2","T-TUNN3","2019-09-24",1,-11.80683,"Out= Tungatinah to New Norfolk No.3 110kV line, avoid O/L Tungatinah to Meadowbank Tee 1 110kV line on trip of Tungatinah to Meadowbank Tee 2 to New Norfolk 110kV lines, Feedback","OUTAGE","OTHER","Tungatinah-NewNorfolk 3 110kV LINE","REGULATED","INCLUDED",null,"PLANNED",1]
[424,"TASNETWORKSV5_20230126103852","2021-03-23T07:45:00","T>T_TUNN3_110_2","T-TUNN3","2019-09-24",1,-11.80683,"Out= Tungatinah to New Norfolk No.3 110kV line, avoid O/L Tungatinah to Meadowbank Tee 1 110kV line on trip of Tungatinah to Meadowbank Tee 2 to New Norfolk 110kV lines, Feedback","OUTAGE","OTHER","Tungatinah-NewNorfolk 3 110kV LINE","REGULATED","INCLUDED",null,"PLANNED",1]
[425,"TASNETWORKSV5_20230126103852","2021-03-23T07:50:00","T>T_TUNN3_110_2","T-TUNN3","2019-09-24",1,-11.80683,"Out= Tungatinah to New Norfolk No.3 110kV line, avoid O/L Tungatinah to Meadowbank Tee 1 110kV line on trip of Tungatinah to Meadowbank Tee 2 to New Norfolk 110kV lines, Feedback","OUTAGE","OTHER","Tungatinah-NewNorfolk 3 110kV LINE","REGULATED","INCLUDED",null,"PLANNED",1]
[426,"TASNETWORKSV5_20230126103852","2021-03-23T07:55:00","T>T_TUNN3_110_2","T-TUNN3","2019-09-24",1,-11.80683,"Out= Tungatinah to New Norfolk No.3 110kV line, avoid O/L Tungatinah to Meadowbank Tee 1 110kV line on trip of Tungatinah to Meadowbank Tee 2 to New Norfolk 110kV lines, Feedback","OUTAGE","OTHER","Tungatinah-NewNorfolk 3 110kV LINE","REGULATED","INCLUDED",null,"PLANNED",1]
[427,"TASNETWORKSV5_20230126103852","2021-03-23T08:00:00","T>T_TUNN3_110_2","T-TUNN3","2019-09-24",1,-11.80683,"Out= Tungatinah to New Norfolk No.3 110kV line, avoid O/L Tungatinah to Meadowbank Tee 1 110kV line on trip of Tungatinah to Meadowbank Tee 2 to New Norfolk 110kV lines, Feedback","OUTAGE","OTHER","Tungatinah-NewNorfolk 3 110kV LINE","REGULATED","INCLUDED",null,"PLANNED",1]
[428,"TASNETWORKSV5_20230126103852","2021-03-23T08:05:00","T>T_TUNN3_110_2","T-TUNN3","2019-09-24",1,-11.80683,"Out= Tungatinah to New Norfolk No.3 110kV line, avoid O/L Tungatinah to Meadowbank Tee 1 110kV line on trip of Tungatinah to Meadowbank Tee 2 to New Norfolk 110kV lines, Feedback","OUTAGE","OTHER","Tungatinah-NewNorfolk 3 110kV LINE","REGULATED","INCLUDED",null,"PLANNED",1]
[429,"TASNETWORKSV5_20230126103852","2021-03-23T08:20:00","T>T_TUNN3_110_2","T-TUNN3","2019-09-24",1,-11.80683,"Out= Tungatinah to New Norfolk No.3 110kV line, avoid O/L Tungatinah to Meadowbank Tee 1 110kV line on trip of Tungatinah to Meadowbank Tee 2 to New Norfolk 110kV lines, Feedback","OUTAGE","OTHER","Tungatinah-NewNorfolk 3 110kV LINE","REGULATED","INCLUDED",null,"PLANNED",1]
[430,"TASNETWORKSV5_20230126103852","2021-03-23T08:25:00","T>T_TUNN3_110_2","T-TUNN3","2019-09-24",1,-19.077999999999999,"Out= Tungatinah to New Norfolk No.3 110kV line, avoid O/L Tungatinah to Meadowbank Tee 1 110kV line on trip of Tungatinah to Meadowbank Tee 2 to New Norfolk 110kV lines, Feedback","OUTAGE","OTHER","Tungatinah-NewNorfolk 3 110kV LINE","REGULATED","INCLUDED",null,"PLANNED",1]
[431,"TASNETWORKSV5_20230126103852","2021-03-23T08:30:00","T>T_TUNN3_110_2","T-TUNN3","2019-09-24",1,-11.80683,"Out= Tungatinah to New Norfolk No.3 110kV line, avoid O/L Tungatinah to Meadowbank Tee 1 110kV line on trip of Tungatinah to Meadowbank Tee 2 to New Norfolk 110kV lines, Feedback","OUTAGE","OTHER","Tungatinah-NewNorfolk 3 110kV LINE","REGULATED","INCLUDED",null,"PLANNED",1]
[432,"TASNETWORKSV5_20230126103852","2021-03-23T08:35:00","T>T_TUNN3_110_2","T-TUNN3","2019-09-24",1,-11.80683,"Out= Tungatinah to New Norfolk No.3 110kV line, avoid O/L Tungatinah to Meadowbank Tee 1 110kV line on trip of Tungatinah to Meadowbank Tee 2 to New Norfolk 110kV lines, Feedback","OUTAGE","OTHER","Tungatinah-NewNorfolk 3 110kV LINE","REGULATED","INCLUDED",null,"PLANNED",1]
[433,"TASNETWORKSV5_20230126103852","2021-03-23T08:40:00","T>T_TUNN3_110_2","T-TUNN3","2019-09-24",1,-11.80683,"Out= Tungatinah to New Norfolk No.3 110kV line, avoid O/L Tungatinah to Meadowbank Tee 1 110kV line on trip of Tungatinah to Meadowbank Tee 2 to New Norfolk 110kV lines, Feedback","OUTAGE","OTHER","Tungatinah-NewNorfolk 3 110kV LINE","REGULATED","INCLUDED",null,"PLANNED",1]
[434,"TASNETWORKSV5_20230126103852","2021-03-23T08:45:00","T>T_TUNN3_110_2","T-TUNN3","2019-09-24",1,-22.741250000000001,"Out= Tungatinah to New Norfolk No.3 110kV line, avoid O/L Tungatinah to Meadowbank Tee 1 110kV line on trip of Tungatinah to Meadowbank Tee 2 to New Norfolk 110kV lines, Feedback","OUTAGE","OTHER","Tungatinah-NewNorfolk 3 110kV LINE","REGULATED","INCLUDED",null,"PLANNED",1]
[435,"TASNETWORKSV5_20230126103852","2021-03-23T08:50:00","T>T_TUNN3_110_2","T-TUNN3","2019-09-24",1,-23.994440000000001,"Out= Tungatinah to New Norfolk No.3 110kV line, avoid O/L Tungatinah to Meadowbank Tee 1 110kV line on trip of Tungatinah to Meadowbank Tee 2 to New Norfolk 110kV lines, Feedback","OUTAGE","OTHER","Tungatinah-NewNorfolk 3 110kV LINE","REGULATED","INCLUDED",null,"PLANNED",1]
[436,"TASNETWORKSV5_20230126103852","2021-03-23T08:55:00","T>T_TUNN3_110_2","T-TUNN3","2019-09-24",1,-21.559840000000001,"Out= Tungatinah to New Norfolk No.3 110kV line, avoid O/L Tungatinah to Meadowbank Tee 1 110kV line on trip of Tungatinah to Meadowbank Tee 2 to New Norfolk 110kV lines, Feedback","OUTAGE","OTHER","Tungatinah-NewNorfolk 3 110kV LINE","REGULATED","INCLUDED",null,"PLANNED",1]
[437,"TASNETWORKSV5_20230126103852","2021-03-23T09:00:00","T>T_TUNN3_110_2","T-TUNN3","2019-09-24",1,-22.309449999999998,"Out= Tungatinah to New Norfolk No.3 110kV line, avoid O/L Tungatinah to Meadowbank Tee 1 110kV line on trip of Tungatinah to Meadowbank Tee 2 to New Norfolk 110kV lines, Feedback","OUTAGE","OTHER","Tungatinah-NewNorfolk 3 110kV LINE","REGULATED","INCLUDED",null,"PLANNED",1]
[438,"TASNETWORKSV5_20230126103852","2021-03-23T09:05:00","T>T_TUNN3_110_2","T-TUNN3","2019-09-24",1,-16.589939999999999,"Out= Tungatinah to New Norfolk No.3 110kV line, avoid O/L Tungatinah to Meadowbank Tee 1 110kV line on trip of Tungatinah to Meadowbank Tee 2 to New Norfolk 110kV lines, Feedback","OUTAGE","OTHER","Tungatinah-NewNorfolk 3 110kV LINE","REGULATED","INCLUDED",null,"PLANNED",1]
[439,"TASNETWORKSV5_20230126103852","2021-03-23T09:10:00","T>T_TUNN3_110_2","T-TUNN3","2019-09-24",1,-36.786009999999997,"Out= Tungatinah to New Norfolk No.3 110kV line, avoid O/L Tungatinah to Meadowbank Tee 1 110kV line on trip of Tungatinah to Meadowbank Tee 2 to New Norfolk 110kV lines, Feedback","OUTAGE","OTHER","Tungatinah-NewNorfolk 3 110kV LINE","REGULATED","INCLUDED",null,"PLANNED",1]
[440,"TASNETWORKSV5_20230126103852","2021-03-23T09:15:00","T>T_TUNN3_110_2","T-TUNN3","2019-09-24",1,-36.786009999999997,"Out= Tungatinah to New Norfolk No.3 110kV line, avoid O/L Tungatinah to Meadowbank Tee 1 110kV line on trip of Tungatinah to Meadowbank Tee 2 to New Norfolk 110kV lines, Feedback","OUTAGE","OTHER","Tungatinah-NewNorfolk 3 110kV LINE","REGULATED","INCLUDED",null,"PLANNED",1]
[441,"TASNETWORKSV5_20230126103852","2021-03-23T09:45:00","T>T_TUNN3_110_2","T-TUNN3","2019-09-24",1,-34.30527,"Out= Tungatinah to New Norfolk No.3 110kV line, avoid O/L Tungatinah to Meadowbank Tee 1 110kV line on trip of Tungatinah to Meadowbank Tee 2 to New Norfolk 110kV lines, Feedback","OUTAGE","OTHER","Tungatinah-NewNorfolk 3 110kV LINE","REGULATED","INCLUDED",null,"PLANNED",1]
[442,"TASNETWORKSV5_20230126103852","2021-03-23T11:05:00","T>T_TUNN3_110_2","T-TUNN3","2019-09-24",1,-15.14899,"Out= Tungatinah to New Norfolk No.3 110kV line, avoid O/L Tungatinah to Meadowbank Tee 1 110kV line on trip of Tungatinah to Meadowbank Tee 2 to New Norfolk 110kV lines, Feedback","OUTAGE","OTHER","Tungatinah-NewNorfolk 3 110kV LINE","REGULATED","INCLUDED",null,"PLANNED",1]
[443,"TASNETWORKSV5_20230126103852","2021-03-23T16:25:00","T>T_TUNN3_110_2","T-TUNN3","2019-09-24",1,-10.185079999999999,"Out= Tungatinah to New Norfolk No.3 110kV line, avoid O/L Tungatinah to Meadowbank Tee 1 110kV line on trip of Tungatinah to Meadowbank Tee 2 to New Norfolk 110kV lines, Feedback","OUTAGE","OTHER","Tungatinah-NewNorfolk 3 110kV LINE","REGULATED","INCLUDED",null,"PLANNED",1]
[444,"TASNETWORKSV5_20230126103852","2021-03-23T16:30:00","T>T_TUNN3_110_2","T-TUNN3","2019-09-24",1,-12.456429999999999,"Out= Tungatinah to New Norfolk No.3 110kV line, avoid O/L Tungatinah to Meadowbank Tee 1 110kV line on trip of Tungatinah to Meadowbank Tee 2 to New Norfolk 110kV lines, Feedback","OUTAGE","OTHER","Tungatinah-NewNorfolk 3 110kV LINE","REGULATED","INCLUDED",null,"PLANNED",1]
[445,"TASNETWORKSV5_20230126103852","2021-04-06T13:05:00","T_FAJB","T-FAJB","2013-08-21",1,-107.23398,"Out=Farrell-John Butters 220KV line. Energy <= 0MW","OUTAGE","OTHER","Farrell JohnButtrs 220kV LINE","REGULATED","INCLUDED",null,"UNPLANNED",1]
[446,"TASNETWORKSV5_20230126103852","2021-04-06T13:10:00","T_FAJB","T-FAJB","2013-08-21",1,-103.19150999999999,"Out=Farrell-John Butters 220KV line. Energy <= 0MW","OUTAGE","OTHER","Farrell JohnButtrs 220kV LINE","REGULATED","INCLUDED",null,"UNPLANNED",1]
[447,"TASNETWORKSV5_20230126103852","2021-04-06T13:15:00","T_FAJB","T-FAJB","2013-08-21",1,-103.14570000000001,"Out=Farrell-John Butters 220KV line. Energy <= 0MW","OUTAGE","OTHER","Farrell JohnButtrs 220kV LINE","REGULATED","INCLUDED",null,"UNPLANNED",1]
[448,"TASNETWORKSV5_20230126103852","2021-04-06T13:20:00","T_FAJB","T-FAJB","2013-08-21",1,-103.49163,"Out=Farrell-John Butters 220KV line. Energy <= 0MW","OUTAGE","OTHER","Farrell JohnButtrs 220kV LINE","REGULATED","INCLUDED",null,"UNPLANNED",1]
[449,"TASNETWORKSV5_20230126103852","2021-04-06T13:25:00","T_FAJB","T-FAJB","2013-08-21",1,-105.29518,"Out=Farrell-John Butters 220KV line. Energy <= 0MW","OUTAGE","OTHER","Farrell JohnButtrs 220kV LINE","REGULATED","INCLUDED",null,"UNPLANNED",1]
[450,"TASNETWORKSV5_20230126103852","2021-04-06T13:30:00","T_FAJB","T-FAJB","2013-08-21",1,-103.56788,"Out=Farrell-John Butters 220KV line. Energy <= 0MW","OUTAGE","OTHER","Farrell JohnButtrs 220kV LINE","REGULATED","INCLUDED",null,"UNPLANNED",1]
[451,"TASNETWORKSV5_20230126103852","2021-04-06T13:35:00","T_FAJB","T-FAJB","2013-08-21",1,-102.96621,"Out=Farrell-John Butters 220KV line. Energy <= 0MW","OUTAGE","OTHER","Farrell JohnButtrs 220kV LINE","REGULATED","INCLUDED",null,"UNPLANNED",1]
[452,"TASNETWORKSV5_20230126103852","2021-04-06T13:40:00","T_FAJB","T-FAJB","2013-08-21",1,-109.07402999999999,"Out=Farrell-John Butters 220KV line. Energy <= 0MW","OUTAGE","OTHER","Farrell JohnButtrs 220kV LINE","REGULATED","INCLUDED",null,"UNPLANNED",1]
[453,"TASNETWORKSV5_20230126103852","2021-04-08T16:05:00","T>T_TUMBNN1_110_3","T-TU_MB_NN1","2019-07-26",1,-15.53809,"Out= Tungatinah to Meadowbank to New Norfolk No.1 110kV line, avoid O/L Tungatinah to New Norfolk 110kV line on trip of Tungatinah to Meadowbank to New Norfolk No.2 110kV line, Feedback","OUTAGE","OTHER","Tungatinah-NewNorfolk-Meadowbank 1 110kV LINE","REGULATED","INCLUDED",null,"PLANNED",1]
[454,"TASNETWORKSV5_20230126103852","2021-04-08T16:10:00","T>T_TUMBNN1_110_3","T-TU_MB_NN1","2019-07-26",1,-16.15232,"Out= Tungatinah to Meadowbank to New Norfolk No.1 110kV line, avoid O/L Tungatinah to New Norfolk 110kV line on trip of Tungatinah to Meadowbank to New Norfolk No.2 110kV line, Feedback","OUTAGE","OTHER","Tungatinah-NewNorfolk-Meadowbank 1 110kV LINE","REGULATED","INCLUDED",null,"PLANNED",1]
[455,"TASNETWORKSV5_20230126103852","2021-04-08T16:15:00","T>T_TUMBNN1_110_3","T-TU_MB_NN1","2019-07-26",1,-16.799389999999999,"Out= Tungatinah to Meadowbank to New Norfolk No.1 110kV line, avoid O/L Tungatinah to New Norfolk 110kV line on trip of Tungatinah to Meadowbank to New Norfolk No.2 110kV line, Feedback","OUTAGE","OTHER","Tungatinah-NewNorfolk-Meadowbank 1 110kV LINE","REGULATED","INCLUDED",null,"PLANNED",1]
[456,"TASNETWORKSV5_20230126103852","2021-04-08T16:20:00","T>T_TUMBNN1_110_3","T-TU_MB_NN1","2019-07-26",1,-16.799389999999999,"Out= Tungatinah to Meadowbank to New Norfolk No.1 110kV line, avoid O/L Tungatinah to New Norfolk 110kV line on trip of Tungatinah to Meadowbank to New Norfolk No.2 110kV line, Feedback","OUTAGE","OTHER","Tungatinah-NewNorfolk-Meadowbank 1 110kV LINE","REGULATED","INCLUDED",null,"PLANNED",1]
[457,"TASNETWORKSV5_20230126103852","2021-04-12T12:55:00","T>T_TUMBNN1_110_3","T-TU_MB_NN1","2019-07-26",1,-11.144830000000001,"Out= Tungatinah to Meadowbank to New Norfolk No.1 110kV line, avoid O/L Tungatinah to New Norfolk 110kV line on trip of Tungatinah to Meadowbank to New Norfolk No.2 110kV line, Feedback","OUTAGE","OTHER","Tungatinah-NewNorfolk-Meadowbank 1 110kV LINE","REGULATED","INCLUDED",null,"PLANNED",1]
[458,"TASNETWORKSV5_20230126103852","2021-04-12T13:00:00","T>T_TUMBNN1_110_3","T-TU_MB_NN1","2019-07-26",1,-19.125920000000001,"Out= Tungatinah to Meadowbank to New Norfolk No.1 110kV line, avoid O/L Tungatinah to New Norfolk 110kV line on trip of Tungatinah to Meadowbank to New Norfolk No.2 110kV line, Feedback","OUTAGE","OTHER","Tungatinah-NewNorfolk-Meadowbank 1 110kV LINE","REGULATED","INCLUDED",null,"PLANNED",1]
[459,"TASNETWORKSV5_20230126103852","2021-04-12T13:05:00","T>T_TUMBNN1_110_3","T-TU_MB_NN1","2019-07-26",1,-30.803349999999998,"Out= Tungatinah to Meadowbank to New Norfolk No.1 110kV line, avoid O/L Tungatinah to New Norfolk 110kV line on trip of Tungatinah to Meadowbank to New Norfolk No.2 110kV line, Feedback","OUTAGE","OTHER","Tungatinah-NewNorfolk-Meadowbank 1 110kV LINE","REGULATED","INCLUDED",null,"PLANNED",1]
[460,"TASNETWORKSV5_20230126103852","2021-04-12T13:10:00","T>T_TUMBNN1_110_3","T-TU_MB_NN1","2019-07-26",1,-27.33943,"Out= Tungatinah to Meadowbank to New Norfolk No.1 110kV line, avoid O/L Tungatinah to New Norfolk 110kV line on trip of Tungatinah to Meadowbank to New Norfolk No.2 110kV line, Feedback","OUTAGE","OTHER","Tungatinah-NewNorfolk-Meadowbank 1 110kV LINE","REGULATED","INCLUDED",null,"PLANNED",1]
[461,"TASNETWORKSV5_20230126103852","2021-04-12T13:15:00","T>T_TUMBNN1_110_3","T-TU_MB_NN1","2019-07-26",1,-21.046849999999999,"Out= Tungatinah to Meadowbank to New Norfolk No.1 110kV line, avoid O/L Tungatinah to New Norfolk 110kV line on trip of Tungatinah to Meadowbank to New Norfolk No.2 110kV line, Feedback","OUTAGE","OTHER","Tungatinah-NewNorfolk-Meadowbank 1 110kV LINE","REGULATED","INCLUDED",null,"PLANNED",1]
[462,"TASNETWORKSV5_20230126103852","2021-04-12T13:20:00","T>T_TUMBNN1_110_3","T-TU_MB_NN1","2019-07-26",1,-15.767340000000001,"Out= Tungatinah to Meadowbank to New Norfolk No.1 110kV line, avoid O/L Tungatinah to New Norfolk 110kV line on trip of Tungatinah to Meadowbank to New Norfolk No.2 110kV line, Feedback","OUTAGE","OTHER","Tungatinah-NewNorfolk-Meadowbank 1 110kV LINE","REGULATED","INCLUDED",null,"PLANNED",1]
[463,"TASNETWORKSV5_20230126103852","2021-04-12T13:25:00","T>T_TUMBNN1_110_3","T-TU_MB_NN1","2019-07-26",1,-20.045470000000002,"Out= Tungatinah to Meadowbank to New Norfolk No.1 110kV line, avoid O/L Tungatinah to New Norfolk 110kV line on trip of Tungatinah to Meadowbank to New Norfolk No.2 110kV line, Feedback","OUTAGE","OTHER","Tungatinah-NewNorfolk-Meadowbank 1 110kV LINE","REGULATED","INCLUDED",null,"PLANNED",1]
[464,"TASNETWORKSV5_20230126103852","2021-04-12T13:30:00","T>T_TUMBNN1_110_3","T-TU_MB_NN1","2019-07-26",1,-16.973649999999999,"Out= Tungatinah to Meadowbank to New Norfolk No.1 110kV line, avoid O/L Tungatinah to New Norfolk 110kV line on trip of Tungatinah to Meadowbank to New Norfolk No.2 110kV line, Feedback","OUTAGE","OTHER","Tungatinah-NewNorfolk-Meadowbank 1 110kV LINE","REGULATED","INCLUDED",null,"PLANNED",1]
[465,"TASNETWORKSV5_20230126103852","2021-04-12T13:35:00","T>T_TUMBNN1_110_3","T-TU_MB_NN1","2019-07-26",1,-26.96902,"Out= Tungatinah to Meadowbank to New Norfolk No.1 110kV line, avoid O/L Tungatinah to New Norfolk 110kV line on trip of Tungatinah to Meadowbank to New Norfolk No.2 110kV line, Feedback","OUTAGE","OTHER","Tungatinah-NewNorfolk-Meadowbank 1 110kV LINE","REGULATED","INCLUDED",null,"PLANNED",1]
[466,"TASNETWORKSV5_20230126103852","2021-04-12T13:40:00","T>T_TUMBNN1_110_3","T-TU_MB_NN1","2019-07-26",1,-29.009399999999999,"Out= Tungatinah to Meadowbank to New Norfolk No.1 110kV line, avoid O/L Tungatinah to New Norfolk 110kV line on trip of Tungatinah to Meadowbank to New Norfolk No.2 110kV line, Feedback","OUTAGE","OTHER","Tungatinah-NewNorfolk-Meadowbank 1 110kV LINE","REGULATED","INCLUDED",null,"PLANNED",1]
[467,"TASNETWORKSV5_20230126103852","2021-04-12T13:45:00","T>T_TUMBNN1_110_3","T-TU_MB_NN1","2019-07-26",1,-30.60783,"Out= Tungatinah to Meadowbank to New Norfolk No.1 110kV line, avoid O/L Tungatinah to New Norfolk 110kV line on trip of Tungatinah to Meadowbank to New Norfolk No.2 110kV line, Feedback","OUTAGE","OTHER","Tungatinah-NewNorfolk-Meadowbank 1 110kV LINE","REGULATED","INCLUDED",null,"PLANNED",1]
[468,"TASNETWORKSV5_20230126103852","2021-04-12T14:25:00","T>T_TUMBNN1_110_3","T-TU_MB_NN1","2019-07-26",1,-14.893610000000001,"Out= Tungatinah to Meadowbank to New Norfolk No.1 110kV line, avoid O/L Tungatinah to New Norfolk 110kV line on trip of Tungatinah to Meadowbank to New Norfolk No.2 110kV line, Feedback","OUTAGE","OTHER","Tungatinah-NewNorfolk-Meadowbank 1 110kV LINE","REGULATED","INCLUDED",null,"PLANNED",1]
[469,"TASNETWORKSV5_20230126103852","2021-04-12T15:55:00","T>T_TUMBNN1_110_3","T-TU_MB_NN1","2019-07-26",1,-12.560140000000001,"Out= Tungatinah to Meadowbank to New Norfolk No.1 110kV line, avoid O/L Tungatinah to New Norfolk 110kV line on trip of Tungatinah to Meadowbank to New Norfolk No.2 110kV line, Feedback","OUTAGE","OTHER","Tungatinah-NewNorfolk-Meadowbank 1 110kV LINE","REGULATED","INCLUDED",null,"PLANNED",1]
[470,"TASNETWORKSV5_20230126103852","2021-04-19T07:05:00","T^T_LIPM_1","T-LIPM;T-LIPM1_SLOAD_N-2","2017-07-05",1,-519.75081999999998,"Out = Liapootah to Waddamana to Palmerston 220 kV line, avoid voltage instability or violations for loss of the other Liapootah to Waddamana to Palmerston line","OUTAGE","OTHER","Tungatinah Waddamana 1 110kV LINE","REGULATED","INCLUDED",null,"PLANNED",1]
[471,"TASNETWORKSV5_20230126103852","2021-04-19T07:10:00","T^T_LIPM_1","T-LIPM;T-LIPM1_SLOAD_N-2","2017-07-05",1,-1576.3046099999999,"Out = Liapootah to Waddamana to Palmerston 220 kV line, avoid voltage instability or violations for loss of the other Liapootah to Waddamana to Palmerston line","OUTAGE","OTHER","Tungatinah Waddamana 1 110kV LINE","REGULATED","INCLUDED",null,"PLANNED",1]
[472,"TASNETWORKSV5_20230126103852","2021-04-19T07:15:00","T^T_LIPM_1","T-LIPM;T-LIPM1_SLOAD_N-2","2017-07-05",1,-116.31480999999999,"Out = Liapootah to Waddamana to Palmerston 220 kV line, avoid voltage instability or violations for loss of the other Liapootah to Waddamana to Palmerston line","OUTAGE","OTHER","Tungatinah Waddamana 1 110kV LINE","REGULATED","INCLUDED",null,"PLANNED",1]
[473,"TASNETWORKSV5_20230126103852","2021-04-19T07:55:00","T_CTHLWF_ZERO","T-CTHLWF_ZERO","2019-07-04",1,-999.38013000000001,"Wild Cattle Hill Wind Farm upper limit of 0 MW","OUTAGE","OTHER","Liapootah-Palmerston-Waddamana 1 220kV LINE","REGULATED","INCLUDED",null,"PLANNED",1]
[474,"TASNETWORKSV5_20230126103852","2021-04-19T08:00:00","T_CTHLWF_ZERO","T-CTHLWF_ZERO","2019-07-04",1,-999.38013000000001,"Wild Cattle Hill Wind Farm upper limit of 0 MW","OUTAGE","OTHER","Liapootah-Palmerston-Waddamana 1 220kV LINE","REGULATED","INCLUDED",null,"PLANNED",1]
[475,"TASNETWORKSV5_20230126103852","2021-04-19T08:05:00","T_CTHLWF_ZERO","T-CTHLWF_ZERO","2019-07-04",1,-999.38013000000001,"Wild Cattle Hill Wind Farm upper limit of 0 MW","OUTAGE","OTHER","Liapootah-Palmerston-Waddamana 1 220kV LINE","REGULATED","INCLUDED",null,"PLANNED",1]
[476,"TASNETWORKSV5_20230126103852","2021-04-19T08:10:00","T_CTHLWF_ZERO","T-CTHLWF_ZERO","2019-07-04",1,-1005.37013,"Wild Cattle Hill Wind Farm upper limit of 0 MW","OUTAGE","OTHER","Liapootah-Palmerston-Waddamana 1 220kV LINE","REGULATED","INCLUDED",null,"PLANNED",1]
[477,"TASNETWORKSV5_20230126103852","2021-04-19T08:15:00","T_CTHLWF_ZERO","T-CTHLWF_ZERO","2019-07-04",1,-1002.36013,"Wild Cattle Hill Wind Farm upper limit of 0 MW","OUTAGE","OTHER","Liapootah-Palmerston-Waddamana 1 220kV LINE","REGULATED","INCLUDED",null,"PLANNED",1]
[478,"TASNETWORKSV5_20230126103852","2021-04-19T08:20:00","T_CTHLWF_ZERO","T-CTHLWF_ZERO","2019-07-04",1,-1132.89013,"Wild Cattle Hill Wind Farm upper limit of 0 MW","OUTAGE","OTHER","Liapootah-Palmerston-Waddamana 1 220kV LINE","REGULATED","INCLUDED",null,"PLANNED",1]
[479,"TASNETWORKSV5_20230126103852","2021-04-19T08:25:00","T_CTHLWF_ZERO","T-CTHLWF_ZERO","2019-07-04",1,-1132.89013,"Wild Cattle Hill Wind Farm upper limit of 0 MW","OUTAGE","OTHER","Liapootah-Palmerston-Waddamana 1 220kV LINE","REGULATED","INCLUDED",null,"PLANNED",1]
[480,"TASNETWORKSV5_20230126103852","2021-04-19T08:30:00","T_CTHLWF_ZERO","T-CTHLWF_ZERO","2019-07-04",1,-1132.89013,"Wild Cattle Hill Wind Farm upper limit of 0 MW","OUTAGE","OTHER","Liapootah-Palmerston-Waddamana 1 220kV LINE","REGULATED","INCLUDED",null,"PLANNED",1]
[481,"TASNETWORKSV5_20230126103852","2021-04-19T08:35:00","T^T_LIPM_1","T-LIPM;T-LIPM1_SLOAD_N-2","2017-07-05",1,-211.26397,"Out = Liapootah to Waddamana to Palmerston 220 kV line, avoid voltage instability or violations for loss of the other Liapootah to Waddamana to Palmerston line","OUTAGE","OTHER","Tungatinah Waddamana 1 110kV LINE","REGULATED","INCLUDED",null,"PLANNED",1]
[482,"TASNETWORKSV5_20230126103852","2021-04-19T08:35:00","T_CTHLWF_ZERO","T-CTHLWF_ZERO","2019-07-04",1,-1007.66074,"Wild Cattle Hill Wind Farm upper limit of 0 MW","OUTAGE","OTHER","Liapootah-Palmerston-Waddamana 1 220kV LINE","REGULATED","INCLUDED",null,"PLANNED",1]
[483,"TASNETWORKSV5_20230126103852","2021-04-19T08:40:00","T_CTHLWF_ZERO","T-CTHLWF_ZERO","2019-07-04",1,-997.36013000000003,"Wild Cattle Hill Wind Farm upper limit of 0 MW","OUTAGE","OTHER","Liapootah-Palmerston-Waddamana 1 220kV LINE","REGULATED","INCLUDED",null,"PLANNED",1]
[484,"TASNETWORKSV5_20230126103852","2021-04-19T08:45:00","T_CTHLWF_ZERO","T-CTHLWF_ZERO","2019-07-04",1,-997.36013000000003,"Wild Cattle Hill Wind Farm upper limit of 0 MW","OUTAGE","OTHER","Liapootah-Palmerston-Waddamana 1 220kV LINE","REGULATED","INCLUDED",null,"PLANNED",1]
[485,"TASNETWORKSV5_20230126103852","2021-04-19T08:50:00","T_CTHLWF_ZERO","T-CTHLWF_ZERO","2019-07-04",1,-999.24013000000002,"Wild Cattle Hill Wind Farm upper limit of 0 MW","OUTAGE","OTHER","Liapootah-Palmerston-Waddamana 1 220kV LINE","REGULATED","INCLUDED",null,"PLANNED",1]
[486,"TASNETWORKSV5_20230126103852","2021-04-19T08:55:00","T_CTHLWF_ZERO","T-CTHLWF_ZERO","2019-07-04",1,-998.61013000000003,"Wild Cattle Hill Wind Farm upper limit of 0 MW","OUTAGE","OTHER","Liapootah-Palmerston-Waddamana 1 220kV LINE","REGULATED","INCLUDED",null,"PLANNED",1]
[487,"TASNETWORKSV5_20230126103852","2021-04-19T09:00:00","T_CTHLWF_ZERO","T-CTHLWF_ZERO","2019-07-04",1,-1004.86713,"Wild Cattle Hill Wind Farm upper limit of 0 MW","OUTAGE","OTHER","Liapootah-Palmerston-Waddamana 1 220kV LINE","REGULATED","INCLUDED",null,"PLANNED",1]
[488,"TASNETWORKSV5_20230126103852","2021-04-19T09:05:00","T_CTHLWF_ZERO","T-CTHLWF_ZERO","2019-07-04",1,-999.21013000000005,"Wild Cattle Hill Wind Farm upper limit of 0 MW","OUTAGE","OTHER","Liapootah-Palmerston-Waddamana 1 220kV LINE","REGULATED","INCLUDED",null,"PLANNED",1]
[489,"TASNETWORKSV5_20230126103852","2021-04-19T09:10:00","T_CTHLWF_ZERO","T-CTHLWF_ZERO","2019-07-04",1,-998.59013000000004,"Wild Cattle Hill Wind Farm upper limit of 0 MW","OUTAGE","OTHER","Liapootah-Palmerston-Waddamana 1 220kV LINE","REGULATED","INCLUDED",null,"PLANNED",1]
[490,"TASNETWORKSV5_20230126103852","2021-04-19T09:15:00","T_CTHLWF_ZERO","T-CTHLWF_ZERO","2019-07-04",1,-1002.30803,"Wild Cattle Hill Wind Farm upper limit of 0 MW","OUTAGE","OTHER","Liapootah-Palmerston-Waddamana 1 220kV LINE","REGULATED","INCLUDED",null,"PLANNED",1]
[491,"TASNETWORKSV5_20230126103852","2021-04-19T09:20:00","T_CTHLWF_ZERO","T-CTHLWF_ZERO","2019-07-04",1,-997.36013000000003,"Wild Cattle Hill Wind Farm upper limit of 0 MW","OUTAGE","OTHER","Liapootah-Palmerston-Waddamana 1 220kV LINE","REGULATED","INCLUDED",null,"PLANNED",1]
[492,"TASNETWORKSV5_20230126103852","2021-04-19T09:25:00","T_CTHLWF_ZERO","T-CTHLWF_ZERO","2019-07-04",1,-997.36013000000003,"Wild Cattle Hill Wind Farm upper limit of 0 MW","OUTAGE","OTHER","Liapootah-Palmerston-Waddamana 1 220kV LINE","REGULATED","INCLUDED",null,"PLANNED",1]
[493,"TASNETWORKSV5_20230126103852","2021-04-19T09:30:00","T_CTHLWF_ZERO","T-CTHLWF_ZERO","2019-07-04",1,-999.22013000000004,"Wild Cattle Hill Wind Farm upper limit of 0 MW","OUTAGE","OTHER","Liapootah-Palmerston-Waddamana 1 220kV LINE","REGULATED","INCLUDED",null,"PLANNED",1]
[494,"TASNETWORKSV5_20230126103852","2021-04-19T09:35:00","T_CTHLWF_ZERO","T-CTHLWF_ZERO","2019-07-04",1,-1043.84178,"Wild Cattle Hill Wind Farm upper limit of 0 MW","OUTAGE","OTHER","Liapootah-Palmerston-Waddamana 1 220kV LINE","REGULATED","INCLUDED",null,"PLANNED",1]
[495,"TASNETWORKSV5_20230126103852","2021-04-19T09:40:00","T^T_LIPM_1","T-LIPM;T-LIPM1_SLOAD_N-2","2017-07-05",1,-11.996689999999999,"Out = Liapootah to Waddamana to Palmerston 220 kV line, avoid voltage instability or violations for loss of the other Liapootah to Waddamana to Palmerston line","OUTAGE","OTHER","Tungatinah Waddamana 1 110kV LINE","REGULATED","INCLUDED",null,"PLANNED",1]
[496,"TASNETWORKSV5_20230126103852","2021-04-19T09:40:00","T_CTHLWF_ZERO","T-CTHLWF_ZERO","2019-07-04",1,-1041.6968899999999,"Wild Cattle Hill Wind Farm upper limit of 0 MW","OUTAGE","OTHER","Liapootah-Palmerston-Waddamana 1 220kV LINE","REGULATED","INCLUDED",null,"PLANNED",1]
[497,"TASNETWORKSV5_20230126103852","2021-04-19T09:45:00","T^T_LIPM_1","T-LIPM;T-LIPM1_SLOAD_N-2","2017-07-05",1,-63.232559999999999,"Out = Liapootah to Waddamana to Palmerston 220 kV line, avoid voltage instability or violations for loss of the other Liapootah to Waddamana to Palmerston line","OUTAGE","OTHER","Tungatinah Waddamana 1 110kV LINE","REGULATED","INCLUDED",null,"PLANNED",1]
[498,"TASNETWORKSV5_20230126103852","2021-04-19T09:45:00","T_CTHLWF_ZERO","T-CTHLWF_ZERO","2019-07-04",1,-1011.36013,"Wild Cattle Hill Wind Farm upper limit of 0 MW","OUTAGE","OTHER","Liapootah-Palmerston-Waddamana 1 220kV LINE","REGULATED","INCLUDED",null,"PLANNED",1]
[499,"TASNETWORKSV5_20230126103852","2021-04-19T09:50:00","T^T_LIPM_1","T-LIPM;T-LIPM1_SLOAD_N-2","2017-07-05",1,-63.232559999999999,"Out = Liapootah to Waddamana to Palmerston 220 kV line, avoid voltage instability or violations for loss of the other Liapootah to Waddamana to Palmerston line","OUTAGE","OTHER","Tungatinah Waddamana 1 110kV LINE","REGULATED","INCLUDED",null,"PLANNED",1]
[500,"TASNETWORKSV5_20230126103852","2021-04-19T09:55:00","T^T_LIPM_1","T-LIPM;T-LIPM1_SLOAD_N-2","2017-07-05",1,-63.26634,"Out = Liapootah to Waddamana to Palmerston 220 kV line, avoid voltage instability or violations for loss of the other Liapootah to Waddamana to Palmerston line","OUTAGE","OTHER","Tungatinah Waddamana 1 110kV LINE","REGULATED","INCLUDED",null,"PLANNED",1]
[501,"TASNETWORKSV5_20230126103852","2021-04-19T10:00:00","T^T_LIPM_1","T-LIPM;T-LIPM1_SLOAD_N-2","2017-07-05",1,-63.26634,"Out = Liapootah to Waddamana to Palmerston 220 kV line, avoid voltage instability or violations for loss of the other Liapootah to Waddamana to Palmerston line","OUTAGE","OTHER","Tungatinah Waddamana 1 110kV LINE","REGULATED","INCLUDED",null,"PLANNED",1]
[502,"TASNETWORKSV5_20230126103852","2021-04-19T10:05:00","T^T_LIPM_1","T-LIPM;T-LIPM1_SLOAD_N-2","2017-07-05",1,-39.621690000000001,"Out = Liapootah to Waddamana to Palmerston 220 kV line, avoid voltage instability or violations for loss of the other Liapootah to Waddamana to Palmerston line","OUTAGE","OTHER","Tungatinah Waddamana 1 110kV LINE","REGULATED","INCLUDED",null,"PLANNED",1]
[503,"TASNETWORKSV5_20230126103852","2021-04-19T10:10:00","T^T_LIPM_1","T-LIPM;T-LIPM1_SLOAD_N-2","2017-07-05",1,-63.26634,"Out = Liapootah to Waddamana to Palmerston 220 kV line, avoid voltage instability or violations for loss of the other Liapootah to Waddamana to Palmerston line","OUTAGE","OTHER","Tungatinah Waddamana 1 110kV LINE","REGULATED","INCLUDED",null,"PLANNED",1]
[504,"TASNETWORKSV5_20230126103852","2021-04-19T10:15:00","T^T_LIPM_1","T-LIPM;T-LIPM1_SLOAD_N-2","2017-07-05",1,-63.26634,"Out = Liapootah to Waddamana to Palmerston 220 kV line, avoid voltage instability or violations for loss of the other Liapootah to Waddamana to Palmerston line","OUTAGE","OTHER","Tungatinah Waddamana 1 110kV LINE","REGULATED","INCLUDED",null,"PLANNED",1]
[505,"TASNETWORKSV5_20230126103852","2021-04-19T10:20:00","T^T_LIPM_1","T-LIPM;T-LIPM1_SLOAD_N-2","2017-07-05",1,-63.26634,"Out = Liapootah to Waddamana to Palmerston 220 kV line, avoid voltage instability or violations for loss of the other Liapootah to Waddamana to Palmerston line","OUTAGE","OTHER","Tungatinah Waddamana 1 110kV LINE","REGULATED","INCLUDED",null,"PLANNED",1]
[506,"TASNETWORKSV5_20230126103852","2021-04-19T10:25:00","T^T_LIPM_1","T-LIPM;T-LIPM1_SLOAD_N-2","2017-07-05",1,-59.348080000000003,"Out = Liapootah to Waddamana to Palmerston 220 kV line, avoid voltage instability or violations for loss of the other Liapootah to Waddamana to Palmerston line","OUTAGE","OTHER","Tungatinah Waddamana 1 110kV LINE","REGULATED","INCLUDED",null,"PLANNED",1]
[507,"TASNETWORKSV5_20230126103852","2021-04-19T10:30:00","T^T_LIPM_1","T-LIPM;T-LIPM1_SLOAD_N-2","2017-07-05",1,-59.348080000000003,"Out = Liapootah to Waddamana to Palmerston 220 kV line, avoid voltage instability or violations for loss of the other Liapootah to Waddamana to Palmerston line","OUTAGE","OTHER","Tungatinah Waddamana 1 110kV LINE","REGULATED","INCLUDED",null,"PLANNED",1]
[508,"TASNETWORKSV5_20230126103852","2021-04-19T10:50:00","T:T_LIPM_1","T-LIPM;T-LIPM1_SLOAD_N-2","2013-08-21",1,-27.95,"Out = Liapootah to Palmerston 220kV line, avoid transient instability for fault and trip of remaining Liapootah to Palmerston line (flow to South)","OUTAGE","OTHER","Tungatinah Waddamana 1 110kV LINE","REGULATED","INCLUDED",null,"PLANNED",1]
[509,"TASNETWORKSV5_20230126103852","2021-04-19T10:55:00","T:T_LIPM_1","T-LIPM;T-LIPM1_SLOAD_N-2","2013-08-21",1,-37,"Out = Liapootah to Palmerston 220kV line, avoid transient instability for fault and trip of remaining Liapootah to Palmerston line (flow to South)","OUTAGE","OTHER","Tungatinah Waddamana 1 110kV LINE","REGULATED","INCLUDED",null,"PLANNED",1]
[510,"TASNETWORKSV5_20230126103852","2021-04-19T11:00:00","T:T_LIPM_1","T-LIPM;T-LIPM1_SLOAD_N-2","2013-08-21",1,-28.7,"Out = Liapootah to Palmerston 220kV line, avoid transient instability for fault and trip of remaining Liapootah to Palmerston line (flow to South)","OUTAGE","OTHER","Tungatinah Waddamana 1 110kV LINE","REGULATED","INCLUDED",null,"PLANNED",1]
[511,"TASNETWORKSV5_20230126103852","2021-04-19T11:05:00","T:T_LIPM_1","T-LIPM;T-LIPM1_SLOAD_N-2","2013-08-21",1,-100.45,"Out = Liapootah to Palmerston 220kV line, avoid transient instability for fault and trip of remaining Liapootah to Palmerston line (flow to South)","OUTAGE","OTHER","Tungatinah Waddamana 1 110kV LINE","REGULATED","INCLUDED",null,"PLANNED",1]
[512,"TASNETWORKSV5_20230126103852","2021-04-19T11:10:00","T:T_LIPM_1","T-LIPM;T-LIPM1_SLOAD_N-2","2013-08-21",1,-87.75,"Out = Liapootah to Palmerston 220kV line, avoid transient instability for fault and trip of remaining Liapootah to Palmerston line (flow to South)","OUTAGE","OTHER","Tungatinah Waddamana 1 110kV LINE","REGULATED","INCLUDED",null,"PLANNED",1]
[513,"TASNETWORKSV5_20230126103852","2021-04-19T11:15:00","T:T_LIPM_1","T-LIPM;T-LIPM1_SLOAD_N-2","2013-08-21",1,-87.55,"Out = Liapootah to Palmerston 220kV line, avoid transient instability for fault and trip of remaining Liapootah to Palmerston line (flow to South)","OUTAGE","OTHER","Tungatinah Waddamana 1 110kV LINE","REGULATED","INCLUDED",null,"PLANNED",1]
[514,"TASNETWORKSV5_20230126103852","2021-04-19T11:20:00","T:T_LIPM_1","T-LIPM;T-LIPM1_SLOAD_N-2","2013-08-21",1,-88.7,"Out = Liapootah to Palmerston 220kV line, avoid transient instability for fault and trip of remaining Liapootah to Palmerston line (flow to South)","OUTAGE","OTHER","Tungatinah Waddamana 1 110kV LINE","REGULATED","INCLUDED",null,"PLANNED",1]
[515,"TASNETWORKSV5_20230126103852","2021-04-19T11:25:00","T:T_LIPM_1","T-LIPM;T-LIPM1_SLOAD_N-2","2013-08-21",1,-87.55,"Out = Liapootah to Palmerston 220kV line, avoid transient instability for fault and trip of remaining Liapootah to Palmerston line (flow to South)","OUTAGE","OTHER","Tungatinah Waddamana 1 110kV LINE","REGULATED","INCLUDED",null,"PLANNED",1]
[516,"TASNETWORKSV5_20230126103852","2021-04-19T11:30:00","T:T_LIPM_1","T-LIPM;T-LIPM1_SLOAD_N-2","2013-08-21",1,-77.223529999999997,"Out = Liapootah to Palmerston 220kV line, avoid transient instability for fault and trip of remaining Liapootah to Palmerston line (flow to South)","OUTAGE","OTHER","Tungatinah Waddamana 1 110kV LINE","REGULATED","INCLUDED",null,"PLANNED",1]
[517,"TASNETWORKSV5_20230126103852","2021-04-19T11:35:00","T:T_LIPM_1","T-LIPM;T-LIPM1_SLOAD_N-2","2013-08-21",1,-71.376469999999998,"Out = Liapootah to Palmerston 220kV line, avoid transient instability for fault and trip of remaining Liapootah to Palmerston line (flow to South)","OUTAGE","OTHER","Tungatinah Waddamana 1 110kV LINE","REGULATED","INCLUDED",null,"PLANNED",1]
[518,"TASNETWORKSV5_20230126103852","2021-04-19T11:40:00","T:T_LIPM_1","T-LIPM;T-LIPM1_SLOAD_N-2","2013-08-21",1,-78.294120000000007,"Out = Liapootah to Palmerston 220kV line, avoid transient instability for fault and trip of remaining Liapootah to Palmerston line (flow to South)","OUTAGE","OTHER","Tungatinah Waddamana 1 110kV LINE","REGULATED","INCLUDED",null,"PLANNED",1]
[519,"TASNETWORKSV5_20230126103852","2021-04-19T11:45:00","T:T_LIPM_1","T-LIPM;T-LIPM1_SLOAD_N-2","2013-08-21",1,-76.626859999999994,"Out = Liapootah to Palmerston 220kV line, avoid transient instability for fault and trip of remaining Liapootah to Palmerston line (flow to South)","OUTAGE","OTHER","Tungatinah Waddamana 1 110kV LINE","REGULATED","INCLUDED",null,"PLANNED",1]
[520,"TASNETWORKSV5_20230126103852","2021-04-19T11:50:00","T:T_LIPM_1","T-LIPM;T-LIPM1_SLOAD_N-2","2013-08-21",1,-65.981849999999994,"Out = Liapootah to Palmerston 220kV line, avoid transient instability for fault and trip of remaining Liapootah to Palmerston line (flow to South)","OUTAGE","OTHER","Tungatinah Waddamana 1 110kV LINE","REGULATED","INCLUDED",null,"PLANNED",1]
[521,"TASNETWORKSV5_20230126103852","2021-04-19T11:55:00","T:T_LIPM_1","T-LIPM;T-LIPM1_SLOAD_N-2","2013-08-21",1,-78.421409999999995,"Out = Liapootah to Palmerston 220kV line, avoid transient instability for fault and trip of remaining Liapootah to Palmerston line (flow to South)","OUTAGE","OTHER","Tungatinah Waddamana 1 110kV LINE","REGULATED","INCLUDED",null,"PLANNED",1]
[522,"TASNETWORKSV5_20230126103852","2021-04-19T12:00:00","T:T_LIPM_1","T-LIPM;T-LIPM1_SLOAD_N-2","2013-08-21",1,-71.882369999999995,"Out = Liapootah to Palmerston 220kV line, avoid transient instability for fault and trip of remaining Liapootah to Palmerston line (flow to South)","OUTAGE","OTHER","Tungatinah Waddamana 1 110kV LINE","REGULATED","INCLUDED",null,"PLANNED",1]
[523,"TASNETWORKSV5_20230126103852","2021-04-19T12:05:00","T:T_LIPM_1","T-LIPM;T-LIPM1_SLOAD_N-2","2013-08-21",1,-62.058430000000001,"Out = Liapootah to Palmerston 220kV line, avoid transient instability for fault and trip of remaining Liapootah to Palmerston line (flow to South)","OUTAGE","OTHER","Tungatinah Waddamana 1 110kV LINE","REGULATED","INCLUDED",null,"PLANNED",1]
[524,"TASNETWORKSV5_20230126103852","2021-04-19T12:10:00","T:T_LIPM_1","T-LIPM;T-LIPM1_SLOAD_N-2","2013-08-21",1,-63.314959999999999,"Out = Liapootah to Palmerston 220kV line, avoid transient instability for fault and trip of remaining Liapootah to Palmerston line (flow to South)","OUTAGE","OTHER","Tungatinah Waddamana 1 110kV LINE","REGULATED","INCLUDED",null,"PLANNED",1]
[525,"TASNETWORKSV5_20230126103852","2021-04-19T12:15:00","T:T_LIPM_1","T-LIPM;T-LIPM1_SLOAD_N-2","2013-08-21",1,-62.050710000000002,"Out = Liapootah to Palmerston 220kV line, avoid transient instability for fault and trip of remaining Liapootah to Palmerston line (flow to South)","OUTAGE","OTHER","Tungatinah Waddamana 1 110kV LINE","REGULATED","INCLUDED",null,"PLANNED",1]
[526,"TASNETWORKSV5_20230126103852","2021-04-19T12:20:00","T:T_LIPM_1","T-LIPM;T-LIPM1_SLOAD_N-2","2013-08-21",1,-62.067819999999998,"Out = Liapootah to Palmerston 220kV line, avoid transient instability for fault and trip of remaining Liapootah to Palmerston line (flow to South)","OUTAGE","OTHER","Tungatinah Waddamana 1 110kV LINE","REGULATED","INCLUDED",null,"PLANNED",1]
[527,"TASNETWORKSV5_20230126103852","2021-04-19T12:25:00","T:T_LIPM_1","T-LIPM;T-LIPM1_SLOAD_N-2","2013-08-21",1,-59.642980000000001,"Out = Liapootah to Palmerston 220kV line, avoid transient instability for fault and trip of remaining Liapootah to Palmerston line (flow to South)","OUTAGE","OTHER","Tungatinah Waddamana 1 110kV LINE","REGULATED","INCLUDED",null,"PLANNED",1]
[528,"TASNETWORKSV5_20230126103852","2021-04-19T12:30:00","T:T_LIPM_1","T-LIPM;T-LIPM1_SLOAD_N-2","2013-08-21",1,-61.112209999999997,"Out = Liapootah to Palmerston 220kV line, avoid transient instability for fault and trip of remaining Liapootah to Palmerston line (flow to South)","OUTAGE","OTHER","Tungatinah Waddamana 1 110kV LINE","REGULATED","INCLUDED",null,"PLANNED",1]
[529,"TASNETWORKSV5_20230126103852","2021-04-19T12:35:00","T:T_LIPM_1","T-LIPM;T-LIPM1_SLOAD_N-2","2013-08-21",1,-60.31765,"Out = Liapootah to Palmerston 220kV line, avoid transient instability for fault and trip of remaining Liapootah to Palmerston line (flow to South)","OUTAGE","OTHER","Tungatinah Waddamana 1 110kV LINE","REGULATED","INCLUDED",null,"PLANNED",1]
[530,"TASNETWORKSV5_20230126103852","2021-04-19T12:40:00","T:T_LIPM_1","T-LIPM;T-LIPM1_SLOAD_N-2","2013-08-21",1,-45.777200000000001,"Out = Liapootah to Palmerston 220kV line, avoid transient instability for fault and trip of remaining Liapootah to Palmerston line (flow to South)","OUTAGE","OTHER","Tungatinah Waddamana 1 110kV LINE","REGULATED","INCLUDED",null,"PLANNED",1]
[531,"TASNETWORKSV5_20230126103852","2021-04-19T12:45:00","T:T_LIPM_1","T-LIPM;T-LIPM1_SLOAD_N-2","2013-08-21",1,-59.290869999999998,"Out = Liapootah to Palmerston 220kV line, avoid transient instability for fault and trip of remaining Liapootah to Palmerston line (flow to South)","OUTAGE","OTHER","Tungatinah Waddamana 1 110kV LINE","REGULATED","INCLUDED",null,"PLANNED",1]
[532,"TASNETWORKSV5_20230126103852","2021-04-19T12:50:00","T:T_LIPM_1","T-LIPM;T-LIPM1_SLOAD_N-2","2013-08-21",1,-61.788240000000002,"Out = Liapootah to Palmerston 220kV line, avoid transient instability for fault and trip of remaining Liapootah to Palmerston line (flow to South)","OUTAGE","OTHER","Tungatinah Waddamana 1 110kV LINE","REGULATED","INCLUDED",null,"PLANNED",1]
[533,"TASNETWORKSV5_20230126103852","2021-04-19T12:55:00","T:T_LIPM_1","T-LIPM;T-LIPM1_SLOAD_N-2","2013-08-21",1,-61.788240000000002,"Out = Liapootah to Palmerston 220kV line, avoid transient instability for fault and trip of remaining Liapootah to Palmerston line (flow to South)","OUTAGE","OTHER","Tungatinah Waddamana 1 110kV LINE","REGULATED","INCLUDED",null,"PLANNED",1]
[534,"TASNETWORKSV5_20230126103852","2021-04-19T13:00:00","T:T_LIPM_1","T-LIPM;T-LIPM1_SLOAD_N-2","2013-08-21",1,-61.788240000000002,"Out = Liapootah to Palmerston 220kV line, avoid transient instability for fault and trip of remaining Liapootah to Palmerston line (flow to South)","OUTAGE","OTHER","Tungatinah Waddamana 1 110kV LINE","REGULATED","INCLUDED",null,"PLANNED",1]
[535,"TASNETWORKSV5_20230126103852","2021-04-19T13:05:00","T:T_LIPM_1","T-LIPM;T-LIPM1_SLOAD_N-2","2013-08-21",1,-61.035290000000003,"Out = Liapootah to Palmerston 220kV line, avoid transient instability for fault and trip of remaining Liapootah to Palmerston line (flow to South)","OUTAGE","OTHER","Tungatinah Waddamana 1 110kV LINE","REGULATED","INCLUDED",null,"PLANNED",1]
[536,"TASNETWORKSV5_20230126103852","2021-04-19T13:10:00","T:T_LIPM_1","T-LIPM;T-LIPM1_SLOAD_N-2","2013-08-21",1,-61.823529999999998,"Out = Liapootah to Palmerston 220kV line, avoid transient instability for fault and trip of remaining Liapootah to Palmerston line (flow to South)","OUTAGE","OTHER","Tungatinah Waddamana 1 110kV LINE","REGULATED","INCLUDED",null,"PLANNED",1]
[537,"TASNETWORKSV5_20230126103852","2021-04-19T13:15:00","T:T_LIPM_1","T-LIPM;T-LIPM1_SLOAD_N-2","2013-08-21",1,-70.023529999999994,"Out = Liapootah to Palmerston 220kV line, avoid transient instability for fault and trip of remaining Liapootah to Palmerston line (flow to South)","OUTAGE","OTHER","Tungatinah Waddamana 1 110kV LINE","REGULATED","INCLUDED",null,"PLANNED",1]
[538,"TASNETWORKSV5_20230126103852","2021-04-19T13:20:00","T:T_LIPM_1","T-LIPM;T-LIPM1_SLOAD_N-2","2013-08-21",1,-70.023529999999994,"Out = Liapootah to Palmerston 220kV line, avoid transient instability for fault and trip of remaining Liapootah to Palmerston line (flow to South)","OUTAGE","OTHER","Tungatinah Waddamana 1 110kV LINE","REGULATED","INCLUDED",null,"PLANNED",1]
[539,"TASNETWORKSV5_20230126103852","2021-04-19T13:25:00","T:T_LIPM_1","T-LIPM;T-LIPM1_SLOAD_N-2","2013-08-21",1,-70.023529999999994,"Out = Liapootah to Palmerston 220kV line, avoid transient instability for fault and trip of remaining Liapootah to Palmerston line (flow to South)","OUTAGE","OTHER","Tungatinah Waddamana 1 110kV LINE","REGULATED","INCLUDED",null,"PLANNED",1]
[540,"TASNETWORKSV5_20230126103852","2021-04-19T13:30:00","T:T_LIPM_1","T-LIPM;T-LIPM1_SLOAD_N-2","2013-08-21",1,-70.023529999999994,"Out = Liapootah to Palmerston 220kV line, avoid transient instability for fault and trip of remaining Liapootah to Palmerston line (flow to South)","OUTAGE","OTHER","Tungatinah Waddamana 1 110kV LINE","REGULATED","INCLUDED",null,"PLANNED",1]
[541,"TASNETWORKSV5_20230126103852","2021-04-19T13:35:00","T:T_LIPM_1","T-LIPM;T-LIPM1_SLOAD_N-2","2013-08-21",1,-70.023529999999994,"Out = Liapootah to Palmerston 220kV line, avoid transient instability for fault and trip of remaining Liapootah to Palmerston line (flow to South)","OUTAGE","OTHER","Tungatinah Waddamana 1 110kV LINE","REGULATED","INCLUDED",null,"PLANNED",1]
[542,"TASNETWORKSV5_20230126103852","2021-04-19T13:40:00","T:T_LIPM_1","T-LIPM;T-LIPM1_SLOAD_N-2","2013-08-21",1,-70.223749999999995,"Out = Liapootah to Palmerston 220kV line, avoid transient instability for fault and trip of remaining Liapootah to Palmerston line (flow to South)","OUTAGE","OTHER","Tungatinah Waddamana 1 110kV LINE","REGULATED","INCLUDED",null,"PLANNED",1]
[543,"TASNETWORKSV5_20230126103852","2021-04-19T13:45:00","T:T_LIPM_1","T-LIPM;T-LIPM1_SLOAD_N-2","2013-08-21",1,-70.119919999999993,"Out = Liapootah to Palmerston 220kV line, avoid transient instability for fault and trip of remaining Liapootah to Palmerston line (flow to South)","OUTAGE","OTHER","Tungatinah Waddamana 1 110kV LINE","REGULATED","INCLUDED",null,"PLANNED",1]
[544,"TASNETWORKSV5_20230126103852","2021-04-19T13:50:00","T:T_LIPM_1","T-LIPM;T-LIPM1_SLOAD_N-2","2013-08-21",1,-70.023529999999994,"Out = Liapootah to Palmerston 220kV line, avoid transient instability for fault and trip of remaining Liapootah to Palmerston line (flow to South)","OUTAGE","OTHER","Tungatinah Waddamana 1 110kV LINE","REGULATED","INCLUDED",null,"PLANNED",1]
[545,"TASNETWORKSV5_20230126103852","2021-04-19T13:55:00","T:T_LIPM_1","T-LIPM;T-LIPM1_SLOAD_N-2","2013-08-21",1,-70.023529999999994,"Out = Liapootah to Palmerston 220kV line, avoid transient instability for fault and trip of remaining Liapootah to Palmerston line (flow to South)","OUTAGE","OTHER","Tungatinah Waddamana 1 110kV LINE","REGULATED","INCLUDED",null,"PLANNED",1]
[546,"TASNETWORKSV5_20230126103852","2021-04-19T14:00:00","T:T_LIPM_1","T-LIPM;T-LIPM1_SLOAD_N-2","2013-08-21",1,-70.023529999999994,"Out = Liapootah to Palmerston 220kV line, avoid transient instability for fault and trip of remaining Liapootah to Palmerston line (flow to South)","OUTAGE","OTHER","Tungatinah Waddamana 1 110kV LINE","REGULATED","INCLUDED",null,"PLANNED",1]
[547,"TASNETWORKSV5_20230126103852","2021-04-19T14:05:00","T:T_LIPM_1","T-LIPM;T-LIPM1_SLOAD_N-2","2013-08-21",1,-70.035290000000003,"Out = Liapootah to Palmerston 220kV line, avoid transient instability for fault and trip of remaining Liapootah to Palmerston line (flow to South)","OUTAGE","OTHER","Tungatinah Waddamana 1 110kV LINE","REGULATED","INCLUDED",null,"PLANNED",1]
[548,"TASNETWORKSV5_20230126103852","2021-04-19T14:10:00","T:T_LIPM_1","T-LIPM;T-LIPM1_SLOAD_N-2","2013-08-21",1,-70.035290000000003,"Out = Liapootah to Palmerston 220kV line, avoid transient instability for fault and trip of remaining Liapootah to Palmerston line (flow to South)","OUTAGE","OTHER","Tungatinah Waddamana 1 110kV LINE","REGULATED","INCLUDED",null,"PLANNED",1]
[549,"TASNETWORKSV5_20230126103852","2021-04-19T14:15:00","T:T_LIPM_1","T-LIPM;T-LIPM1_SLOAD_N-2","2013-08-21",1,-70.023529999999994,"Out = Liapootah to Palmerston 220kV line, avoid transient instability for fault and trip of remaining Liapootah to Palmerston line (flow to South)","OUTAGE","OTHER","Tungatinah Waddamana 1 110kV LINE","REGULATED","INCLUDED",null,"PLANNED",1]
[550,"TASNETWORKSV5_20230126103852","2021-04-19T14:20:00","T:T_LIPM_1","T-LIPM;T-LIPM1_SLOAD_N-2","2013-08-21",1,-70.023529999999994,"Out = Liapootah to Palmerston 220kV line, avoid transient instability for fault and trip of remaining Liapootah to Palmerston line (flow to South)","OUTAGE","OTHER","Tungatinah Waddamana 1 110kV LINE","REGULATED","INCLUDED",null,"PLANNED",1]
[551,"TASNETWORKSV5_20230126103852","2021-04-19T14:25:00","T:T_LIPM_1","T-LIPM;T-LIPM1_SLOAD_N-2","2013-08-21",1,-70.023529999999994,"Out = Liapootah to Palmerston 220kV line, avoid transient instability for fault and trip of remaining Liapootah to Palmerston line (flow to South)","OUTAGE","OTHER","Tungatinah Waddamana 1 110kV LINE","REGULATED","INCLUDED",null,"PLANNED",1]
[552,"TASNETWORKSV5_20230126103852","2021-04-19T14:30:00","T:T_LIPM_1","T-LIPM;T-LIPM1_SLOAD_N-2","2013-08-21",1,-71.235290000000006,"Out = Liapootah to Palmerston 220kV line, avoid transient instability for fault and trip of remaining Liapootah to Palmerston line (flow to South)","OUTAGE","OTHER","Tungatinah Waddamana 1 110kV LINE","REGULATED","INCLUDED",null,"PLANNED",1]
[553,"TASNETWORKSV5_20230126103852","2021-04-19T14:35:00","T:T_LIPM_1","T-LIPM;T-LIPM1_SLOAD_N-2","2013-08-21",1,-71.314530000000005,"Out = Liapootah to Palmerston 220kV line, avoid transient instability for fault and trip of remaining Liapootah to Palmerston line (flow to South)","OUTAGE","OTHER","Tungatinah Waddamana 1 110kV LINE","REGULATED","INCLUDED",null,"PLANNED",1]
[554,"TASNETWORKSV5_20230126103852","2021-04-19T15:50:00","T:T_LIPM_1","T-LIPM;T-LIPM1_SLOAD_N-2","2013-08-21",1,-45.830590000000001,"Out = Liapootah to Palmerston 220kV line, avoid transient instability for fault and trip of remaining Liapootah to Palmerston line (flow to South)","OUTAGE","OTHER","Tungatinah Waddamana 1 110kV LINE","REGULATED","INCLUDED",null,"PLANNED",1]
[555,"TASNETWORKSV5_20230126103852","2021-04-19T15:55:00","T:T_LIPM_1","T-LIPM;T-LIPM1_SLOAD_N-2","2013-08-21",1,-70.447090000000003,"Out = Liapootah to Palmerston 220kV line, avoid transient instability for fault and trip of remaining Liapootah to Palmerston line (flow to South)","OUTAGE","OTHER","Tungatinah Waddamana 1 110kV LINE","REGULATED","INCLUDED",null,"PLANNED",1]
[556,"TASNETWORKSV5_20230126103852","2021-04-19T16:00:00","T:T_LIPM_1","T-LIPM;T-LIPM1_SLOAD_N-2","2013-08-21",1,-70.308329999999998,"Out = Liapootah to Palmerston 220kV line, avoid transient instability for fault and trip of remaining Liapootah to Palmerston line (flow to South)","OUTAGE","OTHER","Tungatinah Waddamana 1 110kV LINE","REGULATED","INCLUDED",null,"PLANNED",1]
[557,"TASNETWORKSV5_20230126103852","2021-04-19T16:05:00","T:T_LIPM_1","T-LIPM;T-LIPM1_SLOAD_N-2","2013-08-21",1,-40.25,"Out = Liapootah to Palmerston 220kV line, avoid transient instability for fault and trip of remaining Liapootah to Palmerston line (flow to South)","OUTAGE","OTHER","Tungatinah Waddamana 1 110kV LINE","REGULATED","INCLUDED",null,"PLANNED",1]
[558,"TASNETWORKSV5_20230126103852","2021-04-19T16:10:00","T:T_LIPM_1","T-LIPM;T-LIPM1_SLOAD_N-2","2013-08-21",1,-70.723529999999997,"Out = Liapootah to Palmerston 220kV line, avoid transient instability for fault and trip of remaining Liapootah to Palmerston line (flow to South)","OUTAGE","OTHER","Tungatinah Waddamana 1 110kV LINE","REGULATED","INCLUDED",null,"PLANNED",1]
[559,"TASNETWORKSV5_20230126103852","2021-04-19T16:15:00","T:T_LIPM_1","T-LIPM;T-LIPM1_SLOAD_N-2","2013-08-21",1,-70.723529999999997,"Out = Liapootah to Palmerston 220kV line, avoid transient instability for fault and trip of remaining Liapootah to Palmerston line (flow to South)","OUTAGE","OTHER","Tungatinah Waddamana 1 110kV LINE","REGULATED","INCLUDED",null,"PLANNED",1]
[560,"TASNETWORKSV5_20230126103852","2021-04-19T16:20:00","T:T_LIPM_1","T-LIPM;T-LIPM1_SLOAD_N-2","2013-08-21",1,-77.782349999999994,"Out = Liapootah to Palmerston 220kV line, avoid transient instability for fault and trip of remaining Liapootah to Palmerston line (flow to South)","OUTAGE","OTHER","Tungatinah Waddamana 1 110kV LINE","REGULATED","INCLUDED",null,"PLANNED",1]
[561,"TASNETWORKSV5_20230126103852","2021-04-19T16:25:00","T:T_LIPM_1","T-LIPM;T-LIPM1_SLOAD_N-2","2013-08-21",1,-77.794120000000007,"Out = Liapootah to Palmerston 220kV line, avoid transient instability for fault and trip of remaining Liapootah to Palmerston line (flow to South)","OUTAGE","OTHER","Tungatinah Waddamana 1 110kV LINE","REGULATED","INCLUDED",null,"PLANNED",1]
[562,"TASNETWORKSV5_20230126103852","2021-04-19T16:30:00","T:T_LIPM_1","T-LIPM;T-LIPM1_SLOAD_N-2","2013-08-21",1,-77.794120000000007,"Out = Liapootah to Palmerston 220kV line, avoid transient instability for fault and trip of remaining Liapootah to Palmerston line (flow to South)","OUTAGE","OTHER","Tungatinah Waddamana 1 110kV LINE","REGULATED","INCLUDED",null,"PLANNED",1]
[563,"TASNETWORKSV5_20230126103852","2021-04-19T16:35:00","T:T_LIPM_1","T-LIPM;T-LIPM1_SLOAD_N-2","2013-08-21",1,-77.794120000000007,"Out = Liapootah to Palmerston 220kV line, avoid transient instability for fault and trip of remaining Liapootah to Palmerston line (flow to South)","OUTAGE","OTHER","Tungatinah Waddamana 1 110kV LINE","REGULATED","INCLUDED",null,"PLANNED",1]
[564,"TASNETWORKSV5_20230126103852","2021-04-19T16:40:00","T:T_LIPM_1","T-LIPM;T-LIPM1_SLOAD_N-2","2013-08-21",1,-77.794120000000007,"Out = Liapootah to Palmerston 220kV line, avoid transient instability for fault and trip of remaining Liapootah to Palmerston line (flow to South)","OUTAGE","OTHER","Tungatinah Waddamana 1 110kV LINE","REGULATED","INCLUDED",null,"PLANNED",1]
[565,"TASNETWORKSV5_20230126103852","2021-04-19T16:45:00","T:T_LIPM_1","T-LIPM;T-LIPM1_SLOAD_N-2","2013-08-21",1,-77.805880000000002,"Out = Liapootah to Palmerston 220kV line, avoid transient instability for fault and trip of remaining Liapootah to Palmerston line (flow to South)","OUTAGE","OTHER","Tungatinah Waddamana 1 110kV LINE","REGULATED","INCLUDED",null,"PLANNED",1]
[566,"TASNETWORKSV5_20230126103852","2021-04-19T16:50:00","T:T_LIPM_1","T-LIPM;T-LIPM1_SLOAD_N-2","2013-08-21",1,-77.938810000000004,"Out = Liapootah to Palmerston 220kV line, avoid transient instability for fault and trip of remaining Liapootah to Palmerston line (flow to South)","OUTAGE","OTHER","Tungatinah Waddamana 1 110kV LINE","REGULATED","INCLUDED",null,"PLANNED",1]
[567,"TASNETWORKSV5_20230126103852","2021-04-20T07:05:00","T^T_LIPM_1","T-LIPM;T-LIPM1_SLOAD_N-2","2017-07-05",1,-34.56673,"Out = Liapootah to Waddamana to Palmerston 220 kV line, avoid voltage instability or violations for loss of the other Liapootah to Waddamana to Palmerston line","OUTAGE","OTHER","Liapootah-Palmerston-Waddamana 1 220kV LINE; Tungatinah Waddamana 1 110kV LINE","REGULATED","INCLUDED",null,"PLANNED",1]
[568,"TASNETWORKSV5_20230126103852","2021-04-20T07:10:00","T^T_LIPM_1","T-LIPM;T-LIPM1_SLOAD_N-2","2017-07-05",1,-38.90052,"Out = Liapootah to Waddamana to Palmerston 220 kV line, avoid voltage instability or violations for loss of the other Liapootah to Waddamana to Palmerston line","OUTAGE","OTHER","Liapootah-Palmerston-Waddamana 1 220kV LINE; Tungatinah Waddamana 1 110kV LINE","REGULATED","INCLUDED",null,"PLANNED",1]
[569,"TASNETWORKSV5_20230126103852","2021-04-20T07:15:00","T^T_LIPM_1","T-LIPM;T-LIPM1_SLOAD_N-2","2017-07-05",1,-38.90052,"Out = Liapootah to Waddamana to Palmerston 220 kV line, avoid voltage instability or violations for loss of the other Liapootah to Waddamana to Palmerston line","OUTAGE","OTHER","Liapootah-Palmerston-Waddamana 1 220kV LINE; Tungatinah Waddamana 1 110kV LINE","REGULATED","INCLUDED",null,"PLANNED",1]
[570,"TASNETWORKSV5_20230126103852","2021-04-20T07:20:00","T^T_LIPM_1","T-LIPM;T-LIPM1_SLOAD_N-2","2017-07-05",1,-39.220950000000002,"Out = Liapootah to Waddamana to Palmerston 220 kV line, avoid voltage instability or violations for loss of the other Liapootah to Waddamana to Palmerston line","OUTAGE","OTHER","Liapootah-Palmerston-Waddamana 1 220kV LINE; Tungatinah Waddamana 1 110kV LINE","REGULATED","INCLUDED",null,"PLANNED",1]
[571,"TASNETWORKSV5_20230126103852","2021-04-20T07:25:00","T^T_LIPM_1","T-LIPM;T-LIPM1_SLOAD_N-2","2017-07-05",1,-63.553449999999998,"Out = Liapootah to Waddamana to Palmerston 220 kV line, avoid voltage instability or violations for loss of the other Liapootah to Waddamana to Palmerston line","OUTAGE","OTHER","Liapootah-Palmerston-Waddamana 1 220kV LINE; Tungatinah Waddamana 1 110kV LINE","REGULATED","INCLUDED",null,"PLANNED",1]
[572,"TASNETWORKSV5_20230126103852","2021-04-20T07:30:00","T^T_LIPM_1","T-LIPM;T-LIPM1_SLOAD_N-2","2017-07-05",1,-58.883629999999997,"Out = Liapootah to Waddamana to Palmerston 220 kV line, avoid voltage instability or violations for loss of the other Liapootah to Waddamana to Palmerston line","OUTAGE","OTHER","Liapootah-Palmerston-Waddamana 1 220kV LINE; Tungatinah Waddamana 1 110kV LINE","REGULATED","INCLUDED",null,"PLANNED",1]
[573,"TASNETWORKSV5_20230126103852","2021-04-20T07:35:00","T^T_LIPM_1","T-LIPM;T-LIPM1_SLOAD_N-2","2017-07-05",1,-190.91060999999999,"Out = Liapootah to Waddamana to Palmerston 220 kV line, avoid voltage instability or violations for loss of the other Liapootah to Waddamana to Palmerston line","OUTAGE","OTHER","Liapootah-Palmerston-Waddamana 1 220kV LINE; Tungatinah Waddamana 1 110kV LINE","REGULATED","INCLUDED",null,"PLANNED",1]
[574,"TASNETWORKSV5_20230126103852","2021-04-20T07:40:00","T^T_LIPM_1","T-LIPM;T-LIPM1_SLOAD_N-2","2017-07-05",1,-199.10488000000001,"Out = Liapootah to Waddamana to Palmerston 220 kV line, avoid voltage instability or violations for loss of the other Liapootah to Waddamana to Palmerston line","OUTAGE","OTHER","Liapootah-Palmerston-Waddamana 1 220kV LINE; Tungatinah Waddamana 1 110kV LINE","REGULATED","INCLUDED",null,"PLANNED",1]
[575,"TASNETWORKSV5_20230126103852","2021-04-20T07:45:00","T^T_LIPM_1","T-LIPM;T-LIPM1_SLOAD_N-2","2017-07-05",1,-199.10488000000001,"Out = Liapootah to Waddamana to Palmerston 220 kV line, avoid voltage instability or violations for loss of the other Liapootah to Waddamana to Palmerston line","OUTAGE","OTHER","Liapootah-Palmerston-Waddamana 1 220kV LINE; Tungatinah Waddamana 1 110kV LINE","REGULATED","INCLUDED",null,"PLANNED",1]
[576,"TASNETWORKSV5_20230126103852","2021-04-20T07:50:00","T^T_LIPM_1","T-LIPM;T-LIPM1_SLOAD_N-2","2017-07-05",1,-199.10488000000001,"Out = Liapootah to Waddamana to Palmerston 220 kV line, avoid voltage instability or violations for loss of the other Liapootah to Waddamana to Palmerston line","OUTAGE","OTHER","Liapootah-Palmerston-Waddamana 1 220kV LINE; Tungatinah Waddamana 1 110kV LINE","REGULATED","INCLUDED",null,"PLANNED",1]
[577,"TASNETWORKSV5_20230126103852","2021-04-20T07:55:00","T^T_LIPM_1","T-LIPM;T-LIPM1_SLOAD_N-2","2017-07-05",1,-205.25248999999999,"Out = Liapootah to Waddamana to Palmerston 220 kV line, avoid voltage instability or violations for loss of the other Liapootah to Waddamana to Palmerston line","OUTAGE","OTHER","Liapootah-Palmerston-Waddamana 1 220kV LINE; Tungatinah Waddamana 1 110kV LINE","REGULATED","INCLUDED",null,"PLANNED",1]
[578,"TASNETWORKSV5_20230126103852","2021-04-20T08:00:00","T^T_LIPM_1","T-LIPM;T-LIPM1_SLOAD_N-2","2017-07-05",1,-199.10488000000001,"Out = Liapootah to Waddamana to Palmerston 220 kV line, avoid voltage instability or violations for loss of the other Liapootah to Waddamana to Palmerston line","OUTAGE","OTHER","Liapootah-Palmerston-Waddamana 1 220kV LINE; Tungatinah Waddamana 1 110kV LINE","REGULATED","INCLUDED",null,"PLANNED",1]
[579,"TASNETWORKSV5_20230126103852","2021-04-20T08:05:00","T^T_LIPM_1","T-LIPM;T-LIPM1_SLOAD_N-2","2017-07-05",1,-205.25248999999999,"Out = Liapootah to Waddamana to Palmerston 220 kV line, avoid voltage instability or violations for loss of the other Liapootah to Waddamana to Palmerston line","OUTAGE","OTHER","Liapootah-Palmerston-Waddamana 1 220kV LINE; Tungatinah Waddamana 1 110kV LINE","REGULATED","INCLUDED",null,"PLANNED",1]
[580,"TASNETWORKSV5_20230126103852","2021-04-20T08:10:00","T^T_LIPM_1","T-LIPM;T-LIPM1_SLOAD_N-2","2017-07-05",1,-205.25248999999999,"Out = Liapootah to Waddamana to Palmerston 220 kV line, avoid voltage instability or violations for loss of the other Liapootah to Waddamana to Palmerston line","OUTAGE","OTHER","Liapootah-Palmerston-Waddamana 1 220kV LINE; Tungatinah Waddamana 1 110kV LINE","REGULATED","INCLUDED",null,"PLANNED",1]
[581,"TASNETWORKSV5_20230126103852","2021-04-20T08:15:00","T^T_LIPM_1","T-LIPM;T-LIPM1_SLOAD_N-2","2017-07-05",1,-192.20266000000001,"Out = Liapootah to Waddamana to Palmerston 220 kV line, avoid voltage instability or violations for loss of the other Liapootah to Waddamana to Palmerston line","OUTAGE","OTHER","Liapootah-Palmerston-Waddamana 1 220kV LINE; Tungatinah Waddamana 1 110kV LINE","REGULATED","INCLUDED",null,"PLANNED",1]
[582,"TASNETWORKSV5_20230126103852","2021-04-20T08:20:00","T^T_LIPM_1","T-LIPM;T-LIPM1_SLOAD_N-2","2017-07-05",1,-199.02503999999999,"Out = Liapootah to Waddamana to Palmerston 220 kV line, avoid voltage instability or violations for loss of the other Liapootah to Waddamana to Palmerston line","OUTAGE","OTHER","Liapootah-Palmerston-Waddamana 1 220kV LINE; Tungatinah Waddamana 1 110kV LINE","REGULATED","INCLUDED",null,"PLANNED",1]
[583,"TASNETWORKSV5_20230126103852","2021-04-20T08:25:00","T^T_LIPM_1","T-LIPM;T-LIPM1_SLOAD_N-2","2017-07-05",1,-199.10488000000001,"Out = Liapootah to Waddamana to Palmerston 220 kV line, avoid voltage instability or violations for loss of the other Liapootah to Waddamana to Palmerston line","OUTAGE","OTHER","Liapootah-Palmerston-Waddamana 1 220kV LINE; Tungatinah Waddamana 1 110kV LINE","REGULATED","INCLUDED",null,"PLANNED",1]
[584,"TASNETWORKSV5_20230126103852","2021-04-20T08:30:00","T^T_LIPM_1","T-LIPM;T-LIPM1_SLOAD_N-2","2017-07-05",1,-198.87559999999999,"Out = Liapootah to Waddamana to Palmerston 220 kV line, avoid voltage instability or violations for loss of the other Liapootah to Waddamana to Palmerston line","OUTAGE","OTHER","Liapootah-Palmerston-Waddamana 1 220kV LINE; Tungatinah Waddamana 1 110kV LINE","REGULATED","INCLUDED",null,"PLANNED",1]
[585,"TASNETWORKSV5_20230126103852","2021-04-20T08:35:00","T^T_LIPM_1","T-LIPM;T-LIPM1_SLOAD_N-2","2017-07-05",1,-178.93916999999999,"Out = Liapootah to Waddamana to Palmerston 220 kV line, avoid voltage instability or violations for loss of the other Liapootah to Waddamana to Palmerston line","OUTAGE","OTHER","Liapootah-Palmerston-Waddamana 1 220kV LINE; Tungatinah Waddamana 1 110kV LINE","REGULATED","INCLUDED",null,"PLANNED",1]
[586,"TASNETWORKSV5_20230126103852","2021-04-20T08:40:00","T^T_LIPM_1","T-LIPM;T-LIPM1_SLOAD_N-2","2017-07-05",1,-172.51833999999999,"Out = Liapootah to Waddamana to Palmerston 220 kV line, avoid voltage instability or violations for loss of the other Liapootah to Waddamana to Palmerston line","OUTAGE","OTHER","Liapootah-Palmerston-Waddamana 1 220kV LINE; Tungatinah Waddamana 1 110kV LINE","REGULATED","INCLUDED",null,"PLANNED",1]
[587,"TASNETWORKSV5_20230126103852","2021-04-20T08:45:00","T^T_LIPM_1","T-LIPM;T-LIPM1_SLOAD_N-2","2017-07-05",1,-175.24180999999999,"Out = Liapootah to Waddamana to Palmerston 220 kV line, avoid voltage instability or violations for loss of the other Liapootah to Waddamana to Palmerston line","OUTAGE","OTHER","Liapootah-Palmerston-Waddamana 1 220kV LINE; Tungatinah Waddamana 1 110kV LINE","REGULATED","INCLUDED",null,"PLANNED",1]
[588,"TASNETWORKSV5_20230126103852","2021-04-20T08:50:00","T^T_LIPM_1","T-LIPM;T-LIPM1_SLOAD_N-2","2017-07-05",1,-175.69409999999999,"Out = Liapootah to Waddamana to Palmerston 220 kV line, avoid voltage instability or violations for loss of the other Liapootah to Waddamana to Palmerston line","OUTAGE","OTHER","Liapootah-Palmerston-Waddamana 1 220kV LINE; Tungatinah Waddamana 1 110kV LINE","REGULATED","INCLUDED",null,"PLANNED",1]
[589,"TASNETWORKSV5_20230126103852","2021-04-20T08:55:00","T^T_LIPM_1","T-LIPM;T-LIPM1_SLOAD_N-2","2017-07-05",1,-165.70572999999999,"Out = Liapootah to Waddamana to Palmerston 220 kV line, avoid voltage instability or violations for loss of the other Liapootah to Waddamana to Palmerston line","OUTAGE","OTHER","Liapootah-Palmerston-Waddamana 1 220kV LINE; Tungatinah Waddamana 1 110kV LINE","REGULATED","INCLUDED",null,"PLANNED",1]
[590,"TASNETWORKSV5_20230126103852","2021-04-20T09:00:00","T^T_LIPM_1","T-LIPM;T-LIPM1_SLOAD_N-2","2017-07-05",1,-172.84687,"Out = Liapootah to Waddamana to Palmerston 220 kV line, avoid voltage instability or violations for loss of the other Liapootah to Waddamana to Palmerston line","OUTAGE","OTHER","Liapootah-Palmerston-Waddamana 1 220kV LINE; Tungatinah Waddamana 1 110kV LINE","REGULATED","INCLUDED",null,"PLANNED",1]
[591,"TASNETWORKSV5_20230126103852","2021-04-20T09:05:00","T^T_LIPM_1","T-LIPM;T-LIPM1_SLOAD_N-2","2017-07-05",1,-143.38677000000001,"Out = Liapootah to Waddamana to Palmerston 220 kV line, avoid voltage instability or violations for loss of the other Liapootah to Waddamana to Palmerston line","OUTAGE","OTHER","Liapootah-Palmerston-Waddamana 1 220kV LINE; Tungatinah Waddamana 1 110kV LINE","REGULATED","INCLUDED",null,"PLANNED",1]
[592,"TASNETWORKSV5_20230126103852","2021-04-20T09:10:00","T^T_LIPM_1","T-LIPM;T-LIPM1_SLOAD_N-2","2017-07-05",1,-164.95702,"Out = Liapootah to Waddamana to Palmerston 220 kV line, avoid voltage instability or violations for loss of the other Liapootah to Waddamana to Palmerston line","OUTAGE","OTHER","Liapootah-Palmerston-Waddamana 1 220kV LINE; Tungatinah Waddamana 1 110kV LINE","REGULATED","INCLUDED",null,"PLANNED",1]
[593,"TASNETWORKSV5_20230126103852","2021-04-20T09:15:00","T^T_LIPM_1","T-LIPM;T-LIPM1_SLOAD_N-2","2017-07-05",1,-170.99054000000001,"Out = Liapootah to Waddamana to Palmerston 220 kV line, avoid voltage instability or violations for loss of the other Liapootah to Waddamana to Palmerston line","OUTAGE","OTHER","Liapootah-Palmerston-Waddamana 1 220kV LINE; Tungatinah Waddamana 1 110kV LINE","REGULATED","INCLUDED",null,"PLANNED",1]
[594,"TASNETWORKSV5_20230126103852","2021-04-20T09:20:00","T^T_LIPM_1","T-LIPM;T-LIPM1_SLOAD_N-2","2017-07-05",1,-169.75259,"Out = Liapootah to Waddamana to Palmerston 220 kV line, avoid voltage instability or violations for loss of the other Liapootah to Waddamana to Palmerston line","OUTAGE","OTHER","Liapootah-Palmerston-Waddamana 1 220kV LINE; Tungatinah Waddamana 1 110kV LINE","REGULATED","INCLUDED",null,"PLANNED",1]
[595,"TASNETWORKSV5_20230126103852","2021-04-20T09:25:00","T^T_LIPM_1","T-LIPM;T-LIPM1_SLOAD_N-2","2017-07-05",1,-172.30817999999999,"Out = Liapootah to Waddamana to Palmerston 220 kV line, avoid voltage instability or violations for loss of the other Liapootah to Waddamana to Palmerston line","OUTAGE","OTHER","Liapootah-Palmerston-Waddamana 1 220kV LINE; Tungatinah Waddamana 1 110kV LINE","REGULATED","INCLUDED",null,"PLANNED",1]
[596,"TASNETWORKSV5_20230126103852","2021-04-20T09:30:00","T^T_LIPM_1","T-LIPM;T-LIPM1_SLOAD_N-2","2017-07-05",1,-206.0547,"Out = Liapootah to Waddamana to Palmerston 220 kV line, avoid voltage instability or violations for loss of the other Liapootah to Waddamana to Palmerston line","OUTAGE","OTHER","Liapootah-Palmerston-Waddamana 1 220kV LINE; Tungatinah Waddamana 1 110kV LINE","REGULATED","INCLUDED",null,"PLANNED",1]
[597,"TASNETWORKSV5_20230126103852","2021-04-20T09:35:00","T^T_LIPM_1","T-LIPM;T-LIPM1_SLOAD_N-2","2017-07-05",1,-181.64160999999999,"Out = Liapootah to Waddamana to Palmerston 220 kV line, avoid voltage instability or violations for loss of the other Liapootah to Waddamana to Palmerston line","OUTAGE","OTHER","Liapootah-Palmerston-Waddamana 1 220kV LINE; Tungatinah Waddamana 1 110kV LINE","REGULATED","INCLUDED",null,"PLANNED",1]
[598,"TASNETWORKSV5_20230126103852","2021-04-20T09:40:00","T^T_LIPM_1","T-LIPM;T-LIPM1_SLOAD_N-2","2017-07-05",1,-171.57999000000001,"Out = Liapootah to Waddamana to Palmerston 220 kV line, avoid voltage instability or violations for loss of the other Liapootah to Waddamana to Palmerston line","OUTAGE","OTHER","Liapootah-Palmerston-Waddamana 1 220kV LINE; Tungatinah Waddamana 1 110kV LINE","REGULATED","INCLUDED",null,"PLANNED",1]
[599,"TASNETWORKSV5_20230126103852","2021-04-20T09:45:00","T^T_LIPM_1","T-LIPM;T-LIPM1_SLOAD_N-2","2017-07-05",1,-193.40685999999999,"Out = Liapootah to Waddamana to Palmerston 220 kV line, avoid voltage instability or violations for loss of the other Liapootah to Waddamana to Palmerston line","OUTAGE","OTHER","Liapootah-Palmerston-Waddamana 1 220kV LINE; Tungatinah Waddamana 1 110kV LINE","REGULATED","INCLUDED",null,"PLANNED",1]
[600,"TASNETWORKSV5_20230126103852","2021-04-20T09:50:00","T^T_LIPM_1","T-LIPM;T-LIPM1_SLOAD_N-2","2017-07-05",1,-169.09199000000001,"Out = Liapootah to Waddamana to Palmerston 220 kV line, avoid voltage instability or violations for loss of the other Liapootah to Waddamana to Palmerston line","OUTAGE","OTHER","Liapootah-Palmerston-Waddamana 1 220kV LINE; Tungatinah Waddamana 1 110kV LINE","REGULATED","INCLUDED",null,"PLANNED",1]
[601,"TASNETWORKSV5_20230126103852","2021-04-20T09:55:00","T^T_LIPM_1","T-LIPM;T-LIPM1_SLOAD_N-2","2017-07-05",1,-174.41746000000001,"Out = Liapootah to Waddamana to Palmerston 220 kV line, avoid voltage instability or violations for loss of the other Liapootah to Waddamana to Palmerston line","OUTAGE","OTHER","Liapootah-Palmerston-Waddamana 1 220kV LINE; Tungatinah Waddamana 1 110kV LINE","REGULATED","INCLUDED",null,"PLANNED",1]
[602,"TASNETWORKSV5_20230126103852","2021-04-20T10:00:00","T^T_LIPM_1","T-LIPM;T-LIPM1_SLOAD_N-2","2017-07-05",1,-175.26685000000001,"Out = Liapootah to Waddamana to Palmerston 220 kV line, avoid voltage instability or violations for loss of the other Liapootah to Waddamana to Palmerston line","OUTAGE","OTHER","Liapootah-Palmerston-Waddamana 1 220kV LINE; Tungatinah Waddamana 1 110kV LINE","REGULATED","INCLUDED",null,"PLANNED",1]
[603,"TASNETWORKSV5_20230126103852","2021-04-20T10:05:00","T^T_LIPM_1","T-LIPM;T-LIPM1_SLOAD_N-2","2017-07-05",1,-163.81064000000001,"Out = Liapootah to Waddamana to Palmerston 220 kV line, avoid voltage instability or violations for loss of the other Liapootah to Waddamana to Palmerston line","OUTAGE","OTHER","Liapootah-Palmerston-Waddamana 1 220kV LINE; Tungatinah Waddamana 1 110kV LINE","REGULATED","INCLUDED",null,"PLANNED",1]
[604,"TASNETWORKSV5_20230126103852","2021-04-20T10:10:00","T^T_LIPM_1","T-LIPM;T-LIPM1_SLOAD_N-2","2017-07-05",1,-167.6652,"Out = Liapootah to Waddamana to Palmerston 220 kV line, avoid voltage instability or violations for loss of the other Liapootah to Waddamana to Palmerston line","OUTAGE","OTHER","Liapootah-Palmerston-Waddamana 1 220kV LINE; Tungatinah Waddamana 1 110kV LINE","REGULATED","INCLUDED",null,"PLANNED",1]
[605,"TASNETWORKSV5_20230126103852","2021-04-20T10:15:00","T^T_LIPM_1","T-LIPM;T-LIPM1_SLOAD_N-2","2017-07-05",1,-165.76738,"Out = Liapootah to Waddamana to Palmerston 220 kV line, avoid voltage instability or violations for loss of the other Liapootah to Waddamana to Palmerston line","OUTAGE","OTHER","Liapootah-Palmerston-Waddamana 1 220kV LINE; Tungatinah Waddamana 1 110kV LINE","REGULATED","INCLUDED",null,"PLANNED",1]
[606,"TASNETWORKSV5_20230126103852","2021-04-20T10:20:00","T^T_LIPM_1","T-LIPM;T-LIPM1_SLOAD_N-2","2017-07-05",1,-181.64160999999999,"Out = Liapootah to Waddamana to Palmerston 220 kV line, avoid voltage instability or violations for loss of the other Liapootah to Waddamana to Palmerston line","OUTAGE","OTHER","Liapootah-Palmerston-Waddamana 1 220kV LINE; Tungatinah Waddamana 1 110kV LINE","REGULATED","INCLUDED",null,"PLANNED",1]
[607,"TASNETWORKSV5_20230126103852","2021-04-20T10:25:00","T^T_LIPM_1","T-LIPM;T-LIPM1_SLOAD_N-2","2017-07-05",1,-161.67211,"Out = Liapootah to Waddamana to Palmerston 220 kV line, avoid voltage instability or violations for loss of the other Liapootah to Waddamana to Palmerston line","OUTAGE","OTHER","Liapootah-Palmerston-Waddamana 1 220kV LINE; Tungatinah Waddamana 1 110kV LINE","REGULATED","INCLUDED",null,"PLANNED",1]
[608,"TASNETWORKSV5_20230126103852","2021-04-20T10:30:00","T^T_LIPM_1","T-LIPM;T-LIPM1_SLOAD_N-2","2017-07-05",1,-165.20491000000001,"Out = Liapootah to Waddamana to Palmerston 220 kV line, avoid voltage instability or violations for loss of the other Liapootah to Waddamana to Palmerston line","OUTAGE","OTHER","Liapootah-Palmerston-Waddamana 1 220kV LINE; Tungatinah Waddamana 1 110kV LINE","REGULATED","INCLUDED",null,"PLANNED",1]
[609,"TASNETWORKSV5_20230126103852","2021-04-20T10:35:00","T^T_LIPM_1","T-LIPM;T-LIPM1_SLOAD_N-2","2017-07-05",1,-158.03251,"Out = Liapootah to Waddamana to Palmerston 220 kV line, avoid voltage instability or violations for loss of the other Liapootah to Waddamana to Palmerston line","OUTAGE","OTHER","Liapootah-Palmerston-Waddamana 1 220kV LINE; Tungatinah Waddamana 1 110kV LINE","REGULATED","INCLUDED",null,"PLANNED",1]
[610,"TASNETWORKSV5_20230126103852","2021-04-20T10:40:00","T^T_LIPM_1","T-LIPM;T-LIPM1_SLOAD_N-2","2017-07-05",1,-159.38441,"Out = Liapootah to Waddamana to Palmerston 220 kV line, avoid voltage instability or violations for loss of the other Liapootah to Waddamana to Palmerston line","OUTAGE","OTHER","Liapootah-Palmerston-Waddamana 1 220kV LINE; Tungatinah Waddamana 1 110kV LINE","REGULATED","INCLUDED",null,"PLANNED",1]
[611,"TASNETWORKSV5_20230126103852","2021-04-20T10:45:00","T^T_LIPM_1","T-LIPM;T-LIPM1_SLOAD_N-2","2017-07-05",1,-160.79599999999999,"Out = Liapootah to Waddamana to Palmerston 220 kV line, avoid voltage instability or violations for loss of the other Liapootah to Waddamana to Palmerston line","OUTAGE","OTHER","Liapootah-Palmerston-Waddamana 1 220kV LINE; Tungatinah Waddamana 1 110kV LINE","REGULATED","INCLUDED",null,"PLANNED",1]
[612,"TASNETWORKSV5_20230126103852","2021-04-20T10:50:00","T^T_LIPM_1","T-LIPM;T-LIPM1_SLOAD_N-2","2017-07-05",1,-138.87360000000001,"Out = Liapootah to Waddamana to Palmerston 220 kV line, avoid voltage instability or violations for loss of the other Liapootah to Waddamana to Palmerston line","OUTAGE","OTHER","Liapootah-Palmerston-Waddamana 1 220kV LINE; Tungatinah Waddamana 1 110kV LINE","REGULATED","INCLUDED",null,"PLANNED",1]
[613,"TASNETWORKSV5_20230126103852","2021-04-20T10:55:00","T^T_LIPM_1","T-LIPM;T-LIPM1_SLOAD_N-2","2017-07-05",1,-49.546700000000001,"Out = Liapootah to Waddamana to Palmerston 220 kV line, avoid voltage instability or violations for loss of the other Liapootah to Waddamana to Palmerston line","OUTAGE","OTHER","Liapootah-Palmerston-Waddamana 1 220kV LINE; Tungatinah Waddamana 1 110kV LINE","REGULATED","INCLUDED",null,"PLANNED",1]
[614,"TASNETWORKSV5_20230126103852","2021-04-20T11:00:00","T^T_LIPM_1","T-LIPM;T-LIPM1_SLOAD_N-2","2017-07-05",1,-202.07892000000001,"Out = Liapootah to Waddamana to Palmerston 220 kV line, avoid voltage instability or violations for loss of the other Liapootah to Waddamana to Palmerston line","OUTAGE","OTHER","Liapootah-Palmerston-Waddamana 1 220kV LINE; Tungatinah Waddamana 1 110kV LINE","REGULATED","INCLUDED",null,"PLANNED",1]
[615,"TASNETWORKSV5_20230126103852","2021-04-20T11:05:00","T^T_LIPM_1","T-LIPM;T-LIPM1_SLOAD_N-2","2017-07-05",1,-159.88191,"Out = Liapootah to Waddamana to Palmerston 220 kV line, avoid voltage instability or violations for loss of the other Liapootah to Waddamana to Palmerston line","OUTAGE","OTHER","Liapootah-Palmerston-Waddamana 1 220kV LINE; Tungatinah Waddamana 1 110kV LINE","REGULATED","INCLUDED",null,"PLANNED",1]
[616,"TASNETWORKSV5_20230126103852","2021-04-20T11:10:00","T^T_LIPM_1","T-LIPM;T-LIPM1_SLOAD_N-2","2017-07-05",1,-164.70027999999999,"Out = Liapootah to Waddamana to Palmerston 220 kV line, avoid voltage instability or violations for loss of the other Liapootah to Waddamana to Palmerston line","OUTAGE","OTHER","Liapootah-Palmerston-Waddamana 1 220kV LINE; Tungatinah Waddamana 1 110kV LINE","REGULATED","INCLUDED",null,"PLANNED",1]
[617,"TASNETWORKSV5_20230126103852","2021-04-20T11:15:00","T^T_LIPM_1","T-LIPM;T-LIPM1_SLOAD_N-2","2017-07-05",1,-164.33698000000001,"Out = Liapootah to Waddamana to Palmerston 220 kV line, avoid voltage instability or violations for loss of the other Liapootah to Waddamana to Palmerston line","OUTAGE","OTHER","Liapootah-Palmerston-Waddamana 1 220kV LINE; Tungatinah Waddamana 1 110kV LINE","REGULATED","INCLUDED",null,"PLANNED",1]
[618,"TASNETWORKSV5_20230126103852","2021-04-20T11:20:00","T^T_LIPM_1","T-LIPM;T-LIPM1_SLOAD_N-2","2017-07-05",1,-143.50102000000001,"Out = Liapootah to Waddamana to Palmerston 220 kV line, avoid voltage instability or violations for loss of the other Liapootah to Waddamana to Palmerston line","OUTAGE","OTHER","Liapootah-Palmerston-Waddamana 1 220kV LINE; Tungatinah Waddamana 1 110kV LINE","REGULATED","INCLUDED",null,"PLANNED",1]
[619,"TASNETWORKSV5_20230126103852","2021-04-20T11:25:00","T^T_LIPM_1","T-LIPM;T-LIPM1_SLOAD_N-2","2017-07-05",1,-60.524419999999999,"Out = Liapootah to Waddamana to Palmerston 220 kV line, avoid voltage instability or violations for loss of the other Liapootah to Waddamana to Palmerston line","OUTAGE","OTHER","Liapootah-Palmerston-Waddamana 1 220kV LINE; Tungatinah Waddamana 1 110kV LINE","REGULATED","INCLUDED",null,"PLANNED",1]
[620,"TASNETWORKSV5_20230126103852","2021-04-20T11:30:00","T^T_LIPM_1","T-LIPM;T-LIPM1_SLOAD_N-2","2017-07-05",1,-178.17756,"Out = Liapootah to Waddamana to Palmerston 220 kV line, avoid voltage instability or violations for loss of the other Liapootah to Waddamana to Palmerston line","OUTAGE","OTHER","Liapootah-Palmerston-Waddamana 1 220kV LINE; Tungatinah Waddamana 1 110kV LINE","REGULATED","INCLUDED",null,"PLANNED",1]
[621,"TASNETWORKSV5_20230126103852","2021-04-20T11:35:00","T^T_LIPM_1","T-LIPM;T-LIPM1_SLOAD_N-2","2017-07-05",1,-164.23339999999999,"Out = Liapootah to Waddamana to Palmerston 220 kV line, avoid voltage instability or violations for loss of the other Liapootah to Waddamana to Palmerston line","OUTAGE","OTHER","Liapootah-Palmerston-Waddamana 1 220kV LINE; Tungatinah Waddamana 1 110kV LINE","REGULATED","INCLUDED",null,"PLANNED",1]
[622,"TASNETWORKSV5_20230126103852","2021-04-20T11:40:00","T^T_LIPM_1","T-LIPM;T-LIPM1_SLOAD_N-2","2017-07-05",1,-160.74098000000001,"Out = Liapootah to Waddamana to Palmerston 220 kV line, avoid voltage instability or violations for loss of the other Liapootah to Waddamana to Palmerston line","OUTAGE","OTHER","Liapootah-Palmerston-Waddamana 1 220kV LINE; Tungatinah Waddamana 1 110kV LINE","REGULATED","INCLUDED",null,"PLANNED",1]
[623,"TASNETWORKSV5_20230126103852","2021-04-20T11:45:00","T^T_LIPM_1","T-LIPM;T-LIPM1_SLOAD_N-2","2017-07-05",1,-118.80622,"Out = Liapootah to Waddamana to Palmerston 220 kV line, avoid voltage instability or violations for loss of the other Liapootah to Waddamana to Palmerston line","OUTAGE","OTHER","Liapootah-Palmerston-Waddamana 1 220kV LINE; Tungatinah Waddamana 1 110kV LINE","REGULATED","INCLUDED",null,"PLANNED",1]
[624,"TASNETWORKSV5_20230126103852","2021-04-20T11:50:00","T^T_LIPM_1","T-LIPM;T-LIPM1_SLOAD_N-2","2017-07-05",1,-157.15600000000001,"Out = Liapootah to Waddamana to Palmerston 220 kV line, avoid voltage instability or violations for loss of the other Liapootah to Waddamana to Palmerston line","OUTAGE","OTHER","Liapootah-Palmerston-Waddamana 1 220kV LINE; Tungatinah Waddamana 1 110kV LINE","REGULATED","INCLUDED",null,"PLANNED",1]
[625,"TASNETWORKSV5_20230126103852","2021-04-20T11:55:00","T^T_LIPM_1","T-LIPM;T-LIPM1_SLOAD_N-2","2017-07-05",1,-132.58984000000001,"Out = Liapootah to Waddamana to Palmerston 220 kV line, avoid voltage instability or violations for loss of the other Liapootah to Waddamana to Palmerston line","OUTAGE","OTHER","Liapootah-Palmerston-Waddamana 1 220kV LINE; Tungatinah Waddamana 1 110kV LINE","REGULATED","INCLUDED",null,"PLANNED",1]
[626,"TASNETWORKSV5_20230126103852","2021-04-20T12:00:00","T^T_LIPM_1","T-LIPM;T-LIPM1_SLOAD_N-2","2017-07-05",1,-144.06917999999999,"Out = Liapootah to Waddamana to Palmerston 220 kV line, avoid voltage instability or violations for loss of the other Liapootah to Waddamana to Palmerston line","OUTAGE","OTHER","Liapootah-Palmerston-Waddamana 1 220kV LINE; Tungatinah Waddamana 1 110kV LINE","REGULATED","INCLUDED",null,"PLANNED",1]
[627,"TASNETWORKSV5_20230126103852","2021-04-20T12:05:00","T^T_LIPM_1","T-LIPM;T-LIPM1_SLOAD_N-2","2017-07-05",1,-158.38667000000001,"Out = Liapootah to Waddamana to Palmerston 220 kV line, avoid voltage instability or violations for loss of the other Liapootah to Waddamana to Palmerston line","OUTAGE","OTHER","Liapootah-Palmerston-Waddamana 1 220kV LINE; Tungatinah Waddamana 1 110kV LINE","REGULATED","INCLUDED",null,"PLANNED",1]
[628,"TASNETWORKSV5_20230126103852","2021-04-20T12:10:00","T>T_LIPM_110_2A","T-LIPM;T-LIPM1_SLOAD_N-2","2021-04-20",1,-94.006429999999995,"Out= either Liapootah - Waddamana (tee) - Palmerston 220 kV line and associated CBs at Waddamana I/S, avoid O/L Palmerston to Waddamana 110 line (flow to South) on trip of the remaining Liapootah to Waddamana (tee) to Palmerston 220 kV line, feedback","OUTAGE","OTHER","Liapootah-Palmerston-Waddamana 1 220kV LINE; Tungatinah Waddamana 1 110kV LINE","REGULATED","INCLUDED",null,"PLANNED",1]
[629,"TASNETWORKSV5_20230126103852","2021-04-20T12:15:00","T>T_LIPM_110_2A","T-LIPM;T-LIPM1_SLOAD_N-2","2021-04-20",1,-82.818719999999999,"Out= either Liapootah - Waddamana (tee) - Palmerston 220 kV line and associated CBs at Waddamana I/S, avoid O/L Palmerston to Waddamana 110 line (flow to South) on trip of the remaining Liapootah to Waddamana (tee) to Palmerston 220 kV line, feedback","OUTAGE","OTHER","Liapootah-Palmerston-Waddamana 1 220kV LINE; Tungatinah Waddamana 1 110kV LINE","REGULATED","INCLUDED",null,"PLANNED",1]
[630,"TASNETWORKSV5_20230126103852","2021-04-20T12:20:00","T>T_LIPM_110_2A","T-LIPM;T-LIPM1_SLOAD_N-2","2021-04-20",1,-92.562989999999999,"Out= either Liapootah - Waddamana (tee) - Palmerston 220 kV line and associated CBs at Waddamana I/S, avoid O/L Palmerston to Waddamana 110 line (flow to South) on trip of the remaining Liapootah to Waddamana (tee) to Palmerston 220 kV line, feedback","OUTAGE","OTHER","Liapootah-Palmerston-Waddamana 1 220kV LINE; Tungatinah Waddamana 1 110kV LINE","REGULATED","INCLUDED",null,"PLANNED",1]
[631,"TASNETWORKSV5_20230126103852","2021-04-20T12:25:00","T>T_LIPM_110_2A","T-LIPM;T-LIPM1_SLOAD_N-2","2021-04-20",1,-103.56758000000001,"Out= either Liapootah - Waddamana (tee) - Palmerston 220 kV line and associated CBs at Waddamana I/S, avoid O/L Palmerston to Waddamana 110 line (flow to South) on trip of the remaining Liapootah to Waddamana (tee) to Palmerston 220 kV line, feedback","OUTAGE","OTHER","Liapootah-Palmerston-Waddamana 1 220kV LINE; Tungatinah Waddamana 1 110kV LINE","REGULATED","INCLUDED",null,"PLANNED",1]
[632,"TASNETWORKSV5_20230126103852","2021-04-20T12:30:00","T>T_LIPM_110_2A","T-LIPM;T-LIPM1_SLOAD_N-2","2021-04-20",1,-98.347520000000003,"Out= either Liapootah - Waddamana (tee) - Palmerston 220 kV line and associated CBs at Waddamana I/S, avoid O/L Palmerston to Waddamana 110 line (flow to South) on trip of the remaining Liapootah to Waddamana (tee) to Palmerston 220 kV line, feedback","OUTAGE","OTHER","Liapootah-Palmerston-Waddamana 1 220kV LINE; Tungatinah Waddamana 1 110kV LINE","REGULATED","INCLUDED",null,"PLANNED",1]
[633,"TASNETWORKSV5_20230126103852","2021-04-20T12:35:00","T>T_LIPM_110_2A","T-LIPM;T-LIPM1_SLOAD_N-2","2021-04-20",1,-97.92089,"Out= either Liapootah - Waddamana (tee) - Palmerston 220 kV line and associated CBs at Waddamana I/S, avoid O/L Palmerston to Waddamana 110 line (flow to South) on trip of the remaining Liapootah to Waddamana (tee) to Palmerston 220 kV line, feedback","OUTAGE","OTHER","Liapootah-Palmerston-Waddamana 1 220kV LINE; Tungatinah Waddamana 1 110kV LINE","REGULATED","INCLUDED",null,"PLANNED",1]
[634,"TASNETWORKSV5_20230126103852","2021-04-20T12:40:00","T>T_LIPM_110_2A","T-LIPM;T-LIPM1_SLOAD_N-2","2021-04-20",1,-97.770150000000001,"Out= either Liapootah - Waddamana (tee) - Palmerston 220 kV line and associated CBs at Waddamana I/S, avoid O/L Palmerston to Waddamana 110 line (flow to South) on trip of the remaining Liapootah to Waddamana (tee) to Palmerston 220 kV line, feedback","OUTAGE","OTHER","Liapootah-Palmerston-Waddamana 1 220kV LINE; Tungatinah Waddamana 1 110kV LINE","REGULATED","INCLUDED",null,"PLANNED",1]
[635,"TASNETWORKSV5_20230126103852","2021-04-20T12:45:00","T>T_LIPM_110_2A","T-LIPM;T-LIPM1_SLOAD_N-2","2021-04-20",1,-94.667969999999997,"Out= either Liapootah - Waddamana (tee) - Palmerston 220 kV line and associated CBs at Waddamana I/S, avoid O/L Palmerston to Waddamana 110 line (flow to South) on trip of the remaining Liapootah to Waddamana (tee) to Palmerston 220 kV line, feedback","OUTAGE","OTHER","Liapootah-Palmerston-Waddamana 1 220kV LINE; Tungatinah Waddamana 1 110kV LINE","REGULATED","INCLUDED",null,"PLANNED",1]
[636,"TASNETWORKSV5_20230126103852","2021-04-20T12:50:00","T^T_LIPM_1","T-LIPM;T-LIPM1_SLOAD_N-2","2017-07-05",1,-160.35231999999999,"Out = Liapootah to Waddamana to Palmerston 220 kV line, avoid voltage instability or violations for loss of the other Liapootah to Waddamana to Palmerston line","OUTAGE","OTHER","Liapootah-Palmerston-Waddamana 1 220kV LINE; Tungatinah Waddamana 1 110kV LINE","REGULATED","INCLUDED",null,"PLANNED",1]
[637,"TASNETWORKSV5_20230126103852","2021-04-20T12:55:00","T^T_LIPM_1","T-LIPM;T-LIPM1_SLOAD_N-2","2017-07-05",1,-181.64160999999999,"Out = Liapootah to Waddamana to Palmerston 220 kV line, avoid voltage instability or violations for loss of the other Liapootah to Waddamana to Palmerston line","OUTAGE","OTHER","Liapootah-Palmerston-Waddamana 1 220kV LINE; Tungatinah Waddamana 1 110kV LINE","REGULATED","INCLUDED",null,"PLANNED",1]
[638,"TASNETWORKSV5_20230126103852","2021-04-20T13:00:00","T^T_LIPM_1","T-LIPM;T-LIPM1_SLOAD_N-2","2017-07-05",1,-174.94382999999999,"Out = Liapootah to Waddamana to Palmerston 220 kV line, avoid voltage instability or violations for loss of the other Liapootah to Waddamana to Palmerston line","OUTAGE","OTHER","Liapootah-Palmerston-Waddamana 1 220kV LINE; Tungatinah Waddamana 1 110kV LINE","REGULATED","INCLUDED",null,"PLANNED",1]
[639,"TASNETWORKSV5_20230126103852","2021-04-20T13:05:00","T^T_LIPM_1","T-LIPM;T-LIPM1_SLOAD_N-2","2017-07-05",1,-179.61831000000001,"Out = Liapootah to Waddamana to Palmerston 220 kV line, avoid voltage instability or violations for loss of the other Liapootah to Waddamana to Palmerston line","OUTAGE","OTHER","Liapootah-Palmerston-Waddamana 1 220kV LINE; Tungatinah Waddamana 1 110kV LINE","REGULATED","INCLUDED",null,"PLANNED",1]
[640,"TASNETWORKSV5_20230126103852","2021-04-20T13:10:00","T^T_LIPM_1","T-LIPM;T-LIPM1_SLOAD_N-2","2017-07-05",1,-161.10964999999999,"Out = Liapootah to Waddamana to Palmerston 220 kV line, avoid voltage instability or violations for loss of the other Liapootah to Waddamana to Palmerston line","OUTAGE","OTHER","Liapootah-Palmerston-Waddamana 1 220kV LINE; Tungatinah Waddamana 1 110kV LINE","REGULATED","INCLUDED",null,"PLANNED",1]
[641,"TASNETWORKSV5_20230126103852","2021-04-23T14:35:00","T_LIWY","T-LIWY","2013-08-21",1,-211.34,"Out=Liapootah-Wayatinah 220KV line","OUTAGE","OTHER","Wayatinah Catagunya 220kV LINE; Liapootah Wayatinah 220kV LINE","REGULATED",3,"WY and CA Hydro Station shutdowns","PLANNED",0]
[642,"TASNETWORKSV5_20230126103852","2021-04-23T14:40:00","T_LIWY","T-LIWY","2013-08-21",1,-225.04,"Out=Liapootah-Wayatinah 220KV line","OUTAGE","OTHER","Wayatinah Catagunya 220kV LINE; Liapootah Wayatinah 220kV LINE","REGULATED",3,"WY and CA Hydro Station shutdowns","PLANNED",0]
[643,"TASNETWORKSV5_20230126103852","2021-04-23T17:05:00","T_LIWY","T-LIWY","2013-08-21",1,-1011.34,"Out=Liapootah-Wayatinah 220KV line","OUTAGE","OTHER","Wayatinah Catagunya 220kV LINE; Liapootah Wayatinah 220kV LINE","REGULATED",3,"WY and CA Hydro Station shutdowns","PLANNED",0]
[644,"TASNETWORKSV5_20230126103852","2021-05-19T10:05:00","F_T++CSGO_TG_R60","F-T-CSGO","2016-04-12",1,59.19988,"Out = one Chapel St to Gordon line, Tasmania Raise 60 sec requirement for loss of the remaining Chapel St to Gordon line, Basslink able to transfer FCAS, reduce by very fast response on Basslink, include fault-ride through on windfarms+Basslink","OUTAGE","FCAS","Gordon ChapelSt 2 220kV LINE","REGULATED","INCLUDED",null,"UNPLANNED",1]
[645,"TASNETWORKSV5_20230126103852","2021-05-19T10:10:00","F_T++CSGO_TG_R6","F-T-CSGO","2016-04-12",1,52.244790000000002,"Out = one Chapel St to Gordon line, Tasmania Raise 6 sec requirement for loss of the remaining Chapel St to Gordon line, Basslink able to transfer FCAS, reduce by very fast response on Basslink, include fault-ride through on windfarms+Basslink","OUTAGE","FCAS","Gordon ChapelSt 2 220kV LINE","REGULATED","INCLUDED",null,"UNPLANNED",1]
[646,"TASNETWORKSV5_20230126103852","2021-06-17T11:50:00","F_T++CSGO_TG_R5","F-T-CSGO","2016-04-12",1,21.143380000000001,"Out = one Chapel St to Gordon line, Tasmania Raise 5 min requirement for loss of the remaining Chapel St to Gordon line, Basslink able to transfer FCAS, reduce by very fast response on Basslink, include fault-ride through on windfarms+Basslink","OUTAGE","FCAS","Gordon ChapelSt 1 220kV LINE","REGULATED","INCLUDED",null,"PLANNED",1]
[647,"TASNETWORKSV5_20230126103852","2021-06-22T08:15:00","T>T_TUMBNN2_110_3","T-TU_MB_NN2","2019-07-26",1,-252.03124,"Out= Tungatinah to Meadowbank to New Norfolk No.2 110kV lines, avoid O/L Tungatinah to New Norfolk No.3 110kV line on trip of Tungatinah to Meadowbank Tee 1 to New Norfolk 110kV line, Feedback","OUTAGE","OTHER","Tungatinah-NewNorfolk-Meadowbank 2 110kV LINE","REGULATED","INCLUDED",null,"PLANNED",1]
[648,"TASNETWORKSV5_20230126103852","2021-06-22T08:20:00","T>T_TUMBNN2_110_3","T-TU_MB_NN2","2019-07-26",1,-150.40131,"Out= Tungatinah to Meadowbank to New Norfolk No.2 110kV lines, avoid O/L Tungatinah to New Norfolk No.3 110kV line on trip of Tungatinah to Meadowbank Tee 1 to New Norfolk 110kV line, Feedback","OUTAGE","OTHER","Tungatinah-NewNorfolk-Meadowbank 2 110kV LINE","REGULATED","INCLUDED",null,"PLANNED",1]
[649,"TASNETWORKSV5_20230126103852","2021-06-22T08:25:00","T>T_TUMBNN2_110_3","T-TU_MB_NN2","2019-07-26",1,-113,"Out= Tungatinah to Meadowbank to New Norfolk No.2 110kV lines, avoid O/L Tungatinah to New Norfolk No.3 110kV line on trip of Tungatinah to Meadowbank Tee 1 to New Norfolk 110kV line, Feedback","OUTAGE","OTHER","Tungatinah-NewNorfolk-Meadowbank 2 110kV LINE","REGULATED","INCLUDED",null,"PLANNED",1]
[650,"TASNETWORKSV5_20230126103852","2021-06-22T08:30:00","T>T_TUMBNN2_110_3","T-TU_MB_NN2","2019-07-26",1,-159.52592000000001,"Out= Tungatinah to Meadowbank to New Norfolk No.2 110kV lines, avoid O/L Tungatinah to New Norfolk No.3 110kV line on trip of Tungatinah to Meadowbank Tee 1 to New Norfolk 110kV line, Feedback","OUTAGE","OTHER","Tungatinah-NewNorfolk-Meadowbank 2 110kV LINE","REGULATED","INCLUDED",null,"PLANNED",1]
[651,"TASNETWORKSV5_20230126103852","2021-06-22T08:35:00","T>T_TUMBNN2_110_3","T-TU_MB_NN2","2019-07-26",1,-179.05278000000001,"Out= Tungatinah to Meadowbank to New Norfolk No.2 110kV lines, avoid O/L Tungatinah to New Norfolk No.3 110kV line on trip of Tungatinah to Meadowbank Tee 1 to New Norfolk 110kV line, Feedback","OUTAGE","OTHER","Tungatinah-NewNorfolk-Meadowbank 2 110kV LINE","REGULATED","INCLUDED",null,"PLANNED",1]
[652,"TASNETWORKSV5_20230126103852","2021-06-22T08:40:00","T>T_TUMBNN2_110_3","T-TU_MB_NN2","2019-07-26",1,-260.54000000000002,"Out= Tungatinah to Meadowbank to New Norfolk No.2 110kV lines, avoid O/L Tungatinah to New Norfolk No.3 110kV line on trip of Tungatinah to Meadowbank Tee 1 to New Norfolk 110kV line, Feedback","OUTAGE","OTHER","Tungatinah-NewNorfolk-Meadowbank 2 110kV LINE","REGULATED","INCLUDED",null,"PLANNED",1]
[653,"TASNETWORKSV5_20230126103852","2021-06-22T08:45:00","T>T_TUMBNN2_110_3","T-TU_MB_NN2","2019-07-26",1,-165.41752,"Out= Tungatinah to Meadowbank to New Norfolk No.2 110kV lines, avoid O/L Tungatinah to New Norfolk No.3 110kV line on trip of Tungatinah to Meadowbank Tee 1 to New Norfolk 110kV line, Feedback","OUTAGE","OTHER","Tungatinah-NewNorfolk-Meadowbank 2 110kV LINE","REGULATED","INCLUDED",null,"PLANNED",1]
[654,"TASNETWORKSV5_20230126103852","2021-06-22T08:50:00","T>T_TUMBNN2_110_3","T-TU_MB_NN2","2019-07-26",1,-105.75095,"Out= Tungatinah to Meadowbank to New Norfolk No.2 110kV lines, avoid O/L Tungatinah to New Norfolk No.3 110kV line on trip of Tungatinah to Meadowbank Tee 1 to New Norfolk 110kV line, Feedback","OUTAGE","OTHER","Tungatinah-NewNorfolk-Meadowbank 2 110kV LINE","REGULATED","INCLUDED",null,"PLANNED",1]
[655,"TASNETWORKSV5_20230126103852","2021-06-22T08:55:00","T>T_TUMBNN2_110_3","T-TU_MB_NN2","2019-07-26",1,-106.21509,"Out= Tungatinah to Meadowbank to New Norfolk No.2 110kV lines, avoid O/L Tungatinah to New Norfolk No.3 110kV line on trip of Tungatinah to Meadowbank Tee 1 to New Norfolk 110kV line, Feedback","OUTAGE","OTHER","Tungatinah-NewNorfolk-Meadowbank 2 110kV LINE","REGULATED","INCLUDED",null,"PLANNED",1]
[656,"TASNETWORKSV5_20230126103852","2021-06-22T09:00:00","T>T_TUMBNN2_110_3","T-TU_MB_NN2","2019-07-26",1,-102.2394,"Out= Tungatinah to Meadowbank to New Norfolk No.2 110kV lines, avoid O/L Tungatinah to New Norfolk No.3 110kV line on trip of Tungatinah to Meadowbank Tee 1 to New Norfolk 110kV line, Feedback","OUTAGE","OTHER","Tungatinah-NewNorfolk-Meadowbank 2 110kV LINE","REGULATED","INCLUDED",null,"PLANNED",1]
[657,"TASNETWORKSV5_20230126103852","2021-06-22T09:05:00","T>T_TUMBNN2_110_3","T-TU_MB_NN2","2019-07-26",1,-257.31241,"Out= Tungatinah to Meadowbank to New Norfolk No.2 110kV lines, avoid O/L Tungatinah to New Norfolk No.3 110kV line on trip of Tungatinah to Meadowbank Tee 1 to New Norfolk 110kV line, Feedback","OUTAGE","OTHER","Tungatinah-NewNorfolk-Meadowbank 2 110kV LINE","REGULATED","INCLUDED",null,"PLANNED",1]
[658,"TASNETWORKSV5_20230126103852","2021-06-22T09:10:00","T>T_TUMBNN2_110_3","T-TU_MB_NN2","2019-07-26",1,-123.89788,"Out= Tungatinah to Meadowbank to New Norfolk No.2 110kV lines, avoid O/L Tungatinah to New Norfolk No.3 110kV line on trip of Tungatinah to Meadowbank Tee 1 to New Norfolk 110kV line, Feedback","OUTAGE","OTHER","Tungatinah-NewNorfolk-Meadowbank 2 110kV LINE","REGULATED","INCLUDED",null,"PLANNED",1]
[659,"TASNETWORKSV5_20230126103852","2021-06-22T09:15:00","T>T_TUMBNN2_110_3","T-TU_MB_NN2","2019-07-26",1,-265.53307000000001,"Out= Tungatinah to Meadowbank to New Norfolk No.2 110kV lines, avoid O/L Tungatinah to New Norfolk No.3 110kV line on trip of Tungatinah to Meadowbank Tee 1 to New Norfolk 110kV line, Feedback","OUTAGE","OTHER","Tungatinah-NewNorfolk-Meadowbank 2 110kV LINE","REGULATED","INCLUDED",null,"PLANNED",1]
[660,"TASNETWORKSV5_20230126103852","2021-06-22T09:20:00","T>T_TUMBNN2_110_3","T-TU_MB_NN2","2019-07-26",1,-119.86311000000001,"Out= Tungatinah to Meadowbank to New Norfolk No.2 110kV lines, avoid O/L Tungatinah to New Norfolk No.3 110kV line on trip of Tungatinah to Meadowbank Tee 1 to New Norfolk 110kV line, Feedback","OUTAGE","OTHER","Tungatinah-NewNorfolk-Meadowbank 2 110kV LINE","REGULATED","INCLUDED",null,"PLANNED",1]
[661,"TASNETWORKSV5_20230126103852","2021-06-22T09:25:00","T>T_TUMBNN2_110_3","T-TU_MB_NN2","2019-07-26",1,-125.78442,"Out= Tungatinah to Meadowbank to New Norfolk No.2 110kV lines, avoid O/L Tungatinah to New Norfolk No.3 110kV line on trip of Tungatinah to Meadowbank Tee 1 to New Norfolk 110kV line, Feedback","OUTAGE","OTHER","Tungatinah-NewNorfolk-Meadowbank 2 110kV LINE","REGULATED","INCLUDED",null,"PLANNED",1]
[662,"TASNETWORKSV5_20230126103852","2021-06-22T09:30:00","T>T_TUMBNN2_110_3","T-TU_MB_NN2","2019-07-26",1,-85.346869999999996,"Out= Tungatinah to Meadowbank to New Norfolk No.2 110kV lines, avoid O/L Tungatinah to New Norfolk No.3 110kV line on trip of Tungatinah to Meadowbank Tee 1 to New Norfolk 110kV line, Feedback","OUTAGE","OTHER","Tungatinah-NewNorfolk-Meadowbank 2 110kV LINE","REGULATED","INCLUDED",null,"PLANNED",1]
[663,"TASNETWORKSV5_20230126103852","2021-06-22T09:45:00","T>T_TUMBNN2_110_3","T-TU_MB_NN2","2019-07-26",1,-95.417299999999997,"Out= Tungatinah to Meadowbank to New Norfolk No.2 110kV lines, avoid O/L Tungatinah to New Norfolk No.3 110kV line on trip of Tungatinah to Meadowbank Tee 1 to New Norfolk 110kV line, Feedback","OUTAGE","OTHER","Tungatinah-NewNorfolk-Meadowbank 2 110kV LINE","REGULATED","INCLUDED",null,"PLANNED",1]
[664,"TASNETWORKSV5_20230126103852","2021-06-22T10:05:00","T>T_TUMBNN2_110_3","T-TU_MB_NN2","2019-07-26",1,-40.702959999999997,"Out= Tungatinah to Meadowbank to New Norfolk No.2 110kV lines, avoid O/L Tungatinah to New Norfolk No.3 110kV line on trip of Tungatinah to Meadowbank Tee 1 to New Norfolk 110kV line, Feedback","OUTAGE","OTHER","Tungatinah-NewNorfolk-Meadowbank 2 110kV LINE","REGULATED","INCLUDED",null,"PLANNED",1]
[665,"TASNETWORKSV5_20230126103852","2021-06-22T11:20:00","T>T_TUMBNN2_110_3","T-TU_MB_NN2","2019-07-26",1,-70.760679999999994,"Out= Tungatinah to Meadowbank to New Norfolk No.2 110kV lines, avoid O/L Tungatinah to New Norfolk No.3 110kV line on trip of Tungatinah to Meadowbank Tee 1 to New Norfolk 110kV line, Feedback","OUTAGE","OTHER","Tungatinah-NewNorfolk-Meadowbank 2 110kV LINE","REGULATED","INCLUDED",null,"PLANNED",1]
[666,"TASNETWORKSV5_20230126103852","2021-06-22T11:25:00","T>T_TUMBNN2_110_3","T-TU_MB_NN2","2019-07-26",1,-70.376570000000001,"Out= Tungatinah to Meadowbank to New Norfolk No.2 110kV lines, avoid O/L Tungatinah to New Norfolk No.3 110kV line on trip of Tungatinah to Meadowbank Tee 1 to New Norfolk 110kV line, Feedback","OUTAGE","OTHER","Tungatinah-NewNorfolk-Meadowbank 2 110kV LINE","REGULATED","INCLUDED",null,"PLANNED",1]
[667,"TASNETWORKSV5_20230126103852","2021-06-22T11:30:00","T>T_TUMBNN2_110_3","T-TU_MB_NN2","2019-07-26",1,-70.504599999999996,"Out= Tungatinah to Meadowbank to New Norfolk No.2 110kV lines, avoid O/L Tungatinah to New Norfolk No.3 110kV line on trip of Tungatinah to Meadowbank Tee 1 to New Norfolk 110kV line, Feedback","OUTAGE","OTHER","Tungatinah-NewNorfolk-Meadowbank 2 110kV LINE","REGULATED","INCLUDED",null,"PLANNED",1]
[668,"TASNETWORKSV5_20230126103852","2021-06-22T11:35:00","T>T_TUMBNN2_110_3","T-TU_MB_NN2","2019-07-26",1,-69.63964,"Out= Tungatinah to Meadowbank to New Norfolk No.2 110kV lines, avoid O/L Tungatinah to New Norfolk No.3 110kV line on trip of Tungatinah to Meadowbank Tee 1 to New Norfolk 110kV line, Feedback","OUTAGE","OTHER","Tungatinah-NewNorfolk-Meadowbank 2 110kV LINE","REGULATED","INCLUDED",null,"PLANNED",1]
[669,"TASNETWORKSV5_20230126103852","2021-06-22T11:40:00","T>T_TUMBNN2_110_3","T-TU_MB_NN2","2019-07-26",1,-60.683729999999997,"Out= Tungatinah to Meadowbank to New Norfolk No.2 110kV lines, avoid O/L Tungatinah to New Norfolk No.3 110kV line on trip of Tungatinah to Meadowbank Tee 1 to New Norfolk 110kV line, Feedback","OUTAGE","OTHER","Tungatinah-NewNorfolk-Meadowbank 2 110kV LINE","REGULATED","INCLUDED",null,"PLANNED",1]
[670,"TASNETWORKSV5_20230126103852","2021-06-22T11:45:00","T>T_TUMBNN2_110_3","T-TU_MB_NN2","2019-07-26",1,-69.765140000000002,"Out= Tungatinah to Meadowbank to New Norfolk No.2 110kV lines, avoid O/L Tungatinah to New Norfolk No.3 110kV line on trip of Tungatinah to Meadowbank Tee 1 to New Norfolk 110kV line, Feedback","OUTAGE","OTHER","Tungatinah-NewNorfolk-Meadowbank 2 110kV LINE","REGULATED","INCLUDED",null,"PLANNED",1]
[671,"TASNETWORKSV5_20230126103852","2021-06-22T11:50:00","T>T_TUMBNN2_110_3","T-TU_MB_NN2","2019-07-26",1,-63.73171,"Out= Tungatinah to Meadowbank to New Norfolk No.2 110kV lines, avoid O/L Tungatinah to New Norfolk No.3 110kV line on trip of Tungatinah to Meadowbank Tee 1 to New Norfolk 110kV line, Feedback","OUTAGE","OTHER","Tungatinah-NewNorfolk-Meadowbank 2 110kV LINE","REGULATED","INCLUDED",null,"PLANNED",1]
[672,"TASNETWORKSV5_20230126103852","2021-06-22T11:55:00","T>T_TUMBNN2_110_3","T-TU_MB_NN2","2019-07-26",1,-84.116150000000005,"Out= Tungatinah to Meadowbank to New Norfolk No.2 110kV lines, avoid O/L Tungatinah to New Norfolk No.3 110kV line on trip of Tungatinah to Meadowbank Tee 1 to New Norfolk 110kV line, Feedback","OUTAGE","OTHER","Tungatinah-NewNorfolk-Meadowbank 2 110kV LINE","REGULATED","INCLUDED",null,"PLANNED",1]
[673,"TASNETWORKSV5_20230126103852","2021-06-22T12:00:00","T>T_TUMBNN2_110_3","T-TU_MB_NN2","2019-07-26",1,-70.016139999999993,"Out= Tungatinah to Meadowbank to New Norfolk No.2 110kV lines, avoid O/L Tungatinah to New Norfolk No.3 110kV line on trip of Tungatinah to Meadowbank Tee 1 to New Norfolk 110kV line, Feedback","OUTAGE","OTHER","Tungatinah-NewNorfolk-Meadowbank 2 110kV LINE","REGULATED","INCLUDED",null,"PLANNED",1]
[674,"TASNETWORKSV5_20230126103852","2021-06-22T12:05:00","T>T_TUMBNN2_110_3","T-TU_MB_NN2","2019-07-26",1,-96.130300000000005,"Out= Tungatinah to Meadowbank to New Norfolk No.2 110kV lines, avoid O/L Tungatinah to New Norfolk No.3 110kV line on trip of Tungatinah to Meadowbank Tee 1 to New Norfolk 110kV line, Feedback","OUTAGE","OTHER","Tungatinah-NewNorfolk-Meadowbank 2 110kV LINE","REGULATED","INCLUDED",null,"PLANNED",1]
[675,"TASNETWORKSV5_20230126103852","2021-06-22T12:10:00","T>T_TUMBNN2_110_3","T-TU_MB_NN2","2019-07-26",1,-109.27392999999999,"Out= Tungatinah to Meadowbank to New Norfolk No.2 110kV lines, avoid O/L Tungatinah to New Norfolk No.3 110kV line on trip of Tungatinah to Meadowbank Tee 1 to New Norfolk 110kV line, Feedback","OUTAGE","OTHER","Tungatinah-NewNorfolk-Meadowbank 2 110kV LINE","REGULATED","INCLUDED",null,"PLANNED",1]
[676,"TASNETWORKSV5_20230126103852","2021-06-22T12:15:00","T>T_TUMBNN2_110_3","T-TU_MB_NN2","2019-07-26",1,-130.08001999999999,"Out= Tungatinah to Meadowbank to New Norfolk No.2 110kV lines, avoid O/L Tungatinah to New Norfolk No.3 110kV line on trip of Tungatinah to Meadowbank Tee 1 to New Norfolk 110kV line, Feedback","OUTAGE","OTHER","Tungatinah-NewNorfolk-Meadowbank 2 110kV LINE","REGULATED","INCLUDED",null,"PLANNED",1]
[677,"TASNETWORKSV5_20230126103852","2021-06-22T12:20:00","T>T_TUMBNN2_110_3","T-TU_MB_NN2","2019-07-26",1,-132.83031,"Out= Tungatinah to Meadowbank to New Norfolk No.2 110kV lines, avoid O/L Tungatinah to New Norfolk No.3 110kV line on trip of Tungatinah to Meadowbank Tee 1 to New Norfolk 110kV line, Feedback","OUTAGE","OTHER","Tungatinah-NewNorfolk-Meadowbank 2 110kV LINE","REGULATED","INCLUDED",null,"PLANNED",1]
[678,"TASNETWORKSV5_20230126103852","2021-06-22T12:25:00","T>T_TUMBNN2_110_3","T-TU_MB_NN2","2019-07-26",1,-108.28395999999999,"Out= Tungatinah to Meadowbank to New Norfolk No.2 110kV lines, avoid O/L Tungatinah to New Norfolk No.3 110kV line on trip of Tungatinah to Meadowbank Tee 1 to New Norfolk 110kV line, Feedback","OUTAGE","OTHER","Tungatinah-NewNorfolk-Meadowbank 2 110kV LINE","REGULATED","INCLUDED",null,"PLANNED",1]
[679,"TASNETWORKSV5_20230126103852","2021-06-22T12:30:00","T>T_TUMBNN2_110_3","T-TU_MB_NN2","2019-07-26",1,-107.90521,"Out= Tungatinah to Meadowbank to New Norfolk No.2 110kV lines, avoid O/L Tungatinah to New Norfolk No.3 110kV line on trip of Tungatinah to Meadowbank Tee 1 to New Norfolk 110kV line, Feedback","OUTAGE","OTHER","Tungatinah-NewNorfolk-Meadowbank 2 110kV LINE","REGULATED","INCLUDED",null,"PLANNED",1]
[680,"TASNETWORKSV5_20230126103852","2021-06-22T12:35:00","T>T_TUMBNN2_110_3","T-TU_MB_NN2","2019-07-26",1,-371.06578000000002,"Out= Tungatinah to Meadowbank to New Norfolk No.2 110kV lines, avoid O/L Tungatinah to New Norfolk No.3 110kV line on trip of Tungatinah to Meadowbank Tee 1 to New Norfolk 110kV line, Feedback","OUTAGE","OTHER","Tungatinah-NewNorfolk-Meadowbank 2 110kV LINE","REGULATED","INCLUDED",null,"PLANNED",1]
[681,"TASNETWORKSV5_20230126103852","2021-06-22T12:40:00","T>T_TUMBNN2_110_3","T-TU_MB_NN2","2019-07-26",1,-132.79704000000001,"Out= Tungatinah to Meadowbank to New Norfolk No.2 110kV lines, avoid O/L Tungatinah to New Norfolk No.3 110kV line on trip of Tungatinah to Meadowbank Tee 1 to New Norfolk 110kV line, Feedback","OUTAGE","OTHER","Tungatinah-NewNorfolk-Meadowbank 2 110kV LINE","REGULATED","INCLUDED",null,"PLANNED",1]
[682,"TASNETWORKSV5_20230126103852","2021-06-22T12:45:00","T>T_TUMBNN2_110_3","T-TU_MB_NN2","2019-07-26",1,-148.42507000000001,"Out= Tungatinah to Meadowbank to New Norfolk No.2 110kV lines, avoid O/L Tungatinah to New Norfolk No.3 110kV line on trip of Tungatinah to Meadowbank Tee 1 to New Norfolk 110kV line, Feedback","OUTAGE","OTHER","Tungatinah-NewNorfolk-Meadowbank 2 110kV LINE","REGULATED","INCLUDED",null,"PLANNED",1]
[683,"TASNETWORKSV5_20230126103852","2021-06-22T12:50:00","T>T_TUMBNN2_110_3","T-TU_MB_NN2","2019-07-26",1,-148.42507000000001,"Out= Tungatinah to Meadowbank to New Norfolk No.2 110kV lines, avoid O/L Tungatinah to New Norfolk No.3 110kV line on trip of Tungatinah to Meadowbank Tee 1 to New Norfolk 110kV line, Feedback","OUTAGE","OTHER","Tungatinah-NewNorfolk-Meadowbank 2 110kV LINE","REGULATED","INCLUDED",null,"PLANNED",1]
[684,"TASNETWORKSV5_20230126103852","2021-06-22T12:55:00","T>T_TUMBNN2_110_3","T-TU_MB_NN2","2019-07-26",1,-146.89622,"Out= Tungatinah to Meadowbank to New Norfolk No.2 110kV lines, avoid O/L Tungatinah to New Norfolk No.3 110kV line on trip of Tungatinah to Meadowbank Tee 1 to New Norfolk 110kV line, Feedback","OUTAGE","OTHER","Tungatinah-NewNorfolk-Meadowbank 2 110kV LINE","REGULATED","INCLUDED",null,"PLANNED",1]
[685,"TASNETWORKSV5_20230126103852","2021-06-22T13:00:00","T>T_TUMBNN2_110_3","T-TU_MB_NN2","2019-07-26",1,-146.89622,"Out= Tungatinah to Meadowbank to New Norfolk No.2 110kV lines, avoid O/L Tungatinah to New Norfolk No.3 110kV line on trip of Tungatinah to Meadowbank Tee 1 to New Norfolk 110kV line, Feedback","OUTAGE","OTHER","Tungatinah-NewNorfolk-Meadowbank 2 110kV LINE","REGULATED","INCLUDED",null,"PLANNED",1]
[686,"TASNETWORKSV5_20230126103852","2021-06-22T13:05:00","T>T_TUMBNN2_110_3","T-TU_MB_NN2","2019-07-26",1,-131.45005,"Out= Tungatinah to Meadowbank to New Norfolk No.2 110kV lines, avoid O/L Tungatinah to New Norfolk No.3 110kV line on trip of Tungatinah to Meadowbank Tee 1 to New Norfolk 110kV line, Feedback","OUTAGE","OTHER","Tungatinah-NewNorfolk-Meadowbank 2 110kV LINE","REGULATED","INCLUDED",null,"PLANNED",1]
[687,"TASNETWORKSV5_20230126103852","2021-06-22T13:10:00","T>T_TUMBNN2_110_3","T-TU_MB_NN2","2019-07-26",1,-120.71642,"Out= Tungatinah to Meadowbank to New Norfolk No.2 110kV lines, avoid O/L Tungatinah to New Norfolk No.3 110kV line on trip of Tungatinah to Meadowbank Tee 1 to New Norfolk 110kV line, Feedback","OUTAGE","OTHER","Tungatinah-NewNorfolk-Meadowbank 2 110kV LINE","REGULATED","INCLUDED",null,"PLANNED",1]
[688,"TASNETWORKSV5_20230126103852","2021-06-22T13:15:00","T>T_TUMBNN2_110_3","T-TU_MB_NN2","2019-07-26",1,-128.65289999999999,"Out= Tungatinah to Meadowbank to New Norfolk No.2 110kV lines, avoid O/L Tungatinah to New Norfolk No.3 110kV line on trip of Tungatinah to Meadowbank Tee 1 to New Norfolk 110kV line, Feedback","OUTAGE","OTHER","Tungatinah-NewNorfolk-Meadowbank 2 110kV LINE","REGULATED","INCLUDED",null,"PLANNED",1]
[689,"TASNETWORKSV5_20230126103852","2021-06-22T13:20:00","T>T_TUMBNN2_110_3","T-TU_MB_NN2","2019-07-26",1,-127.2929,"Out= Tungatinah to Meadowbank to New Norfolk No.2 110kV lines, avoid O/L Tungatinah to New Norfolk No.3 110kV line on trip of Tungatinah to Meadowbank Tee 1 to New Norfolk 110kV line, Feedback","OUTAGE","OTHER","Tungatinah-NewNorfolk-Meadowbank 2 110kV LINE","REGULATED","INCLUDED",null,"PLANNED",1]
[690,"TASNETWORKSV5_20230126103852","2021-06-22T13:25:00","T>T_TUMBNN2_110_3","T-TU_MB_NN2","2019-07-26",1,-117.95169,"Out= Tungatinah to Meadowbank to New Norfolk No.2 110kV lines, avoid O/L Tungatinah to New Norfolk No.3 110kV line on trip of Tungatinah to Meadowbank Tee 1 to New Norfolk 110kV line, Feedback","OUTAGE","OTHER","Tungatinah-NewNorfolk-Meadowbank 2 110kV LINE","REGULATED","INCLUDED",null,"PLANNED",1]
[691,"TASNETWORKSV5_20230126103852","2021-06-22T13:30:00","T>T_TUMBNN2_110_3","T-TU_MB_NN2","2019-07-26",1,-131.32881,"Out= Tungatinah to Meadowbank to New Norfolk No.2 110kV lines, avoid O/L Tungatinah to New Norfolk No.3 110kV line on trip of Tungatinah to Meadowbank Tee 1 to New Norfolk 110kV line, Feedback","OUTAGE","OTHER","Tungatinah-NewNorfolk-Meadowbank 2 110kV LINE","REGULATED","INCLUDED",null,"PLANNED",1]
[692,"TASNETWORKSV5_20230126103852","2021-06-22T13:35:00","T>T_TUMBNN2_110_3","T-TU_MB_NN2","2019-07-26",1,-127.13745,"Out= Tungatinah to Meadowbank to New Norfolk No.2 110kV lines, avoid O/L Tungatinah to New Norfolk No.3 110kV line on trip of Tungatinah to Meadowbank Tee 1 to New Norfolk 110kV line, Feedback","OUTAGE","OTHER","Tungatinah-NewNorfolk-Meadowbank 2 110kV LINE","REGULATED","INCLUDED",null,"PLANNED",1]
[693,"TASNETWORKSV5_20230126103852","2021-06-22T13:40:00","T>T_TUMBNN2_110_3","T-TU_MB_NN2","2019-07-26",1,-121.72642,"Out= Tungatinah to Meadowbank to New Norfolk No.2 110kV lines, avoid O/L Tungatinah to New Norfolk No.3 110kV line on trip of Tungatinah to Meadowbank Tee 1 to New Norfolk 110kV line, Feedback","OUTAGE","OTHER","Tungatinah-NewNorfolk-Meadowbank 2 110kV LINE","REGULATED","INCLUDED",null,"PLANNED",1]
[694,"TASNETWORKSV5_20230126103852","2021-06-22T13:45:00","T>T_TUMBNN2_110_3","T-TU_MB_NN2","2019-07-26",1,-140.24006,"Out= Tungatinah to Meadowbank to New Norfolk No.2 110kV lines, avoid O/L Tungatinah to New Norfolk No.3 110kV line on trip of Tungatinah to Meadowbank Tee 1 to New Norfolk 110kV line, Feedback","OUTAGE","OTHER","Tungatinah-NewNorfolk-Meadowbank 2 110kV LINE","REGULATED","INCLUDED",null,"PLANNED",1]
[695,"TASNETWORKSV5_20230126103852","2021-06-22T13:50:00","T>T_TUMBNN2_110_3","T-TU_MB_NN2","2019-07-26",1,-140.24006,"Out= Tungatinah to Meadowbank to New Norfolk No.2 110kV lines, avoid O/L Tungatinah to New Norfolk No.3 110kV line on trip of Tungatinah to Meadowbank Tee 1 to New Norfolk 110kV line, Feedback","OUTAGE","OTHER","Tungatinah-NewNorfolk-Meadowbank 2 110kV LINE","REGULATED","INCLUDED",null,"PLANNED",1]
[696,"TASNETWORKSV5_20230126103852","2021-06-22T13:55:00","T>T_TUMBNN2_110_3","T-TU_MB_NN2","2019-07-26",1,-140.24006,"Out= Tungatinah to Meadowbank to New Norfolk No.2 110kV lines, avoid O/L Tungatinah to New Norfolk No.3 110kV line on trip of Tungatinah to Meadowbank Tee 1 to New Norfolk 110kV line, Feedback","OUTAGE","OTHER","Tungatinah-NewNorfolk-Meadowbank 2 110kV LINE","REGULATED","INCLUDED",null,"PLANNED",1]
[697,"TASNETWORKSV5_20230126103852","2021-06-22T14:00:00","T>T_TUMBNN2_110_3","T-TU_MB_NN2","2019-07-26",1,-186.42946000000001,"Out= Tungatinah to Meadowbank to New Norfolk No.2 110kV lines, avoid O/L Tungatinah to New Norfolk No.3 110kV line on trip of Tungatinah to Meadowbank Tee 1 to New Norfolk 110kV line, Feedback","OUTAGE","OTHER","Tungatinah-NewNorfolk-Meadowbank 2 110kV LINE","REGULATED","INCLUDED",null,"PLANNED",1]
[698,"TASNETWORKSV5_20230126103852","2021-06-22T14:05:00","T>T_TUMBNN2_110_3","T-TU_MB_NN2","2019-07-26",1,-140.24006,"Out= Tungatinah to Meadowbank to New Norfolk No.2 110kV lines, avoid O/L Tungatinah to New Norfolk No.3 110kV line on trip of Tungatinah to Meadowbank Tee 1 to New Norfolk 110kV line, Feedback","OUTAGE","OTHER","Tungatinah-NewNorfolk-Meadowbank 2 110kV LINE","REGULATED","INCLUDED",null,"PLANNED",1]
[699,"TASNETWORKSV5_20230126103852","2021-06-22T14:10:00","T>T_TUMBNN2_110_3","T-TU_MB_NN2","2019-07-26",1,-211.03173000000001,"Out= Tungatinah to Meadowbank to New Norfolk No.2 110kV lines, avoid O/L Tungatinah to New Norfolk No.3 110kV line on trip of Tungatinah to Meadowbank Tee 1 to New Norfolk 110kV line, Feedback","OUTAGE","OTHER","Tungatinah-NewNorfolk-Meadowbank 2 110kV LINE","REGULATED","INCLUDED",null,"PLANNED",1]
[700,"TASNETWORKSV5_20230126103852","2021-06-22T14:15:00","T>T_TUMBNN2_110_3","T-TU_MB_NN2","2019-07-26",1,-169.58258000000001,"Out= Tungatinah to Meadowbank to New Norfolk No.2 110kV lines, avoid O/L Tungatinah to New Norfolk No.3 110kV line on trip of Tungatinah to Meadowbank Tee 1 to New Norfolk 110kV line, Feedback","OUTAGE","OTHER","Tungatinah-NewNorfolk-Meadowbank 2 110kV LINE","REGULATED","INCLUDED",null,"PLANNED",1]
[701,"TASNETWORKSV5_20230126103852","2021-06-22T14:20:00","T>T_TUMBNN2_110_3","T-TU_MB_NN2","2019-07-26",1,-180.0127,"Out= Tungatinah to Meadowbank to New Norfolk No.2 110kV lines, avoid O/L Tungatinah to New Norfolk No.3 110kV line on trip of Tungatinah to Meadowbank Tee 1 to New Norfolk 110kV line, Feedback","OUTAGE","OTHER","Tungatinah-NewNorfolk-Meadowbank 2 110kV LINE","REGULATED","INCLUDED",null,"PLANNED",1]
[702,"TASNETWORKSV5_20230126103852","2021-06-22T14:25:00","T>T_TUMBNN2_110_3","T-TU_MB_NN2","2019-07-26",1,-133.79035999999999,"Out= Tungatinah to Meadowbank to New Norfolk No.2 110kV lines, avoid O/L Tungatinah to New Norfolk No.3 110kV line on trip of Tungatinah to Meadowbank Tee 1 to New Norfolk 110kV line, Feedback","OUTAGE","OTHER","Tungatinah-NewNorfolk-Meadowbank 2 110kV LINE","REGULATED","INCLUDED",null,"PLANNED",1]
[703,"TASNETWORKSV5_20230126103852","2021-06-22T14:30:00","T>T_TUMBNN2_110_3","T-TU_MB_NN2","2019-07-26",1,-133.85476,"Out= Tungatinah to Meadowbank to New Norfolk No.2 110kV lines, avoid O/L Tungatinah to New Norfolk No.3 110kV line on trip of Tungatinah to Meadowbank Tee 1 to New Norfolk 110kV line, Feedback","OUTAGE","OTHER","Tungatinah-NewNorfolk-Meadowbank 2 110kV LINE","REGULATED","INCLUDED",null,"PLANNED",1]
[704,"TASNETWORKSV5_20230126103852","2021-06-22T14:35:00","T>T_TUMBNN2_110_3","T-TU_MB_NN2","2019-07-26",1,-99.538510000000002,"Out= Tungatinah to Meadowbank to New Norfolk No.2 110kV lines, avoid O/L Tungatinah to New Norfolk No.3 110kV line on trip of Tungatinah to Meadowbank Tee 1 to New Norfolk 110kV line, Feedback","OUTAGE","OTHER","Tungatinah-NewNorfolk-Meadowbank 2 110kV LINE","REGULATED","INCLUDED",null,"PLANNED",1]
[705,"TASNETWORKSV5_20230126103852","2021-06-22T14:40:00","T>T_TUMBNN2_110_3","T-TU_MB_NN2","2019-07-26",1,-130.06209000000001,"Out= Tungatinah to Meadowbank to New Norfolk No.2 110kV lines, avoid O/L Tungatinah to New Norfolk No.3 110kV line on trip of Tungatinah to Meadowbank Tee 1 to New Norfolk 110kV line, Feedback","OUTAGE","OTHER","Tungatinah-NewNorfolk-Meadowbank 2 110kV LINE","REGULATED","INCLUDED",null,"PLANNED",1]
[706,"TASNETWORKSV5_20230126103852","2021-06-22T14:45:00","T>T_TUMBNN2_110_3","T-TU_MB_NN2","2019-07-26",1,-96.699209999999994,"Out= Tungatinah to Meadowbank to New Norfolk No.2 110kV lines, avoid O/L Tungatinah to New Norfolk No.3 110kV line on trip of Tungatinah to Meadowbank Tee 1 to New Norfolk 110kV line, Feedback","OUTAGE","OTHER","Tungatinah-NewNorfolk-Meadowbank 2 110kV LINE","REGULATED","INCLUDED",null,"PLANNED",1]
[707,"TASNETWORKSV5_20230126103852","2021-06-22T14:50:00","T>T_TUMBNN2_110_3","T-TU_MB_NN2","2019-07-26",1,-99.697019999999995,"Out= Tungatinah to Meadowbank to New Norfolk No.2 110kV lines, avoid O/L Tungatinah to New Norfolk No.3 110kV line on trip of Tungatinah to Meadowbank Tee 1 to New Norfolk 110kV line, Feedback","OUTAGE","OTHER","Tungatinah-NewNorfolk-Meadowbank 2 110kV LINE","REGULATED","INCLUDED",null,"PLANNED",1]
[708,"TASNETWORKSV5_20230126103852","2021-06-22T14:55:00","T>T_TUMBNN2_110_3","T-TU_MB_NN2","2019-07-26",1,-99.538510000000002,"Out= Tungatinah to Meadowbank to New Norfolk No.2 110kV lines, avoid O/L Tungatinah to New Norfolk No.3 110kV line on trip of Tungatinah to Meadowbank Tee 1 to New Norfolk 110kV line, Feedback","OUTAGE","OTHER","Tungatinah-NewNorfolk-Meadowbank 2 110kV LINE","REGULATED","INCLUDED",null,"PLANNED",1]
[709,"TASNETWORKSV5_20230126103852","2021-06-22T15:00:00","T>T_TUMBNN2_110_3","T-TU_MB_NN2","2019-07-26",1,-99.396159999999995,"Out= Tungatinah to Meadowbank to New Norfolk No.2 110kV lines, avoid O/L Tungatinah to New Norfolk No.3 110kV line on trip of Tungatinah to Meadowbank Tee 1 to New Norfolk 110kV line, Feedback","OUTAGE","OTHER","Tungatinah-NewNorfolk-Meadowbank 2 110kV LINE","REGULATED","INCLUDED",null,"PLANNED",1]
[710,"TASNETWORKSV5_20230126103852","2021-06-22T15:05:00","T>T_TUMBNN2_110_3","T-TU_MB_NN2","2019-07-26",1,-99.697019999999995,"Out= Tungatinah to Meadowbank to New Norfolk No.2 110kV lines, avoid O/L Tungatinah to New Norfolk No.3 110kV line on trip of Tungatinah to Meadowbank Tee 1 to New Norfolk 110kV line, Feedback","OUTAGE","OTHER","Tungatinah-NewNorfolk-Meadowbank 2 110kV LINE","REGULATED","INCLUDED",null,"PLANNED",1]
[711,"TASNETWORKSV5_20230126103852","2021-06-22T15:10:00","T>T_TUMBNN2_110_3","T-TU_MB_NN2","2019-07-26",1,-99.697019999999995,"Out= Tungatinah to Meadowbank to New Norfolk No.2 110kV lines, avoid O/L Tungatinah to New Norfolk No.3 110kV line on trip of Tungatinah to Meadowbank Tee 1 to New Norfolk 110kV line, Feedback","OUTAGE","OTHER","Tungatinah-NewNorfolk-Meadowbank 2 110kV LINE","REGULATED","INCLUDED",null,"PLANNED",1]
[712,"TASNETWORKSV5_20230126103852","2021-06-22T15:15:00","T>T_TUMBNN2_110_3","T-TU_MB_NN2","2019-07-26",1,-99.538510000000002,"Out= Tungatinah to Meadowbank to New Norfolk No.2 110kV lines, avoid O/L Tungatinah to New Norfolk No.3 110kV line on trip of Tungatinah to Meadowbank Tee 1 to New Norfolk 110kV line, Feedback","OUTAGE","OTHER","Tungatinah-NewNorfolk-Meadowbank 2 110kV LINE","REGULATED","INCLUDED",null,"PLANNED",1]
[713,"TASNETWORKSV5_20230126103852","2021-06-22T15:20:00","T>T_TUMBNN2_110_3","T-TU_MB_NN2","2019-07-26",1,-88.085080000000005,"Out= Tungatinah to Meadowbank to New Norfolk No.2 110kV lines, avoid O/L Tungatinah to New Norfolk No.3 110kV line on trip of Tungatinah to Meadowbank Tee 1 to New Norfolk 110kV line, Feedback","OUTAGE","OTHER","Tungatinah-NewNorfolk-Meadowbank 2 110kV LINE","REGULATED","INCLUDED",null,"PLANNED",1]
[714,"TASNETWORKSV5_20230126103852","2021-06-22T15:25:00","T>T_TUMBNN2_110_3","T-TU_MB_NN2","2019-07-26",1,-80.657709999999994,"Out= Tungatinah to Meadowbank to New Norfolk No.2 110kV lines, avoid O/L Tungatinah to New Norfolk No.3 110kV line on trip of Tungatinah to Meadowbank Tee 1 to New Norfolk 110kV line, Feedback","OUTAGE","OTHER","Tungatinah-NewNorfolk-Meadowbank 2 110kV LINE","REGULATED","INCLUDED",null,"PLANNED",1]
[715,"TASNETWORKSV5_20230126103852","2021-06-22T15:30:00","T>T_TUMBNN2_110_3","T-TU_MB_NN2","2019-07-26",1,-82.100139999999996,"Out= Tungatinah to Meadowbank to New Norfolk No.2 110kV lines, avoid O/L Tungatinah to New Norfolk No.3 110kV line on trip of Tungatinah to Meadowbank Tee 1 to New Norfolk 110kV line, Feedback","OUTAGE","OTHER","Tungatinah-NewNorfolk-Meadowbank 2 110kV LINE","REGULATED","INCLUDED",null,"PLANNED",1]
[716,"TASNETWORKSV5_20230126103852","2021-06-22T16:05:00","T>T_TUMBNN2_110_3","T-TU_MB_NN2","2019-07-26",1,-66.310850000000002,"Out= Tungatinah to Meadowbank to New Norfolk No.2 110kV lines, avoid O/L Tungatinah to New Norfolk No.3 110kV line on trip of Tungatinah to Meadowbank Tee 1 to New Norfolk 110kV line, Feedback","OUTAGE","OTHER","Tungatinah-NewNorfolk-Meadowbank 2 110kV LINE","REGULATED","INCLUDED",null,"PLANNED",1]
[717,"TASNETWORKSV5_20230126103852","2021-06-22T16:10:00","T>T_TUMBNN2_110_3","T-TU_MB_NN2","2019-07-26",1,-104.87088,"Out= Tungatinah to Meadowbank to New Norfolk No.2 110kV lines, avoid O/L Tungatinah to New Norfolk No.3 110kV line on trip of Tungatinah to Meadowbank Tee 1 to New Norfolk 110kV line, Feedback","OUTAGE","OTHER","Tungatinah-NewNorfolk-Meadowbank 2 110kV LINE","REGULATED","INCLUDED",null,"PLANNED",1]
[718,"TASNETWORKSV5_20230126103852","2021-06-30T09:35:00","T>T_PMWA_110_7","T-PMWA","2019-09-03",1,-87.316469999999995,"Out= Palmerston to Waddamana 110 kV line, avoid overloading the New Norfolk to Chapel St 110 kV line (flow to South) on trip of New Norfolk to Creek Road 110 kV line, feedback","OUTAGE","OTHER","Waddamana A 110kV BUS; Waddamana D 110kV BUS; Waddamana Palmerston 2 110kV LINE","REGULATED","INCLUDED",null,"PLANNED",1]
[719,"TASNETWORKSV5_20230126103852","2021-06-30T10:20:00","T>T_PMWA_110_7","T-PMWA","2019-09-03",1,-37.603340000000003,"Out= Palmerston to Waddamana 110 kV line, avoid overloading the New Norfolk to Chapel St 110 kV line (flow to South) on trip of New Norfolk to Creek Road 110 kV line, feedback","OUTAGE","OTHER","Waddamana A 110kV BUS; Waddamana D 110kV BUS; Waddamana Palmerston 2 110kV LINE","REGULATED","INCLUDED",null,"PLANNED",1]
[720,"TASNETWORKSV5_20230126103852","2021-06-30T10:25:00","T>T_PMWA_110_7","T-PMWA","2019-09-03",1,-38.95881,"Out= Palmerston to Waddamana 110 kV line, avoid overloading the New Norfolk to Chapel St 110 kV line (flow to South) on trip of New Norfolk to Creek Road 110 kV line, feedback","OUTAGE","OTHER","Waddamana A 110kV BUS; Waddamana D 110kV BUS; Waddamana Palmerston 2 110kV LINE","REGULATED","INCLUDED",null,"PLANNED",1]
[721,"TASNETWORKSV5_20230126103852","2021-06-30T10:30:00","T>T_PMWA_110_7","T-PMWA","2019-09-03",1,-37.967269999999999,"Out= Palmerston to Waddamana 110 kV line, avoid overloading the New Norfolk to Chapel St 110 kV line (flow to South) on trip of New Norfolk to Creek Road 110 kV line, feedback","OUTAGE","OTHER","Waddamana A 110kV BUS; Waddamana D 110kV BUS; Waddamana Palmerston 2 110kV LINE","REGULATED","INCLUDED",null,"PLANNED",1]
[722,"TASNETWORKSV5_20230126103852","2021-06-30T10:35:00","T>T_PMWA_110_7","T-PMWA","2019-09-03",1,-38.268630000000002,"Out= Palmerston to Waddamana 110 kV line, avoid overloading the New Norfolk to Chapel St 110 kV line (flow to South) on trip of New Norfolk to Creek Road 110 kV line, feedback","OUTAGE","OTHER","Waddamana A 110kV BUS; Waddamana D 110kV BUS; Waddamana Palmerston 2 110kV LINE","REGULATED","INCLUDED",null,"PLANNED",1]
[723,"TASNETWORKSV5_20230126103852","2021-06-30T10:40:00","T>T_PMWA_110_7","T-PMWA","2019-09-03",1,-52.57206,"Out= Palmerston to Waddamana 110 kV line, avoid overloading the New Norfolk to Chapel St 110 kV line (flow to South) on trip of New Norfolk to Creek Road 110 kV line, feedback","OUTAGE","OTHER","Waddamana A 110kV BUS; Waddamana D 110kV BUS; Waddamana Palmerston 2 110kV LINE","REGULATED","INCLUDED",null,"PLANNED",1]
[724,"TASNETWORKSV5_20230126103852","2021-06-30T10:45:00","T>T_PMWA_110_7","T-PMWA","2019-09-03",1,-59.914090000000002,"Out= Palmerston to Waddamana 110 kV line, avoid overloading the New Norfolk to Chapel St 110 kV line (flow to South) on trip of New Norfolk to Creek Road 110 kV line, feedback","OUTAGE","OTHER","Waddamana A 110kV BUS; Waddamana D 110kV BUS; Waddamana Palmerston 2 110kV LINE","REGULATED","INCLUDED",null,"PLANNED",1]
[725,"TASNETWORKSV5_20230126103852","2021-06-30T10:50:00","T>T_PMWA_110_7","T-PMWA","2019-09-03",1,-58.231360000000002,"Out= Palmerston to Waddamana 110 kV line, avoid overloading the New Norfolk to Chapel St 110 kV line (flow to South) on trip of New Norfolk to Creek Road 110 kV line, feedback","OUTAGE","OTHER","Waddamana A 110kV BUS; Waddamana D 110kV BUS; Waddamana Palmerston 2 110kV LINE","REGULATED","INCLUDED",null,"PLANNED",1]
[726,"TASNETWORKSV5_20230126103852","2021-06-30T14:25:00","F_T+CSGO_TG_R6_1","F-T-CSGO","2016-04-12",1,26.04449,"Out = one Chapel St to Gordon line, Tasmania Raise 6 sec requirement for loss of the remaining Chapel St to Gordon line, Basslink unable to transfer FCAS, Segment1","OUTAGE","FCAS","Gordon ChapelSt 1 220kV LINE","REGULATED","INCLUDED",null,"PLANNED",1]
[727,"TASNETWORKSV5_20230126103852","2021-06-30T14:30:00","F_T+CSGO_TG_R6_1","F-T-CSGO","2016-04-12",1,61.069159999999997,"Out = one Chapel St to Gordon line, Tasmania Raise 6 sec requirement for loss of the remaining Chapel St to Gordon line, Basslink unable to transfer FCAS, Segment1","OUTAGE","FCAS","Gordon ChapelSt 1 220kV LINE","REGULATED","INCLUDED",null,"PLANNED",1]
[728,"TASNETWORKSV5_20230126103852","2021-06-30T15:00:00","F_T+CSGO_TG_R6_1","F-T-CSGO","2016-04-12",1,16.3217,"Out = one Chapel St to Gordon line, Tasmania Raise 6 sec requirement for loss of the remaining Chapel St to Gordon line, Basslink unable to transfer FCAS, Segment1","OUTAGE","FCAS","Gordon ChapelSt 1 220kV LINE","REGULATED","INCLUDED",null,"PLANNED",1]
[729,"TASNETWORKSV5_20230126103852","2021-06-30T16:00:00","F_T+CSGO_TG_R5","F-T-CSGO","2016-04-12",1,42.069740000000003,"Out = one Chapel St to Gordon line, Tasmania Raise 5 min requirement for loss of the remaining Chapel St to Gordon line, Basslink unable to transfer FCAS","OUTAGE","FCAS","Gordon ChapelSt 1 220kV LINE","REGULATED","INCLUDED",null,"PLANNED",1]
[730,"TASNETWORKSV5_20230126103852","2021-08-04T10:05:00","T>T_TUMBNN1_110_3","T-TU_MB_NN1","2019-07-26",1,-107.21066,"Out= Tungatinah to Meadowbank to New Norfolk No.1 110kV line, avoid O/L Tungatinah to New Norfolk 110kV line on trip of Tungatinah to Meadowbank to New Norfolk No.2 110kV line, Feedback","OUTAGE","OTHER","Tungatinah-NewNorfolk-Meadowbank 1 110kV LINE","REGULATED","INCLUDED",null,"PLANNED",1]
[731,"TASNETWORKSV5_20230126103852","2021-08-04T10:10:00","T>T_TUMBNN1_110_3","T-TU_MB_NN1","2019-07-26",1,-13.35177,"Out= Tungatinah to Meadowbank to New Norfolk No.1 110kV line, avoid O/L Tungatinah to New Norfolk 110kV line on trip of Tungatinah to Meadowbank to New Norfolk No.2 110kV line, Feedback","OUTAGE","OTHER","Tungatinah-NewNorfolk-Meadowbank 1 110kV LINE","REGULATED","INCLUDED",null,"PLANNED",1]
[732,"TASNETWORKSV5_20230126103852","2021-08-04T10:15:00","T>T_TUMBNN1_110_3","T-TU_MB_NN1","2019-07-26",1,-12.014989999999999,"Out= Tungatinah to Meadowbank to New Norfolk No.1 110kV line, avoid O/L Tungatinah to New Norfolk 110kV line on trip of Tungatinah to Meadowbank to New Norfolk No.2 110kV line, Feedback","OUTAGE","OTHER","Tungatinah-NewNorfolk-Meadowbank 1 110kV LINE","REGULATED","INCLUDED",null,"PLANNED",1]
[733,"TASNETWORKSV5_20230126103852","2021-08-04T10:20:00","T>T_TUMBNN1_110_3","T-TU_MB_NN1","2019-07-26",1,-18.21818,"Out= Tungatinah to Meadowbank to New Norfolk No.1 110kV line, avoid O/L Tungatinah to New Norfolk 110kV line on trip of Tungatinah to Meadowbank to New Norfolk No.2 110kV line, Feedback","OUTAGE","OTHER","Tungatinah-NewNorfolk-Meadowbank 1 110kV LINE","REGULATED","INCLUDED",null,"PLANNED",1]
[734,"TASNETWORKSV5_20230126103852","2021-08-04T10:25:00","T>T_TUMBNN1_110_3","T-TU_MB_NN1","2019-07-26",1,-25.745950000000001,"Out= Tungatinah to Meadowbank to New Norfolk No.1 110kV line, avoid O/L Tungatinah to New Norfolk 110kV line on trip of Tungatinah to Meadowbank to New Norfolk No.2 110kV line, Feedback","OUTAGE","OTHER","Tungatinah-NewNorfolk-Meadowbank 1 110kV LINE","REGULATED","INCLUDED",null,"PLANNED",1]
[735,"TASNETWORKSV5_20230126103852","2021-08-04T10:30:00","T>T_TUMBNN1_110_3","T-TU_MB_NN1","2019-07-26",1,-34.690629999999999,"Out= Tungatinah to Meadowbank to New Norfolk No.1 110kV line, avoid O/L Tungatinah to New Norfolk 110kV line on trip of Tungatinah to Meadowbank to New Norfolk No.2 110kV line, Feedback","OUTAGE","OTHER","Tungatinah-NewNorfolk-Meadowbank 1 110kV LINE","REGULATED","INCLUDED",null,"PLANNED",1]
[736,"TASNETWORKSV5_20230126103852","2021-08-04T10:35:00","T>T_TUMBNN1_110_3","T-TU_MB_NN1","2019-07-26",1,-21.28416,"Out= Tungatinah to Meadowbank to New Norfolk No.1 110kV line, avoid O/L Tungatinah to New Norfolk 110kV line on trip of Tungatinah to Meadowbank to New Norfolk No.2 110kV line, Feedback","OUTAGE","OTHER","Tungatinah-NewNorfolk-Meadowbank 1 110kV LINE","REGULATED","INCLUDED",null,"PLANNED",1]
[737,"TASNETWORKSV5_20230126103852","2021-08-04T10:40:00","T>T_TUMBNN1_110_3","T-TU_MB_NN1","2019-07-26",1,-10.59483,"Out= Tungatinah to Meadowbank to New Norfolk No.1 110kV line, avoid O/L Tungatinah to New Norfolk 110kV line on trip of Tungatinah to Meadowbank to New Norfolk No.2 110kV line, Feedback","OUTAGE","OTHER","Tungatinah-NewNorfolk-Meadowbank 1 110kV LINE","REGULATED","INCLUDED",null,"PLANNED",1]
[738,"TASNETWORKSV5_20230126103852","2021-08-04T11:05:00","T>T_TUMBNN1_110_3","T-TU_MB_NN1","2019-07-26",1,-25.0458,"Out= Tungatinah to Meadowbank to New Norfolk No.1 110kV line, avoid O/L Tungatinah to New Norfolk 110kV line on trip of Tungatinah to Meadowbank to New Norfolk No.2 110kV line, Feedback","OUTAGE","OTHER","Tungatinah-NewNorfolk-Meadowbank 1 110kV LINE","REGULATED","INCLUDED",null,"PLANNED",1]
[739,"TASNETWORKSV5_20230126103852","2021-08-04T11:10:00","T>T_TUMBNN1_110_3","T-TU_MB_NN1","2019-07-26",1,-26.07827,"Out= Tungatinah to Meadowbank to New Norfolk No.1 110kV line, avoid O/L Tungatinah to New Norfolk 110kV line on trip of Tungatinah to Meadowbank to New Norfolk No.2 110kV line, Feedback","OUTAGE","OTHER","Tungatinah-NewNorfolk-Meadowbank 1 110kV LINE","REGULATED","INCLUDED",null,"PLANNED",1]
[740,"TASNETWORKSV5_20230126103852","2021-08-04T11:15:00","T>T_TUMBNN1_110_3","T-TU_MB_NN1","2019-07-26",1,-36.288820000000001,"Out= Tungatinah to Meadowbank to New Norfolk No.1 110kV line, avoid O/L Tungatinah to New Norfolk 110kV line on trip of Tungatinah to Meadowbank to New Norfolk No.2 110kV line, Feedback","OUTAGE","OTHER","Tungatinah-NewNorfolk-Meadowbank 1 110kV LINE","REGULATED","INCLUDED",null,"PLANNED",1]
[741,"TASNETWORKSV5_20230126103852","2021-08-04T11:20:00","T>T_TUMBNN1_110_3","T-TU_MB_NN1","2019-07-26",1,-36.407159999999998,"Out= Tungatinah to Meadowbank to New Norfolk No.1 110kV line, avoid O/L Tungatinah to New Norfolk 110kV line on trip of Tungatinah to Meadowbank to New Norfolk No.2 110kV line, Feedback","OUTAGE","OTHER","Tungatinah-NewNorfolk-Meadowbank 1 110kV LINE","REGULATED","INCLUDED",null,"PLANNED",1]
[742,"TASNETWORKSV5_20230126103852","2021-08-04T11:25:00","T>T_TUMBNN1_110_3","T-TU_MB_NN1","2019-07-26",1,-32.326419999999999,"Out= Tungatinah to Meadowbank to New Norfolk No.1 110kV line, avoid O/L Tungatinah to New Norfolk 110kV line on trip of Tungatinah to Meadowbank to New Norfolk No.2 110kV line, Feedback","OUTAGE","OTHER","Tungatinah-NewNorfolk-Meadowbank 1 110kV LINE","REGULATED","INCLUDED",null,"PLANNED",1]
[743,"TASNETWORKSV5_20230126103852","2021-08-04T11:30:00","T>T_TUMBNN1_110_3","T-TU_MB_NN1","2019-07-26",1,-31.688369999999999,"Out= Tungatinah to Meadowbank to New Norfolk No.1 110kV line, avoid O/L Tungatinah to New Norfolk 110kV line on trip of Tungatinah to Meadowbank to New Norfolk No.2 110kV line, Feedback","OUTAGE","OTHER","Tungatinah-NewNorfolk-Meadowbank 1 110kV LINE","REGULATED","INCLUDED",null,"PLANNED",1]
[744,"TASNETWORKSV5_20230126103852","2021-08-04T11:40:00","T>T_TUMBNN1_110_3","T-TU_MB_NN1","2019-07-26",1,-31.326350000000001,"Out= Tungatinah to Meadowbank to New Norfolk No.1 110kV line, avoid O/L Tungatinah to New Norfolk 110kV line on trip of Tungatinah to Meadowbank to New Norfolk No.2 110kV line, Feedback","OUTAGE","OTHER","Tungatinah-NewNorfolk-Meadowbank 1 110kV LINE","REGULATED","INCLUDED",null,"PLANNED",1]
[745,"TASNETWORKSV5_20230126103852","2021-08-05T08:45:00","T>T_TUMBNN2_110_3","T-TU_MB_NN2","2019-07-26",1,-24.1965,"Out= Tungatinah to Meadowbank to New Norfolk No.2 110kV lines, avoid O/L Tungatinah to New Norfolk No.3 110kV line on trip of Tungatinah to Meadowbank Tee 1 to New Norfolk 110kV line, Feedback","OUTAGE","OTHER","Tungatinah-NewNorfolk-Meadowbank 2 110kV LINE","REGULATED","INCLUDED",null,"PLANNED",1]
[746,"TASNETWORKSV5_20230126103852","2021-08-05T09:05:00","T>T_TUMBNN2_110_3","T-TU_MB_NN2","2019-07-26",1,-14.597479999999999,"Out= Tungatinah to Meadowbank to New Norfolk No.2 110kV lines, avoid O/L Tungatinah to New Norfolk No.3 110kV line on trip of Tungatinah to Meadowbank Tee 1 to New Norfolk 110kV line, Feedback","OUTAGE","OTHER","Tungatinah-NewNorfolk-Meadowbank 2 110kV LINE","REGULATED","INCLUDED",null,"PLANNED",1]
[747,"TASNETWORKSV5_20230126103852","2021-08-05T09:10:00","T>T_TUMBNN2_110_3","T-TU_MB_NN2","2019-07-26",1,-14.597479999999999,"Out= Tungatinah to Meadowbank to New Norfolk No.2 110kV lines, avoid O/L Tungatinah to New Norfolk No.3 110kV line on trip of Tungatinah to Meadowbank Tee 1 to New Norfolk 110kV line, Feedback","OUTAGE","OTHER","Tungatinah-NewNorfolk-Meadowbank 2 110kV LINE","REGULATED","INCLUDED",null,"PLANNED",1]
[748,"TASNETWORKSV5_20230126103852","2021-08-05T09:15:00","T>T_TUMBNN2_110_3","T-TU_MB_NN2","2019-07-26",1,-12.112310000000001,"Out= Tungatinah to Meadowbank to New Norfolk No.2 110kV lines, avoid O/L Tungatinah to New Norfolk No.3 110kV line on trip of Tungatinah to Meadowbank Tee 1 to New Norfolk 110kV line, Feedback","OUTAGE","OTHER","Tungatinah-NewNorfolk-Meadowbank 2 110kV LINE","REGULATED","INCLUDED",null,"PLANNED",1]
[749,"TASNETWORKSV5_20230126103852","2021-08-05T09:20:00","T>T_TUMBNN2_110_3","T-TU_MB_NN2","2019-07-26",1,-14.597479999999999,"Out= Tungatinah to Meadowbank to New Norfolk No.2 110kV lines, avoid O/L Tungatinah to New Norfolk No.3 110kV line on trip of Tungatinah to Meadowbank Tee 1 to New Norfolk 110kV line, Feedback","OUTAGE","OTHER","Tungatinah-NewNorfolk-Meadowbank 2 110kV LINE","REGULATED","INCLUDED",null,"PLANNED",1]
[750,"TASNETWORKSV5_20230126103852","2021-08-05T09:25:00","T>T_TUMBNN2_110_3","T-TU_MB_NN2","2019-07-26",1,-14.597479999999999,"Out= Tungatinah to Meadowbank to New Norfolk No.2 110kV lines, avoid O/L Tungatinah to New Norfolk No.3 110kV line on trip of Tungatinah to Meadowbank Tee 1 to New Norfolk 110kV line, Feedback","OUTAGE","OTHER","Tungatinah-NewNorfolk-Meadowbank 2 110kV LINE","REGULATED","INCLUDED",null,"PLANNED",1]
[751,"TASNETWORKSV5_20230126103852","2021-08-05T09:30:00","T>T_TUMBNN2_110_3","T-TU_MB_NN2","2019-07-26",1,-12.112310000000001,"Out= Tungatinah to Meadowbank to New Norfolk No.2 110kV lines, avoid O/L Tungatinah to New Norfolk No.3 110kV line on trip of Tungatinah to Meadowbank Tee 1 to New Norfolk 110kV line, Feedback","OUTAGE","OTHER","Tungatinah-NewNorfolk-Meadowbank 2 110kV LINE","REGULATED","INCLUDED",null,"PLANNED",1]
[752,"TASNETWORKSV5_20230126103852","2021-08-05T09:35:00","T>T_TUMBNN2_110_3","T-TU_MB_NN2","2019-07-26",1,-12.02,"Out= Tungatinah to Meadowbank to New Norfolk No.2 110kV lines, avoid O/L Tungatinah to New Norfolk No.3 110kV line on trip of Tungatinah to Meadowbank Tee 1 to New Norfolk 110kV line, Feedback","OUTAGE","OTHER","Tungatinah-NewNorfolk-Meadowbank 2 110kV LINE","REGULATED","INCLUDED",null,"PLANNED",1]
[753,"TASNETWORKSV5_20230126103852","2021-08-05T09:40:00","T>T_TUMBNN2_110_3","T-TU_MB_NN2","2019-07-26",1,-12.02,"Out= Tungatinah to Meadowbank to New Norfolk No.2 110kV lines, avoid O/L Tungatinah to New Norfolk No.3 110kV line on trip of Tungatinah to Meadowbank Tee 1 to New Norfolk 110kV line, Feedback","OUTAGE","OTHER","Tungatinah-NewNorfolk-Meadowbank 2 110kV LINE","REGULATED","INCLUDED",null,"PLANNED",1]
[754,"TASNETWORKSV5_20230126103852","2021-08-05T09:45:00","T>T_TUMBNN2_110_3","T-TU_MB_NN2","2019-07-26",1,-12.02,"Out= Tungatinah to Meadowbank to New Norfolk No.2 110kV lines, avoid O/L Tungatinah to New Norfolk No.3 110kV line on trip of Tungatinah to Meadowbank Tee 1 to New Norfolk 110kV line, Feedback","OUTAGE","OTHER","Tungatinah-NewNorfolk-Meadowbank 2 110kV LINE","REGULATED","INCLUDED",null,"PLANNED",1]
[755,"TASNETWORKSV5_20230126103852","2021-08-05T09:50:00","T>T_TUMBNN2_110_3","T-TU_MB_NN2","2019-07-26",1,-12.02,"Out= Tungatinah to Meadowbank to New Norfolk No.2 110kV lines, avoid O/L Tungatinah to New Norfolk No.3 110kV line on trip of Tungatinah to Meadowbank Tee 1 to New Norfolk 110kV line, Feedback","OUTAGE","OTHER","Tungatinah-NewNorfolk-Meadowbank 2 110kV LINE","REGULATED","INCLUDED",null,"PLANNED",1]
[756,"TASNETWORKSV5_20230126103852","2021-08-05T09:55:00","T>T_TUMBNN2_110_3","T-TU_MB_NN2","2019-07-26",1,-12.02,"Out= Tungatinah to Meadowbank to New Norfolk No.2 110kV lines, avoid O/L Tungatinah to New Norfolk No.3 110kV line on trip of Tungatinah to Meadowbank Tee 1 to New Norfolk 110kV line, Feedback","OUTAGE","OTHER","Tungatinah-NewNorfolk-Meadowbank 2 110kV LINE","REGULATED","INCLUDED",null,"PLANNED",1]
[757,"TASNETWORKSV5_20230126103852","2021-08-05T10:00:00","T>T_TUMBNN2_110_3","T-TU_MB_NN2","2019-07-26",1,-12.02,"Out= Tungatinah to Meadowbank to New Norfolk No.2 110kV lines, avoid O/L Tungatinah to New Norfolk No.3 110kV line on trip of Tungatinah to Meadowbank Tee 1 to New Norfolk 110kV line, Feedback","OUTAGE","OTHER","Tungatinah-NewNorfolk-Meadowbank 2 110kV LINE","REGULATED","INCLUDED",null,"PLANNED",1]
[758,"TASNETWORKSV5_20230126103852","2021-08-05T10:15:00","T>T_TUMBNN2_110_3","T-TU_MB_NN2","2019-07-26",1,-12.02,"Out= Tungatinah to Meadowbank to New Norfolk No.2 110kV lines, avoid O/L Tungatinah to New Norfolk No.3 110kV line on trip of Tungatinah to Meadowbank Tee 1 to New Norfolk 110kV line, Feedback","OUTAGE","OTHER","Tungatinah-NewNorfolk-Meadowbank 2 110kV LINE","REGULATED","INCLUDED",null,"PLANNED",1]
[759,"TASNETWORKSV5_20230126103852","2021-08-05T10:20:00","T>T_TUMBNN2_110_3","T-TU_MB_NN2","2019-07-26",1,-12.02,"Out= Tungatinah to Meadowbank to New Norfolk No.2 110kV lines, avoid O/L Tungatinah to New Norfolk No.3 110kV line on trip of Tungatinah to Meadowbank Tee 1 to New Norfolk 110kV line, Feedback","OUTAGE","OTHER","Tungatinah-NewNorfolk-Meadowbank 2 110kV LINE","REGULATED","INCLUDED",null,"PLANNED",1]
[760,"TASNETWORKSV5_20230126103852","2021-08-05T10:30:00","T>T_TUMBNN2_110_3","T-TU_MB_NN2","2019-07-26",1,-10.04163,"Out= Tungatinah to Meadowbank to New Norfolk No.2 110kV lines, avoid O/L Tungatinah to New Norfolk No.3 110kV line on trip of Tungatinah to Meadowbank Tee 1 to New Norfolk 110kV line, Feedback","OUTAGE","OTHER","Tungatinah-NewNorfolk-Meadowbank 2 110kV LINE","REGULATED","INCLUDED",null,"PLANNED",1]
[761,"TASNETWORKSV5_20230126103852","2021-08-05T10:35:00","T>T_TUMBNN2_110_3","T-TU_MB_NN2","2019-07-26",1,-23.987069999999999,"Out= Tungatinah to Meadowbank to New Norfolk No.2 110kV lines, avoid O/L Tungatinah to New Norfolk No.3 110kV line on trip of Tungatinah to Meadowbank Tee 1 to New Norfolk 110kV line, Feedback","OUTAGE","OTHER","Tungatinah-NewNorfolk-Meadowbank 2 110kV LINE","REGULATED","INCLUDED",null,"PLANNED",1]
[762,"TASNETWORKSV5_20230126103852","2021-08-05T10:40:00","T>T_TUMBNN2_110_3","T-TU_MB_NN2","2019-07-26",1,-23.650980000000001,"Out= Tungatinah to Meadowbank to New Norfolk No.2 110kV lines, avoid O/L Tungatinah to New Norfolk No.3 110kV line on trip of Tungatinah to Meadowbank Tee 1 to New Norfolk 110kV line, Feedback","OUTAGE","OTHER","Tungatinah-NewNorfolk-Meadowbank 2 110kV LINE","REGULATED","INCLUDED",null,"PLANNED",1]
[763,"TASNETWORKSV5_20230126103852","2021-08-05T10:45:00","T>T_TUMBNN2_110_3","T-TU_MB_NN2","2019-07-26",1,-11.908899999999999,"Out= Tungatinah to Meadowbank to New Norfolk No.2 110kV lines, avoid O/L Tungatinah to New Norfolk No.3 110kV line on trip of Tungatinah to Meadowbank Tee 1 to New Norfolk 110kV line, Feedback","OUTAGE","OTHER","Tungatinah-NewNorfolk-Meadowbank 2 110kV LINE","REGULATED","INCLUDED",null,"PLANNED",1]
[764,"TASNETWORKSV5_20230126103852","2021-08-05T12:40:00","T>T_TUMBNN2_110_3","T-TU_MB_NN2","2019-07-26",1,-11.68167,"Out= Tungatinah to Meadowbank to New Norfolk No.2 110kV lines, avoid O/L Tungatinah to New Norfolk No.3 110kV line on trip of Tungatinah to Meadowbank Tee 1 to New Norfolk 110kV line, Feedback","OUTAGE","OTHER","Tungatinah-NewNorfolk-Meadowbank 2 110kV LINE","REGULATED","INCLUDED",null,"PLANNED",1]
[765,"TASNETWORKSV5_20230126103852","2021-08-05T12:45:00","T>T_TUMBNN2_110_3","T-TU_MB_NN2","2019-07-26",1,-12.99348,"Out= Tungatinah to Meadowbank to New Norfolk No.2 110kV lines, avoid O/L Tungatinah to New Norfolk No.3 110kV line on trip of Tungatinah to Meadowbank Tee 1 to New Norfolk 110kV line, Feedback","OUTAGE","OTHER","Tungatinah-NewNorfolk-Meadowbank 2 110kV LINE","REGULATED","INCLUDED",null,"PLANNED",1]
[766,"TASNETWORKSV5_20230126103852","2021-08-05T12:55:00","T>T_TUMBNN2_110_3","T-TU_MB_NN2","2019-07-26",1,-13.21514,"Out= Tungatinah to Meadowbank to New Norfolk No.2 110kV lines, avoid O/L Tungatinah to New Norfolk No.3 110kV line on trip of Tungatinah to Meadowbank Tee 1 to New Norfolk 110kV line, Feedback","OUTAGE","OTHER","Tungatinah-NewNorfolk-Meadowbank 2 110kV LINE","REGULATED","INCLUDED",null,"PLANNED",1]
[767,"TASNETWORKSV5_20230126103852","2021-08-05T13:00:00","T>T_TUMBNN2_110_3","T-TU_MB_NN2","2019-07-26",1,-16.971070000000001,"Out= Tungatinah to Meadowbank to New Norfolk No.2 110kV lines, avoid O/L Tungatinah to New Norfolk No.3 110kV line on trip of Tungatinah to Meadowbank Tee 1 to New Norfolk 110kV line, Feedback","OUTAGE","OTHER","Tungatinah-NewNorfolk-Meadowbank 2 110kV LINE","REGULATED","INCLUDED",null,"PLANNED",1]
[768,"TASNETWORKSV5_20230126103852","2021-08-05T13:05:00","T>T_TUMBNN2_110_3","T-TU_MB_NN2","2019-07-26",1,-12.740830000000001,"Out= Tungatinah to Meadowbank to New Norfolk No.2 110kV lines, avoid O/L Tungatinah to New Norfolk No.3 110kV line on trip of Tungatinah to Meadowbank Tee 1 to New Norfolk 110kV line, Feedback","OUTAGE","OTHER","Tungatinah-NewNorfolk-Meadowbank 2 110kV LINE","REGULATED","INCLUDED",null,"PLANNED",1]
[769,"TASNETWORKSV5_20230126103852","2021-08-05T13:10:00","T>T_TUMBNN2_110_3","T-TU_MB_NN2","2019-07-26",1,-18.909320000000001,"Out= Tungatinah to Meadowbank to New Norfolk No.2 110kV lines, avoid O/L Tungatinah to New Norfolk No.3 110kV line on trip of Tungatinah to Meadowbank Tee 1 to New Norfolk 110kV line, Feedback","OUTAGE","OTHER","Tungatinah-NewNorfolk-Meadowbank 2 110kV LINE","REGULATED","INCLUDED",null,"PLANNED",1]
[770,"TASNETWORKSV5_20230126103852","2021-08-05T13:15:00","T>T_TUMBNN2_110_3","T-TU_MB_NN2","2019-07-26",1,-16.96735,"Out= Tungatinah to Meadowbank to New Norfolk No.2 110kV lines, avoid O/L Tungatinah to New Norfolk No.3 110kV line on trip of Tungatinah to Meadowbank Tee 1 to New Norfolk 110kV line, Feedback","OUTAGE","OTHER","Tungatinah-NewNorfolk-Meadowbank 2 110kV LINE","REGULATED","INCLUDED",null,"PLANNED",1]
[771,"TASNETWORKSV5_20230126103852","2021-08-05T13:20:00","T>T_TUMBNN2_110_3","T-TU_MB_NN2","2019-07-26",1,-12.140829999999999,"Out= Tungatinah to Meadowbank to New Norfolk No.2 110kV lines, avoid O/L Tungatinah to New Norfolk No.3 110kV line on trip of Tungatinah to Meadowbank Tee 1 to New Norfolk 110kV line, Feedback","OUTAGE","OTHER","Tungatinah-NewNorfolk-Meadowbank 2 110kV LINE","REGULATED","INCLUDED",null,"PLANNED",1]
[772,"TASNETWORKSV5_20230126103852","2021-08-05T13:25:00","T>T_TUMBNN2_110_3","T-TU_MB_NN2","2019-07-26",1,-23.8781,"Out= Tungatinah to Meadowbank to New Norfolk No.2 110kV lines, avoid O/L Tungatinah to New Norfolk No.3 110kV line on trip of Tungatinah to Meadowbank Tee 1 to New Norfolk 110kV line, Feedback","OUTAGE","OTHER","Tungatinah-NewNorfolk-Meadowbank 2 110kV LINE","REGULATED","INCLUDED",null,"PLANNED",1]
[773,"TASNETWORKSV5_20230126103852","2021-08-05T13:30:00","T>T_TUMBNN2_110_3","T-TU_MB_NN2","2019-07-26",1,-15.7813,"Out= Tungatinah to Meadowbank to New Norfolk No.2 110kV lines, avoid O/L Tungatinah to New Norfolk No.3 110kV line on trip of Tungatinah to Meadowbank Tee 1 to New Norfolk 110kV line, Feedback","OUTAGE","OTHER","Tungatinah-NewNorfolk-Meadowbank 2 110kV LINE","REGULATED","INCLUDED",null,"PLANNED",1]
[774,"TASNETWORKSV5_20230126103852","2021-08-05T13:40:00","T>T_TUMBNN2_110_3","T-TU_MB_NN2","2019-07-26",1,-19.250710000000002,"Out= Tungatinah to Meadowbank to New Norfolk No.2 110kV lines, avoid O/L Tungatinah to New Norfolk No.3 110kV line on trip of Tungatinah to Meadowbank Tee 1 to New Norfolk 110kV line, Feedback","OUTAGE","OTHER","Tungatinah-NewNorfolk-Meadowbank 2 110kV LINE","REGULATED","INCLUDED",null,"PLANNED",1]
[775,"TASNETWORKSV5_20230126103852","2021-08-05T14:15:00","T>T_TUMBNN2_110_3","T-TU_MB_NN2","2019-07-26",1,-10.7,"Out= Tungatinah to Meadowbank to New Norfolk No.2 110kV lines, avoid O/L Tungatinah to New Norfolk No.3 110kV line on trip of Tungatinah to Meadowbank Tee 1 to New Norfolk 110kV line, Feedback","OUTAGE","OTHER","Tungatinah-NewNorfolk-Meadowbank 2 110kV LINE","REGULATED","INCLUDED",null,"PLANNED",1]
[776,"TASNETWORKSV5_20230126103852","2021-08-05T14:20:00","T>T_TUMBNN2_110_3","T-TU_MB_NN2","2019-07-26",1,-10.64,"Out= Tungatinah to Meadowbank to New Norfolk No.2 110kV lines, avoid O/L Tungatinah to New Norfolk No.3 110kV line on trip of Tungatinah to Meadowbank Tee 1 to New Norfolk 110kV line, Feedback","OUTAGE","OTHER","Tungatinah-NewNorfolk-Meadowbank 2 110kV LINE","REGULATED","INCLUDED",null,"PLANNED",1]
[777,"TASNETWORKSV5_20230126103852","2021-08-05T14:25:00","T>T_TUMBNN2_110_3","T-TU_MB_NN2","2019-07-26",1,-14.31259,"Out= Tungatinah to Meadowbank to New Norfolk No.2 110kV lines, avoid O/L Tungatinah to New Norfolk No.3 110kV line on trip of Tungatinah to Meadowbank Tee 1 to New Norfolk 110kV line, Feedback","OUTAGE","OTHER","Tungatinah-NewNorfolk-Meadowbank 2 110kV LINE","REGULATED","INCLUDED",null,"PLANNED",1]
[778,"TASNETWORKSV5_20230126103852","2021-08-05T14:30:00","T>T_TUMBNN2_110_3","T-TU_MB_NN2","2019-07-26",1,-11.65761,"Out= Tungatinah to Meadowbank to New Norfolk No.2 110kV lines, avoid O/L Tungatinah to New Norfolk No.3 110kV line on trip of Tungatinah to Meadowbank Tee 1 to New Norfolk 110kV line, Feedback","OUTAGE","OTHER","Tungatinah-NewNorfolk-Meadowbank 2 110kV LINE","REGULATED","INCLUDED",null,"PLANNED",1]
[779,"TASNETWORKSV5_20230126103852","2021-08-05T14:35:00","T>T_TUMBNN2_110_3","T-TU_MB_NN2","2019-07-26",1,-23.276250000000001,"Out= Tungatinah to Meadowbank to New Norfolk No.2 110kV lines, avoid O/L Tungatinah to New Norfolk No.3 110kV line on trip of Tungatinah to Meadowbank Tee 1 to New Norfolk 110kV line, Feedback","OUTAGE","OTHER","Tungatinah-NewNorfolk-Meadowbank 2 110kV LINE","REGULATED","INCLUDED",null,"PLANNED",1]
[780,"TASNETWORKSV5_20230126103852","2021-08-05T14:40:00","T>T_TUMBNN2_110_3","T-TU_MB_NN2","2019-07-26",1,-25.325340000000001,"Out= Tungatinah to Meadowbank to New Norfolk No.2 110kV lines, avoid O/L Tungatinah to New Norfolk No.3 110kV line on trip of Tungatinah to Meadowbank Tee 1 to New Norfolk 110kV line, Feedback","OUTAGE","OTHER","Tungatinah-NewNorfolk-Meadowbank 2 110kV LINE","REGULATED","INCLUDED",null,"PLANNED",1]
[781,"TASNETWORKSV5_20230126103852","2021-08-05T14:45:00","T>T_TUMBNN2_110_3","T-TU_MB_NN2","2019-07-26",1,-29.844650000000001,"Out= Tungatinah to Meadowbank to New Norfolk No.2 110kV lines, avoid O/L Tungatinah to New Norfolk No.3 110kV line on trip of Tungatinah to Meadowbank Tee 1 to New Norfolk 110kV line, Feedback","OUTAGE","OTHER","Tungatinah-NewNorfolk-Meadowbank 2 110kV LINE","REGULATED","INCLUDED",null,"PLANNED",1]
[782,"TASNETWORKSV5_20230126103852","2021-08-05T14:50:00","T>T_TUMBNN2_110_3","T-TU_MB_NN2","2019-07-26",1,-20.39856,"Out= Tungatinah to Meadowbank to New Norfolk No.2 110kV lines, avoid O/L Tungatinah to New Norfolk No.3 110kV line on trip of Tungatinah to Meadowbank Tee 1 to New Norfolk 110kV line, Feedback","OUTAGE","OTHER","Tungatinah-NewNorfolk-Meadowbank 2 110kV LINE","REGULATED","INCLUDED",null,"PLANNED",1]
[783,"TASNETWORKSV5_20230126103852","2021-08-05T14:55:00","T>T_TUMBNN2_110_3","T-TU_MB_NN2","2019-07-26",1,-33.926259999999999,"Out= Tungatinah to Meadowbank to New Norfolk No.2 110kV lines, avoid O/L Tungatinah to New Norfolk No.3 110kV line on trip of Tungatinah to Meadowbank Tee 1 to New Norfolk 110kV line, Feedback","OUTAGE","OTHER","Tungatinah-NewNorfolk-Meadowbank 2 110kV LINE","REGULATED","INCLUDED",null,"PLANNED",1]
[784,"TASNETWORKSV5_20230126103852","2021-08-05T15:00:00","T>T_TUMBNN2_110_3","T-TU_MB_NN2","2019-07-26",1,-33.601649999999999,"Out= Tungatinah to Meadowbank to New Norfolk No.2 110kV lines, avoid O/L Tungatinah to New Norfolk No.3 110kV line on trip of Tungatinah to Meadowbank Tee 1 to New Norfolk 110kV line, Feedback","OUTAGE","OTHER","Tungatinah-NewNorfolk-Meadowbank 2 110kV LINE","REGULATED","INCLUDED",null,"PLANNED",1]
[785,"TASNETWORKSV5_20230126103852","2021-08-05T15:10:00","T>T_TUMBNN2_110_3","T-TU_MB_NN2","2019-07-26",1,-18.125720000000001,"Out= Tungatinah to Meadowbank to New Norfolk No.2 110kV lines, avoid O/L Tungatinah to New Norfolk No.3 110kV line on trip of Tungatinah to Meadowbank Tee 1 to New Norfolk 110kV line, Feedback","OUTAGE","OTHER","Tungatinah-NewNorfolk-Meadowbank 2 110kV LINE","REGULATED","INCLUDED",null,"PLANNED",1]
[786,"TASNETWORKSV5_20230126103852","2021-08-05T15:15:00","T>T_TUMBNN2_110_3","T-TU_MB_NN2","2019-07-26",1,-18.036709999999999,"Out= Tungatinah to Meadowbank to New Norfolk No.2 110kV lines, avoid O/L Tungatinah to New Norfolk No.3 110kV line on trip of Tungatinah to Meadowbank Tee 1 to New Norfolk 110kV line, Feedback","OUTAGE","OTHER","Tungatinah-NewNorfolk-Meadowbank 2 110kV LINE","REGULATED","INCLUDED",null,"PLANNED",1]
[787,"TASNETWORKSV5_20230126103852","2021-08-05T15:20:00","T>T_TUMBNN2_110_3","T-TU_MB_NN2","2019-07-26",1,-11.9276,"Out= Tungatinah to Meadowbank to New Norfolk No.2 110kV lines, avoid O/L Tungatinah to New Norfolk No.3 110kV line on trip of Tungatinah to Meadowbank Tee 1 to New Norfolk 110kV line, Feedback","OUTAGE","OTHER","Tungatinah-NewNorfolk-Meadowbank 2 110kV LINE","REGULATED","INCLUDED",null,"PLANNED",1]
[788,"TASNETWORKSV5_20230126103852","2021-08-05T15:25:00","T>T_TUMBNN2_110_3","T-TU_MB_NN2","2019-07-26",1,-20.278279999999999,"Out= Tungatinah to Meadowbank to New Norfolk No.2 110kV lines, avoid O/L Tungatinah to New Norfolk No.3 110kV line on trip of Tungatinah to Meadowbank Tee 1 to New Norfolk 110kV line, Feedback","OUTAGE","OTHER","Tungatinah-NewNorfolk-Meadowbank 2 110kV LINE","REGULATED","INCLUDED",null,"PLANNED",1]
[789,"TASNETWORKSV5_20230126103852","2021-08-05T15:30:00","T>T_TUMBNN2_110_3","T-TU_MB_NN2","2019-07-26",1,-46.018470000000001,"Out= Tungatinah to Meadowbank to New Norfolk No.2 110kV lines, avoid O/L Tungatinah to New Norfolk No.3 110kV line on trip of Tungatinah to Meadowbank Tee 1 to New Norfolk 110kV line, Feedback","OUTAGE","OTHER","Tungatinah-NewNorfolk-Meadowbank 2 110kV LINE","REGULATED","INCLUDED",null,"PLANNED",1]
[790,"TASNETWORKSV5_20230126103852","2021-08-05T15:35:00","T>T_TUMBNN2_110_3","T-TU_MB_NN2","2019-07-26",1,-11.932729999999999,"Out= Tungatinah to Meadowbank to New Norfolk No.2 110kV lines, avoid O/L Tungatinah to New Norfolk No.3 110kV line on trip of Tungatinah to Meadowbank Tee 1 to New Norfolk 110kV line, Feedback","OUTAGE","OTHER","Tungatinah-NewNorfolk-Meadowbank 2 110kV LINE","REGULATED","INCLUDED",null,"PLANNED",1]
[791,"TASNETWORKSV5_20230126103852","2021-08-05T15:40:00","T>T_TUMBNN2_110_3","T-TU_MB_NN2","2019-07-26",1,-14.54692,"Out= Tungatinah to Meadowbank to New Norfolk No.2 110kV lines, avoid O/L Tungatinah to New Norfolk No.3 110kV line on trip of Tungatinah to Meadowbank Tee 1 to New Norfolk 110kV line, Feedback","OUTAGE","OTHER","Tungatinah-NewNorfolk-Meadowbank 2 110kV LINE","REGULATED","INCLUDED",null,"PLANNED",1]
[792,"TASNETWORKSV5_20230126103852","2021-08-05T15:45:00","T>T_TUMBNN2_110_3","T-TU_MB_NN2","2019-07-26",1,-20.045010000000001,"Out= Tungatinah to Meadowbank to New Norfolk No.2 110kV lines, avoid O/L Tungatinah to New Norfolk No.3 110kV line on trip of Tungatinah to Meadowbank Tee 1 to New Norfolk 110kV line, Feedback","OUTAGE","OTHER","Tungatinah-NewNorfolk-Meadowbank 2 110kV LINE","REGULATED","INCLUDED",null,"PLANNED",1]
[793,"TASNETWORKSV5_20230126103852","2021-08-05T15:50:00","T>T_TUMBNN2_110_3","T-TU_MB_NN2","2019-07-26",1,-27.846070000000001,"Out= Tungatinah to Meadowbank to New Norfolk No.2 110kV lines, avoid O/L Tungatinah to New Norfolk No.3 110kV line on trip of Tungatinah to Meadowbank Tee 1 to New Norfolk 110kV line, Feedback","OUTAGE","OTHER","Tungatinah-NewNorfolk-Meadowbank 2 110kV LINE","REGULATED","INCLUDED",null,"PLANNED",1]
[794,"TASNETWORKSV5_20230126103852","2021-08-05T15:55:00","T>T_TUMBNN2_110_3","T-TU_MB_NN2","2019-07-26",1,-54.103270000000002,"Out= Tungatinah to Meadowbank to New Norfolk No.2 110kV lines, avoid O/L Tungatinah to New Norfolk No.3 110kV line on trip of Tungatinah to Meadowbank Tee 1 to New Norfolk 110kV line, Feedback","OUTAGE","OTHER","Tungatinah-NewNorfolk-Meadowbank 2 110kV LINE","REGULATED","INCLUDED",null,"PLANNED",1]
[795,"TASNETWORKSV5_20230126103852","2021-08-05T16:00:00","T>T_TUMBNN2_110_3","T-TU_MB_NN2","2019-07-26",1,-62.847110000000001,"Out= Tungatinah to Meadowbank to New Norfolk No.2 110kV lines, avoid O/L Tungatinah to New Norfolk No.3 110kV line on trip of Tungatinah to Meadowbank Tee 1 to New Norfolk 110kV line, Feedback","OUTAGE","OTHER","Tungatinah-NewNorfolk-Meadowbank 2 110kV LINE","REGULATED","INCLUDED",null,"PLANNED",1]
[796,"TASNETWORKSV5_20230126103852","2021-08-05T16:05:00","T>T_TUMBNN2_110_3","T-TU_MB_NN2","2019-07-26",1,-27.373650000000001,"Out= Tungatinah to Meadowbank to New Norfolk No.2 110kV lines, avoid O/L Tungatinah to New Norfolk No.3 110kV line on trip of Tungatinah to Meadowbank Tee 1 to New Norfolk 110kV line, Feedback","OUTAGE","OTHER","Tungatinah-NewNorfolk-Meadowbank 2 110kV LINE","REGULATED","INCLUDED",null,"PLANNED",1]
[797,"TASNETWORKSV5_20230126103852","2021-08-05T16:10:00","T>T_TUMBNN2_110_3","T-TU_MB_NN2","2019-07-26",1,-29.02,"Out= Tungatinah to Meadowbank to New Norfolk No.2 110kV lines, avoid O/L Tungatinah to New Norfolk No.3 110kV line on trip of Tungatinah to Meadowbank Tee 1 to New Norfolk 110kV line, Feedback","OUTAGE","OTHER","Tungatinah-NewNorfolk-Meadowbank 2 110kV LINE","REGULATED","INCLUDED",null,"PLANNED",1]
[798,"TASNETWORKSV5_20230126103852","2021-08-05T16:15:00","T>T_TUMBNN2_110_3","T-TU_MB_NN2","2019-07-26",1,-29.02,"Out= Tungatinah to Meadowbank to New Norfolk No.2 110kV lines, avoid O/L Tungatinah to New Norfolk No.3 110kV line on trip of Tungatinah to Meadowbank Tee 1 to New Norfolk 110kV line, Feedback","OUTAGE","OTHER","Tungatinah-NewNorfolk-Meadowbank 2 110kV LINE","REGULATED","INCLUDED",null,"PLANNED",1]
[799,"TASNETWORKSV5_20230126103852","2021-08-05T16:20:00","T>T_TUMBNN2_110_3","T-TU_MB_NN2","2019-07-26",1,-45.512070000000001,"Out= Tungatinah to Meadowbank to New Norfolk No.2 110kV lines, avoid O/L Tungatinah to New Norfolk No.3 110kV line on trip of Tungatinah to Meadowbank Tee 1 to New Norfolk 110kV line, Feedback","OUTAGE","OTHER","Tungatinah-NewNorfolk-Meadowbank 2 110kV LINE","REGULATED","INCLUDED",null,"PLANNED",1]
[800,"TASNETWORKSV5_20230126103852","2021-08-05T16:25:00","T>T_TUMBNN2_110_3","T-TU_MB_NN2","2019-07-26",1,-40.852339999999998,"Out= Tungatinah to Meadowbank to New Norfolk No.2 110kV lines, avoid O/L Tungatinah to New Norfolk No.3 110kV line on trip of Tungatinah to Meadowbank Tee 1 to New Norfolk 110kV line, Feedback","OUTAGE","OTHER","Tungatinah-NewNorfolk-Meadowbank 2 110kV LINE","REGULATED","INCLUDED",null,"PLANNED",1]
[801,"TASNETWORKSV5_20230126103852","2021-08-05T16:30:00","T>T_TUMBNN2_110_3","T-TU_MB_NN2","2019-07-26",1,-46.47146,"Out= Tungatinah to Meadowbank to New Norfolk No.2 110kV lines, avoid O/L Tungatinah to New Norfolk No.3 110kV line on trip of Tungatinah to Meadowbank Tee 1 to New Norfolk 110kV line, Feedback","OUTAGE","OTHER","Tungatinah-NewNorfolk-Meadowbank 2 110kV LINE","REGULATED","INCLUDED",null,"PLANNED",1]
[802,"TASNETWORKSV5_20230126103852","2021-08-05T16:35:00","T>T_TUMBNN2_110_3","T-TU_MB_NN2","2019-07-26",1,-46.677770000000002,"Out= Tungatinah to Meadowbank to New Norfolk No.2 110kV lines, avoid O/L Tungatinah to New Norfolk No.3 110kV line on trip of Tungatinah to Meadowbank Tee 1 to New Norfolk 110kV line, Feedback","OUTAGE","OTHER","Tungatinah-NewNorfolk-Meadowbank 2 110kV LINE","REGULATED","INCLUDED",null,"PLANNED",1]
[803,"TASNETWORKSV5_20230126103852","2021-08-05T16:40:00","T>T_TUMBNN2_110_3","T-TU_MB_NN2","2019-07-26",1,-35.208539999999999,"Out= Tungatinah to Meadowbank to New Norfolk No.2 110kV lines, avoid O/L Tungatinah to New Norfolk No.3 110kV line on trip of Tungatinah to Meadowbank Tee 1 to New Norfolk 110kV line, Feedback","OUTAGE","OTHER","Tungatinah-NewNorfolk-Meadowbank 2 110kV LINE","REGULATED","INCLUDED",null,"PLANNED",1]
[804,"TASNETWORKSV5_20230126103852","2021-08-05T16:45:00","T>T_TUMBNN2_110_3","T-TU_MB_NN2","2019-07-26",1,-45.512070000000001,"Out= Tungatinah to Meadowbank to New Norfolk No.2 110kV lines, avoid O/L Tungatinah to New Norfolk No.3 110kV line on trip of Tungatinah to Meadowbank Tee 1 to New Norfolk 110kV line, Feedback","OUTAGE","OTHER","Tungatinah-NewNorfolk-Meadowbank 2 110kV LINE","REGULATED","INCLUDED",null,"PLANNED",1]
[805,"TASNETWORKSV5_20230126103852","2021-08-05T16:50:00","T>T_TUMBNN2_110_3","T-TU_MB_NN2","2019-07-26",1,-41.435569999999998,"Out= Tungatinah to Meadowbank to New Norfolk No.2 110kV lines, avoid O/L Tungatinah to New Norfolk No.3 110kV line on trip of Tungatinah to Meadowbank Tee 1 to New Norfolk 110kV line, Feedback","OUTAGE","OTHER","Tungatinah-NewNorfolk-Meadowbank 2 110kV LINE","REGULATED","INCLUDED",null,"PLANNED",1]
[806,"TASNETWORKSV5_20230126103852","2021-08-05T16:55:00","T>T_TUMBNN2_110_3","T-TU_MB_NN2","2019-07-26",1,-45.512070000000001,"Out= Tungatinah to Meadowbank to New Norfolk No.2 110kV lines, avoid O/L Tungatinah to New Norfolk No.3 110kV line on trip of Tungatinah to Meadowbank Tee 1 to New Norfolk 110kV line, Feedback","OUTAGE","OTHER","Tungatinah-NewNorfolk-Meadowbank 2 110kV LINE","REGULATED","INCLUDED",null,"PLANNED",1]
[807,"TASNETWORKSV5_20230126103852","2021-08-05T17:00:00","T>T_TUMBNN2_110_3","T-TU_MB_NN2","2019-07-26",1,-36.576270000000001,"Out= Tungatinah to Meadowbank to New Norfolk No.2 110kV lines, avoid O/L Tungatinah to New Norfolk No.3 110kV line on trip of Tungatinah to Meadowbank Tee 1 to New Norfolk 110kV line, Feedback","OUTAGE","OTHER","Tungatinah-NewNorfolk-Meadowbank 2 110kV LINE","REGULATED","INCLUDED",null,"PLANNED",1]
[808,"TASNETWORKSV5_20230126103852","2021-08-15T22:25:00","T_CTHLWF_ZERO","T-CTHLWF_ZERO","2019-07-04",1,-1027.3601900000001,"Wild Cattle Hill Wind Farm upper limit of 0 MW","OUTAGE","OTHER","S Morang F2 No.1 bus 330kV CB","REGULATED","INCLUDED",null,"UNPLANNED",1]
[809,"TASNETWORKSV5_20230126103852","2021-08-15T22:45:00","T_CTHLWF_ZERO","T-CTHLWF_ZERO","2019-07-04",1,-1027.3453500000001,"Wild Cattle Hill Wind Farm upper limit of 0 MW","OUTAGE","OTHER","S Morang F2 No.1 bus 330kV CB","REGULATED","INCLUDED",null,"UNPLANNED",1]
[810,"TASNETWORKSV5_20230126103852","2021-08-15T23:10:00","T_CTHLWF_ZERO","T-CTHLWF_ZERO","2019-07-04",1,-1027.5651499999999,"Wild Cattle Hill Wind Farm upper limit of 0 MW","OUTAGE","OTHER","S Morang F2 No.1 bus 330kV CB","REGULATED","INCLUDED",null,"UNPLANNED",1]
[811,"TASNETWORKSV5_20230126103852","2021-08-15T23:30:00","T_CTHLWF_ZERO","T-CTHLWF_ZERO","2019-07-04",1,-1007.80019,"Wild Cattle Hill Wind Farm upper limit of 0 MW","OUTAGE","OTHER","S Morang F2 No.1 bus 330kV CB","REGULATED","INCLUDED",null,"UNPLANNED",1]
[812,"TASNETWORKSV5_20230126103852","2021-08-15T23:50:00","T_CTHLWF_ZERO","T-CTHLWF_ZERO","2019-07-04",1,-1007.62021,"Wild Cattle Hill Wind Farm upper limit of 0 MW","OUTAGE","OTHER","S Morang F2 No.1 bus 330kV CB","REGULATED","INCLUDED",null,"UNPLANNED",1]
[813,"TASNETWORKSV5_20230126103852","2021-08-16T00:10:00","T_CTHLWF_ZERO","T-CTHLWF_ZERO","2019-07-04",1,-1000.00927,"Wild Cattle Hill Wind Farm upper limit of 0 MW","OUTAGE","OTHER","S Morang F2 No.1 bus 330kV CB","REGULATED","INCLUDED",null,"UNPLANNED",1]
[814,"TASNETWORKSV5_20230126103852","2021-08-16T00:30:00","T_CTHLWF_ZERO","T-CTHLWF_ZERO","2019-07-04",1,-999.85631999999998,"Wild Cattle Hill Wind Farm upper limit of 0 MW","OUTAGE","OTHER","S Morang F2 No.1 bus 330kV CB","REGULATED","INCLUDED",null,"UNPLANNED",1]
[815,"TASNETWORKSV5_20230126103852","2021-08-16T00:50:00","T_CTHLWF_ZERO","T-CTHLWF_ZERO","2019-07-04",1,-1000.0092,"Wild Cattle Hill Wind Farm upper limit of 0 MW","OUTAGE","OTHER","S Morang F2 No.1 bus 330kV CB","REGULATED","INCLUDED",null,"UNPLANNED",1]
[816,"TASNETWORKSV5_20230126103852","2021-08-16T01:10:00","T_CTHLWF_ZERO","T-CTHLWF_ZERO","2019-07-04",1,-999.54382999999996,"Wild Cattle Hill Wind Farm upper limit of 0 MW","OUTAGE","OTHER","S Morang F2 No.1 bus 330kV CB","REGULATED","INCLUDED",null,"UNPLANNED",1]
[817,"TASNETWORKSV5_20230126103852","2021-08-16T01:30:00","T_CTHLWF_ZERO","T-CTHLWF_ZERO","2019-07-04",1,-999.61631999999997,"Wild Cattle Hill Wind Farm upper limit of 0 MW","OUTAGE","OTHER","S Morang F2 No.1 bus 330kV CB","REGULATED","INCLUDED",null,"UNPLANNED",1]
[818,"TASNETWORKSV5_20230126103852","2021-08-16T01:50:00","T_CTHLWF_ZERO","T-CTHLWF_ZERO","2019-07-04",1,-999.26018999999997,"Wild Cattle Hill Wind Farm upper limit of 0 MW","OUTAGE","OTHER","S Morang F2 No.1 bus 330kV CB","REGULATED","INCLUDED",null,"UNPLANNED",1]
[819,"TASNETWORKSV5_20230126103852","2021-08-16T02:10:00","T_CTHLWF_ZERO","T-CTHLWF_ZERO","2019-07-04",1,-1000.00932,"Wild Cattle Hill Wind Farm upper limit of 0 MW","OUTAGE","OTHER","S Morang F2 No.1 bus 330kV CB","REGULATED","INCLUDED",null,"UNPLANNED",1]
[820,"TASNETWORKSV5_20230126103852","2021-08-16T02:30:00","T_CTHLWF_ZERO","T-CTHLWF_ZERO","2019-07-04",1,-1000.20044,"Wild Cattle Hill Wind Farm upper limit of 0 MW","OUTAGE","OTHER","S Morang F2 No.1 bus 330kV CB","REGULATED","INCLUDED",null,"UNPLANNED",1]
[821,"TASNETWORKSV5_20230126103852","2021-08-16T02:50:00","T_CTHLWF_ZERO","T-CTHLWF_ZERO","2019-07-04",1,-999.26018999999997,"Wild Cattle Hill Wind Farm upper limit of 0 MW","OUTAGE","OTHER","S Morang F2 No.1 bus 330kV CB","REGULATED","INCLUDED",null,"UNPLANNED",1]
[822,"TASNETWORKSV5_20230126103852","2021-08-16T03:10:00","T_CTHLWF_ZERO","T-CTHLWF_ZERO","2019-07-04",1,-1001.75817,"Wild Cattle Hill Wind Farm upper limit of 0 MW","OUTAGE","OTHER","S Morang F2 No.1 bus 330kV CB","REGULATED","INCLUDED",null,"UNPLANNED",1]
[823,"TASNETWORKSV5_20230126103852","2021-08-16T03:30:00","T_CTHLWF_ZERO","T-CTHLWF_ZERO","2019-07-04",1,-999.90234999999996,"Wild Cattle Hill Wind Farm upper limit of 0 MW","OUTAGE","OTHER","S Morang F2 No.1 bus 330kV CB","REGULATED","INCLUDED",null,"UNPLANNED",1]
[824,"TASNETWORKSV5_20230126103852","2021-08-16T03:50:00","T_CTHLWF_ZERO","T-CTHLWF_ZERO","2019-07-04",1,-999.65632000000005,"Wild Cattle Hill Wind Farm upper limit of 0 MW","OUTAGE","OTHER","S Morang F2 No.1 bus 330kV CB","REGULATED","INCLUDED",null,"UNPLANNED",1]
[825,"TASNETWORKSV5_20230126103852","2021-08-16T04:10:00","T_CTHLWF_ZERO","T-CTHLWF_ZERO","2019-07-04",1,-992.75386000000003,"Wild Cattle Hill Wind Farm upper limit of 0 MW","OUTAGE","OTHER","S Morang F2 No.1 bus 330kV CB","REGULATED","INCLUDED",null,"UNPLANNED",1]
[826,"TASNETWORKSV5_20230126103852","2021-08-16T04:30:00","T_CTHLWF_ZERO","T-CTHLWF_ZERO","2019-07-04",1,-999.37631999999996,"Wild Cattle Hill Wind Farm upper limit of 0 MW","OUTAGE","OTHER","S Morang F2 No.1 bus 330kV CB","REGULATED","INCLUDED",null,"UNPLANNED",1]
[827,"TASNETWORKSV5_20230126103852","2021-08-16T04:50:00","T_CTHLWF_ZERO","T-CTHLWF_ZERO","2019-07-04",1,-1002.91649,"Wild Cattle Hill Wind Farm upper limit of 0 MW","OUTAGE","OTHER","S Morang F2 No.1 bus 330kV CB","REGULATED","INCLUDED",null,"UNPLANNED",1]
[828,"TASNETWORKSV5_20230126103852","2021-08-16T05:10:00","T_CTHLWF_ZERO","T-CTHLWF_ZERO","2019-07-04",1,-999.32398000000001,"Wild Cattle Hill Wind Farm upper limit of 0 MW","OUTAGE","OTHER","S Morang F2 No.1 bus 330kV CB","REGULATED","INCLUDED",null,"UNPLANNED",1]
[829,"TASNETWORKSV5_20230126103852","2021-08-16T05:30:00","T_CTHLWF_ZERO","T-CTHLWF_ZERO","2019-07-04",1,-999.89503000000002,"Wild Cattle Hill Wind Farm upper limit of 0 MW","OUTAGE","OTHER","S Morang F2 No.1 bus 330kV CB","REGULATED","INCLUDED",null,"UNPLANNED",1]
[830,"TASNETWORKSV5_20230126103852","2021-08-16T05:50:00","T_CTHLWF_ZERO","T-CTHLWF_ZERO","2019-07-04",1,-1008.675,"Wild Cattle Hill Wind Farm upper limit of 0 MW","OUTAGE","OTHER","S Morang F2 No.1 bus 330kV CB","REGULATED","INCLUDED",null,"UNPLANNED",1]
[831,"TASNETWORKSV5_20230126103852","2021-08-16T06:10:00","T_CTHLWF_ZERO","T-CTHLWF_ZERO","2019-07-04",1,-1063.81566,"Wild Cattle Hill Wind Farm upper limit of 0 MW","OUTAGE","OTHER","S Morang F2 No.1 bus 330kV CB","REGULATED","INCLUDED",null,"UNPLANNED",1]
[832,"TASNETWORKSV5_20230126103852","2021-08-16T06:30:00","T_CTHLWF_ZERO","T-CTHLWF_ZERO","2019-07-04",1,-1056.4746500000001,"Wild Cattle Hill Wind Farm upper limit of 0 MW","OUTAGE","OTHER","S Morang F2 No.1 bus 330kV CB","REGULATED","INCLUDED",null,"UNPLANNED",1]
[833,"TASNETWORKSV5_20230126103852","2021-08-16T06:50:00","T_CTHLWF_ZERO","T-CTHLWF_ZERO","2019-07-04",1,-1061.75974,"Wild Cattle Hill Wind Farm upper limit of 0 MW","OUTAGE","OTHER","S Morang F2 No.1 bus 330kV CB","REGULATED","INCLUDED",null,"UNPLANNED",1]
[834,"TASNETWORKSV5_20230126103852","2021-08-16T07:10:00","T_CTHLWF_ZERO","T-CTHLWF_ZERO","2019-07-04",1,-1061.9133300000001,"Wild Cattle Hill Wind Farm upper limit of 0 MW","OUTAGE","OTHER","S Morang F2 No.1 bus 330kV CB","REGULATED","INCLUDED",null,"UNPLANNED",1]
[835,"TASNETWORKSV5_20230126103852","2021-08-16T07:30:00","T_CTHLWF_ZERO","T-CTHLWF_ZERO","2019-07-04",1,-1040.3801900000001,"Wild Cattle Hill Wind Farm upper limit of 0 MW","OUTAGE","OTHER","S Morang F2 No.1 bus 330kV CB","REGULATED","INCLUDED",null,"UNPLANNED",1]
[836,"TASNETWORKSV5_20230126103852","2021-08-16T07:50:00","T_CTHLWF_ZERO","T-CTHLWF_ZERO","2019-07-04",1,-1055.5039200000001,"Wild Cattle Hill Wind Farm upper limit of 0 MW","OUTAGE","OTHER","S Morang F2 No.1 bus 330kV CB","REGULATED","INCLUDED",null,"UNPLANNED",1]
[837,"TASNETWORKSV5_20230126103852","2021-08-16T08:10:00","T_CTHLWF_ZERO","T-CTHLWF_ZERO","2019-07-04",1,-1050.8195800000001,"Wild Cattle Hill Wind Farm upper limit of 0 MW","OUTAGE","OTHER","S Morang F2 No.1 bus 330kV CB","REGULATED","INCLUDED",null,"UNPLANNED",1]
[838,"TASNETWORKSV5_20230126103852","2021-08-16T08:30:00","T_CTHLWF_ZERO","T-CTHLWF_ZERO","2019-07-04",1,-1027.3601900000001,"Wild Cattle Hill Wind Farm upper limit of 0 MW","OUTAGE","OTHER","S Morang F2 No.1 bus 330kV CB","REGULATED","INCLUDED",null,"UNPLANNED",1]
[839,"TASNETWORKSV5_20230126103852","2021-08-16T08:50:00","T_CTHLWF_ZERO","T-CTHLWF_ZERO","2019-07-04",1,-1027.3601900000001,"Wild Cattle Hill Wind Farm upper limit of 0 MW","OUTAGE","OTHER","S Morang F2 No.1 bus 330kV CB","REGULATED","INCLUDED",null,"UNPLANNED",1]
[840,"TASNETWORKSV5_20230126103852","2021-08-16T09:10:00","T_CTHLWF_ZERO","T-CTHLWF_ZERO","2019-07-04",1,-1017.05725,"Wild Cattle Hill Wind Farm upper limit of 0 MW","OUTAGE","OTHER","S Morang F2 No.1 bus 330kV CB","REGULATED","INCLUDED",null,"UNPLANNED",1]
[841,"TASNETWORKSV5_20230126103852","2021-08-16T09:30:00","T_CTHLWF_ZERO","T-CTHLWF_ZERO","2019-07-04",1,-1008.66842,"Wild Cattle Hill Wind Farm upper limit of 0 MW","OUTAGE","OTHER","S Morang F2 No.1 bus 330kV CB","REGULATED","INCLUDED",null,"UNPLANNED",1]
[842,"TASNETWORKSV5_20230126103852","2021-08-16T09:50:00","T_CTHLWF_ZERO","T-CTHLWF_ZERO","2019-07-04",1,-1027.3601900000001,"Wild Cattle Hill Wind Farm upper limit of 0 MW","OUTAGE","OTHER","S Morang F2 No.1 bus 330kV CB","REGULATED","INCLUDED",null,"UNPLANNED",1]
[843,"TASNETWORKSV5_20230126103852","2021-08-16T10:10:00","T_CTHLWF_ZERO","T-CTHLWF_ZERO","2019-07-04",1,-1032.9009799999999,"Wild Cattle Hill Wind Farm upper limit of 0 MW","OUTAGE","OTHER","S Morang F2 No.1 bus 330kV CB","REGULATED","INCLUDED",null,"UNPLANNED",1]
[844,"TASNETWORKSV5_20230126103852","2021-08-16T10:30:00","T_CTHLWF_ZERO","T-CTHLWF_ZERO","2019-07-04",1,-1024.9992199999999,"Wild Cattle Hill Wind Farm upper limit of 0 MW","OUTAGE","OTHER","S Morang F2 No.1 bus 330kV CB","REGULATED","INCLUDED",null,"UNPLANNED",1]
[845,"TASNETWORKSV5_20230126103852","2021-08-16T10:50:00","T_CTHLWF_ZERO","T-CTHLWF_ZERO","2019-07-04",1,-1026.0980500000001,"Wild Cattle Hill Wind Farm upper limit of 0 MW","OUTAGE","OTHER","S Morang F2 No.1 bus 330kV CB","REGULATED","INCLUDED",null,"UNPLANNED",1]
[846,"TASNETWORKSV5_20230126103852","2021-08-16T11:10:00","T_CTHLWF_ZERO","T-CTHLWF_ZERO","2019-07-04",1,-999.75386000000003,"Wild Cattle Hill Wind Farm upper limit of 0 MW","OUTAGE","OTHER","S Morang F2 No.1 bus 330kV CB","REGULATED","INCLUDED",null,"UNPLANNED",1]
[847,"TASNETWORKSV5_20230126103852","2021-08-16T11:30:00","T_CTHLWF_ZERO","T-CTHLWF_ZERO","2019-07-04",1,-989.86893999999995,"Wild Cattle Hill Wind Farm upper limit of 0 MW","OUTAGE","OTHER","S Morang F2 No.1 bus 330kV CB","REGULATED","INCLUDED",null,"UNPLANNED",1]
[848,"TASNETWORKSV5_20230126103852","2021-08-16T11:50:00","T_CTHLWF_ZERO","T-CTHLWF_ZERO","2019-07-04",1,-974.72528,"Wild Cattle Hill Wind Farm upper limit of 0 MW","OUTAGE","OTHER","S Morang F2 No.1 bus 330kV CB","REGULATED","INCLUDED",null,"UNPLANNED",1]
[849,"TASNETWORKSV5_20230126103852","2021-08-16T12:10:00","T_CTHLWF_ZERO","T-CTHLWF_ZERO","2019-07-04",1,-980.70462999999995,"Wild Cattle Hill Wind Farm upper limit of 0 MW","OUTAGE","OTHER","S Morang F2 No.1 bus 330kV CB","REGULATED","INCLUDED",null,"UNPLANNED",1]
[850,"TASNETWORKSV5_20230126103852","2021-08-16T12:30:00","T_CTHLWF_ZERO","T-CTHLWF_ZERO","2019-07-04",1,-999.24019999999996,"Wild Cattle Hill Wind Farm upper limit of 0 MW","OUTAGE","OTHER","S Morang F2 No.1 bus 330kV CB","REGULATED","INCLUDED",null,"UNPLANNED",1]
[851,"TASNETWORKSV5_20230126103852","2021-08-16T12:50:00","T_CTHLWF_ZERO","T-CTHLWF_ZERO","2019-07-04",1,-999.26020000000005,"Wild Cattle Hill Wind Farm upper limit of 0 MW","OUTAGE","OTHER","S Morang F2 No.1 bus 330kV CB","REGULATED","INCLUDED",null,"UNPLANNED",1]
[852,"TASNETWORKSV5_20230126103852","2021-08-16T13:10:00","T_CTHLWF_ZERO","T-CTHLWF_ZERO","2019-07-04",1,-973.15395000000001,"Wild Cattle Hill Wind Farm upper limit of 0 MW","OUTAGE","OTHER","S Morang F2 No.1 bus 330kV CB","REGULATED","INCLUDED",null,"UNPLANNED",1]
[853,"TASNETWORKSV5_20230126103852","2021-08-16T13:30:00","T_CTHLWF_ZERO","T-CTHLWF_ZERO","2019-07-04",1,-970.10314000000005,"Wild Cattle Hill Wind Farm upper limit of 0 MW","OUTAGE","OTHER","S Morang F2 No.1 bus 330kV CB","REGULATED","INCLUDED",null,"UNPLANNED",1]
[854,"TASNETWORKSV5_20230126103852","2021-08-16T13:50:00","T_CTHLWF_ZERO","T-CTHLWF_ZERO","2019-07-04",1,-961.57768999999996,"Wild Cattle Hill Wind Farm upper limit of 0 MW","OUTAGE","OTHER","S Morang F2 No.1 bus 330kV CB","REGULATED","INCLUDED",null,"UNPLANNED",1]
[855,"TASNETWORKSV5_20230126103852","2021-08-16T14:10:00","T_CTHLWF_ZERO","T-CTHLWF_ZERO","2019-07-04",1,-971.65020000000004,"Wild Cattle Hill Wind Farm upper limit of 0 MW","OUTAGE","OTHER","S Morang F2 No.1 bus 330kV CB","REGULATED","INCLUDED",null,"UNPLANNED",1]
[856,"TASNETWORKSV5_20230126103852","2021-08-16T14:30:00","T_CTHLWF_ZERO","T-CTHLWF_ZERO","2019-07-04",1,-973.72424999999998,"Wild Cattle Hill Wind Farm upper limit of 0 MW","OUTAGE","OTHER","S Morang F2 No.1 bus 330kV CB","REGULATED","INCLUDED",null,"UNPLANNED",1]
[857,"TASNETWORKSV5_20230126103852","2021-08-16T14:50:00","T_CTHLWF_ZERO","T-CTHLWF_ZERO","2019-07-04",1,-961.67570000000001,"Wild Cattle Hill Wind Farm upper limit of 0 MW","OUTAGE","OTHER","S Morang F2 No.1 bus 330kV CB","REGULATED","INCLUDED",null,"UNPLANNED",1]
[858,"TASNETWORKSV5_20230126103852","2021-08-16T15:10:00","T_CTHLWF_ZERO","T-CTHLWF_ZERO","2019-07-04",1,-967.72802000000001,"Wild Cattle Hill Wind Farm upper limit of 0 MW","OUTAGE","OTHER","S Morang F2 No.1 bus 330kV CB","REGULATED","INCLUDED",null,"UNPLANNED",1]
[859,"TASNETWORKSV5_20230126103852","2021-08-16T15:30:00","T_CTHLWF_ZERO","T-CTHLWF_ZERO","2019-07-04",1,-967.06068000000005,"Wild Cattle Hill Wind Farm upper limit of 0 MW","OUTAGE","OTHER","S Morang F2 No.1 bus 330kV CB","REGULATED","INCLUDED",null,"UNPLANNED",1]
[860,"TASNETWORKSV5_20230126103852","2021-08-16T15:50:00","T_CTHLWF_ZERO","T-CTHLWF_ZERO","2019-07-04",1,-973.73158999999998,"Wild Cattle Hill Wind Farm upper limit of 0 MW","OUTAGE","OTHER","S Morang F2 No.1 bus 330kV CB","REGULATED","INCLUDED",null,"UNPLANNED",1]
[861,"TASNETWORKSV5_20230126103852","2021-08-16T16:10:00","T_CTHLWF_ZERO","T-CTHLWF_ZERO","2019-07-04",1,-964.73767999999995,"Wild Cattle Hill Wind Farm upper limit of 0 MW","OUTAGE","OTHER","S Morang F2 No.1 bus 330kV CB","REGULATED","INCLUDED",null,"UNPLANNED",1]
[862,"TASNETWORKSV5_20230126103852","2021-08-16T16:30:00","T_CTHLWF_ZERO","T-CTHLWF_ZERO","2019-07-04",1,-1030.1470400000001,"Wild Cattle Hill Wind Farm upper limit of 0 MW","OUTAGE","OTHER","S Morang F2 No.1 bus 330kV CB","REGULATED","INCLUDED",null,"UNPLANNED",1]
[863,"TASNETWORKSV5_20230126103852","2021-08-16T16:50:00","T_CTHLWF_ZERO","T-CTHLWF_ZERO","2019-07-04",1,-1031.93262,"Wild Cattle Hill Wind Farm upper limit of 0 MW","OUTAGE","OTHER","S Morang F2 No.1 bus 330kV CB","REGULATED","INCLUDED",null,"UNPLANNED",1]
[864,"TASNETWORKSV5_20230126103852","2021-08-16T17:10:00","T_CTHLWF_ZERO","T-CTHLWF_ZERO","2019-07-04",1,-1040.3801900000001,"Wild Cattle Hill Wind Farm upper limit of 0 MW","OUTAGE","OTHER","S Morang F2 No.1 bus 330kV CB","REGULATED","INCLUDED",null,"UNPLANNED",1]
[865,"TASNETWORKSV5_20230126103852","2021-08-16T17:30:00","T_CTHLWF_ZERO","T-CTHLWF_ZERO","2019-07-04",1,-1077.8147300000001,"Wild Cattle Hill Wind Farm upper limit of 0 MW","OUTAGE","OTHER","S Morang F2 No.1 bus 330kV CB","REGULATED","INCLUDED",null,"UNPLANNED",1]
[866,"TASNETWORKSV5_20230126103852","2021-08-16T17:50:00","T_CTHLWF_ZERO","T-CTHLWF_ZERO","2019-07-04",1,-1093.55772,"Wild Cattle Hill Wind Farm upper limit of 0 MW","OUTAGE","OTHER","S Morang F2 No.1 bus 330kV CB","REGULATED","INCLUDED",null,"UNPLANNED",1]
[867,"TASNETWORKSV5_20230126103852","2021-08-16T18:10:00","T_CTHLWF_ZERO","T-CTHLWF_ZERO","2019-07-04",1,-1080.89336,"Wild Cattle Hill Wind Farm upper limit of 0 MW","OUTAGE","OTHER","S Morang F2 No.1 bus 330kV CB","REGULATED","INCLUDED",null,"UNPLANNED",1]
[868,"TASNETWORKSV5_20230126103852","2021-08-16T18:30:00","T_CTHLWF_ZERO","T-CTHLWF_ZERO","2019-07-04",1,-1040.3801900000001,"Wild Cattle Hill Wind Farm upper limit of 0 MW","OUTAGE","OTHER","S Morang F2 No.1 bus 330kV CB","REGULATED","INCLUDED",null,"UNPLANNED",1]
[869,"TASNETWORKSV5_20230126103852","2021-08-16T18:50:00","T_CTHLWF_ZERO","T-CTHLWF_ZERO","2019-07-04",1,-1040.3801900000001,"Wild Cattle Hill Wind Farm upper limit of 0 MW","OUTAGE","OTHER","S Morang F2 No.1 bus 330kV CB","REGULATED","INCLUDED",null,"UNPLANNED",1]
[870,"TASNETWORKSV5_20230126103852","2021-08-16T19:10:00","T_CTHLWF_ZERO","T-CTHLWF_ZERO","2019-07-04",1,-1040.3801900000001,"Wild Cattle Hill Wind Farm upper limit of 0 MW","OUTAGE","OTHER","S Morang F2 No.1 bus 330kV CB","REGULATED","INCLUDED",null,"UNPLANNED",1]
[871,"TASNETWORKSV5_20230126103852","2021-08-16T19:30:00","T_CTHLWF_ZERO","T-CTHLWF_ZERO","2019-07-04",1,-1040.3801900000001,"Wild Cattle Hill Wind Farm upper limit of 0 MW","OUTAGE","OTHER","S Morang F2 No.1 bus 330kV CB","REGULATED","INCLUDED",null,"UNPLANNED",1]
[872,"TASNETWORKSV5_20230126103852","2021-08-16T19:50:00","T_CTHLWF_ZERO","T-CTHLWF_ZERO","2019-07-04",1,-1040.3801900000001,"Wild Cattle Hill Wind Farm upper limit of 0 MW","OUTAGE","OTHER","S Morang F2 No.1 bus 330kV CB","REGULATED","INCLUDED",null,"UNPLANNED",1]
[873,"TASNETWORKSV5_20230126103852","2021-08-16T20:10:00","T_CTHLWF_ZERO","T-CTHLWF_ZERO","2019-07-04",1,-1040.3801900000001,"Wild Cattle Hill Wind Farm upper limit of 0 MW","OUTAGE","OTHER","S Morang F2 No.1 bus 330kV CB","REGULATED","INCLUDED",null,"UNPLANNED",1]
[874,"TASNETWORKSV5_20230126103852","2021-08-16T20:30:00","T_CTHLWF_ZERO","T-CTHLWF_ZERO","2019-07-04",1,-1040.3801900000001,"Wild Cattle Hill Wind Farm upper limit of 0 MW","OUTAGE","OTHER","S Morang F2 No.1 bus 330kV CB","REGULATED","INCLUDED",null,"UNPLANNED",1]
[875,"TASNETWORKSV5_20230126103852","2021-08-16T20:50:00","T_CTHLWF_ZERO","T-CTHLWF_ZERO","2019-07-04",1,-1027.3601900000001,"Wild Cattle Hill Wind Farm upper limit of 0 MW","OUTAGE","OTHER","S Morang F2 No.1 bus 330kV CB","REGULATED","INCLUDED",null,"UNPLANNED",1]
[876,"TASNETWORKSV5_20230126103852","2021-08-16T21:10:00","T_CTHLWF_ZERO","T-CTHLWF_ZERO","2019-07-04",1,-1030.1582699999999,"Wild Cattle Hill Wind Farm upper limit of 0 MW","OUTAGE","OTHER","S Morang F2 No.1 bus 330kV CB","REGULATED","INCLUDED",null,"UNPLANNED",1]
[877,"TASNETWORKSV5_20230126103852","2021-08-16T21:30:00","T_CTHLWF_ZERO","T-CTHLWF_ZERO","2019-07-04",1,-1027.5217299999999,"Wild Cattle Hill Wind Farm upper limit of 0 MW","OUTAGE","OTHER","S Morang F2 No.1 bus 330kV CB","REGULATED","INCLUDED",null,"UNPLANNED",1]
[878,"TASNETWORKSV5_20230126103852","2021-08-16T21:50:00","T_CTHLWF_ZERO","T-CTHLWF_ZERO","2019-07-04",1,-1027.3601900000001,"Wild Cattle Hill Wind Farm upper limit of 0 MW","OUTAGE","OTHER","S Morang F2 No.1 bus 330kV CB","REGULATED","INCLUDED",null,"UNPLANNED",1]
[879,"TASNETWORKSV5_20230126103852","2021-08-16T22:10:00","T_CTHLWF_ZERO","T-CTHLWF_ZERO","2019-07-04",1,-1047.74342,"Wild Cattle Hill Wind Farm upper limit of 0 MW","OUTAGE","OTHER","S Morang F2 No.1 bus 330kV CB","REGULATED","INCLUDED",null,"UNPLANNED",1]
[880,"TASNETWORKSV5_20230126103852","2021-08-16T22:30:00","T_CTHLWF_ZERO","T-CTHLWF_ZERO","2019-07-04",1,-1027.3401899999999,"Wild Cattle Hill Wind Farm upper limit of 0 MW","OUTAGE","OTHER","S Morang F2 No.1 bus 330kV CB","REGULATED","INCLUDED",null,"UNPLANNED",1]
[881,"TASNETWORKSV5_20230126103852","2021-08-16T22:50:00","T_CTHLWF_ZERO","T-CTHLWF_ZERO","2019-07-04",1,-1026.76487,"Wild Cattle Hill Wind Farm upper limit of 0 MW","OUTAGE","OTHER","S Morang F2 No.1 bus 330kV CB","REGULATED","INCLUDED",null,"UNPLANNED",1]
[882,"TASNETWORKSV5_20230126103852","2021-08-16T23:10:00","T_CTHLWF_ZERO","T-CTHLWF_ZERO","2019-07-04",1,-1025.36751,"Wild Cattle Hill Wind Farm upper limit of 0 MW","OUTAGE","OTHER","S Morang F2 No.1 bus 330kV CB","REGULATED","INCLUDED",null,"UNPLANNED",1]
[883,"TASNETWORKSV5_20230126103852","2021-08-16T23:30:00","T_CTHLWF_ZERO","T-CTHLWF_ZERO","2019-07-04",1,-1007.9336,"Wild Cattle Hill Wind Farm upper limit of 0 MW","OUTAGE","OTHER","S Morang F2 No.1 bus 330kV CB","REGULATED","INCLUDED",null,"UNPLANNED",1]
[884,"TASNETWORKSV5_20230126103852","2021-08-16T23:50:00","T_CTHLWF_ZERO","T-CTHLWF_ZERO","2019-07-04",1,-1008.47695,"Wild Cattle Hill Wind Farm upper limit of 0 MW","OUTAGE","OTHER","S Morang F2 No.1 bus 330kV CB","REGULATED","INCLUDED",null,"UNPLANNED",1]
[885,"TASNETWORKSV5_20230126103852","2021-08-17T00:10:00","T_CTHLWF_ZERO","T-CTHLWF_ZERO","2019-07-04",1,-1008.30019,"Wild Cattle Hill Wind Farm upper limit of 0 MW","OUTAGE","OTHER","S Morang F2 No.1 bus 330kV CB","REGULATED","INCLUDED",null,"UNPLANNED",1]
[886,"TASNETWORKSV5_20230126103852","2021-08-17T00:30:00","T_CTHLWF_ZERO","T-CTHLWF_ZERO","2019-07-04",1,-999.34342000000004,"Wild Cattle Hill Wind Farm upper limit of 0 MW","OUTAGE","OTHER","S Morang F2 No.1 bus 330kV CB","REGULATED","INCLUDED",null,"UNPLANNED",1]
[887,"TASNETWORKSV5_20230126103852","2021-08-17T00:50:00","T_CTHLWF_ZERO","T-CTHLWF_ZERO","2019-07-04",1,-999.37631999999996,"Wild Cattle Hill Wind Farm upper limit of 0 MW","OUTAGE","OTHER","S Morang F2 No.1 bus 330kV CB","REGULATED","INCLUDED",null,"UNPLANNED",1]
[888,"TASNETWORKSV5_20230126103852","2021-08-17T01:10:00","T_CTHLWF_ZERO","T-CTHLWF_ZERO","2019-07-04",1,-999.41503,"Wild Cattle Hill Wind Farm upper limit of 0 MW","OUTAGE","OTHER","S Morang F2 No.1 bus 330kV CB","REGULATED","INCLUDED",null,"UNPLANNED",1]
[889,"TASNETWORKSV5_20230126103852","2021-08-17T01:30:00","T_CTHLWF_ZERO","T-CTHLWF_ZERO","2019-07-04",1,-999.37631999999996,"Wild Cattle Hill Wind Farm upper limit of 0 MW","OUTAGE","OTHER","S Morang F2 No.1 bus 330kV CB","REGULATED","INCLUDED",null,"UNPLANNED",1]
[890,"TASNETWORKSV5_20230126103852","2021-08-17T01:50:00","T_CTHLWF_ZERO","T-CTHLWF_ZERO","2019-07-04",1,-999.44987000000003,"Wild Cattle Hill Wind Farm upper limit of 0 MW","OUTAGE","OTHER","S Morang F2 No.1 bus 330kV CB","REGULATED","INCLUDED",null,"UNPLANNED",1]
[891,"TASNETWORKSV5_20230126103852","2021-08-17T02:10:00","T_CTHLWF_ZERO","T-CTHLWF_ZERO","2019-07-04",1,-1007.31938,"Wild Cattle Hill Wind Farm upper limit of 0 MW","OUTAGE","OTHER","S Morang F2 No.1 bus 330kV CB","REGULATED","INCLUDED",null,"UNPLANNED",1]
[892,"TASNETWORKSV5_20230126103852","2021-08-17T02:30:00","T_CTHLWF_ZERO","T-CTHLWF_ZERO","2019-07-04",1,-999.45181000000002,"Wild Cattle Hill Wind Farm upper limit of 0 MW","OUTAGE","OTHER","S Morang F2 No.1 bus 330kV CB","REGULATED","INCLUDED",null,"UNPLANNED",1]
[893,"TASNETWORKSV5_20230126103852","2021-08-17T02:50:00","T_CTHLWF_ZERO","T-CTHLWF_ZERO","2019-07-04",1,-999.45181000000002,"Wild Cattle Hill Wind Farm upper limit of 0 MW","OUTAGE","OTHER","S Morang F2 No.1 bus 330kV CB","REGULATED","INCLUDED",null,"UNPLANNED",1]
[894,"TASNETWORKSV5_20230126103852","2021-08-17T03:10:00","T_CTHLWF_ZERO","T-CTHLWF_ZERO","2019-07-04",1,-999.45181000000002,"Wild Cattle Hill Wind Farm upper limit of 0 MW","OUTAGE","OTHER","S Morang F2 No.1 bus 330kV CB","REGULATED","INCLUDED",null,"UNPLANNED",1]
[895,"TASNETWORKSV5_20230126103852","2021-08-17T03:30:00","T_CTHLWF_ZERO","T-CTHLWF_ZERO","2019-07-04",1,-1005.46065,"Wild Cattle Hill Wind Farm upper limit of 0 MW","OUTAGE","OTHER","S Morang F2 No.1 bus 330kV CB","REGULATED","INCLUDED",null,"UNPLANNED",1]
[896,"TASNETWORKSV5_20230126103852","2021-08-17T03:50:00","T_CTHLWF_ZERO","T-CTHLWF_ZERO","2019-07-04",1,-1007.31938,"Wild Cattle Hill Wind Farm upper limit of 0 MW","OUTAGE","OTHER","S Morang F2 No.1 bus 330kV CB","REGULATED","INCLUDED",null,"UNPLANNED",1]
[897,"TASNETWORKSV5_20230126103852","2021-08-17T04:10:00","T_CTHLWF_ZERO","T-CTHLWF_ZERO","2019-07-04",1,-1005.79029,"Wild Cattle Hill Wind Farm upper limit of 0 MW","OUTAGE","OTHER","S Morang F2 No.1 bus 330kV CB","REGULATED","INCLUDED",null,"UNPLANNED",1]
[898,"TASNETWORKSV5_20230126103852","2021-08-17T04:30:00","T_CTHLWF_ZERO","T-CTHLWF_ZERO","2019-07-04",1,-1024.0484100000001,"Wild Cattle Hill Wind Farm upper limit of 0 MW","OUTAGE","OTHER","S Morang F2 No.1 bus 330kV CB","REGULATED","INCLUDED",null,"UNPLANNED",1]
[899,"TASNETWORKSV5_20230126103852","2021-08-17T04:50:00","T_CTHLWF_ZERO","T-CTHLWF_ZERO","2019-07-04",1,-1025.8947900000001,"Wild Cattle Hill Wind Farm upper limit of 0 MW","OUTAGE","OTHER","S Morang F2 No.1 bus 330kV CB","REGULATED","INCLUDED",null,"UNPLANNED",1]
[900,"TASNETWORKSV5_20230126103852","2021-08-17T05:10:00","T_CTHLWF_ZERO","T-CTHLWF_ZERO","2019-07-04",1,-1027.3601900000001,"Wild Cattle Hill Wind Farm upper limit of 0 MW","OUTAGE","OTHER","S Morang F2 No.1 bus 330kV CB","REGULATED","INCLUDED",null,"UNPLANNED",1]
[901,"TASNETWORKSV5_20230126103852","2021-08-17T05:30:00","T_CTHLWF_ZERO","T-CTHLWF_ZERO","2019-07-04",1,-1027.3453500000001,"Wild Cattle Hill Wind Farm upper limit of 0 MW","OUTAGE","OTHER","S Morang F2 No.1 bus 330kV CB","REGULATED","INCLUDED",null,"UNPLANNED",1]
[902,"TASNETWORKSV5_20230126103852","2021-08-17T05:50:00","T_CTHLWF_ZERO","T-CTHLWF_ZERO","2019-07-04",1,-1027.3601900000001,"Wild Cattle Hill Wind Farm upper limit of 0 MW","OUTAGE","OTHER","S Morang F2 No.1 bus 330kV CB","REGULATED","INCLUDED",null,"UNPLANNED",1]
[903,"TASNETWORKSV5_20230126103852","2021-08-17T06:10:00","T_CTHLWF_ZERO","T-CTHLWF_ZERO","2019-07-04",1,-1040.3801900000001,"Wild Cattle Hill Wind Farm upper limit of 0 MW","OUTAGE","OTHER","S Morang F2 No.1 bus 330kV CB","REGULATED","INCLUDED",null,"UNPLANNED",1]
[904,"TASNETWORKSV5_20230126103852","2021-08-17T06:30:00","T_CTHLWF_ZERO","T-CTHLWF_ZERO","2019-07-04",1,-1047.3561999999999,"Wild Cattle Hill Wind Farm upper limit of 0 MW","OUTAGE","OTHER","S Morang F2 No.1 bus 330kV CB","REGULATED","INCLUDED",null,"UNPLANNED",1]
[905,"TASNETWORKSV5_20230126103852","2021-08-17T06:50:00","T_CTHLWF_ZERO","T-CTHLWF_ZERO","2019-07-04",1,-1070.9510299999999,"Wild Cattle Hill Wind Farm upper limit of 0 MW","OUTAGE","OTHER","S Morang F2 No.1 bus 330kV CB","REGULATED","INCLUDED",null,"UNPLANNED",1]
[906,"TASNETWORKSV5_20230126103852","2021-08-17T07:10:00","T_CTHLWF_ZERO","T-CTHLWF_ZERO","2019-07-04",1,-1040.3801900000001,"Wild Cattle Hill Wind Farm upper limit of 0 MW","OUTAGE","OTHER","S Morang F2 No.1 bus 330kV CB","REGULATED","INCLUDED",null,"UNPLANNED",1]
[907,"TASNETWORKSV5_20230126103852","2021-08-17T07:30:00","T_CTHLWF_ZERO","T-CTHLWF_ZERO","2019-07-04",1,-1040.3801900000001,"Wild Cattle Hill Wind Farm upper limit of 0 MW","OUTAGE","OTHER","S Morang F2 No.1 bus 330kV CB","REGULATED","INCLUDED",null,"UNPLANNED",1]
[908,"TASNETWORKSV5_20230126103852","2021-08-17T07:50:00","T_CTHLWF_ZERO","T-CTHLWF_ZERO","2019-07-04",1,-1064.4101900000001,"Wild Cattle Hill Wind Farm upper limit of 0 MW","OUTAGE","OTHER","S Morang F2 No.1 bus 330kV CB","REGULATED","INCLUDED",null,"UNPLANNED",1]
[909,"TASNETWORKSV5_20230126103852","2021-08-17T08:10:00","T_CTHLWF_ZERO","T-CTHLWF_ZERO","2019-07-04",1,-1052.6401900000001,"Wild Cattle Hill Wind Farm upper limit of 0 MW","OUTAGE","OTHER","S Morang F2 No.1 bus 330kV CB","REGULATED","INCLUDED",null,"UNPLANNED",1]
[910,"TASNETWORKSV5_20230126103852","2021-08-17T08:30:00","T_CTHLWF_ZERO","T-CTHLWF_ZERO","2019-07-04",1,-1040.3801900000001,"Wild Cattle Hill Wind Farm upper limit of 0 MW","OUTAGE","OTHER","S Morang F2 No.1 bus 330kV CB","REGULATED","INCLUDED",null,"UNPLANNED",1]
[911,"TASNETWORKSV5_20230126103852","2021-08-17T08:50:00","T_CTHLWF_ZERO","T-CTHLWF_ZERO","2019-07-04",1,-1040.3801800000001,"Wild Cattle Hill Wind Farm upper limit of 0 MW","OUTAGE","OTHER","S Morang F2 No.1 bus 330kV CB","REGULATED","INCLUDED",null,"UNPLANNED",1]
[912,"TASNETWORKSV5_20230126103852","2021-08-17T09:10:00","T_CTHLWF_ZERO","T-CTHLWF_ZERO","2019-07-04",1,-1062.6768099999999,"Wild Cattle Hill Wind Farm upper limit of 0 MW","OUTAGE","OTHER","S Morang F2 No.1 bus 330kV CB","REGULATED","INCLUDED",null,"UNPLANNED",1]
[913,"TASNETWORKSV5_20230126103852","2021-08-17T09:30:00","T_CTHLWF_ZERO","T-CTHLWF_ZERO","2019-07-04",1,-1052.6401800000001,"Wild Cattle Hill Wind Farm upper limit of 0 MW","OUTAGE","OTHER","S Morang F2 No.1 bus 330kV CB","REGULATED","INCLUDED",null,"UNPLANNED",1]
[914,"TASNETWORKSV5_20230126103852","2021-08-17T09:50:00","T_CTHLWF_ZERO","T-CTHLWF_ZERO","2019-07-04",1,-1040.3801800000001,"Wild Cattle Hill Wind Farm upper limit of 0 MW","OUTAGE","OTHER","S Morang F2 No.1 bus 330kV CB","REGULATED","INCLUDED",null,"UNPLANNED",1]
[915,"TASNETWORKSV5_20230126103852","2021-08-17T10:10:00","T_CTHLWF_ZERO","T-CTHLWF_ZERO","2019-07-04",1,-1040.3801800000001,"Wild Cattle Hill Wind Farm upper limit of 0 MW","OUTAGE","OTHER","S Morang F2 No.1 bus 330kV CB","REGULATED","INCLUDED",null,"UNPLANNED",1]
[916,"TASNETWORKSV5_20230126103852","2021-08-17T10:30:00","T_CTHLWF_ZERO","T-CTHLWF_ZERO","2019-07-04",1,-1040.3801800000001,"Wild Cattle Hill Wind Farm upper limit of 0 MW","OUTAGE","OTHER","S Morang F2 No.1 bus 330kV CB","REGULATED","INCLUDED",null,"UNPLANNED",1]
[917,"TASNETWORKSV5_20230126103852","2021-08-17T10:50:00","T_CTHLWF_ZERO","T-CTHLWF_ZERO","2019-07-04",1,-1042.1158499999999,"Wild Cattle Hill Wind Farm upper limit of 0 MW","OUTAGE","OTHER","S Morang F2 No.1 bus 330kV CB","REGULATED","INCLUDED",null,"UNPLANNED",1]
[918,"TASNETWORKSV5_20230126103852","2021-10-04T07:05:00","F_T+FASH2_C_TG_R60","F-T-FASH_2_C","2019-11-26",2,25.25,"Out= Farrell to Sheffield No.2 220kV line, Farrell 220kV bus split, Granville Harbour + Reece 1&2 + Tribute supplying Sheffield, Tasmania Raise 60 sec requirement for loss of the remaining Farrell to Sheffield line, Basslink unable to transfer FCAS","OUTAGE","FCAS","Sheffield Farrell 2 220kV LINE","REGULATED","INCLUDED",null,"PLANNED",1]
[919,"TASNETWORKSV5_20230126103852","2021-10-04T07:35:00","T_T_FASH2_1","T-FASH2_CP2_S1","2019-11-26",1,-25.106739999999999,"Out = Farrell to Sheffield no.2 220kV line, Farrell bus split, limit John Butters, Bastyan and Mackintosh to less than 110% West Coast load","OUTAGE","OTHER","Sheffield Farrell 2 220kV LINE","REGULATED","INCLUDED",null,"PLANNED",1]
[920,"TASNETWORKSV5_20230126103852","2021-10-04T07:40:00","T_T_FASH2_1","T-FASH2_CP2_S1","2019-11-26",1,-25.031189999999999,"Out = Farrell to Sheffield no.2 220kV line, Farrell bus split, limit John Butters, Bastyan and Mackintosh to less than 110% West Coast load","OUTAGE","OTHER","Sheffield Farrell 2 220kV LINE","REGULATED","INCLUDED",null,"PLANNED",1]
[921,"TASNETWORKSV5_20230126103852","2021-10-04T07:45:00","T_T_FASH2_1","T-FASH2_CP2_S1","2019-11-26",1,-23.99,"Out = Farrell to Sheffield no.2 220kV line, Farrell bus split, limit John Butters, Bastyan and Mackintosh to less than 110% West Coast load","OUTAGE","OTHER","Sheffield Farrell 2 220kV LINE","REGULATED","INCLUDED",null,"PLANNED",1]
[922,"TASNETWORKSV5_20230126103852","2021-10-04T07:50:00","T_T_FASH2_1","T-FASH2_CP2_S1","2019-11-26",1,-22.967300000000002,"Out = Farrell to Sheffield no.2 220kV line, Farrell bus split, limit John Butters, Bastyan and Mackintosh to less than 110% West Coast load","OUTAGE","OTHER","Sheffield Farrell 2 220kV LINE","REGULATED","INCLUDED",null,"PLANNED",1]
[923,"TASNETWORKSV5_20230126103852","2021-10-04T07:55:00","T_T_FASH2_1","T-FASH2_CP2_S1","2019-11-26",1,-13.424519999999999,"Out = Farrell to Sheffield no.2 220kV line, Farrell bus split, limit John Butters, Bastyan and Mackintosh to less than 110% West Coast load","OUTAGE","OTHER","Sheffield Farrell 2 220kV LINE","REGULATED","INCLUDED",null,"PLANNED",1]
[924,"TASNETWORKSV5_20230126103852","2021-10-04T08:05:00","T_T_FASH2_1","T-FASH2_CP2_S1","2019-11-26",1,-16.899999999999999,"Out = Farrell to Sheffield no.2 220kV line, Farrell bus split, limit John Butters, Bastyan and Mackintosh to less than 110% West Coast load","OUTAGE","OTHER","Sheffield Farrell 2 220kV LINE","REGULATED","INCLUDED",null,"PLANNED",1]
[925,"TASNETWORKSV5_20230126103852","2021-10-04T08:10:00","T_T_FASH2_1","T-FASH2_CP2_S1","2019-11-26",1,-22.54,"Out = Farrell to Sheffield no.2 220kV line, Farrell bus split, limit John Butters, Bastyan and Mackintosh to less than 110% West Coast load","OUTAGE","OTHER","Sheffield Farrell 2 220kV LINE","REGULATED","INCLUDED",null,"PLANNED",1]
[926,"TASNETWORKSV5_20230126103852","2021-10-04T08:15:00","T_T_FASH2_1","T-FASH2_CP2_S1","2019-11-26",1,-23.99,"Out = Farrell to Sheffield no.2 220kV line, Farrell bus split, limit John Butters, Bastyan and Mackintosh to less than 110% West Coast load","OUTAGE","OTHER","Sheffield Farrell 2 220kV LINE","REGULATED","INCLUDED",null,"PLANNED",1]
[927,"TASNETWORKSV5_20230126103852","2021-10-04T08:20:00","T_T_FASH2_1","T-FASH2_CP2_S1","2019-11-26",1,-23.89,"Out = Farrell to Sheffield no.2 220kV line, Farrell bus split, limit John Butters, Bastyan and Mackintosh to less than 110% West Coast load","OUTAGE","OTHER","Sheffield Farrell 2 220kV LINE","REGULATED","INCLUDED",null,"PLANNED",1]
[928,"TASNETWORKSV5_20230126103852","2021-10-04T08:25:00","T_T_FASH2_1","T-FASH2_CP2_S1","2019-11-26",1,-23.89,"Out = Farrell to Sheffield no.2 220kV line, Farrell bus split, limit John Butters, Bastyan and Mackintosh to less than 110% West Coast load","OUTAGE","OTHER","Sheffield Farrell 2 220kV LINE","REGULATED","INCLUDED",null,"PLANNED",1]
[929,"TASNETWORKSV5_20230126103852","2021-10-04T08:30:00","T_T_FASH2_1","T-FASH2_CP2_S1","2019-11-26",1,-15.1463,"Out = Farrell to Sheffield no.2 220kV line, Farrell bus split, limit John Butters, Bastyan and Mackintosh to less than 110% West Coast load","OUTAGE","OTHER","Sheffield Farrell 2 220kV LINE","REGULATED","INCLUDED",null,"PLANNED",1]
[930,"TASNETWORKSV5_20230126103852","2021-10-04T08:35:00","T_T_FASH2_1","T-FASH2_CP2_S1","2019-11-26",1,-16.44652,"Out = Farrell to Sheffield no.2 220kV line, Farrell bus split, limit John Butters, Bastyan and Mackintosh to less than 110% West Coast load","OUTAGE","OTHER","Sheffield Farrell 2 220kV LINE","REGULATED","INCLUDED",null,"PLANNED",1]
[931,"TASNETWORKSV5_20230126103852","2021-10-04T08:40:00","T_T_FASH2_1","T-FASH2_CP2_S1","2019-11-26",1,-23.99,"Out = Farrell to Sheffield no.2 220kV line, Farrell bus split, limit John Butters, Bastyan and Mackintosh to less than 110% West Coast load","OUTAGE","OTHER","Sheffield Farrell 2 220kV LINE","REGULATED","INCLUDED",null,"PLANNED",1]
[932,"TASNETWORKSV5_20230126103852","2021-10-04T08:45:00","T_T_FASH2_1","T-FASH2_CP2_S1","2019-11-26",1,-23.99,"Out = Farrell to Sheffield no.2 220kV line, Farrell bus split, limit John Butters, Bastyan and Mackintosh to less than 110% West Coast load","OUTAGE","OTHER","Sheffield Farrell 2 220kV LINE","REGULATED","INCLUDED",null,"PLANNED",1]
[933,"TASNETWORKSV5_20230126103852","2021-10-04T08:50:00","T_T_FASH2_1","T-FASH2_CP2_S1","2019-11-26",1,-23.99,"Out = Farrell to Sheffield no.2 220kV line, Farrell bus split, limit John Butters, Bastyan and Mackintosh to less than 110% West Coast load","OUTAGE","OTHER","Sheffield Farrell 2 220kV LINE","REGULATED","INCLUDED",null,"PLANNED",1]
[934,"TASNETWORKSV5_20230126103852","2021-10-04T08:55:00","T_T_FASH2_2","T-FASH2_CP2_S1","2019-11-26",1,41.01,"Out = Farrell to Sheffield no.2 220kV line, Farrell bus split, limit John Butters, Bastyan and Mackintosh to greater than 90% West Coast load","OUTAGE","OTHER","Sheffield Farrell 2 220kV LINE","REGULATED","INCLUDED",null,"PLANNED",1]
[935,"TASNETWORKSV5_20230126103852","2021-10-04T09:00:00","T_T_FASH2_2","T-FASH2_CP2_S1","2019-11-26",1,41.01,"Out = Farrell to Sheffield no.2 220kV line, Farrell bus split, limit John Butters, Bastyan and Mackintosh to greater than 90% West Coast load","OUTAGE","OTHER","Sheffield Farrell 2 220kV LINE","REGULATED","INCLUDED",null,"PLANNED",1]
[936,"TASNETWORKSV5_20230126103852","2021-10-04T09:05:00","T_T_FASH2_1","T-FASH2_CP2_S1","2019-11-26",1,-24.03,"Out = Farrell to Sheffield no.2 220kV line, Farrell bus split, limit John Butters, Bastyan and Mackintosh to less than 110% West Coast load","OUTAGE","OTHER","Sheffield Farrell 2 220kV LINE","REGULATED","INCLUDED",null,"PLANNED",1]
[937,"TASNETWORKSV5_20230126103852","2021-10-04T09:10:00","T_T_FASH2_1","T-FASH2_CP2_S1","2019-11-26",1,-23.93,"Out = Farrell to Sheffield no.2 220kV line, Farrell bus split, limit John Butters, Bastyan and Mackintosh to less than 110% West Coast load","OUTAGE","OTHER","Sheffield Farrell 2 220kV LINE","REGULATED","INCLUDED",null,"PLANNED",1]
[938,"TASNETWORKSV5_20230126103852","2021-10-04T09:15:00","T_T_FASH2_1","T-FASH2_CP2_S1","2019-11-26",1,-19.873329999999999,"Out = Farrell to Sheffield no.2 220kV line, Farrell bus split, limit John Butters, Bastyan and Mackintosh to less than 110% West Coast load","OUTAGE","OTHER","Sheffield Farrell 2 220kV LINE","REGULATED","INCLUDED",null,"PLANNED",1]
[939,"TASNETWORKSV5_20230126103852","2021-10-04T09:20:00","T_T_FASH2_1","T-FASH2_CP2_S1","2019-11-26",1,-19.873329999999999,"Out = Farrell to Sheffield no.2 220kV line, Farrell bus split, limit John Butters, Bastyan and Mackintosh to less than 110% West Coast load","OUTAGE","OTHER","Sheffield Farrell 2 220kV LINE","REGULATED","INCLUDED",null,"PLANNED",1]
[940,"TASNETWORKSV5_20230126103852","2021-10-04T09:25:00","T_T_FASH2_1","T-FASH2_CP2_S1","2019-11-26",1,-19.873329999999999,"Out = Farrell to Sheffield no.2 220kV line, Farrell bus split, limit John Butters, Bastyan and Mackintosh to less than 110% West Coast load","OUTAGE","OTHER","Sheffield Farrell 2 220kV LINE","REGULATED","INCLUDED",null,"PLANNED",1]
[941,"TASNETWORKSV5_20230126103852","2021-10-04T09:30:00","T_T_FASH2_1","T-FASH2_CP2_S1","2019-11-26",1,-19.873329999999999,"Out = Farrell to Sheffield no.2 220kV line, Farrell bus split, limit John Butters, Bastyan and Mackintosh to less than 110% West Coast load","OUTAGE","OTHER","Sheffield Farrell 2 220kV LINE","REGULATED","INCLUDED",null,"PLANNED",1]
[942,"TASNETWORKSV5_20230126103852","2021-10-04T09:35:00","T_T_FASH2_1","T-FASH2_CP2_S1","2019-11-26",1,-24.03,"Out = Farrell to Sheffield no.2 220kV line, Farrell bus split, limit John Butters, Bastyan and Mackintosh to less than 110% West Coast load","OUTAGE","OTHER","Sheffield Farrell 2 220kV LINE","REGULATED","INCLUDED",null,"PLANNED",1]
[943,"TASNETWORKSV5_20230126103852","2021-10-04T09:40:00","T_T_FASH2_1","T-FASH2_CP2_S1","2019-11-26",1,-24.03,"Out = Farrell to Sheffield no.2 220kV line, Farrell bus split, limit John Butters, Bastyan and Mackintosh to less than 110% West Coast load","OUTAGE","OTHER","Sheffield Farrell 2 220kV LINE","REGULATED","INCLUDED",null,"PLANNED",1]
[944,"TASNETWORKSV5_20230126103852","2021-10-04T09:45:00","T_T_FASH2_1","T-FASH2_CP2_S1","2019-11-26",1,-24.03,"Out = Farrell to Sheffield no.2 220kV line, Farrell bus split, limit John Butters, Bastyan and Mackintosh to less than 110% West Coast load","OUTAGE","OTHER","Sheffield Farrell 2 220kV LINE","REGULATED","INCLUDED",null,"PLANNED",1]
[945,"TASNETWORKSV5_20230126103852","2021-10-04T09:50:00","T_T_FASH2_1","T-FASH2_CP2_S1","2019-11-26",1,-24.04,"Out = Farrell to Sheffield no.2 220kV line, Farrell bus split, limit John Butters, Bastyan and Mackintosh to less than 110% West Coast load","OUTAGE","OTHER","Sheffield Farrell 2 220kV LINE","REGULATED","INCLUDED",null,"PLANNED",1]
[946,"TASNETWORKSV5_20230126103852","2021-10-04T09:55:00","T_T_FASH2_1","T-FASH2_CP2_S1","2019-11-26",1,-24.04,"Out = Farrell to Sheffield no.2 220kV line, Farrell bus split, limit John Butters, Bastyan and Mackintosh to less than 110% West Coast load","OUTAGE","OTHER","Sheffield Farrell 2 220kV LINE","REGULATED","INCLUDED",null,"PLANNED",1]
[947,"TASNETWORKSV5_20230126103852","2021-10-04T10:00:00","T_T_FASH2_1","T-FASH2_CP2_S1","2019-11-26",1,-24.04,"Out = Farrell to Sheffield no.2 220kV line, Farrell bus split, limit John Butters, Bastyan and Mackintosh to less than 110% West Coast load","OUTAGE","OTHER","Sheffield Farrell 2 220kV LINE","REGULATED","INCLUDED",null,"PLANNED",1]
[948,"TASNETWORKSV5_20230126103852","2021-10-04T10:05:00","T_T_FASH2_1","T-FASH2_CP2_S1","2019-11-26",1,-24.04,"Out = Farrell to Sheffield no.2 220kV line, Farrell bus split, limit John Butters, Bastyan and Mackintosh to less than 110% West Coast load","OUTAGE","OTHER","Sheffield Farrell 2 220kV LINE","REGULATED","INCLUDED",null,"PLANNED",1]
[949,"TASNETWORKSV5_20230126103852","2021-10-04T10:10:00","T_T_FASH2_1","T-FASH2_CP2_S1","2019-11-26",1,-30.929860000000001,"Out = Farrell to Sheffield no.2 220kV line, Farrell bus split, limit John Butters, Bastyan and Mackintosh to less than 110% West Coast load","OUTAGE","OTHER","Sheffield Farrell 2 220kV LINE","REGULATED","INCLUDED",null,"PLANNED",1]
[950,"TASNETWORKSV5_20230126103852","2021-10-04T10:15:00","T_T_FASH2_1","T-FASH2_CP2_S1","2019-11-26",1,-34.31006,"Out = Farrell to Sheffield no.2 220kV line, Farrell bus split, limit John Butters, Bastyan and Mackintosh to less than 110% West Coast load","OUTAGE","OTHER","Sheffield Farrell 2 220kV LINE","REGULATED","INCLUDED",null,"PLANNED",1]
[951,"TASNETWORKSV5_20230126103852","2021-10-04T10:20:00","T_T_FASH2_1","T-FASH2_CP2_S1","2019-11-26",1,-34.31006,"Out = Farrell to Sheffield no.2 220kV line, Farrell bus split, limit John Butters, Bastyan and Mackintosh to less than 110% West Coast load","OUTAGE","OTHER","Sheffield Farrell 2 220kV LINE","REGULATED","INCLUDED",null,"PLANNED",1]
[952,"TASNETWORKSV5_20230126103852","2021-10-04T10:25:00","T_T_FASH2_1","T-FASH2_CP2_S1","2019-11-26",1,-35.114269999999998,"Out = Farrell to Sheffield no.2 220kV line, Farrell bus split, limit John Butters, Bastyan and Mackintosh to less than 110% West Coast load","OUTAGE","OTHER","Sheffield Farrell 2 220kV LINE","REGULATED","INCLUDED",null,"PLANNED",1]
[953,"TASNETWORKSV5_20230126103852","2021-10-04T10:30:00","T_T_FASH2_1","T-FASH2_CP2_S1","2019-11-26",1,-35.159999999999997,"Out = Farrell to Sheffield no.2 220kV line, Farrell bus split, limit John Butters, Bastyan and Mackintosh to less than 110% West Coast load","OUTAGE","OTHER","Sheffield Farrell 2 220kV LINE","REGULATED","INCLUDED",null,"PLANNED",1]
[954,"TASNETWORKSV5_20230126103852","2021-10-04T10:35:00","T_T_FASH2_1","T-FASH2_CP2_S1","2019-11-26",1,-34.31006,"Out = Farrell to Sheffield no.2 220kV line, Farrell bus split, limit John Butters, Bastyan and Mackintosh to less than 110% West Coast load","OUTAGE","OTHER","Sheffield Farrell 2 220kV LINE","REGULATED","INCLUDED",null,"PLANNED",1]
[955,"TASNETWORKSV5_20230126103852","2021-10-04T10:40:00","T_T_FASH2_1","T-FASH2_CP2_S1","2019-11-26",1,-24.327249999999999,"Out = Farrell to Sheffield no.2 220kV line, Farrell bus split, limit John Butters, Bastyan and Mackintosh to less than 110% West Coast load","OUTAGE","OTHER","Sheffield Farrell 2 220kV LINE","REGULATED","INCLUDED",null,"PLANNED",1]
[956,"TASNETWORKSV5_20230126103852","2021-10-04T10:45:00","T_T_FASH2_1","T-FASH2_CP2_S1","2019-11-26",1,-24.04,"Out = Farrell to Sheffield no.2 220kV line, Farrell bus split, limit John Butters, Bastyan and Mackintosh to less than 110% West Coast load","OUTAGE","OTHER","Sheffield Farrell 2 220kV LINE","REGULATED","INCLUDED",null,"PLANNED",1]
[957,"TASNETWORKSV5_20230126103852","2021-10-04T10:50:00","T_T_FASH2_1","T-FASH2_CP2_S1","2019-11-26",1,-24.04,"Out = Farrell to Sheffield no.2 220kV line, Farrell bus split, limit John Butters, Bastyan and Mackintosh to less than 110% West Coast load","OUTAGE","OTHER","Sheffield Farrell 2 220kV LINE","REGULATED","INCLUDED",null,"PLANNED",1]
[958,"TASNETWORKSV5_20230126103852","2021-10-04T10:55:00","T_T_FASH2_1","T-FASH2_CP2_S1","2019-11-26",1,-23.44417,"Out = Farrell to Sheffield no.2 220kV line, Farrell bus split, limit John Butters, Bastyan and Mackintosh to less than 110% West Coast load","OUTAGE","OTHER","Sheffield Farrell 2 220kV LINE","REGULATED","INCLUDED",null,"PLANNED",1]
[959,"TASNETWORKSV5_20230126103852","2021-10-04T11:00:00","T_T_FASH2_1","T-FASH2_CP2_S1","2019-11-26",1,-25.867270000000001,"Out = Farrell to Sheffield no.2 220kV line, Farrell bus split, limit John Butters, Bastyan and Mackintosh to less than 110% West Coast load","OUTAGE","OTHER","Sheffield Farrell 2 220kV LINE","REGULATED","INCLUDED",null,"PLANNED",1]
[960,"TASNETWORKSV5_20230126103852","2021-10-04T11:05:00","T_T_FASH2_1","T-FASH2_CP2_S1","2019-11-26",1,-24.04,"Out = Farrell to Sheffield no.2 220kV line, Farrell bus split, limit John Butters, Bastyan and Mackintosh to less than 110% West Coast load","OUTAGE","OTHER","Sheffield Farrell 2 220kV LINE","REGULATED","INCLUDED",null,"PLANNED",1]
[961,"TASNETWORKSV5_20230126103852","2021-10-04T11:10:00","T_T_FASH2_1","T-FASH2_CP2_S1","2019-11-26",1,-24.04,"Out = Farrell to Sheffield no.2 220kV line, Farrell bus split, limit John Butters, Bastyan and Mackintosh to less than 110% West Coast load","OUTAGE","OTHER","Sheffield Farrell 2 220kV LINE","REGULATED","INCLUDED",null,"PLANNED",1]
[962,"TASNETWORKSV5_20230126103852","2021-10-04T11:15:00","T_T_FASH2_1","T-FASH2_CP2_S1","2019-11-26",1,-26.266259999999999,"Out = Farrell to Sheffield no.2 220kV line, Farrell bus split, limit John Butters, Bastyan and Mackintosh to less than 110% West Coast load","OUTAGE","OTHER","Sheffield Farrell 2 220kV LINE","REGULATED","INCLUDED",null,"PLANNED",1]
[963,"TASNETWORKSV5_20230126103852","2021-10-04T11:20:00","T_T_FASH2_1","T-FASH2_CP2_S1","2019-11-26",1,-35.159999999999997,"Out = Farrell to Sheffield no.2 220kV line, Farrell bus split, limit John Butters, Bastyan and Mackintosh to less than 110% West Coast load","OUTAGE","OTHER","Sheffield Farrell 2 220kV LINE","REGULATED","INCLUDED",null,"PLANNED",1]
[964,"TASNETWORKSV5_20230126103852","2021-10-04T11:25:00","T_T_FASH2_1","T-FASH2_CP2_S1","2019-11-26",1,-35.159999999999997,"Out = Farrell to Sheffield no.2 220kV line, Farrell bus split, limit John Butters, Bastyan and Mackintosh to less than 110% West Coast load","OUTAGE","OTHER","Sheffield Farrell 2 220kV LINE","REGULATED","INCLUDED",null,"PLANNED",1]
[965,"TASNETWORKSV5_20230126103852","2021-10-04T11:30:00","T_T_FASH2_1","T-FASH2_CP2_S1","2019-11-26",1,-25.867270000000001,"Out = Farrell to Sheffield no.2 220kV line, Farrell bus split, limit John Butters, Bastyan and Mackintosh to less than 110% West Coast load","OUTAGE","OTHER","Sheffield Farrell 2 220kV LINE","REGULATED","INCLUDED",null,"PLANNED",1]
[966,"TASNETWORKSV5_20230126103852","2021-10-04T11:35:00","T_T_FASH2_1","T-FASH2_CP2_S1","2019-11-26",1,-35.207050000000002,"Out = Farrell to Sheffield no.2 220kV line, Farrell bus split, limit John Butters, Bastyan and Mackintosh to less than 110% West Coast load","OUTAGE","OTHER","Sheffield Farrell 2 220kV LINE","REGULATED","INCLUDED",null,"PLANNED",1]
[967,"TASNETWORKSV5_20230126103852","2021-10-04T11:40:00","T_T_FASH2_1","T-FASH2_CP2_S1","2019-11-26",1,-34.386099999999999,"Out = Farrell to Sheffield no.2 220kV line, Farrell bus split, limit John Butters, Bastyan and Mackintosh to less than 110% West Coast load","OUTAGE","OTHER","Sheffield Farrell 2 220kV LINE","REGULATED","INCLUDED",null,"PLANNED",1]
[968,"TASNETWORKSV5_20230126103852","2021-10-04T11:45:00","T_T_FASH2_1","T-FASH2_CP2_S1","2019-11-26",1,-25.034849999999999,"Out = Farrell to Sheffield no.2 220kV line, Farrell bus split, limit John Butters, Bastyan and Mackintosh to less than 110% West Coast load","OUTAGE","OTHER","Sheffield Farrell 2 220kV LINE","REGULATED","INCLUDED",null,"PLANNED",1]
[969,"TASNETWORKSV5_20230126103852","2021-10-04T11:50:00","T_T_FASH2_1","T-FASH2_CP2_S1","2019-11-26",1,-25.034849999999999,"Out = Farrell to Sheffield no.2 220kV line, Farrell bus split, limit John Butters, Bastyan and Mackintosh to less than 110% West Coast load","OUTAGE","OTHER","Sheffield Farrell 2 220kV LINE","REGULATED","INCLUDED",null,"PLANNED",1]
[970,"TASNETWORKSV5_20230126103852","2021-10-04T11:55:00","T_T_FASH2_1","T-FASH2_CP2_S1","2019-11-26",1,-33.870950000000001,"Out = Farrell to Sheffield no.2 220kV line, Farrell bus split, limit John Butters, Bastyan and Mackintosh to less than 110% West Coast load","OUTAGE","OTHER","Sheffield Farrell 2 220kV LINE","REGULATED","INCLUDED",null,"PLANNED",1]
[971,"TASNETWORKSV5_20230126103852","2021-10-04T12:00:00","T_T_FASH2_1","T-FASH2_CP2_S1","2019-11-26",1,-24.14152,"Out = Farrell to Sheffield no.2 220kV line, Farrell bus split, limit John Butters, Bastyan and Mackintosh to less than 110% West Coast load","OUTAGE","OTHER","Sheffield Farrell 2 220kV LINE","REGULATED","INCLUDED",null,"PLANNED",1]
[972,"TASNETWORKSV5_20230126103852","2021-10-04T12:05:00","T_T_FASH2_1","T-FASH2_CP2_S1","2019-11-26",1,-25.867270000000001,"Out = Farrell to Sheffield no.2 220kV line, Farrell bus split, limit John Butters, Bastyan and Mackintosh to less than 110% West Coast load","OUTAGE","OTHER","Sheffield Farrell 2 220kV LINE","REGULATED","INCLUDED",null,"PLANNED",1]
[973,"TASNETWORKSV5_20230126103852","2021-10-04T12:10:00","T_T_FASH2_1","T-FASH2_CP2_S1","2019-11-26",1,-25.867270000000001,"Out = Farrell to Sheffield no.2 220kV line, Farrell bus split, limit John Butters, Bastyan and Mackintosh to less than 110% West Coast load","OUTAGE","OTHER","Sheffield Farrell 2 220kV LINE","REGULATED","INCLUDED",null,"PLANNED",1]
[974,"TASNETWORKSV5_20230126103852","2021-10-04T12:15:00","T_T_FASH2_1","T-FASH2_CP2_S1","2019-11-26",1,-24.04,"Out = Farrell to Sheffield no.2 220kV line, Farrell bus split, limit John Butters, Bastyan and Mackintosh to less than 110% West Coast load","OUTAGE","OTHER","Sheffield Farrell 2 220kV LINE","REGULATED","INCLUDED",null,"PLANNED",1]
[975,"TASNETWORKSV5_20230126103852","2021-10-04T12:20:00","T_T_FASH2_1","T-FASH2_CP2_S1","2019-11-26",1,-24.04,"Out = Farrell to Sheffield no.2 220kV line, Farrell bus split, limit John Butters, Bastyan and Mackintosh to less than 110% West Coast load","OUTAGE","OTHER","Sheffield Farrell 2 220kV LINE","REGULATED","INCLUDED",null,"PLANNED",1]
[976,"TASNETWORKSV5_20230126103852","2021-10-04T12:25:00","T_T_FASH2_1","T-FASH2_CP2_S1","2019-11-26",1,-24.04,"Out = Farrell to Sheffield no.2 220kV line, Farrell bus split, limit John Butters, Bastyan and Mackintosh to less than 110% West Coast load","OUTAGE","OTHER","Sheffield Farrell 2 220kV LINE","REGULATED","INCLUDED",null,"PLANNED",1]
[977,"TASNETWORKSV5_20230126103852","2021-10-04T12:30:00","T_T_FASH2_1","T-FASH2_CP2_S1","2019-11-26",1,-24.03877,"Out = Farrell to Sheffield no.2 220kV line, Farrell bus split, limit John Butters, Bastyan and Mackintosh to less than 110% West Coast load","OUTAGE","OTHER","Sheffield Farrell 2 220kV LINE","REGULATED","INCLUDED",null,"PLANNED",1]
[978,"TASNETWORKSV5_20230126103852","2021-10-04T12:45:00","T_T_FASH2_1","T-FASH2_CP2_S1","2019-11-26",1,-12.54833,"Out = Farrell to Sheffield no.2 220kV line, Farrell bus split, limit John Butters, Bastyan and Mackintosh to less than 110% West Coast load","OUTAGE","OTHER","Sheffield Farrell 2 220kV LINE","REGULATED","INCLUDED",null,"PLANNED",1]
[979,"TASNETWORKSV5_20230126103852","2021-10-04T12:50:00","T_T_FASH2_1","T-FASH2_CP2_S1","2019-11-26",1,-12.54833,"Out = Farrell to Sheffield no.2 220kV line, Farrell bus split, limit John Butters, Bastyan and Mackintosh to less than 110% West Coast load","OUTAGE","OTHER","Sheffield Farrell 2 220kV LINE","REGULATED","INCLUDED",null,"PLANNED",1]
[980,"TASNETWORKSV5_20230126103852","2021-10-04T12:55:00","T_T_FASH2_1","T-FASH2_CP2_S1","2019-11-26",1,-12.284269999999999,"Out = Farrell to Sheffield no.2 220kV line, Farrell bus split, limit John Butters, Bastyan and Mackintosh to less than 110% West Coast load","OUTAGE","OTHER","Sheffield Farrell 2 220kV LINE","REGULATED","INCLUDED",null,"PLANNED",1]
[981,"TASNETWORKSV5_20230126103852","2021-10-04T13:00:00","T_T_FASH2_1","T-FASH2_CP2_S1","2019-11-26",1,-24.019860000000001,"Out = Farrell to Sheffield no.2 220kV line, Farrell bus split, limit John Butters, Bastyan and Mackintosh to less than 110% West Coast load","OUTAGE","OTHER","Sheffield Farrell 2 220kV LINE","REGULATED","INCLUDED",null,"PLANNED",1]
[982,"TASNETWORKSV5_20230126103852","2021-10-04T13:05:00","T_T_FASH2_1","T-FASH2_CP2_S1","2019-11-26",1,-23.890499999999999,"Out = Farrell to Sheffield no.2 220kV line, Farrell bus split, limit John Butters, Bastyan and Mackintosh to less than 110% West Coast load","OUTAGE","OTHER","Sheffield Farrell 2 220kV LINE","REGULATED","INCLUDED",null,"PLANNED",1]
[983,"TASNETWORKSV5_20230126103852","2021-10-04T14:00:00","T_T_FASH2_1","T-FASH2_CP2_S1","2019-11-26",1,-21.53229,"Out = Farrell to Sheffield no.2 220kV line, Farrell bus split, limit John Butters, Bastyan and Mackintosh to less than 110% West Coast load","OUTAGE","OTHER","Sheffield Farrell 2 220kV LINE","REGULATED","INCLUDED",null,"PLANNED",1]
[984,"TASNETWORKSV5_20230126103852","2021-10-04T14:05:00","T_T_FASH2_1","T-FASH2_CP2_S1","2019-11-26",1,-22.89714,"Out = Farrell to Sheffield no.2 220kV line, Farrell bus split, limit John Butters, Bastyan and Mackintosh to less than 110% West Coast load","OUTAGE","OTHER","Sheffield Farrell 2 220kV LINE","REGULATED","INCLUDED",null,"PLANNED",1]
[985,"TASNETWORKSV5_20230126103852","2021-10-04T14:10:00","T_T_FASH2_1","T-FASH2_CP2_S1","2019-11-26",1,-23.93,"Out = Farrell to Sheffield no.2 220kV line, Farrell bus split, limit John Butters, Bastyan and Mackintosh to less than 110% West Coast load","OUTAGE","OTHER","Sheffield Farrell 2 220kV LINE","REGULATED","INCLUDED",null,"PLANNED",1]
[986,"TASNETWORKSV5_20230126103852","2021-10-04T14:15:00","T_T_FASH2_1","T-FASH2_CP2_S1","2019-11-26",1,-24.04,"Out = Farrell to Sheffield no.2 220kV line, Farrell bus split, limit John Butters, Bastyan and Mackintosh to less than 110% West Coast load","OUTAGE","OTHER","Sheffield Farrell 2 220kV LINE","REGULATED","INCLUDED",null,"PLANNED",1]
[987,"TASNETWORKSV5_20230126103852","2021-10-04T14:20:00","T_T_FASH2_1","T-FASH2_CP2_S1","2019-11-26",1,-24.04,"Out = Farrell to Sheffield no.2 220kV line, Farrell bus split, limit John Butters, Bastyan and Mackintosh to less than 110% West Coast load","OUTAGE","OTHER","Sheffield Farrell 2 220kV LINE","REGULATED","INCLUDED",null,"PLANNED",1]
[988,"TASNETWORKSV5_20230126103852","2021-10-04T14:25:00","T_T_FASH2_1","T-FASH2_CP2_S1","2019-11-26",1,-17.04,"Out = Farrell to Sheffield no.2 220kV line, Farrell bus split, limit John Butters, Bastyan and Mackintosh to less than 110% West Coast load","OUTAGE","OTHER","Sheffield Farrell 2 220kV LINE","REGULATED","INCLUDED",null,"PLANNED",1]
[989,"TASNETWORKSV5_20230126103852","2021-10-04T14:30:00","T_T_FASH2_1","T-FASH2_CP2_S1","2019-11-26",1,-22.392949999999999,"Out = Farrell to Sheffield no.2 220kV line, Farrell bus split, limit John Butters, Bastyan and Mackintosh to less than 110% West Coast load","OUTAGE","OTHER","Sheffield Farrell 2 220kV LINE","REGULATED","INCLUDED",null,"PLANNED",1]
[990,"TASNETWORKSV5_20230126103852","2021-10-04T14:35:00","T_T_FASH2_1","T-FASH2_CP2_S1","2019-11-26",1,-998.93,"Out = Farrell to Sheffield no.2 220kV line, Farrell bus split, limit John Butters, Bastyan and Mackintosh to less than 110% West Coast load","OUTAGE","OTHER","Sheffield Farrell 2 220kV LINE","REGULATED","INCLUDED",null,"PLANNED",1]
[991,"TASNETWORKSV5_20230126103852","2021-10-04T14:40:00","T_T_FASH2_1","T-FASH2_CP2_S1","2019-11-26",1,-984.19478000000004,"Out = Farrell to Sheffield no.2 220kV line, Farrell bus split, limit John Butters, Bastyan and Mackintosh to less than 110% West Coast load","OUTAGE","OTHER","Sheffield Farrell 2 220kV LINE","REGULATED","INCLUDED",null,"PLANNED",1]
[992,"TASNETWORKSV5_20230126103852","2021-10-04T14:45:00","T_T_FASH2_1","T-FASH2_CP2_S1","2019-11-26",1,-975.02,"Out = Farrell to Sheffield no.2 220kV line, Farrell bus split, limit John Butters, Bastyan and Mackintosh to less than 110% West Coast load","OUTAGE","OTHER","Sheffield Farrell 2 220kV LINE","REGULATED","INCLUDED",null,"PLANNED",1]
[993,"TASNETWORKSV5_20230126103852","2021-10-04T14:50:00","T_T_FASH2_1","T-FASH2_CP2_S1","2019-11-26",1,-975.02,"Out = Farrell to Sheffield no.2 220kV line, Farrell bus split, limit John Butters, Bastyan and Mackintosh to less than 110% West Coast load","OUTAGE","OTHER","Sheffield Farrell 2 220kV LINE","REGULATED","INCLUDED",null,"PLANNED",1]
[994,"TASNETWORKSV5_20230126103852","2021-10-04T14:55:00","T_T_FASH2_1","T-FASH2_CP2_S1","2019-11-26",1,-984.16477999999995,"Out = Farrell to Sheffield no.2 220kV line, Farrell bus split, limit John Butters, Bastyan and Mackintosh to less than 110% West Coast load","OUTAGE","OTHER","Sheffield Farrell 2 220kV LINE","REGULATED","INCLUDED",null,"PLANNED",1]
[995,"TASNETWORKSV5_20230126103852","2021-10-05T06:05:00","T_T_FASH2_1","T-FASH2_CP2_S1","2019-11-26",1,-44.720959999999998,"Out = Farrell to Sheffield no.2 220kV line, Farrell bus split, limit John Butters, Bastyan and Mackintosh to less than 110% West Coast load","OUTAGE","OTHER","Sheffield E 220kV BUS; Sheffield Farrell 1 220kV LINE","REGULATED","INCLUDED",null,"PLANNED",1]
[996,"TASNETWORKSV5_20230126103852","2021-10-05T06:10:00","T_T_FASH2_1","T-FASH2_CP2_S1","2019-11-26",1,-49.399479999999997,"Out = Farrell to Sheffield no.2 220kV line, Farrell bus split, limit John Butters, Bastyan and Mackintosh to less than 110% West Coast load","OUTAGE","OTHER","Sheffield E 220kV BUS; Sheffield Farrell 1 220kV LINE","REGULATED","INCLUDED",null,"PLANNED",1]
[997,"TASNETWORKSV5_20230126103852","2021-10-05T06:20:00","T_T_FASH2_1","T-FASH2_CP2_S1","2019-11-26",1,-51.319769999999998,"Out = Farrell to Sheffield no.2 220kV line, Farrell bus split, limit John Butters, Bastyan and Mackintosh to less than 110% West Coast load","OUTAGE","OTHER","Sheffield E 220kV BUS; Sheffield Farrell 1 220kV LINE","REGULATED","INCLUDED",null,"PLANNED",1]
[998,"TASNETWORKSV5_20230126103852","2021-10-05T06:25:00","F_T+FASH2_C_TG_R6","F-T-FASH_2_C","2019-11-26",2,35.785319999999999,"Out= Farrell to Sheffield No.2 220kV line, Farrell 220kV bus split, Granville Harbour + Reece 1&2 + Tribute supplying Sheffield, Tasmania Raise 6 sec requirement for loss of the remaining Farrell to Sheffield line, Basslink unable to transfer FCAS","OUTAGE","FCAS","Sheffield E 220kV BUS; Sheffield Farrell 1 220kV LINE","REGULATED","INCLUDED",null,"PLANNED",1]
[999,"TASNETWORKSV5_20230126103852","2021-10-05T06:30:00","F_T+FASH2_C_TG_R6","F-T-FASH_2_C","2019-11-26",2,69.990870000000001,"Out= Farrell to Sheffield No.2 220kV line, Farrell 220kV bus split, Granville Harbour + Reece 1&2 + Tribute supplying Sheffield, Tasmania Raise 6 sec requirement for loss of the remaining Farrell to Sheffield line, Basslink unable to transfer FCAS","OUTAGE","FCAS","Sheffield E 220kV BUS; Sheffield Farrell 1 220kV LINE","REGULATED","INCLUDED",null,"PLANNED",1]
[1000,"TASNETWORKSV5_20230126103852","2021-10-05T06:30:00","T_T_FASH2_1","T-FASH2_CP2_S1","2019-11-26",1,-53.771160000000002,"Out = Farrell to Sheffield no.2 220kV line, Farrell bus split, limit John Butters, Bastyan and Mackintosh to less than 110% West Coast load","OUTAGE","OTHER","Sheffield E 220kV BUS; Sheffield Farrell 1 220kV LINE","REGULATED","INCLUDED",null,"PLANNED",1]
[1001,"TASNETWORKSV5_20230126103852","2021-10-05T06:35:00","T_T_FASH2_1","T-FASH2_CP2_S1","2019-11-26",1,-26.01529,"Out = Farrell to Sheffield no.2 220kV line, Farrell bus split, limit John Butters, Bastyan and Mackintosh to less than 110% West Coast load","OUTAGE","OTHER","Sheffield E 220kV BUS; Sheffield Farrell 1 220kV LINE","REGULATED","INCLUDED",null,"PLANNED",1]
[1002,"TASNETWORKSV5_20230126103852","2021-10-05T06:40:00","T_T_FASH2_1","T-FASH2_CP2_S1","2019-11-26",1,-37.494610000000002,"Out = Farrell to Sheffield no.2 220kV line, Farrell bus split, limit John Butters, Bastyan and Mackintosh to less than 110% West Coast load","OUTAGE","OTHER","Sheffield E 220kV BUS; Sheffield Farrell 1 220kV LINE","REGULATED","INCLUDED",null,"PLANNED",1]
[1003,"TASNETWORKSV5_20230126103852","2021-10-05T06:45:00","T_T_FASH2_1","T-FASH2_CP2_S1","2019-11-26",1,-49.35,"Out = Farrell to Sheffield no.2 220kV line, Farrell bus split, limit John Butters, Bastyan and Mackintosh to less than 110% West Coast load","OUTAGE","OTHER","Sheffield E 220kV BUS; Sheffield Farrell 1 220kV LINE","REGULATED","INCLUDED",null,"PLANNED",1]
[1004,"TASNETWORKSV5_20230126103852","2021-10-05T06:50:00","T_T_FASH2_1","T-FASH2_CP2_S1","2019-11-26",1,-49.35,"Out = Farrell to Sheffield no.2 220kV line, Farrell bus split, limit John Butters, Bastyan and Mackintosh to less than 110% West Coast load","OUTAGE","OTHER","Sheffield E 220kV BUS; Sheffield Farrell 1 220kV LINE","REGULATED","INCLUDED",null,"PLANNED",1]
[1005,"TASNETWORKSV5_20230126103852","2021-10-05T06:55:00","T_T_FASH2_1","T-FASH2_CP2_S1","2019-11-26",1,-56.516469999999998,"Out = Farrell to Sheffield no.2 220kV line, Farrell bus split, limit John Butters, Bastyan and Mackintosh to less than 110% West Coast load","OUTAGE","OTHER","Sheffield E 220kV BUS; Sheffield Farrell 1 220kV LINE","REGULATED","INCLUDED",null,"PLANNED",1]
[1006,"TASNETWORKSV5_20230126103852","2021-10-05T07:00:00","F_T+FASH2_C_TG_R6","F-T-FASH_2_C","2019-11-26",2,136.40642,"Out= Farrell to Sheffield No.2 220kV line, Farrell 220kV bus split, Granville Harbour + Reece 1&2 + Tribute supplying Sheffield, Tasmania Raise 6 sec requirement for loss of the remaining Farrell to Sheffield line, Basslink unable to transfer FCAS","OUTAGE","FCAS","Sheffield E 220kV BUS; Sheffield Farrell 1 220kV LINE","REGULATED","INCLUDED",null,"PLANNED",1]
[1007,"TASNETWORKSV5_20230126103852","2021-10-05T07:00:00","F_T+FASH2_C_TG_R60","F-T-FASH_2_C","2019-11-26",2,15.82945,"Out= Farrell to Sheffield No.2 220kV line, Farrell 220kV bus split, Granville Harbour + Reece 1&2 + Tribute supplying Sheffield, Tasmania Raise 60 sec requirement for loss of the remaining Farrell to Sheffield line, Basslink unable to transfer FCAS","OUTAGE","FCAS","Sheffield E 220kV BUS; Sheffield Farrell 1 220kV LINE","REGULATED","INCLUDED",null,"PLANNED",1]
[1008,"TASNETWORKSV5_20230126103852","2021-10-05T07:00:00","T_T_FASH2_1","T-FASH2_CP2_S1","2019-11-26",1,-78.227519999999998,"Out = Farrell to Sheffield no.2 220kV line, Farrell bus split, limit John Butters, Bastyan and Mackintosh to less than 110% West Coast load","OUTAGE","OTHER","Sheffield E 220kV BUS; Sheffield Farrell 1 220kV LINE","REGULATED","INCLUDED",null,"PLANNED",1]
[1009,"TASNETWORKSV5_20230126103852","2021-10-05T07:05:00","F_T+FASH2_C_TG_R5","F-T-FASH_2_C","2019-11-26",2,12.106579999999999,"Out= Farrell to Sheffield No.2 220kV line, Farrell 220kV bus split, Granville Harbour + Reece 1&2 + Tribute supplying Sheffield, Tasmania Raise 5 min requirement for loss of the remaining Farrell to Sheffield line, Basslink unable to transfer FCAS","OUTAGE","FCAS","Sheffield E 220kV BUS; Sheffield Farrell 1 220kV LINE","REGULATED","INCLUDED",null,"PLANNED",1]
[1010,"TASNETWORKSV5_20230126103852","2021-10-05T07:05:00","F_T+FASH2_C_TG_R6","F-T-FASH_2_C","2019-11-26",2,176.40360999999999,"Out= Farrell to Sheffield No.2 220kV line, Farrell 220kV bus split, Granville Harbour + Reece 1&2 + Tribute supplying Sheffield, Tasmania Raise 6 sec requirement for loss of the remaining Farrell to Sheffield line, Basslink unable to transfer FCAS","OUTAGE","FCAS","Sheffield E 220kV BUS; Sheffield Farrell 1 220kV LINE","REGULATED","INCLUDED",null,"PLANNED",1]
[1011,"TASNETWORKSV5_20230126103852","2021-10-05T07:05:00","F_T+FASH2_C_TG_R60","F-T-FASH_2_C","2019-11-26",2,26,"Out= Farrell to Sheffield No.2 220kV line, Farrell 220kV bus split, Granville Harbour + Reece 1&2 + Tribute supplying Sheffield, Tasmania Raise 60 sec requirement for loss of the remaining Farrell to Sheffield line, Basslink unable to transfer FCAS","OUTAGE","FCAS","Sheffield E 220kV BUS; Sheffield Farrell 1 220kV LINE","REGULATED","INCLUDED",null,"PLANNED",1]
[1012,"TASNETWORKSV5_20230126103852","2021-10-05T07:05:00","T_T_FASH2_1","T-FASH2_CP2_S1","2019-11-26",1,-95.637889999999999,"Out = Farrell to Sheffield no.2 220kV line, Farrell bus split, limit John Butters, Bastyan and Mackintosh to less than 110% West Coast load","OUTAGE","OTHER","Sheffield E 220kV BUS; Sheffield Farrell 1 220kV LINE","REGULATED","INCLUDED",null,"PLANNED",1]
[1013,"TASNETWORKSV5_20230126103852","2021-10-05T07:10:00","F_T+FASH2_C_TG_R60","F-T-FASH_2_C","2019-11-26",2,14.195919999999999,"Out= Farrell to Sheffield No.2 220kV line, Farrell 220kV bus split, Granville Harbour + Reece 1&2 + Tribute supplying Sheffield, Tasmania Raise 60 sec requirement for loss of the remaining Farrell to Sheffield line, Basslink unable to transfer FCAS","OUTAGE","FCAS","Sheffield E 220kV BUS; Sheffield Farrell 1 220kV LINE","REGULATED","INCLUDED",null,"PLANNED",1]
[1014,"TASNETWORKSV5_20230126103852","2021-10-05T07:10:00","T_T_FASH2_1","T-FASH2_CP2_S1","2019-11-26",1,-69.136589999999998,"Out = Farrell to Sheffield no.2 220kV line, Farrell bus split, limit John Butters, Bastyan and Mackintosh to less than 110% West Coast load","OUTAGE","OTHER","Sheffield E 220kV BUS; Sheffield Farrell 1 220kV LINE","REGULATED","INCLUDED",null,"PLANNED",1]
[1015,"TASNETWORKSV5_20230126103852","2021-10-05T07:15:00","F_T+FASH2_C_TG_R60","F-T-FASH_2_C","2019-11-26",2,14.3688,"Out= Farrell to Sheffield No.2 220kV line, Farrell 220kV bus split, Granville Harbour + Reece 1&2 + Tribute supplying Sheffield, Tasmania Raise 60 sec requirement for loss of the remaining Farrell to Sheffield line, Basslink unable to transfer FCAS","OUTAGE","FCAS","Sheffield E 220kV BUS; Sheffield Farrell 1 220kV LINE","REGULATED","INCLUDED",null,"PLANNED",1]
[1016,"TASNETWORKSV5_20230126103852","2021-10-05T07:15:00","T_T_FASH2_1","T-FASH2_CP2_S1","2019-11-26",1,-85.586619999999996,"Out = Farrell to Sheffield no.2 220kV line, Farrell bus split, limit John Butters, Bastyan and Mackintosh to less than 110% West Coast load","OUTAGE","OTHER","Sheffield E 220kV BUS; Sheffield Farrell 1 220kV LINE","REGULATED","INCLUDED",null,"PLANNED",1]
[1017,"TASNETWORKSV5_20230126103852","2021-10-05T07:20:00","T_T_FASH2_1","T-FASH2_CP2_S1","2019-11-26",1,-64.248419999999996,"Out = Farrell to Sheffield no.2 220kV line, Farrell bus split, limit John Butters, Bastyan and Mackintosh to less than 110% West Coast load","OUTAGE","OTHER","Sheffield E 220kV BUS; Sheffield Farrell 1 220kV LINE","REGULATED","INCLUDED",null,"PLANNED",1]
[1018,"TASNETWORKSV5_20230126103852","2021-10-05T07:25:00","F_T+FASH2_C_TG_R60","F-T-FASH_2_C","2019-11-26",2,12.60111,"Out= Farrell to Sheffield No.2 220kV line, Farrell 220kV bus split, Granville Harbour + Reece 1&2 + Tribute supplying Sheffield, Tasmania Raise 60 sec requirement for loss of the remaining Farrell to Sheffield line, Basslink unable to transfer FCAS","OUTAGE","FCAS","Sheffield E 220kV BUS; Sheffield Farrell 1 220kV LINE","REGULATED","INCLUDED",null,"PLANNED",1]
[1019,"TASNETWORKSV5_20230126103852","2021-10-05T07:25:00","T_T_FASH2_1","T-FASH2_CP2_S1","2019-11-26",1,-81.768420000000006,"Out = Farrell to Sheffield no.2 220kV line, Farrell bus split, limit John Butters, Bastyan and Mackintosh to less than 110% West Coast load","OUTAGE","OTHER","Sheffield E 220kV BUS; Sheffield Farrell 1 220kV LINE","REGULATED","INCLUDED",null,"PLANNED",1]
[1020,"TASNETWORKSV5_20230126103852","2021-10-05T07:30:00","F_T+FASH2_C_TG_R6","F-T-FASH_2_C","2019-11-26",2,152.17496,"Out= Farrell to Sheffield No.2 220kV line, Farrell 220kV bus split, Granville Harbour + Reece 1&2 + Tribute supplying Sheffield, Tasmania Raise 6 sec requirement for loss of the remaining Farrell to Sheffield line, Basslink unable to transfer FCAS","OUTAGE","FCAS","Sheffield E 220kV BUS; Sheffield Farrell 1 220kV LINE","REGULATED","INCLUDED",null,"PLANNED",1]
[1021,"TASNETWORKSV5_20230126103852","2021-10-05T07:30:00","T_T_FASH2_1","T-FASH2_CP2_S1","2019-11-26",1,-84.850300000000004,"Out = Farrell to Sheffield no.2 220kV line, Farrell bus split, limit John Butters, Bastyan and Mackintosh to less than 110% West Coast load","OUTAGE","OTHER","Sheffield E 220kV BUS; Sheffield Farrell 1 220kV LINE","REGULATED","INCLUDED",null,"PLANNED",1]
[1022,"TASNETWORKSV5_20230126103852","2021-10-05T07:35:00","T_T_FASH2_1","T-FASH2_CP2_S1","2019-11-26",1,-49.32,"Out = Farrell to Sheffield no.2 220kV line, Farrell bus split, limit John Butters, Bastyan and Mackintosh to less than 110% West Coast load","OUTAGE","OTHER","Sheffield E 220kV BUS; Sheffield Farrell 1 220kV LINE","REGULATED","INCLUDED",null,"PLANNED",1]
[1023,"TASNETWORKSV5_20230126103852","2021-10-05T07:40:00","T_T_FASH2_1","T-FASH2_CP2_S1","2019-11-26",1,-34.341589999999997,"Out = Farrell to Sheffield no.2 220kV line, Farrell bus split, limit John Butters, Bastyan and Mackintosh to less than 110% West Coast load","OUTAGE","OTHER","Sheffield E 220kV BUS; Sheffield Farrell 1 220kV LINE","REGULATED","INCLUDED",null,"PLANNED",1]
[1024,"TASNETWORKSV5_20230126103852","2021-10-05T07:45:00","T_T_FASH2_1","T-FASH2_CP2_S1","2019-11-26",1,-32.84552,"Out = Farrell to Sheffield no.2 220kV line, Farrell bus split, limit John Butters, Bastyan and Mackintosh to less than 110% West Coast load","OUTAGE","OTHER","Sheffield E 220kV BUS; Sheffield Farrell 1 220kV LINE","REGULATED","INCLUDED",null,"PLANNED",1]
[1025,"TASNETWORKSV5_20230126103852","2021-10-05T07:50:00","T_T_FASH2_1","T-FASH2_CP2_S1","2019-11-26",1,-33.674480000000003,"Out = Farrell to Sheffield no.2 220kV line, Farrell bus split, limit John Butters, Bastyan and Mackintosh to less than 110% West Coast load","OUTAGE","OTHER","Sheffield E 220kV BUS; Sheffield Farrell 1 220kV LINE","REGULATED","INCLUDED",null,"PLANNED",1]
[1026,"TASNETWORKSV5_20230126103852","2021-10-05T07:55:00","T_T_FASH2_1","T-FASH2_CP2_S1","2019-11-26",1,-34.863,"Out = Farrell to Sheffield no.2 220kV line, Farrell bus split, limit John Butters, Bastyan and Mackintosh to less than 110% West Coast load","OUTAGE","OTHER","Sheffield E 220kV BUS; Sheffield Farrell 1 220kV LINE","REGULATED","INCLUDED",null,"PLANNED",1]
[1027,"TASNETWORKSV5_20230126103852","2021-10-05T08:00:00","T_T_FASH2_1","T-FASH2_CP2_S1","2019-11-26",1,-33.74747,"Out = Farrell to Sheffield no.2 220kV line, Farrell bus split, limit John Butters, Bastyan and Mackintosh to less than 110% West Coast load","OUTAGE","OTHER","Sheffield E 220kV BUS; Sheffield Farrell 1 220kV LINE","REGULATED","INCLUDED",null,"PLANNED",1]
[1028,"TASNETWORKSV5_20230126103852","2021-10-05T08:05:00","T_T_FASH2_1","T-FASH2_CP2_S1","2019-11-26",1,-40.90211,"Out = Farrell to Sheffield no.2 220kV line, Farrell bus split, limit John Butters, Bastyan and Mackintosh to less than 110% West Coast load","OUTAGE","OTHER","Sheffield E 220kV BUS; Sheffield Farrell 1 220kV LINE","REGULATED","INCLUDED",null,"PLANNED",1]
[1029,"TASNETWORKSV5_20230126103852","2021-10-05T08:10:00","T_T_FASH2_1","T-FASH2_CP2_S1","2019-11-26",1,-34.558320000000002,"Out = Farrell to Sheffield no.2 220kV line, Farrell bus split, limit John Butters, Bastyan and Mackintosh to less than 110% West Coast load","OUTAGE","OTHER","Sheffield E 220kV BUS; Sheffield Farrell 1 220kV LINE","REGULATED","INCLUDED",null,"PLANNED",1]
[1030,"TASNETWORKSV5_20230126103852","2021-10-05T08:15:00","T_T_FASH2_1","T-FASH2_CP2_S1","2019-11-26",1,-33.799939999999999,"Out = Farrell to Sheffield no.2 220kV line, Farrell bus split, limit John Butters, Bastyan and Mackintosh to less than 110% West Coast load","OUTAGE","OTHER","Sheffield E 220kV BUS; Sheffield Farrell 1 220kV LINE","REGULATED","INCLUDED",null,"PLANNED",1]
[1031,"TASNETWORKSV5_20230126103852","2021-10-05T08:20:00","T_T_FASH2_1","T-FASH2_CP2_S1","2019-11-26",1,-24.61271,"Out = Farrell to Sheffield no.2 220kV line, Farrell bus split, limit John Butters, Bastyan and Mackintosh to less than 110% West Coast load","OUTAGE","OTHER","Sheffield E 220kV BUS; Sheffield Farrell 1 220kV LINE","REGULATED","INCLUDED",null,"PLANNED",1]
[1032,"TASNETWORKSV5_20230126103852","2021-10-05T08:25:00","T_T_FASH2_1","T-FASH2_CP2_S1","2019-11-26",1,-24.13,"Out = Farrell to Sheffield no.2 220kV line, Farrell bus split, limit John Butters, Bastyan and Mackintosh to less than 110% West Coast load","OUTAGE","OTHER","Sheffield E 220kV BUS; Sheffield Farrell 1 220kV LINE","REGULATED","INCLUDED",null,"PLANNED",1]
[1033,"TASNETWORKSV5_20230126103852","2021-10-05T08:30:00","T_T_FASH2_1","T-FASH2_CP2_S1","2019-11-26",1,-24.60989,"Out = Farrell to Sheffield no.2 220kV line, Farrell bus split, limit John Butters, Bastyan and Mackintosh to less than 110% West Coast load","OUTAGE","OTHER","Sheffield E 220kV BUS; Sheffield Farrell 1 220kV LINE","REGULATED","INCLUDED",null,"PLANNED",1]
[1034,"TASNETWORKSV5_20230126103852","2021-10-05T08:35:00","T_T_FASH2_1","T-FASH2_CP2_S1","2019-11-26",1,-24.888549999999999,"Out = Farrell to Sheffield no.2 220kV line, Farrell bus split, limit John Butters, Bastyan and Mackintosh to less than 110% West Coast load","OUTAGE","OTHER","Sheffield E 220kV BUS; Sheffield Farrell 1 220kV LINE","REGULATED","INCLUDED",null,"PLANNED",1]
[1035,"TASNETWORKSV5_20230126103852","2021-10-05T08:40:00","T_T_FASH2_1","T-FASH2_CP2_S1","2019-11-26",1,-24.888549999999999,"Out = Farrell to Sheffield no.2 220kV line, Farrell bus split, limit John Butters, Bastyan and Mackintosh to less than 110% West Coast load","OUTAGE","OTHER","Sheffield E 220kV BUS; Sheffield Farrell 1 220kV LINE","REGULATED","INCLUDED",null,"PLANNED",1]
[1036,"TASNETWORKSV5_20230126103852","2021-10-05T08:45:00","T_T_FASH2_1","T-FASH2_CP2_S1","2019-11-26",1,-24.13,"Out = Farrell to Sheffield no.2 220kV line, Farrell bus split, limit John Butters, Bastyan and Mackintosh to less than 110% West Coast load","OUTAGE","OTHER","Sheffield E 220kV BUS; Sheffield Farrell 1 220kV LINE","REGULATED","INCLUDED",null,"PLANNED",1]
[1037,"TASNETWORKSV5_20230126103852","2021-10-05T08:50:00","T_T_FASH2_1","T-FASH2_CP2_S1","2019-11-26",1,-24.13,"Out = Farrell to Sheffield no.2 220kV line, Farrell bus split, limit John Butters, Bastyan and Mackintosh to less than 110% West Coast load","OUTAGE","OTHER","Sheffield E 220kV BUS; Sheffield Farrell 1 220kV LINE","REGULATED","INCLUDED",null,"PLANNED",1]
[1038,"TASNETWORKSV5_20230126103852","2021-10-05T08:55:00","T_T_FASH2_1","T-FASH2_CP2_S1","2019-11-26",1,-24.06,"Out = Farrell to Sheffield no.2 220kV line, Farrell bus split, limit John Butters, Bastyan and Mackintosh to less than 110% West Coast load","OUTAGE","OTHER","Sheffield E 220kV BUS; Sheffield Farrell 1 220kV LINE","REGULATED","INCLUDED",null,"PLANNED",1]
[1039,"TASNETWORKSV5_20230126103852","2021-10-05T09:00:00","T_T_FASH2_1","T-FASH2_CP2_S1","2019-11-26",1,-24.05,"Out = Farrell to Sheffield no.2 220kV line, Farrell bus split, limit John Butters, Bastyan and Mackintosh to less than 110% West Coast load","OUTAGE","OTHER","Sheffield E 220kV BUS; Sheffield Farrell 1 220kV LINE","REGULATED","INCLUDED",null,"PLANNED",1]
[1040,"TASNETWORKSV5_20230126103852","2021-10-05T09:05:00","T_T_FASH2_1","T-FASH2_CP2_S1","2019-11-26",1,-24.13,"Out = Farrell to Sheffield no.2 220kV line, Farrell bus split, limit John Butters, Bastyan and Mackintosh to less than 110% West Coast load","OUTAGE","OTHER","Sheffield E 220kV BUS; Sheffield Farrell 1 220kV LINE","REGULATED","INCLUDED",null,"PLANNED",1]
[1041,"TASNETWORKSV5_20230126103852","2021-10-05T09:10:00","T_T_FASH2_1","T-FASH2_CP2_S1","2019-11-26",1,-24.57855,"Out = Farrell to Sheffield no.2 220kV line, Farrell bus split, limit John Butters, Bastyan and Mackintosh to less than 110% West Coast load","OUTAGE","OTHER","Sheffield E 220kV BUS; Sheffield Farrell 1 220kV LINE","REGULATED","INCLUDED",null,"PLANNED",1]
[1042,"TASNETWORKSV5_20230126103852","2021-10-05T09:15:00","T_T_FASH2_1","T-FASH2_CP2_S1","2019-11-26",1,-24.05,"Out = Farrell to Sheffield no.2 220kV line, Farrell bus split, limit John Butters, Bastyan and Mackintosh to less than 110% West Coast load","OUTAGE","OTHER","Sheffield E 220kV BUS; Sheffield Farrell 1 220kV LINE","REGULATED","INCLUDED",null,"PLANNED",1]
[1043,"TASNETWORKSV5_20230126103852","2021-10-05T09:20:00","T_T_FASH2_1","T-FASH2_CP2_S1","2019-11-26",1,-24.899909999999998,"Out = Farrell to Sheffield no.2 220kV line, Farrell bus split, limit John Butters, Bastyan and Mackintosh to less than 110% West Coast load","OUTAGE","OTHER","Sheffield E 220kV BUS; Sheffield Farrell 1 220kV LINE","REGULATED","INCLUDED",null,"PLANNED",1]
[1044,"TASNETWORKSV5_20230126103852","2021-10-05T09:25:00","T_T_FASH2_1","T-FASH2_CP2_S1","2019-11-26",1,-24.05,"Out = Farrell to Sheffield no.2 220kV line, Farrell bus split, limit John Butters, Bastyan and Mackintosh to less than 110% West Coast load","OUTAGE","OTHER","Sheffield E 220kV BUS; Sheffield Farrell 1 220kV LINE","REGULATED","INCLUDED",null,"PLANNED",1]
[1045,"TASNETWORKSV5_20230126103852","2021-10-05T09:30:00","T_T_FASH2_1","T-FASH2_CP2_S1","2019-11-26",1,-24.13,"Out = Farrell to Sheffield no.2 220kV line, Farrell bus split, limit John Butters, Bastyan and Mackintosh to less than 110% West Coast load","OUTAGE","OTHER","Sheffield E 220kV BUS; Sheffield Farrell 1 220kV LINE","REGULATED","INCLUDED",null,"PLANNED",1]
[1046,"TASNETWORKSV5_20230126103852","2021-10-05T09:35:00","T_T_FASH2_1","T-FASH2_CP2_S1","2019-11-26",1,-38.57029,"Out = Farrell to Sheffield no.2 220kV line, Farrell bus split, limit John Butters, Bastyan and Mackintosh to less than 110% West Coast load","OUTAGE","OTHER","Sheffield E 220kV BUS; Sheffield Farrell 1 220kV LINE","REGULATED","INCLUDED",null,"PLANNED",1]
[1047,"TASNETWORKSV5_20230126103852","2021-10-05T09:40:00","T_T_FASH2_1","T-FASH2_CP2_S1","2019-11-26",1,-33.341670000000001,"Out = Farrell to Sheffield no.2 220kV line, Farrell bus split, limit John Butters, Bastyan and Mackintosh to less than 110% West Coast load","OUTAGE","OTHER","Sheffield E 220kV BUS; Sheffield Farrell 1 220kV LINE","REGULATED","INCLUDED",null,"PLANNED",1]
[1048,"TASNETWORKSV5_20230126103852","2021-10-05T09:45:00","T_T_FASH2_1","T-FASH2_CP2_S1","2019-11-26",1,-24.13,"Out = Farrell to Sheffield no.2 220kV line, Farrell bus split, limit John Butters, Bastyan and Mackintosh to less than 110% West Coast load","OUTAGE","OTHER","Sheffield E 220kV BUS; Sheffield Farrell 1 220kV LINE","REGULATED","INCLUDED",null,"PLANNED",1]
[1049,"TASNETWORKSV5_20230126103852","2021-10-05T09:50:00","T_T_FASH2_1","T-FASH2_CP2_S1","2019-11-26",1,-24.626349999999999,"Out = Farrell to Sheffield no.2 220kV line, Farrell bus split, limit John Butters, Bastyan and Mackintosh to less than 110% West Coast load","OUTAGE","OTHER","Sheffield E 220kV BUS; Sheffield Farrell 1 220kV LINE","REGULATED","INCLUDED",null,"PLANNED",1]
[1050,"TASNETWORKSV5_20230126103852","2021-10-05T09:55:00","T_T_FASH2_1","T-FASH2_CP2_S1","2019-11-26",1,-57.070349999999998,"Out = Farrell to Sheffield no.2 220kV line, Farrell bus split, limit John Butters, Bastyan and Mackintosh to less than 110% West Coast load","OUTAGE","OTHER","Sheffield E 220kV BUS; Sheffield Farrell 1 220kV LINE","REGULATED","INCLUDED",null,"PLANNED",1]
[1051,"TASNETWORKSV5_20230126103852","2021-10-05T10:00:00","T_T_FASH2_1","T-FASH2_CP2_S1","2019-11-26",1,-57.127560000000003,"Out = Farrell to Sheffield no.2 220kV line, Farrell bus split, limit John Butters, Bastyan and Mackintosh to less than 110% West Coast load","OUTAGE","OTHER","Sheffield E 220kV BUS; Sheffield Farrell 1 220kV LINE","REGULATED","INCLUDED",null,"PLANNED",1]
[1052,"TASNETWORKSV5_20230126103852","2021-10-05T10:05:00","T_T_FASH2_1","T-FASH2_CP2_S1","2019-11-26",1,-57.098959999999998,"Out = Farrell to Sheffield no.2 220kV line, Farrell bus split, limit John Butters, Bastyan and Mackintosh to less than 110% West Coast load","OUTAGE","OTHER","Sheffield E 220kV BUS; Sheffield Farrell 1 220kV LINE","REGULATED","INCLUDED",null,"PLANNED",1]
[1053,"TASNETWORKSV5_20230126103852","2021-10-05T10:10:00","T_T_FASH2_1","T-FASH2_CP2_S1","2019-11-26",1,-67.63,"Out = Farrell to Sheffield no.2 220kV line, Farrell bus split, limit John Butters, Bastyan and Mackintosh to less than 110% West Coast load","OUTAGE","OTHER","Sheffield E 220kV BUS; Sheffield Farrell 1 220kV LINE","REGULATED","INCLUDED",null,"PLANNED",1]
[1054,"TASNETWORKSV5_20230126103852","2021-10-05T10:15:00","T_T_FASH2_1","T-FASH2_CP2_S1","2019-11-26",1,-67.63,"Out = Farrell to Sheffield no.2 220kV line, Farrell bus split, limit John Butters, Bastyan and Mackintosh to less than 110% West Coast load","OUTAGE","OTHER","Sheffield E 220kV BUS; Sheffield Farrell 1 220kV LINE","REGULATED","INCLUDED",null,"PLANNED",1]
[1055,"TASNETWORKSV5_20230126103852","2021-10-05T10:20:00","F_T+FASH2_C_TG_R6","F-T-FASH_2_C","2019-11-26",2,16.263780000000001,"Out= Farrell to Sheffield No.2 220kV line, Farrell 220kV bus split, Granville Harbour + Reece 1&2 + Tribute supplying Sheffield, Tasmania Raise 6 sec requirement for loss of the remaining Farrell to Sheffield line, Basslink unable to transfer FCAS","OUTAGE","FCAS","Sheffield E 220kV BUS; Sheffield Farrell 1 220kV LINE","REGULATED","INCLUDED",null,"PLANNED",1]
[1056,"TASNETWORKSV5_20230126103852","2021-10-05T10:20:00","T_T_FASH2_1","T-FASH2_CP2_S1","2019-11-26",1,-56.597070000000002,"Out = Farrell to Sheffield no.2 220kV line, Farrell bus split, limit John Butters, Bastyan and Mackintosh to less than 110% West Coast load","OUTAGE","OTHER","Sheffield E 220kV BUS; Sheffield Farrell 1 220kV LINE","REGULATED","INCLUDED",null,"PLANNED",1]
[1057,"TASNETWORKSV5_20230126103852","2021-10-05T10:25:00","F_T+FASH2_C_TG_R6","F-T-FASH_2_C","2019-11-26",2,38932.9,"Out= Farrell to Sheffield No.2 220kV line, Farrell 220kV bus split, Granville Harbour + Reece 1&2 + Tribute supplying Sheffield, Tasmania Raise 6 sec requirement for loss of the remaining Farrell to Sheffield line, Basslink unable to transfer FCAS","OUTAGE","FCAS","Sheffield E 220kV BUS; Sheffield Farrell 1 220kV LINE","REGULATED","INCLUDED",null,"PLANNED",1]
[1058,"TASNETWORKSV5_20230126103852","2021-10-05T10:25:00","T_T_FASH2_2","T-FASH2_CP2_S1","2019-11-26",1,2028.49569,"Out = Farrell to Sheffield no.2 220kV line, Farrell bus split, limit John Butters, Bastyan and Mackintosh to greater than 90% West Coast load","OUTAGE","OTHER","Sheffield E 220kV BUS; Sheffield Farrell 1 220kV LINE","REGULATED","INCLUDED",null,"PLANNED",1]
[1059,"TASNETWORKSV5_20230126103852","2021-10-05T10:30:00","T_T_FASH2_1","T-FASH2_CP2_S1","2019-11-26",1,-67.63,"Out = Farrell to Sheffield no.2 220kV line, Farrell bus split, limit John Butters, Bastyan and Mackintosh to less than 110% West Coast load","OUTAGE","OTHER","Sheffield E 220kV BUS; Sheffield Farrell 1 220kV LINE","REGULATED","INCLUDED",null,"PLANNED",1]
[1060,"TASNETWORKSV5_20230126103852","2021-10-05T10:35:00","T_T_FASH2_1","T-FASH2_CP2_S1","2019-11-26",1,-57.470269999999999,"Out = Farrell to Sheffield no.2 220kV line, Farrell bus split, limit John Butters, Bastyan and Mackintosh to less than 110% West Coast load","OUTAGE","OTHER","Sheffield E 220kV BUS; Sheffield Farrell 1 220kV LINE","REGULATED","INCLUDED",null,"PLANNED",1]
[1061,"TASNETWORKSV5_20230126103852","2021-10-05T10:40:00","T_T_FASH2_1","T-FASH2_CP2_S1","2019-11-26",1,-43.58,"Out = Farrell to Sheffield no.2 220kV line, Farrell bus split, limit John Butters, Bastyan and Mackintosh to less than 110% West Coast load","OUTAGE","OTHER","Sheffield E 220kV BUS; Sheffield Farrell 1 220kV LINE","REGULATED","INCLUDED",null,"PLANNED",1]
[1062,"TASNETWORKSV5_20230126103852","2021-10-05T10:45:00","T_T_FASH2_1","T-FASH2_CP2_S1","2019-11-26",1,-51.211779999999997,"Out = Farrell to Sheffield no.2 220kV line, Farrell bus split, limit John Butters, Bastyan and Mackintosh to less than 110% West Coast load","OUTAGE","OTHER","Sheffield E 220kV BUS; Sheffield Farrell 1 220kV LINE","REGULATED","INCLUDED",null,"PLANNED",1]
[1063,"TASNETWORKSV5_20230126103852","2021-10-05T10:50:00","T_T_FASH2_1","T-FASH2_CP2_S1","2019-11-26",1,-47.048670000000001,"Out = Farrell to Sheffield no.2 220kV line, Farrell bus split, limit John Butters, Bastyan and Mackintosh to less than 110% West Coast load","OUTAGE","OTHER","Sheffield E 220kV BUS; Sheffield Farrell 1 220kV LINE","REGULATED","INCLUDED",null,"PLANNED",1]
[1064,"TASNETWORKSV5_20230126103852","2021-10-05T10:55:00","T_T_FASH2_1","T-FASH2_CP2_S1","2019-11-26",1,-43.518830000000001,"Out = Farrell to Sheffield no.2 220kV line, Farrell bus split, limit John Butters, Bastyan and Mackintosh to less than 110% West Coast load","OUTAGE","OTHER","Sheffield E 220kV BUS; Sheffield Farrell 1 220kV LINE","REGULATED","INCLUDED",null,"PLANNED",1]
[1065,"TASNETWORKSV5_20230126103852","2021-10-05T11:00:00","T_T_FASH2_1","T-FASH2_CP2_S1","2019-11-26",1,-40.544910000000002,"Out = Farrell to Sheffield no.2 220kV line, Farrell bus split, limit John Butters, Bastyan and Mackintosh to less than 110% West Coast load","OUTAGE","OTHER","Sheffield E 220kV BUS; Sheffield Farrell 1 220kV LINE","REGULATED","INCLUDED",null,"PLANNED",1]
[1066,"TASNETWORKSV5_20230126103852","2021-10-05T11:05:00","T_T_FASH2_1","T-FASH2_CP2_S1","2019-11-26",1,-33.98901,"Out = Farrell to Sheffield no.2 220kV line, Farrell bus split, limit John Butters, Bastyan and Mackintosh to less than 110% West Coast load","OUTAGE","OTHER","Sheffield E 220kV BUS; Sheffield Farrell 1 220kV LINE","REGULATED","INCLUDED",null,"PLANNED",1]
[1067,"TASNETWORKSV5_20230126103852","2021-10-05T11:10:00","T_T_FASH2_1","T-FASH2_CP2_S1","2019-11-26",1,-38.729930000000003,"Out = Farrell to Sheffield no.2 220kV line, Farrell bus split, limit John Butters, Bastyan and Mackintosh to less than 110% West Coast load","OUTAGE","OTHER","Sheffield E 220kV BUS; Sheffield Farrell 1 220kV LINE","REGULATED","INCLUDED",null,"PLANNED",1]
[1068,"TASNETWORKSV5_20230126103852","2021-10-05T11:15:00","T_T_FASH2_1","T-FASH2_CP2_S1","2019-11-26",1,-38.048479999999998,"Out = Farrell to Sheffield no.2 220kV line, Farrell bus split, limit John Butters, Bastyan and Mackintosh to less than 110% West Coast load","OUTAGE","OTHER","Sheffield E 220kV BUS; Sheffield Farrell 1 220kV LINE","REGULATED","INCLUDED",null,"PLANNED",1]
[1069,"TASNETWORKSV5_20230126103852","2021-10-05T11:20:00","T_T_FASH2_1","T-FASH2_CP2_S1","2019-11-26",1,-44.33502,"Out = Farrell to Sheffield no.2 220kV line, Farrell bus split, limit John Butters, Bastyan and Mackintosh to less than 110% West Coast load","OUTAGE","OTHER","Sheffield E 220kV BUS; Sheffield Farrell 1 220kV LINE","REGULATED","INCLUDED",null,"PLANNED",1]
[1070,"TASNETWORKSV5_20230126103852","2021-10-05T11:25:00","T_T_FASH2_1","T-FASH2_CP2_S1","2019-11-26",1,-45.382599999999996,"Out = Farrell to Sheffield no.2 220kV line, Farrell bus split, limit John Butters, Bastyan and Mackintosh to less than 110% West Coast load","OUTAGE","OTHER","Sheffield E 220kV BUS; Sheffield Farrell 1 220kV LINE","REGULATED","INCLUDED",null,"PLANNED",1]
[1071,"TASNETWORKSV5_20230126103852","2021-10-05T11:30:00","T_T_FASH2_1","T-FASH2_CP2_S1","2019-11-26",1,-47.989109999999997,"Out = Farrell to Sheffield no.2 220kV line, Farrell bus split, limit John Butters, Bastyan and Mackintosh to less than 110% West Coast load","OUTAGE","OTHER","Sheffield E 220kV BUS; Sheffield Farrell 1 220kV LINE","REGULATED","INCLUDED",null,"PLANNED",1]
[1072,"TASNETWORKSV5_20230126103852","2021-10-05T11:35:00","T_T_FASH2_1","T-FASH2_CP2_S1","2019-11-26",1,-44.319600000000001,"Out = Farrell to Sheffield no.2 220kV line, Farrell bus split, limit John Butters, Bastyan and Mackintosh to less than 110% West Coast load","OUTAGE","OTHER","Sheffield E 220kV BUS; Sheffield Farrell 1 220kV LINE","REGULATED","INCLUDED",null,"PLANNED",1]
[1073,"TASNETWORKSV5_20230126103852","2021-10-05T11:40:00","T_T_FASH2_1","T-FASH2_CP2_S1","2019-11-26",1,-44.059690000000003,"Out = Farrell to Sheffield no.2 220kV line, Farrell bus split, limit John Butters, Bastyan and Mackintosh to less than 110% West Coast load","OUTAGE","OTHER","Sheffield E 220kV BUS; Sheffield Farrell 1 220kV LINE","REGULATED","INCLUDED",null,"PLANNED",1]
[1074,"TASNETWORKSV5_20230126103852","2021-10-05T11:45:00","T_T_FASH2_1","T-FASH2_CP2_S1","2019-11-26",1,-49.589109999999998,"Out = Farrell to Sheffield no.2 220kV line, Farrell bus split, limit John Butters, Bastyan and Mackintosh to less than 110% West Coast load","OUTAGE","OTHER","Sheffield E 220kV BUS; Sheffield Farrell 1 220kV LINE","REGULATED","INCLUDED",null,"PLANNED",1]
[1075,"TASNETWORKSV5_20230126103852","2021-10-05T11:50:00","T_T_FASH2_1","T-FASH2_CP2_S1","2019-11-26",1,-49.224159999999998,"Out = Farrell to Sheffield no.2 220kV line, Farrell bus split, limit John Butters, Bastyan and Mackintosh to less than 110% West Coast load","OUTAGE","OTHER","Sheffield E 220kV BUS; Sheffield Farrell 1 220kV LINE","REGULATED","INCLUDED",null,"PLANNED",1]
[1076,"TASNETWORKSV5_20230126103852","2021-10-05T11:55:00","T_T_FASH2_1","T-FASH2_CP2_S1","2019-11-26",1,-41.887050000000002,"Out = Farrell to Sheffield no.2 220kV line, Farrell bus split, limit John Butters, Bastyan and Mackintosh to less than 110% West Coast load","OUTAGE","OTHER","Sheffield E 220kV BUS; Sheffield Farrell 1 220kV LINE","REGULATED","INCLUDED",null,"PLANNED",1]
[1077,"TASNETWORKSV5_20230126103852","2021-10-05T12:00:00","T_T_FASH2_1","T-FASH2_CP2_S1","2019-11-26",1,-46.046230000000001,"Out = Farrell to Sheffield no.2 220kV line, Farrell bus split, limit John Butters, Bastyan and Mackintosh to less than 110% West Coast load","OUTAGE","OTHER","Sheffield E 220kV BUS; Sheffield Farrell 1 220kV LINE","REGULATED","INCLUDED",null,"PLANNED",1]
[1078,"TASNETWORKSV5_20230126103852","2021-10-05T12:05:00","T_T_FASH2_1","T-FASH2_CP2_S1","2019-11-26",1,-54.530619999999999,"Out = Farrell to Sheffield no.2 220kV line, Farrell bus split, limit John Butters, Bastyan and Mackintosh to less than 110% West Coast load","OUTAGE","OTHER","Sheffield E 220kV BUS; Sheffield Farrell 1 220kV LINE","REGULATED","INCLUDED",null,"PLANNED",1]
[1079,"TASNETWORKSV5_20230126103852","2021-10-05T12:10:00","T_T_FASH2_1","T-FASH2_CP2_S1","2019-11-26",1,-43.6,"Out = Farrell to Sheffield no.2 220kV line, Farrell bus split, limit John Butters, Bastyan and Mackintosh to less than 110% West Coast load","OUTAGE","OTHER","Sheffield E 220kV BUS; Sheffield Farrell 1 220kV LINE","REGULATED","INCLUDED",null,"PLANNED",1]
[1080,"TASNETWORKSV5_20230126103852","2021-10-05T12:15:00","T_T_FASH2_1","T-FASH2_CP2_S1","2019-11-26",1,-55.592500000000001,"Out = Farrell to Sheffield no.2 220kV line, Farrell bus split, limit John Butters, Bastyan and Mackintosh to less than 110% West Coast load","OUTAGE","OTHER","Sheffield E 220kV BUS; Sheffield Farrell 1 220kV LINE","REGULATED","INCLUDED",null,"PLANNED",1]
[1081,"TASNETWORKSV5_20230126103852","2021-10-05T12:20:00","T_T_FASH2_1","T-FASH2_CP2_S1","2019-11-26",1,-35.4238,"Out = Farrell to Sheffield no.2 220kV line, Farrell bus split, limit John Butters, Bastyan and Mackintosh to less than 110% West Coast load","OUTAGE","OTHER","Sheffield E 220kV BUS; Sheffield Farrell 1 220kV LINE","REGULATED","INCLUDED",null,"PLANNED",1]
[1082,"TASNETWORKSV5_20230126103852","2021-10-05T12:25:00","T_T_FASH2_1","T-FASH2_CP2_S1","2019-11-26",1,-38.27111,"Out = Farrell to Sheffield no.2 220kV line, Farrell bus split, limit John Butters, Bastyan and Mackintosh to less than 110% West Coast load","OUTAGE","OTHER","Sheffield E 220kV BUS; Sheffield Farrell 1 220kV LINE","REGULATED","INCLUDED",null,"PLANNED",1]
[1083,"TASNETWORKSV5_20230126103852","2021-10-05T12:30:00","T_T_FASH2_1","T-FASH2_CP2_S1","2019-11-26",1,-43.497920000000001,"Out = Farrell to Sheffield no.2 220kV line, Farrell bus split, limit John Butters, Bastyan and Mackintosh to less than 110% West Coast load","OUTAGE","OTHER","Sheffield E 220kV BUS; Sheffield Farrell 1 220kV LINE","REGULATED","INCLUDED",null,"PLANNED",1]
[1084,"TASNETWORKSV5_20230126103852","2021-10-05T12:35:00","T_T_FASH2_1","T-FASH2_CP2_S1","2019-11-26",1,-46.936250000000001,"Out = Farrell to Sheffield no.2 220kV line, Farrell bus split, limit John Butters, Bastyan and Mackintosh to less than 110% West Coast load","OUTAGE","OTHER","Sheffield E 220kV BUS; Sheffield Farrell 1 220kV LINE","REGULATED","INCLUDED",null,"PLANNED",1]
[1085,"TASNETWORKSV5_20230126103852","2021-10-05T12:40:00","T_T_FASH2_1","T-FASH2_CP2_S1","2019-11-26",1,-37.765839999999997,"Out = Farrell to Sheffield no.2 220kV line, Farrell bus split, limit John Butters, Bastyan and Mackintosh to less than 110% West Coast load","OUTAGE","OTHER","Sheffield E 220kV BUS; Sheffield Farrell 1 220kV LINE","REGULATED","INCLUDED",null,"PLANNED",1]
[1086,"TASNETWORKSV5_20230126103852","2021-10-05T12:45:00","T_T_FASH2_1","T-FASH2_CP2_S1","2019-11-26",1,-42.933729999999997,"Out = Farrell to Sheffield no.2 220kV line, Farrell bus split, limit John Butters, Bastyan and Mackintosh to less than 110% West Coast load","OUTAGE","OTHER","Sheffield E 220kV BUS; Sheffield Farrell 1 220kV LINE","REGULATED","INCLUDED",null,"PLANNED",1]
[1087,"TASNETWORKSV5_20230126103852","2021-10-05T12:50:00","T_T_FASH2_1","T-FASH2_CP2_S1","2019-11-26",1,-36.6,"Out = Farrell to Sheffield no.2 220kV line, Farrell bus split, limit John Butters, Bastyan and Mackintosh to less than 110% West Coast load","OUTAGE","OTHER","Sheffield E 220kV BUS; Sheffield Farrell 1 220kV LINE","REGULATED","INCLUDED",null,"PLANNED",1]
[1088,"TASNETWORKSV5_20230126103852","2021-10-05T12:55:00","T_T_FASH2_1","T-FASH2_CP2_S1","2019-11-26",1,-37.292900000000003,"Out = Farrell to Sheffield no.2 220kV line, Farrell bus split, limit John Butters, Bastyan and Mackintosh to less than 110% West Coast load","OUTAGE","OTHER","Sheffield E 220kV BUS; Sheffield Farrell 1 220kV LINE","REGULATED","INCLUDED",null,"PLANNED",1]
[1089,"TASNETWORKSV5_20230126103852","2021-10-05T13:00:00","T_T_FASH2_1","T-FASH2_CP2_S1","2019-11-26",1,-36.6,"Out = Farrell to Sheffield no.2 220kV line, Farrell bus split, limit John Butters, Bastyan and Mackintosh to less than 110% West Coast load","OUTAGE","OTHER","Sheffield E 220kV BUS; Sheffield Farrell 1 220kV LINE","REGULATED","INCLUDED",null,"PLANNED",1]
[1090,"TASNETWORKSV5_20230126103852","2021-10-05T13:05:00","T_T_FASH2_1","T-FASH2_CP2_S1","2019-11-26",1,-36.213329999999999,"Out = Farrell to Sheffield no.2 220kV line, Farrell bus split, limit John Butters, Bastyan and Mackintosh to less than 110% West Coast load","OUTAGE","OTHER","Sheffield E 220kV BUS; Sheffield Farrell 1 220kV LINE","REGULATED","INCLUDED",null,"PLANNED",1]
[1091,"TASNETWORKSV5_20230126103852","2021-10-05T13:10:00","T_T_FASH2_1","T-FASH2_CP2_S1","2019-11-26",1,-37.085990000000002,"Out = Farrell to Sheffield no.2 220kV line, Farrell bus split, limit John Butters, Bastyan and Mackintosh to less than 110% West Coast load","OUTAGE","OTHER","Sheffield E 220kV BUS; Sheffield Farrell 1 220kV LINE","REGULATED","INCLUDED",null,"PLANNED",1]
[1092,"TASNETWORKSV5_20230126103852","2021-10-05T13:15:00","T_T_FASH2_1","T-FASH2_CP2_S1","2019-11-26",1,-44.524639999999998,"Out = Farrell to Sheffield no.2 220kV line, Farrell bus split, limit John Butters, Bastyan and Mackintosh to less than 110% West Coast load","OUTAGE","OTHER","Sheffield E 220kV BUS; Sheffield Farrell 1 220kV LINE","REGULATED","INCLUDED",null,"PLANNED",1]
[1093,"TASNETWORKSV5_20230126103852","2021-10-05T13:20:00","T_T_FASH2_1","T-FASH2_CP2_S1","2019-11-26",1,-38.04224,"Out = Farrell to Sheffield no.2 220kV line, Farrell bus split, limit John Butters, Bastyan and Mackintosh to less than 110% West Coast load","OUTAGE","OTHER","Sheffield E 220kV BUS; Sheffield Farrell 1 220kV LINE","REGULATED","INCLUDED",null,"PLANNED",1]
[1094,"TASNETWORKSV5_20230126103852","2021-10-05T13:25:00","T_T_FASH2_1","T-FASH2_CP2_S1","2019-11-26",1,-36.014919999999996,"Out = Farrell to Sheffield no.2 220kV line, Farrell bus split, limit John Butters, Bastyan and Mackintosh to less than 110% West Coast load","OUTAGE","OTHER","Sheffield E 220kV BUS; Sheffield Farrell 1 220kV LINE","REGULATED","INCLUDED",null,"PLANNED",1]
[1095,"TASNETWORKSV5_20230126103852","2021-10-05T13:30:00","T_T_FASH2_1","T-FASH2_CP2_S1","2019-11-26",1,-37.843980000000002,"Out = Farrell to Sheffield no.2 220kV line, Farrell bus split, limit John Butters, Bastyan and Mackintosh to less than 110% West Coast load","OUTAGE","OTHER","Sheffield E 220kV BUS; Sheffield Farrell 1 220kV LINE","REGULATED","INCLUDED",null,"PLANNED",1]
[1096,"TASNETWORKSV5_20230126103852","2021-10-05T13:35:00","T_T_FASH2_1","T-FASH2_CP2_S1","2019-11-26",1,-36.6,"Out = Farrell to Sheffield no.2 220kV line, Farrell bus split, limit John Butters, Bastyan and Mackintosh to less than 110% West Coast load","OUTAGE","OTHER","Sheffield E 220kV BUS; Sheffield Farrell 1 220kV LINE","REGULATED","INCLUDED",null,"PLANNED",1]
[1097,"TASNETWORKSV5_20230126103852","2021-10-05T13:40:00","T_T_FASH2_1","T-FASH2_CP2_S1","2019-11-26",1,-35.413330000000002,"Out = Farrell to Sheffield no.2 220kV line, Farrell bus split, limit John Butters, Bastyan and Mackintosh to less than 110% West Coast load","OUTAGE","OTHER","Sheffield E 220kV BUS; Sheffield Farrell 1 220kV LINE","REGULATED","INCLUDED",null,"PLANNED",1]
[1098,"TASNETWORKSV5_20230126103852","2021-10-05T13:45:00","T_T_FASH2_1","T-FASH2_CP2_S1","2019-11-26",1,-36.6,"Out = Farrell to Sheffield no.2 220kV line, Farrell bus split, limit John Butters, Bastyan and Mackintosh to less than 110% West Coast load","OUTAGE","OTHER","Sheffield E 220kV BUS; Sheffield Farrell 1 220kV LINE","REGULATED","INCLUDED",null,"PLANNED",1]
[1099,"TASNETWORKSV5_20230126103852","2021-10-05T13:55:00","T_T_FASH2_1","T-FASH2_CP2_S1","2019-11-26",1,-36.6,"Out = Farrell to Sheffield no.2 220kV line, Farrell bus split, limit John Butters, Bastyan and Mackintosh to less than 110% West Coast load","OUTAGE","OTHER","Sheffield E 220kV BUS; Sheffield Farrell 1 220kV LINE","REGULATED","INCLUDED",null,"PLANNED",1]
[1100,"TASNETWORKSV5_20230126103852","2021-10-05T14:00:00","T_T_FASH2_1","T-FASH2_CP2_S1","2019-11-26",1,-36.363379999999999,"Out = Farrell to Sheffield no.2 220kV line, Farrell bus split, limit John Butters, Bastyan and Mackintosh to less than 110% West Coast load","OUTAGE","OTHER","Sheffield E 220kV BUS; Sheffield Farrell 1 220kV LINE","REGULATED","INCLUDED",null,"PLANNED",1]
[1101,"TASNETWORKSV5_20230126103852","2021-10-08T09:35:00","T>T_GTSH_IMP_4K","T-GTSH","2021-10-08",1,-92.77,"Out = Sheffield to Georgetown 220 kV line, avoid O/L Palmerston to Sheffield 220 kV line (flow to Palmerston) for trip of remaining Sheffield to Georgetown 220 kV line with no NCSPS action, feedback","OUTAGE","OTHER","Sheffield GeorgeTown 1 220kV LINE","REGULATED","INCLUDED",null,"PLANNED",1]
[1102,"TASNETWORKSV5_20230126103852","2021-10-08T09:40:00","T>T_GTSH_IMP_4K","T-GTSH","2021-10-08",1,-92.77,"Out = Sheffield to Georgetown 220 kV line, avoid O/L Palmerston to Sheffield 220 kV line (flow to Palmerston) for trip of remaining Sheffield to Georgetown 220 kV line with no NCSPS action, feedback","OUTAGE","OTHER","Sheffield GeorgeTown 1 220kV LINE","REGULATED","INCLUDED",null,"PLANNED",1]
[1103,"TASNETWORKSV5_20230126103852","2021-10-08T09:45:00","T>T_GTSH_IMP_4K","T-GTSH","2021-10-08",1,-92.78,"Out = Sheffield to Georgetown 220 kV line, avoid O/L Palmerston to Sheffield 220 kV line (flow to Palmerston) for trip of remaining Sheffield to Georgetown 220 kV line with no NCSPS action, feedback","OUTAGE","OTHER","Sheffield GeorgeTown 1 220kV LINE","REGULATED","INCLUDED",null,"PLANNED",1]
[1104,"TASNETWORKSV5_20230126103852","2021-10-08T09:50:00","T>T_GTSH_IMP_4K","T-GTSH","2021-10-08",1,-92.77,"Out = Sheffield to Georgetown 220 kV line, avoid O/L Palmerston to Sheffield 220 kV line (flow to Palmerston) for trip of remaining Sheffield to Georgetown 220 kV line with no NCSPS action, feedback","OUTAGE","OTHER","Sheffield GeorgeTown 1 220kV LINE","REGULATED","INCLUDED",null,"PLANNED",1]
[1105,"TASNETWORKSV5_20230126103852","2021-10-08T09:55:00","T>T_GTSH_IMP_4K","T-GTSH","2021-10-08",1,-92.77,"Out = Sheffield to Georgetown 220 kV line, avoid O/L Palmerston to Sheffield 220 kV line (flow to Palmerston) for trip of remaining Sheffield to Georgetown 220 kV line with no NCSPS action, feedback","OUTAGE","OTHER","Sheffield GeorgeTown 1 220kV LINE","REGULATED","INCLUDED",null,"PLANNED",1]
[1106,"TASNETWORKSV5_20230126103852","2021-10-08T10:00:00","T>T_GTSH_IMP_4K","T-GTSH","2021-10-08",1,-49.25,"Out = Sheffield to Georgetown 220 kV line, avoid O/L Palmerston to Sheffield 220 kV line (flow to Palmerston) for trip of remaining Sheffield to Georgetown 220 kV line with no NCSPS action, feedback","OUTAGE","OTHER","Sheffield GeorgeTown 1 220kV LINE","REGULATED","INCLUDED",null,"PLANNED",1]
[1107,"TASNETWORKSV5_20230126103852","2021-10-08T10:05:00","T>T_GTSH_IMP_4K","T-GTSH","2021-10-08",1,-49.213140000000003,"Out = Sheffield to Georgetown 220 kV line, avoid O/L Palmerston to Sheffield 220 kV line (flow to Palmerston) for trip of remaining Sheffield to Georgetown 220 kV line with no NCSPS action, feedback","OUTAGE","OTHER","Sheffield GeorgeTown 1 220kV LINE","REGULATED","INCLUDED",null,"PLANNED",1]
[1108,"TASNETWORKSV5_20230126103852","2021-10-08T10:10:00","T>T_GTSH_IMP_4K","T-GTSH","2021-10-08",1,-49.25,"Out = Sheffield to Georgetown 220 kV line, avoid O/L Palmerston to Sheffield 220 kV line (flow to Palmerston) for trip of remaining Sheffield to Georgetown 220 kV line with no NCSPS action, feedback","OUTAGE","OTHER","Sheffield GeorgeTown 1 220kV LINE","REGULATED","INCLUDED",null,"PLANNED",1]
[1109,"TASNETWORKSV5_20230126103852","2021-10-08T10:15:00","T>T_GTSH_IMP_4K","T-GTSH","2021-10-08",1,-49.25,"Out = Sheffield to Georgetown 220 kV line, avoid O/L Palmerston to Sheffield 220 kV line (flow to Palmerston) for trip of remaining Sheffield to Georgetown 220 kV line with no NCSPS action, feedback","OUTAGE","OTHER","Sheffield GeorgeTown 1 220kV LINE","REGULATED","INCLUDED",null,"PLANNED",1]
[1110,"TASNETWORKSV5_20230126103852","2021-10-08T10:20:00","T>T_GTSH_IMP_4K","T-GTSH","2021-10-08",1,-49.25,"Out = Sheffield to Georgetown 220 kV line, avoid O/L Palmerston to Sheffield 220 kV line (flow to Palmerston) for trip of remaining Sheffield to Georgetown 220 kV line with no NCSPS action, feedback","OUTAGE","OTHER","Sheffield GeorgeTown 1 220kV LINE","REGULATED","INCLUDED",null,"PLANNED",1]
[1111,"TASNETWORKSV5_20230126103852","2021-10-08T10:25:00","T>T_GTSH_IMP_4K","T-GTSH","2021-10-08",1,-49.25,"Out = Sheffield to Georgetown 220 kV line, avoid O/L Palmerston to Sheffield 220 kV line (flow to Palmerston) for trip of remaining Sheffield to Georgetown 220 kV line with no NCSPS action, feedback","OUTAGE","OTHER","Sheffield GeorgeTown 1 220kV LINE","REGULATED","INCLUDED",null,"PLANNED",1]
[1112,"TASNETWORKSV5_20230126103852","2021-10-08T10:30:00","T>T_GTSH_IMP_4K","T-GTSH","2021-10-08",1,-92.77,"Out = Sheffield to Georgetown 220 kV line, avoid O/L Palmerston to Sheffield 220 kV line (flow to Palmerston) for trip of remaining Sheffield to Georgetown 220 kV line with no NCSPS action, feedback","OUTAGE","OTHER","Sheffield GeorgeTown 1 220kV LINE","REGULATED","INCLUDED",null,"PLANNED",1]
[1113,"TASNETWORKSV5_20230126103852","2021-10-08T10:35:00","T>T_GTSH_IMP_4K","T-GTSH","2021-10-08",1,-49.25,"Out = Sheffield to Georgetown 220 kV line, avoid O/L Palmerston to Sheffield 220 kV line (flow to Palmerston) for trip of remaining Sheffield to Georgetown 220 kV line with no NCSPS action, feedback","OUTAGE","OTHER","Sheffield GeorgeTown 1 220kV LINE","REGULATED","INCLUDED",null,"PLANNED",1]
[1114,"TASNETWORKSV5_20230126103852","2021-10-08T10:40:00","T>T_GTSH_IMP_4K","T-GTSH","2021-10-08",1,-49.25,"Out = Sheffield to Georgetown 220 kV line, avoid O/L Palmerston to Sheffield 220 kV line (flow to Palmerston) for trip of remaining Sheffield to Georgetown 220 kV line with no NCSPS action, feedback","OUTAGE","OTHER","Sheffield GeorgeTown 1 220kV LINE","REGULATED","INCLUDED",null,"PLANNED",1]
[1115,"TASNETWORKSV5_20230126103852","2021-10-08T10:45:00","T>T_GTSH_IMP_4K","T-GTSH","2021-10-08",1,-49.25,"Out = Sheffield to Georgetown 220 kV line, avoid O/L Palmerston to Sheffield 220 kV line (flow to Palmerston) for trip of remaining Sheffield to Georgetown 220 kV line with no NCSPS action, feedback","OUTAGE","OTHER","Sheffield GeorgeTown 1 220kV LINE","REGULATED","INCLUDED",null,"PLANNED",1]
[1116,"TASNETWORKSV5_20230126103852","2021-10-08T10:50:00","T>T_GTSH_IMP_4K","T-GTSH","2021-10-08",1,-49.25,"Out = Sheffield to Georgetown 220 kV line, avoid O/L Palmerston to Sheffield 220 kV line (flow to Palmerston) for trip of remaining Sheffield to Georgetown 220 kV line with no NCSPS action, feedback","OUTAGE","OTHER","Sheffield GeorgeTown 1 220kV LINE","REGULATED","INCLUDED",null,"PLANNED",1]
[1117,"TASNETWORKSV5_20230126103852","2021-11-02T08:05:00","T::T_HA_GT_PM_4","T-GTHA","2014-07-31",1,-30.08,"Out = Hadspen to George Town or Hadspen to Palmerston 220 kV line, prevent poorly damped TAS North - South oscillations following fault and trip of Palmerston to Sheffield 220 kV line, Tamar CCGT out of service.","OUTAGE","OTHER","Hadspen GeorgeTown 2 220kV LINE","REGULATED","INCLUDED",null,"PLANNED",1]
[1118,"TASNETWORKSV5_20230126103852","2021-11-02T08:10:00","T::T_HA_GT_PM_4","T-GTHA","2014-07-31",1,-30.1,"Out = Hadspen to George Town or Hadspen to Palmerston 220 kV line, prevent poorly damped TAS North - South oscillations following fault and trip of Palmerston to Sheffield 220 kV line, Tamar CCGT out of service.","OUTAGE","OTHER","Hadspen GeorgeTown 2 220kV LINE","REGULATED","INCLUDED",null,"PLANNED",1]
[1119,"TASNETWORKSV5_20230126103852","2021-11-02T08:15:00","T::T_HA_GT_PM_4","T-GTHA","2014-07-31",1,-30.1,"Out = Hadspen to George Town or Hadspen to Palmerston 220 kV line, prevent poorly damped TAS North - South oscillations following fault and trip of Palmerston to Sheffield 220 kV line, Tamar CCGT out of service.","OUTAGE","OTHER","Hadspen GeorgeTown 2 220kV LINE","REGULATED","INCLUDED",null,"PLANNED",1]
[1120,"TASNETWORKSV5_20230126103852","2021-11-02T08:20:00","T::T_HA_GT_PM_4","T-GTHA","2014-07-31",1,-30.1,"Out = Hadspen to George Town or Hadspen to Palmerston 220 kV line, prevent poorly damped TAS North - South oscillations following fault and trip of Palmerston to Sheffield 220 kV line, Tamar CCGT out of service.","OUTAGE","OTHER","Hadspen GeorgeTown 2 220kV LINE","REGULATED","INCLUDED",null,"PLANNED",1]
[1121,"TASNETWORKSV5_20230126103852","2021-11-02T08:25:00","T::T_HA_GT_PM_4","T-GTHA","2014-07-31",1,-40.498800000000003,"Out = Hadspen to George Town or Hadspen to Palmerston 220 kV line, prevent poorly damped TAS North - South oscillations following fault and trip of Palmerston to Sheffield 220 kV line, Tamar CCGT out of service.","OUTAGE","OTHER","Hadspen GeorgeTown 2 220kV LINE","REGULATED","INCLUDED",null,"PLANNED",1]
[1122,"TASNETWORKSV5_20230126103852","2021-11-02T08:30:00","T::T_HA_GT_PM_4","T-GTHA","2014-07-31",1,-41.895319999999998,"Out = Hadspen to George Town or Hadspen to Palmerston 220 kV line, prevent poorly damped TAS North - South oscillations following fault and trip of Palmerston to Sheffield 220 kV line, Tamar CCGT out of service.","OUTAGE","OTHER","Hadspen GeorgeTown 2 220kV LINE","REGULATED","INCLUDED",null,"PLANNED",1]
[1123,"TASNETWORKSV5_20230126103852","2021-11-02T08:35:00","T::T_HA_GT_PM_4","T-GTHA","2014-07-31",1,-36.166029999999999,"Out = Hadspen to George Town or Hadspen to Palmerston 220 kV line, prevent poorly damped TAS North - South oscillations following fault and trip of Palmerston to Sheffield 220 kV line, Tamar CCGT out of service.","OUTAGE","OTHER","Hadspen GeorgeTown 2 220kV LINE","REGULATED","INCLUDED",null,"PLANNED",1]
[1124,"TASNETWORKSV5_20230126103852","2021-11-02T08:40:00","T::T_HA_GT_PM_4","T-GTHA","2014-07-31",1,-49.081220000000002,"Out = Hadspen to George Town or Hadspen to Palmerston 220 kV line, prevent poorly damped TAS North - South oscillations following fault and trip of Palmerston to Sheffield 220 kV line, Tamar CCGT out of service.","OUTAGE","OTHER","Hadspen GeorgeTown 2 220kV LINE","REGULATED","INCLUDED",null,"PLANNED",1]
[1125,"TASNETWORKSV5_20230126103852","2021-11-02T08:45:00","T::T_HA_GT_PM_4","T-GTHA","2014-07-31",1,-49.01482,"Out = Hadspen to George Town or Hadspen to Palmerston 220 kV line, prevent poorly damped TAS North - South oscillations following fault and trip of Palmerston to Sheffield 220 kV line, Tamar CCGT out of service.","OUTAGE","OTHER","Hadspen GeorgeTown 2 220kV LINE","REGULATED","INCLUDED",null,"PLANNED",1]
[1126,"TASNETWORKSV5_20230126103852","2021-11-02T08:50:00","T::T_HA_GT_PM_4","T-GTHA","2014-07-31",1,-40.877070000000003,"Out = Hadspen to George Town or Hadspen to Palmerston 220 kV line, prevent poorly damped TAS North - South oscillations following fault and trip of Palmerston to Sheffield 220 kV line, Tamar CCGT out of service.","OUTAGE","OTHER","Hadspen GeorgeTown 2 220kV LINE","REGULATED","INCLUDED",null,"PLANNED",1]
[1127,"TASNETWORKSV5_20230126103852","2021-11-02T08:55:00","T::T_HA_GT_PM_4","T-GTHA","2014-07-31",1,-61.728879999999997,"Out = Hadspen to George Town or Hadspen to Palmerston 220 kV line, prevent poorly damped TAS North - South oscillations following fault and trip of Palmerston to Sheffield 220 kV line, Tamar CCGT out of service.","OUTAGE","OTHER","Hadspen GeorgeTown 2 220kV LINE","REGULATED","INCLUDED",null,"PLANNED",1]
[1128,"TASNETWORKSV5_20230126103852","2021-11-02T09:00:00","T::T_HA_GT_PM_4","T-GTHA","2014-07-31",1,-36.166029999999999,"Out = Hadspen to George Town or Hadspen to Palmerston 220 kV line, prevent poorly damped TAS North - South oscillations following fault and trip of Palmerston to Sheffield 220 kV line, Tamar CCGT out of service.","OUTAGE","OTHER","Hadspen GeorgeTown 2 220kV LINE","REGULATED","INCLUDED",null,"PLANNED",1]
[1129,"TASNETWORKSV5_20230126103852","2021-11-02T09:05:00","T::T_HA_GT_PM_4","T-GTHA","2014-07-31",1,-60.841839999999998,"Out = Hadspen to George Town or Hadspen to Palmerston 220 kV line, prevent poorly damped TAS North - South oscillations following fault and trip of Palmerston to Sheffield 220 kV line, Tamar CCGT out of service.","OUTAGE","OTHER","Hadspen GeorgeTown 2 220kV LINE","REGULATED","INCLUDED",null,"PLANNED",1]
[1130,"TASNETWORKSV5_20230126103852","2021-11-02T09:10:00","T::T_HA_GT_PM_4","T-GTHA","2014-07-31",1,-61.993079999999999,"Out = Hadspen to George Town or Hadspen to Palmerston 220 kV line, prevent poorly damped TAS North - South oscillations following fault and trip of Palmerston to Sheffield 220 kV line, Tamar CCGT out of service.","OUTAGE","OTHER","Hadspen GeorgeTown 2 220kV LINE","REGULATED","INCLUDED",null,"PLANNED",1]
[1131,"TASNETWORKSV5_20230126103852","2021-11-02T09:15:00","T::T_HA_GT_PM_4","T-GTHA","2014-07-31",1,-61.927030000000002,"Out = Hadspen to George Town or Hadspen to Palmerston 220 kV line, prevent poorly damped TAS North - South oscillations following fault and trip of Palmerston to Sheffield 220 kV line, Tamar CCGT out of service.","OUTAGE","OTHER","Hadspen GeorgeTown 2 220kV LINE","REGULATED","INCLUDED",null,"PLANNED",1]
[1132,"TASNETWORKSV5_20230126103852","2021-11-02T09:20:00","T::T_HA_GT_PM_4","T-GTHA","2014-07-31",1,-65.145600000000002,"Out = Hadspen to George Town or Hadspen to Palmerston 220 kV line, prevent poorly damped TAS North - South oscillations following fault and trip of Palmerston to Sheffield 220 kV line, Tamar CCGT out of service.","OUTAGE","OTHER","Hadspen GeorgeTown 2 220kV LINE","REGULATED","INCLUDED",null,"PLANNED",1]
[1133,"TASNETWORKSV5_20230126103852","2021-11-02T09:25:00","T::T_HA_GT_PM_4","T-GTHA","2014-07-31",1,-61.860979999999998,"Out = Hadspen to George Town or Hadspen to Palmerston 220 kV line, prevent poorly damped TAS North - South oscillations following fault and trip of Palmerston to Sheffield 220 kV line, Tamar CCGT out of service.","OUTAGE","OTHER","Hadspen GeorgeTown 2 220kV LINE","REGULATED","INCLUDED",null,"PLANNED",1]
[1134,"TASNETWORKSV5_20230126103852","2021-11-02T09:30:00","T::T_HA_GT_PM_4","T-GTHA","2014-07-31",1,-73.295720000000003,"Out = Hadspen to George Town or Hadspen to Palmerston 220 kV line, prevent poorly damped TAS North - South oscillations following fault and trip of Palmerston to Sheffield 220 kV line, Tamar CCGT out of service.","OUTAGE","OTHER","Hadspen GeorgeTown 2 220kV LINE","REGULATED","INCLUDED",null,"PLANNED",1]
[1135,"TASNETWORKSV5_20230126103852","2021-11-02T09:35:00","T::T_HA_GT_PM_4","T-GTHA","2014-07-31",1,-77.161689999999993,"Out = Hadspen to George Town or Hadspen to Palmerston 220 kV line, prevent poorly damped TAS North - South oscillations following fault and trip of Palmerston to Sheffield 220 kV line, Tamar CCGT out of service.","OUTAGE","OTHER","Hadspen GeorgeTown 2 220kV LINE","REGULATED","INCLUDED",null,"PLANNED",1]
[1136,"TASNETWORKSV5_20230126103852","2021-11-02T09:40:00","T::T_HA_GT_PM_4","T-GTHA","2014-07-31",1,-25.999600000000001,"Out = Hadspen to George Town or Hadspen to Palmerston 220 kV line, prevent poorly damped TAS North - South oscillations following fault and trip of Palmerston to Sheffield 220 kV line, Tamar CCGT out of service.","OUTAGE","OTHER","Hadspen GeorgeTown 2 220kV LINE","REGULATED","INCLUDED",null,"PLANNED",1]
[1137,"TASNETWORKSV5_20230126103852","2021-11-02T09:45:00","T::T_HA_GT_PM_4","T-GTHA","2014-07-31",1,-25.93355,"Out = Hadspen to George Town or Hadspen to Palmerston 220 kV line, prevent poorly damped TAS North - South oscillations following fault and trip of Palmerston to Sheffield 220 kV line, Tamar CCGT out of service.","OUTAGE","OTHER","Hadspen GeorgeTown 2 220kV LINE","REGULATED","INCLUDED",null,"PLANNED",1]
[1138,"TASNETWORKSV5_20230126103852","2021-11-02T09:50:00","T::T_HA_GT_PM_4","T-GTHA","2014-07-31",1,-25.93355,"Out = Hadspen to George Town or Hadspen to Palmerston 220 kV line, prevent poorly damped TAS North - South oscillations following fault and trip of Palmerston to Sheffield 220 kV line, Tamar CCGT out of service.","OUTAGE","OTHER","Hadspen GeorgeTown 2 220kV LINE","REGULATED","INCLUDED",null,"PLANNED",1]
[1139,"TASNETWORKSV5_20230126103852","2021-11-02T09:55:00","T::T_HA_GT_PM_4","T-GTHA","2014-07-31",1,-25.93355,"Out = Hadspen to George Town or Hadspen to Palmerston 220 kV line, prevent poorly damped TAS North - South oscillations following fault and trip of Palmerston to Sheffield 220 kV line, Tamar CCGT out of service.","OUTAGE","OTHER","Hadspen GeorgeTown 2 220kV LINE","REGULATED","INCLUDED",null,"PLANNED",1]
[1140,"TASNETWORKSV5_20230126103852","2021-11-02T10:00:00","T::T_HA_GT_PM_4","T-GTHA","2014-07-31",1,-36.523910000000001,"Out = Hadspen to George Town or Hadspen to Palmerston 220 kV line, prevent poorly damped TAS North - South oscillations following fault and trip of Palmerston to Sheffield 220 kV line, Tamar CCGT out of service.","OUTAGE","OTHER","Hadspen GeorgeTown 2 220kV LINE","REGULATED","INCLUDED",null,"PLANNED",1]
[1141,"TASNETWORKSV5_20230126103852","2021-11-02T10:05:00","T::T_HA_GT_PM_4","T-GTHA","2014-07-31",1,-25.93355,"Out = Hadspen to George Town or Hadspen to Palmerston 220 kV line, prevent poorly damped TAS North - South oscillations following fault and trip of Palmerston to Sheffield 220 kV line, Tamar CCGT out of service.","OUTAGE","OTHER","Hadspen GeorgeTown 2 220kV LINE","REGULATED","INCLUDED",null,"PLANNED",1]
[1142,"TASNETWORKSV5_20230126103852","2021-11-02T10:10:00","T::T_HA_GT_PM_4","T-GTHA","2014-07-31",1,-29.069569999999999,"Out = Hadspen to George Town or Hadspen to Palmerston 220 kV line, prevent poorly damped TAS North - South oscillations following fault and trip of Palmerston to Sheffield 220 kV line, Tamar CCGT out of service.","OUTAGE","OTHER","Hadspen GeorgeTown 2 220kV LINE","REGULATED","INCLUDED",null,"PLANNED",1]
[1143,"TASNETWORKSV5_20230126103852","2021-11-02T10:15:00","T::T_HA_GT_PM_4","T-GTHA","2014-07-31",1,-29.069569999999999,"Out = Hadspen to George Town or Hadspen to Palmerston 220 kV line, prevent poorly damped TAS North - South oscillations following fault and trip of Palmerston to Sheffield 220 kV line, Tamar CCGT out of service.","OUTAGE","OTHER","Hadspen GeorgeTown 2 220kV LINE","REGULATED","INCLUDED",null,"PLANNED",1]
[1144,"TASNETWORKSV5_20230126103852","2021-11-02T10:20:00","T::T_HA_GT_PM_4","T-GTHA","2014-07-31",1,-46.408270000000002,"Out = Hadspen to George Town or Hadspen to Palmerston 220 kV line, prevent poorly damped TAS North - South oscillations following fault and trip of Palmerston to Sheffield 220 kV line, Tamar CCGT out of service.","OUTAGE","OTHER","Hadspen GeorgeTown 2 220kV LINE","REGULATED","INCLUDED",null,"PLANNED",1]
[1145,"TASNETWORKSV5_20230126103852","2021-11-02T10:25:00","T::T_HA_GT_PM_4","T-GTHA","2014-07-31",1,-45.514879999999998,"Out = Hadspen to George Town or Hadspen to Palmerston 220 kV line, prevent poorly damped TAS North - South oscillations following fault and trip of Palmerston to Sheffield 220 kV line, Tamar CCGT out of service.","OUTAGE","OTHER","Hadspen GeorgeTown 2 220kV LINE","REGULATED","INCLUDED",null,"PLANNED",1]
[1146,"TASNETWORKSV5_20230126103852","2021-11-02T10:30:00","T::T_HA_GT_PM_4","T-GTHA","2014-07-31",1,-45.256270000000001,"Out = Hadspen to George Town or Hadspen to Palmerston 220 kV line, prevent poorly damped TAS North - South oscillations following fault and trip of Palmerston to Sheffield 220 kV line, Tamar CCGT out of service.","OUTAGE","OTHER","Hadspen GeorgeTown 2 220kV LINE","REGULATED","INCLUDED",null,"PLANNED",1]
[1147,"TASNETWORKSV5_20230126103852","2021-11-02T10:35:00","T::T_HA_GT_PM_4","T-GTHA","2014-07-31",1,-45.232230000000001,"Out = Hadspen to George Town or Hadspen to Palmerston 220 kV line, prevent poorly damped TAS North - South oscillations following fault and trip of Palmerston to Sheffield 220 kV line, Tamar CCGT out of service.","OUTAGE","OTHER","Hadspen GeorgeTown 2 220kV LINE","REGULATED","INCLUDED",null,"PLANNED",1]
[1148,"TASNETWORKSV5_20230126103852","2021-11-02T10:40:00","T::T_HA_GT_PM_4","T-GTHA","2014-07-31",1,-46.425829999999998,"Out = Hadspen to George Town or Hadspen to Palmerston 220 kV line, prevent poorly damped TAS North - South oscillations following fault and trip of Palmerston to Sheffield 220 kV line, Tamar CCGT out of service.","OUTAGE","OTHER","Hadspen GeorgeTown 2 220kV LINE","REGULATED","INCLUDED",null,"PLANNED",1]
[1149,"TASNETWORKSV5_20230126103852","2021-11-02T10:45:00","T::T_HA_GT_PM_4","T-GTHA","2014-07-31",1,-42.82694,"Out = Hadspen to George Town or Hadspen to Palmerston 220 kV line, prevent poorly damped TAS North - South oscillations following fault and trip of Palmerston to Sheffield 220 kV line, Tamar CCGT out of service.","OUTAGE","OTHER","Hadspen GeorgeTown 2 220kV LINE","REGULATED","INCLUDED",null,"PLANNED",1]
[1150,"TASNETWORKSV5_20230126103852","2021-11-02T10:50:00","T::T_HA_GT_PM_4","T-GTHA","2014-07-31",1,-39.153370000000002,"Out = Hadspen to George Town or Hadspen to Palmerston 220 kV line, prevent poorly damped TAS North - South oscillations following fault and trip of Palmerston to Sheffield 220 kV line, Tamar CCGT out of service.","OUTAGE","OTHER","Hadspen GeorgeTown 2 220kV LINE","REGULATED","INCLUDED",null,"PLANNED",1]
[1151,"TASNETWORKSV5_20230126103852","2021-11-02T10:55:00","T::T_HA_GT_PM_4","T-GTHA","2014-07-31",1,-39.738230000000001,"Out = Hadspen to George Town or Hadspen to Palmerston 220 kV line, prevent poorly damped TAS North - South oscillations following fault and trip of Palmerston to Sheffield 220 kV line, Tamar CCGT out of service.","OUTAGE","OTHER","Hadspen GeorgeTown 2 220kV LINE","REGULATED","INCLUDED",null,"PLANNED",1]
[1152,"TASNETWORKSV5_20230126103852","2021-11-02T11:00:00","T::T_HA_GT_PM_4","T-GTHA","2014-07-31",1,-43.435850000000002,"Out = Hadspen to George Town or Hadspen to Palmerston 220 kV line, prevent poorly damped TAS North - South oscillations following fault and trip of Palmerston to Sheffield 220 kV line, Tamar CCGT out of service.","OUTAGE","OTHER","Hadspen GeorgeTown 2 220kV LINE","REGULATED","INCLUDED",null,"PLANNED",1]
[1153,"TASNETWORKSV5_20230126103852","2021-11-02T11:05:00","T::T_HA_GT_PM_4","T-GTHA","2014-07-31",1,-40.386200000000002,"Out = Hadspen to George Town or Hadspen to Palmerston 220 kV line, prevent poorly damped TAS North - South oscillations following fault and trip of Palmerston to Sheffield 220 kV line, Tamar CCGT out of service.","OUTAGE","OTHER","Hadspen GeorgeTown 2 220kV LINE","REGULATED","INCLUDED",null,"PLANNED",1]
[1154,"TASNETWORKSV5_20230126103852","2021-11-02T11:10:00","T::T_HA_GT_PM_4","T-GTHA","2014-07-31",1,-39.706330000000001,"Out = Hadspen to George Town or Hadspen to Palmerston 220 kV line, prevent poorly damped TAS North - South oscillations following fault and trip of Palmerston to Sheffield 220 kV line, Tamar CCGT out of service.","OUTAGE","OTHER","Hadspen GeorgeTown 2 220kV LINE","REGULATED","INCLUDED",null,"PLANNED",1]
[1155,"TASNETWORKSV5_20230126103852","2021-11-02T11:15:00","T::T_HA_GT_PM_4","T-GTHA","2014-07-31",1,-40.596490000000003,"Out = Hadspen to George Town or Hadspen to Palmerston 220 kV line, prevent poorly damped TAS North - South oscillations following fault and trip of Palmerston to Sheffield 220 kV line, Tamar CCGT out of service.","OUTAGE","OTHER","Hadspen GeorgeTown 2 220kV LINE","REGULATED","INCLUDED",null,"PLANNED",1]
[1156,"TASNETWORKSV5_20230126103852","2021-11-02T11:20:00","T::T_HA_GT_PM_4","T-GTHA","2014-07-31",1,-42.141280000000002,"Out = Hadspen to George Town or Hadspen to Palmerston 220 kV line, prevent poorly damped TAS North - South oscillations following fault and trip of Palmerston to Sheffield 220 kV line, Tamar CCGT out of service.","OUTAGE","OTHER","Hadspen GeorgeTown 2 220kV LINE","REGULATED","INCLUDED",null,"PLANNED",1]
[1157,"TASNETWORKSV5_20230126103852","2021-11-02T11:25:00","T::T_HA_GT_PM_4","T-GTHA","2014-07-31",1,-42.588880000000003,"Out = Hadspen to George Town or Hadspen to Palmerston 220 kV line, prevent poorly damped TAS North - South oscillations following fault and trip of Palmerston to Sheffield 220 kV line, Tamar CCGT out of service.","OUTAGE","OTHER","Hadspen GeorgeTown 2 220kV LINE","REGULATED","INCLUDED",null,"PLANNED",1]
[1158,"TASNETWORKSV5_20230126103852","2021-11-02T11:30:00","T::T_HA_GT_PM_4","T-GTHA","2014-07-31",1,-47.505209999999998,"Out = Hadspen to George Town or Hadspen to Palmerston 220 kV line, prevent poorly damped TAS North - South oscillations following fault and trip of Palmerston to Sheffield 220 kV line, Tamar CCGT out of service.","OUTAGE","OTHER","Hadspen GeorgeTown 2 220kV LINE","REGULATED","INCLUDED",null,"PLANNED",1]
[1159,"TASNETWORKSV5_20230126103852","2021-11-02T11:35:00","T::T_HA_GT_PM_4","T-GTHA","2014-07-31",1,-42.086039999999997,"Out = Hadspen to George Town or Hadspen to Palmerston 220 kV line, prevent poorly damped TAS North - South oscillations following fault and trip of Palmerston to Sheffield 220 kV line, Tamar CCGT out of service.","OUTAGE","OTHER","Hadspen GeorgeTown 2 220kV LINE","REGULATED","INCLUDED",null,"PLANNED",1]
[1160,"TASNETWORKSV5_20230126103852","2021-11-02T11:40:00","T::T_HA_GT_PM_4","T-GTHA","2014-07-31",1,-42.220309999999998,"Out = Hadspen to George Town or Hadspen to Palmerston 220 kV line, prevent poorly damped TAS North - South oscillations following fault and trip of Palmerston to Sheffield 220 kV line, Tamar CCGT out of service.","OUTAGE","OTHER","Hadspen GeorgeTown 2 220kV LINE","REGULATED","INCLUDED",null,"PLANNED",1]
[1161,"TASNETWORKSV5_20230126103852","2021-11-02T11:45:00","T::T_HA_GT_PM_4","T-GTHA","2014-07-31",1,-42.509239999999998,"Out = Hadspen to George Town or Hadspen to Palmerston 220 kV line, prevent poorly damped TAS North - South oscillations following fault and trip of Palmerston to Sheffield 220 kV line, Tamar CCGT out of service.","OUTAGE","OTHER","Hadspen GeorgeTown 2 220kV LINE","REGULATED","INCLUDED",null,"PLANNED",1]
[1162,"TASNETWORKSV5_20230126103852","2021-11-02T11:50:00","T::T_HA_GT_PM_4","T-GTHA","2014-07-31",1,-43.48395,"Out = Hadspen to George Town or Hadspen to Palmerston 220 kV line, prevent poorly damped TAS North - South oscillations following fault and trip of Palmerston to Sheffield 220 kV line, Tamar CCGT out of service.","OUTAGE","OTHER","Hadspen GeorgeTown 2 220kV LINE","REGULATED","INCLUDED",null,"PLANNED",1]
[1163,"TASNETWORKSV5_20230126103852","2021-11-02T11:55:00","T::T_HA_GT_PM_4","T-GTHA","2014-07-31",1,-46.651440000000001,"Out = Hadspen to George Town or Hadspen to Palmerston 220 kV line, prevent poorly damped TAS North - South oscillations following fault and trip of Palmerston to Sheffield 220 kV line, Tamar CCGT out of service.","OUTAGE","OTHER","Hadspen GeorgeTown 2 220kV LINE","REGULATED","INCLUDED",null,"PLANNED",1]
[1164,"TASNETWORKSV5_20230126103852","2021-11-02T12:00:00","T::T_HA_GT_PM_4","T-GTHA","2014-07-31",1,-45.020180000000003,"Out = Hadspen to George Town or Hadspen to Palmerston 220 kV line, prevent poorly damped TAS North - South oscillations following fault and trip of Palmerston to Sheffield 220 kV line, Tamar CCGT out of service.","OUTAGE","OTHER","Hadspen GeorgeTown 2 220kV LINE","REGULATED","INCLUDED",null,"PLANNED",1]
[1165,"TASNETWORKSV5_20230126103852","2021-11-02T12:05:00","T::T_HA_GT_PM_4","T-GTHA","2014-07-31",1,-44.9,"Out = Hadspen to George Town or Hadspen to Palmerston 220 kV line, prevent poorly damped TAS North - South oscillations following fault and trip of Palmerston to Sheffield 220 kV line, Tamar CCGT out of service.","OUTAGE","OTHER","Hadspen GeorgeTown 2 220kV LINE","REGULATED","INCLUDED",null,"PLANNED",1]
[1166,"TASNETWORKSV5_20230126103852","2021-11-02T12:10:00","T::T_HA_GT_PM_4","T-GTHA","2014-07-31",1,-43.667169999999999,"Out = Hadspen to George Town or Hadspen to Palmerston 220 kV line, prevent poorly damped TAS North - South oscillations following fault and trip of Palmerston to Sheffield 220 kV line, Tamar CCGT out of service.","OUTAGE","OTHER","Hadspen GeorgeTown 2 220kV LINE","REGULATED","INCLUDED",null,"PLANNED",1]
[1167,"TASNETWORKSV5_20230126103852","2021-11-02T12:15:00","T::T_HA_GT_PM_4","T-GTHA","2014-07-31",1,-44.9,"Out = Hadspen to George Town or Hadspen to Palmerston 220 kV line, prevent poorly damped TAS North - South oscillations following fault and trip of Palmerston to Sheffield 220 kV line, Tamar CCGT out of service.","OUTAGE","OTHER","Hadspen GeorgeTown 2 220kV LINE","REGULATED","INCLUDED",null,"PLANNED",1]
[1168,"TASNETWORKSV5_20230126103852","2021-11-02T12:20:00","T::T_HA_GT_PM_4","T-GTHA","2014-07-31",1,-43.667169999999999,"Out = Hadspen to George Town or Hadspen to Palmerston 220 kV line, prevent poorly damped TAS North - South oscillations following fault and trip of Palmerston to Sheffield 220 kV line, Tamar CCGT out of service.","OUTAGE","OTHER","Hadspen GeorgeTown 2 220kV LINE","REGULATED","INCLUDED",null,"PLANNED",1]
[1169,"TASNETWORKSV5_20230126103852","2021-11-02T12:25:00","T::T_HA_GT_PM_4","T-GTHA","2014-07-31",1,-44.558259999999997,"Out = Hadspen to George Town or Hadspen to Palmerston 220 kV line, prevent poorly damped TAS North - South oscillations following fault and trip of Palmerston to Sheffield 220 kV line, Tamar CCGT out of service.","OUTAGE","OTHER","Hadspen GeorgeTown 2 220kV LINE","REGULATED","INCLUDED",null,"PLANNED",1]
[1170,"TASNETWORKSV5_20230126103852","2021-11-02T12:30:00","T::T_HA_GT_PM_4","T-GTHA","2014-07-31",1,-38.307769999999998,"Out = Hadspen to George Town or Hadspen to Palmerston 220 kV line, prevent poorly damped TAS North - South oscillations following fault and trip of Palmerston to Sheffield 220 kV line, Tamar CCGT out of service.","OUTAGE","OTHER","Hadspen GeorgeTown 2 220kV LINE","REGULATED","INCLUDED",null,"PLANNED",1]
[1171,"TASNETWORKSV5_20230126103852","2021-11-02T12:35:00","T::T_HA_GT_PM_4","T-GTHA","2014-07-31",1,-39.395449999999997,"Out = Hadspen to George Town or Hadspen to Palmerston 220 kV line, prevent poorly damped TAS North - South oscillations following fault and trip of Palmerston to Sheffield 220 kV line, Tamar CCGT out of service.","OUTAGE","OTHER","Hadspen GeorgeTown 2 220kV LINE","REGULATED","INCLUDED",null,"PLANNED",1]
[1172,"TASNETWORKSV5_20230126103852","2021-11-02T12:40:00","T::T_HA_GT_PM_4","T-GTHA","2014-07-31",1,-44.558259999999997,"Out = Hadspen to George Town or Hadspen to Palmerston 220 kV line, prevent poorly damped TAS North - South oscillations following fault and trip of Palmerston to Sheffield 220 kV line, Tamar CCGT out of service.","OUTAGE","OTHER","Hadspen GeorgeTown 2 220kV LINE","REGULATED","INCLUDED",null,"PLANNED",1]
[1173,"TASNETWORKSV5_20230126103852","2021-11-02T12:45:00","T::T_HA_GT_PM_4","T-GTHA","2014-07-31",1,-42.530880000000003,"Out = Hadspen to George Town or Hadspen to Palmerston 220 kV line, prevent poorly damped TAS North - South oscillations following fault and trip of Palmerston to Sheffield 220 kV line, Tamar CCGT out of service.","OUTAGE","OTHER","Hadspen GeorgeTown 2 220kV LINE","REGULATED","INCLUDED",null,"PLANNED",1]
[1174,"TASNETWORKSV5_20230126103852","2021-11-02T12:50:00","T::T_HA_GT_PM_4","T-GTHA","2014-07-31",1,-37.322389999999999,"Out = Hadspen to George Town or Hadspen to Palmerston 220 kV line, prevent poorly damped TAS North - South oscillations following fault and trip of Palmerston to Sheffield 220 kV line, Tamar CCGT out of service.","OUTAGE","OTHER","Hadspen GeorgeTown 2 220kV LINE","REGULATED","INCLUDED",null,"PLANNED",1]
[1175,"TASNETWORKSV5_20230126103852","2021-11-02T12:55:00","T::T_HA_GT_PM_4","T-GTHA","2014-07-31",1,-40.26502,"Out = Hadspen to George Town or Hadspen to Palmerston 220 kV line, prevent poorly damped TAS North - South oscillations following fault and trip of Palmerston to Sheffield 220 kV line, Tamar CCGT out of service.","OUTAGE","OTHER","Hadspen GeorgeTown 2 220kV LINE","REGULATED","INCLUDED",null,"PLANNED",1]
[1176,"TASNETWORKSV5_20230126103852","2021-11-02T13:00:00","T::T_HA_GT_PM_4","T-GTHA","2014-07-31",1,-36.23471,"Out = Hadspen to George Town or Hadspen to Palmerston 220 kV line, prevent poorly damped TAS North - South oscillations following fault and trip of Palmerston to Sheffield 220 kV line, Tamar CCGT out of service.","OUTAGE","OTHER","Hadspen GeorgeTown 2 220kV LINE","REGULATED","INCLUDED",null,"PLANNED",1]
[1177,"TASNETWORKSV5_20230126103852","2021-11-02T13:05:00","T::T_HA_GT_PM_4","T-GTHA","2014-07-31",1,-38.248089999999998,"Out = Hadspen to George Town or Hadspen to Palmerston 220 kV line, prevent poorly damped TAS North - South oscillations following fault and trip of Palmerston to Sheffield 220 kV line, Tamar CCGT out of service.","OUTAGE","OTHER","Hadspen GeorgeTown 2 220kV LINE","REGULATED","INCLUDED",null,"PLANNED",1]
[1178,"TASNETWORKSV5_20230126103852","2021-11-03T05:15:00","T>T_GTSH_IMP_4K","T-GTSH","2021-10-08",1,-40.957729999999998,"Out = Sheffield to Georgetown 220 kV line, avoid O/L Palmerston to Sheffield 220 kV line (flow to Palmerston) for trip of remaining Sheffield to Georgetown 220 kV line with no NCSPS action, feedback","OUTAGE","OTHER","Sheffield GeorgeTown 2 220kV LINE","REGULATED","INCLUDED",null,"PLANNED",1]
[1179,"TASNETWORKSV5_20230126103852","2021-11-03T05:20:00","T>T_GTSH_IMP_4K","T-GTSH","2021-10-08",1,-40.1325,"Out = Sheffield to Georgetown 220 kV line, avoid O/L Palmerston to Sheffield 220 kV line (flow to Palmerston) for trip of remaining Sheffield to Georgetown 220 kV line with no NCSPS action, feedback","OUTAGE","OTHER","Sheffield GeorgeTown 2 220kV LINE","REGULATED","INCLUDED",null,"PLANNED",1]
[1180,"TASNETWORKSV5_20230126103852","2021-11-03T05:25:00","T>T_GTSH_IMP_4K","T-GTSH","2021-10-08",1,-39.616970000000002,"Out = Sheffield to Georgetown 220 kV line, avoid O/L Palmerston to Sheffield 220 kV line (flow to Palmerston) for trip of remaining Sheffield to Georgetown 220 kV line with no NCSPS action, feedback","OUTAGE","OTHER","Sheffield GeorgeTown 2 220kV LINE","REGULATED","INCLUDED",null,"PLANNED",1]
[1181,"TASNETWORKSV5_20230126103852","2021-11-03T05:30:00","T>T_GTSH_IMP_4K","T-GTSH","2021-10-08",1,-40.246259999999999,"Out = Sheffield to Georgetown 220 kV line, avoid O/L Palmerston to Sheffield 220 kV line (flow to Palmerston) for trip of remaining Sheffield to Georgetown 220 kV line with no NCSPS action, feedback","OUTAGE","OTHER","Sheffield GeorgeTown 2 220kV LINE","REGULATED","INCLUDED",null,"PLANNED",1]
[1182,"TASNETWORKSV5_20230126103852","2021-11-03T05:35:00","T>T_GTSH_IMP_4K","T-GTSH","2021-10-08",1,-43.568890000000003,"Out = Sheffield to Georgetown 220 kV line, avoid O/L Palmerston to Sheffield 220 kV line (flow to Palmerston) for trip of remaining Sheffield to Georgetown 220 kV line with no NCSPS action, feedback","OUTAGE","OTHER","Sheffield GeorgeTown 2 220kV LINE","REGULATED","INCLUDED",null,"PLANNED",1]
[1183,"TASNETWORKSV5_20230126103852","2021-11-03T05:40:00","T>T_GTSH_IMP_4K","T-GTSH","2021-10-08",1,-50.229410000000001,"Out = Sheffield to Georgetown 220 kV line, avoid O/L Palmerston to Sheffield 220 kV line (flow to Palmerston) for trip of remaining Sheffield to Georgetown 220 kV line with no NCSPS action, feedback","OUTAGE","OTHER","Sheffield GeorgeTown 2 220kV LINE","REGULATED","INCLUDED",null,"PLANNED",1]
[1184,"TASNETWORKSV5_20230126103852","2021-11-03T05:45:00","T>T_GTSH_IMP_4K","T-GTSH","2021-10-08",1,-51.331229999999998,"Out = Sheffield to Georgetown 220 kV line, avoid O/L Palmerston to Sheffield 220 kV line (flow to Palmerston) for trip of remaining Sheffield to Georgetown 220 kV line with no NCSPS action, feedback","OUTAGE","OTHER","Sheffield GeorgeTown 2 220kV LINE","REGULATED","INCLUDED",null,"PLANNED",1]
[1185,"TASNETWORKSV5_20230126103852","2021-11-03T05:50:00","T>T_GTSH_IMP_4K","T-GTSH","2021-10-08",1,-101.16,"Out = Sheffield to Georgetown 220 kV line, avoid O/L Palmerston to Sheffield 220 kV line (flow to Palmerston) for trip of remaining Sheffield to Georgetown 220 kV line with no NCSPS action, feedback","OUTAGE","OTHER","Sheffield GeorgeTown 2 220kV LINE","REGULATED","INCLUDED",null,"PLANNED",1]
[1186,"TASNETWORKSV5_20230126103852","2021-11-03T05:55:00","T>T_GTSH_IMP_4K","T-GTSH","2021-10-08",1,-101.16,"Out = Sheffield to Georgetown 220 kV line, avoid O/L Palmerston to Sheffield 220 kV line (flow to Palmerston) for trip of remaining Sheffield to Georgetown 220 kV line with no NCSPS action, feedback","OUTAGE","OTHER","Sheffield GeorgeTown 2 220kV LINE","REGULATED","INCLUDED",null,"PLANNED",1]
[1187,"TASNETWORKSV5_20230126103852","2021-11-03T06:00:00","T^^V_GTSH_1","T-GTSH","2018-12-10",1,-19.51923,"Out = Sheffield to Georgetown 220 kV line, prevent voltage collapse at Georgetown 220 kV bus for loss of the remaining Sheffield to Georgetown 220kV line.","OUTAGE","OTHER","Sheffield GeorgeTown 2 220kV LINE","REGULATED","INCLUDED",null,"PLANNED",1]
[1188,"TASNETWORKSV5_20230126103852","2021-11-03T06:00:00","T>T_GTSH_IMP_4K","T-GTSH","2021-10-08",1,-29.034839999999999,"Out = Sheffield to Georgetown 220 kV line, avoid O/L Palmerston to Sheffield 220 kV line (flow to Palmerston) for trip of remaining Sheffield to Georgetown 220 kV line with no NCSPS action, feedback","OUTAGE","OTHER","Sheffield GeorgeTown 2 220kV LINE","REGULATED","INCLUDED",null,"PLANNED",1]
[1189,"TASNETWORKSV5_20230126103852","2021-11-03T06:05:00","T>T_GTSH_IMP_4K","T-GTSH","2021-10-08",1,-40.552390000000003,"Out = Sheffield to Georgetown 220 kV line, avoid O/L Palmerston to Sheffield 220 kV line (flow to Palmerston) for trip of remaining Sheffield to Georgetown 220 kV line with no NCSPS action, feedback","OUTAGE","OTHER","Sheffield GeorgeTown 2 220kV LINE","REGULATED","INCLUDED",null,"PLANNED",1]
[1190,"TASNETWORKSV5_20230126103852","2021-11-03T06:10:00","T^^V_GTSH_1","T-GTSH","2018-12-10",1,-12.61158,"Out = Sheffield to Georgetown 220 kV line, prevent voltage collapse at Georgetown 220 kV bus for loss of the remaining Sheffield to Georgetown 220kV line.","OUTAGE","OTHER","Sheffield GeorgeTown 2 220kV LINE","REGULATED","INCLUDED",null,"PLANNED",1]
[1191,"TASNETWORKSV5_20230126103852","2021-11-03T06:10:00","T>T_GTSH_IMP_4K","T-GTSH","2021-10-08",1,-39.773989999999998,"Out = Sheffield to Georgetown 220 kV line, avoid O/L Palmerston to Sheffield 220 kV line (flow to Palmerston) for trip of remaining Sheffield to Georgetown 220 kV line with no NCSPS action, feedback","OUTAGE","OTHER","Sheffield GeorgeTown 2 220kV LINE","REGULATED","INCLUDED",null,"PLANNED",1]
[1192,"TASNETWORKSV5_20230126103852","2021-11-03T06:15:00","T^^V_GTSH_1","T-GTSH","2018-12-10",1,-37.329230000000003,"Out = Sheffield to Georgetown 220 kV line, prevent voltage collapse at Georgetown 220 kV bus for loss of the remaining Sheffield to Georgetown 220kV line.","OUTAGE","OTHER","Sheffield GeorgeTown 2 220kV LINE","REGULATED","INCLUDED",null,"PLANNED",1]
[1193,"TASNETWORKSV5_20230126103852","2021-11-03T06:15:00","T>T_GTSH_IMP_4K","T-GTSH","2021-10-08",1,-37.07752,"Out = Sheffield to Georgetown 220 kV line, avoid O/L Palmerston to Sheffield 220 kV line (flow to Palmerston) for trip of remaining Sheffield to Georgetown 220 kV line with no NCSPS action, feedback","OUTAGE","OTHER","Sheffield GeorgeTown 2 220kV LINE","REGULATED","INCLUDED",null,"PLANNED",1]
[1194,"TASNETWORKSV5_20230126103852","2021-11-03T06:20:00","T>T_GTSH_IMP_4K","T-GTSH","2021-10-08",1,-40.526649999999997,"Out = Sheffield to Georgetown 220 kV line, avoid O/L Palmerston to Sheffield 220 kV line (flow to Palmerston) for trip of remaining Sheffield to Georgetown 220 kV line with no NCSPS action, feedback","OUTAGE","OTHER","Sheffield GeorgeTown 2 220kV LINE","REGULATED","INCLUDED",null,"PLANNED",1]
[1195,"TASNETWORKSV5_20230126103852","2021-11-03T06:25:00","T>T_GTSH_IMP_4K","T-GTSH","2021-10-08",1,-40.712359999999997,"Out = Sheffield to Georgetown 220 kV line, avoid O/L Palmerston to Sheffield 220 kV line (flow to Palmerston) for trip of remaining Sheffield to Georgetown 220 kV line with no NCSPS action, feedback","OUTAGE","OTHER","Sheffield GeorgeTown 2 220kV LINE","REGULATED","INCLUDED",null,"PLANNED",1]
[1196,"TASNETWORKSV5_20230126103852","2021-11-03T06:30:00","T>T_GTSH_IMP_4K","T-GTSH","2021-10-08",1,-32.852469999999997,"Out = Sheffield to Georgetown 220 kV line, avoid O/L Palmerston to Sheffield 220 kV line (flow to Palmerston) for trip of remaining Sheffield to Georgetown 220 kV line with no NCSPS action, feedback","OUTAGE","OTHER","Sheffield GeorgeTown 2 220kV LINE","REGULATED","INCLUDED",null,"PLANNED",1]
[1197,"TASNETWORKSV5_20230126103852","2021-11-03T06:35:00","T^^V_GTSH_1","T-GTSH","2018-12-10",1,-37.219119999999997,"Out = Sheffield to Georgetown 220 kV line, prevent voltage collapse at Georgetown 220 kV bus for loss of the remaining Sheffield to Georgetown 220kV line.","OUTAGE","OTHER","Sheffield GeorgeTown 2 220kV LINE","REGULATED","INCLUDED",null,"PLANNED",1]
[1198,"TASNETWORKSV5_20230126103852","2021-11-03T06:35:00","T>T_GTSH_IMP_4K","T-GTSH","2021-10-08",1,-30.474620000000002,"Out = Sheffield to Georgetown 220 kV line, avoid O/L Palmerston to Sheffield 220 kV line (flow to Palmerston) for trip of remaining Sheffield to Georgetown 220 kV line with no NCSPS action, feedback","OUTAGE","OTHER","Sheffield GeorgeTown 2 220kV LINE","REGULATED","INCLUDED",null,"PLANNED",1]
[1199,"TASNETWORKSV5_20230126103852","2021-11-03T06:40:00","T^^V_GTSH_1","T-GTSH","2018-12-10",1,-24.117640000000002,"Out = Sheffield to Georgetown 220 kV line, prevent voltage collapse at Georgetown 220 kV bus for loss of the remaining Sheffield to Georgetown 220kV line.","OUTAGE","OTHER","Sheffield GeorgeTown 2 220kV LINE","REGULATED","INCLUDED",null,"PLANNED",1]
[1200,"TASNETWORKSV5_20230126103852","2021-11-03T06:40:00","T>T_GTSH_IMP_4K","T-GTSH","2021-10-08",1,-36.64,"Out = Sheffield to Georgetown 220 kV line, avoid O/L Palmerston to Sheffield 220 kV line (flow to Palmerston) for trip of remaining Sheffield to Georgetown 220 kV line with no NCSPS action, feedback","OUTAGE","OTHER","Sheffield GeorgeTown 2 220kV LINE","REGULATED","INCLUDED",null,"PLANNED",1]
[1201,"TASNETWORKSV5_20230126103852","2021-11-03T06:45:00","T^^V_GTSH_1","T-GTSH","2018-12-10",1,-23.145019999999999,"Out = Sheffield to Georgetown 220 kV line, prevent voltage collapse at Georgetown 220 kV bus for loss of the remaining Sheffield to Georgetown 220kV line.","OUTAGE","OTHER","Sheffield GeorgeTown 2 220kV LINE","REGULATED","INCLUDED",null,"PLANNED",1]
[1202,"TASNETWORKSV5_20230126103852","2021-11-03T06:45:00","T>T_GTSH_IMP_4K","T-GTSH","2021-10-08",1,-32.084829999999997,"Out = Sheffield to Georgetown 220 kV line, avoid O/L Palmerston to Sheffield 220 kV line (flow to Palmerston) for trip of remaining Sheffield to Georgetown 220 kV line with no NCSPS action, feedback","OUTAGE","OTHER","Sheffield GeorgeTown 2 220kV LINE","REGULATED","INCLUDED",null,"PLANNED",1]
[1203,"TASNETWORKSV5_20230126103852","2021-11-03T06:50:00","T^^V_GTSH_1","T-GTSH","2018-12-10",1,-18.942329999999998,"Out = Sheffield to Georgetown 220 kV line, prevent voltage collapse at Georgetown 220 kV bus for loss of the remaining Sheffield to Georgetown 220kV line.","OUTAGE","OTHER","Sheffield GeorgeTown 2 220kV LINE","REGULATED","INCLUDED",null,"PLANNED",1]
[1204,"TASNETWORKSV5_20230126103852","2021-11-03T06:50:00","T>T_GTSH_IMP_4K","T-GTSH","2021-10-08",1,-30.24,"Out = Sheffield to Georgetown 220 kV line, avoid O/L Palmerston to Sheffield 220 kV line (flow to Palmerston) for trip of remaining Sheffield to Georgetown 220 kV line with no NCSPS action, feedback","OUTAGE","OTHER","Sheffield GeorgeTown 2 220kV LINE","REGULATED","INCLUDED",null,"PLANNED",1]
[1205,"TASNETWORKSV5_20230126103852","2021-11-03T06:55:00","T^^V_GTSH_1","T-GTSH","2018-12-10",1,-18.637530000000002,"Out = Sheffield to Georgetown 220 kV line, prevent voltage collapse at Georgetown 220 kV bus for loss of the remaining Sheffield to Georgetown 220kV line.","OUTAGE","OTHER","Sheffield GeorgeTown 2 220kV LINE","REGULATED","INCLUDED",null,"PLANNED",1]
[1206,"TASNETWORKSV5_20230126103852","2021-11-03T06:55:00","T>T_GTSH_IMP_4K","T-GTSH","2021-10-08",1,-30.22,"Out = Sheffield to Georgetown 220 kV line, avoid O/L Palmerston to Sheffield 220 kV line (flow to Palmerston) for trip of remaining Sheffield to Georgetown 220 kV line with no NCSPS action, feedback","OUTAGE","OTHER","Sheffield GeorgeTown 2 220kV LINE","REGULATED","INCLUDED",null,"PLANNED",1]
[1207,"TASNETWORKSV5_20230126103852","2021-11-03T07:00:00","T>T_GTSH_IMP_4K","T-GTSH","2021-10-08",1,-30.22,"Out = Sheffield to Georgetown 220 kV line, avoid O/L Palmerston to Sheffield 220 kV line (flow to Palmerston) for trip of remaining Sheffield to Georgetown 220 kV line with no NCSPS action, feedback","OUTAGE","OTHER","Sheffield GeorgeTown 2 220kV LINE","REGULATED","INCLUDED",null,"PLANNED",1]
[1208,"TASNETWORKSV5_20230126103852","2021-11-03T07:05:00","T>T_GTSH_IMP_4K","T-GTSH","2021-10-08",1,-35.292409999999997,"Out = Sheffield to Georgetown 220 kV line, avoid O/L Palmerston to Sheffield 220 kV line (flow to Palmerston) for trip of remaining Sheffield to Georgetown 220 kV line with no NCSPS action, feedback","OUTAGE","OTHER","Sheffield GeorgeTown 2 220kV LINE","REGULATED","INCLUDED",null,"PLANNED",1]
[1209,"TASNETWORKSV5_20230126103852","2021-11-03T07:10:00","T^^V_GTSH_1","T-GTSH","2018-12-10",1,-18.23648,"Out = Sheffield to Georgetown 220 kV line, prevent voltage collapse at Georgetown 220 kV bus for loss of the remaining Sheffield to Georgetown 220kV line.","OUTAGE","OTHER","Sheffield GeorgeTown 2 220kV LINE","REGULATED","INCLUDED",null,"PLANNED",1]
[1210,"TASNETWORKSV5_20230126103852","2021-11-03T07:10:00","T>T_GTSH_IMP_4K","T-GTSH","2021-10-08",1,-37.153790000000001,"Out = Sheffield to Georgetown 220 kV line, avoid O/L Palmerston to Sheffield 220 kV line (flow to Palmerston) for trip of remaining Sheffield to Georgetown 220 kV line with no NCSPS action, feedback","OUTAGE","OTHER","Sheffield GeorgeTown 2 220kV LINE","REGULATED","INCLUDED",null,"PLANNED",1]
[1211,"TASNETWORKSV5_20230126103852","2021-11-03T07:15:00","T>T_GTSH_IMP_4K","T-GTSH","2021-10-08",1,-32.415860000000002,"Out = Sheffield to Georgetown 220 kV line, avoid O/L Palmerston to Sheffield 220 kV line (flow to Palmerston) for trip of remaining Sheffield to Georgetown 220 kV line with no NCSPS action, feedback","OUTAGE","OTHER","Sheffield GeorgeTown 2 220kV LINE","REGULATED","INCLUDED",null,"PLANNED",1]
[1212,"TASNETWORKSV5_20230126103852","2021-11-03T07:20:00","T>T_GTSH_IMP_4K","T-GTSH","2021-10-08",1,-29.309170000000002,"Out = Sheffield to Georgetown 220 kV line, avoid O/L Palmerston to Sheffield 220 kV line (flow to Palmerston) for trip of remaining Sheffield to Georgetown 220 kV line with no NCSPS action, feedback","OUTAGE","OTHER","Sheffield GeorgeTown 2 220kV LINE","REGULATED","INCLUDED",null,"PLANNED",1]
[1213,"TASNETWORKSV5_20230126103852","2021-11-03T07:25:00","T>T_GTSH_IMP_4K","T-GTSH","2021-10-08",1,-29.13503,"Out = Sheffield to Georgetown 220 kV line, avoid O/L Palmerston to Sheffield 220 kV line (flow to Palmerston) for trip of remaining Sheffield to Georgetown 220 kV line with no NCSPS action, feedback","OUTAGE","OTHER","Sheffield GeorgeTown 2 220kV LINE","REGULATED","INCLUDED",null,"PLANNED",1]
[1214,"TASNETWORKSV5_20230126103852","2021-11-03T07:30:00","T>T_GTSH_IMP_4K","T-GTSH","2021-10-08",1,-29.094950000000001,"Out = Sheffield to Georgetown 220 kV line, avoid O/L Palmerston to Sheffield 220 kV line (flow to Palmerston) for trip of remaining Sheffield to Georgetown 220 kV line with no NCSPS action, feedback","OUTAGE","OTHER","Sheffield GeorgeTown 2 220kV LINE","REGULATED","INCLUDED",null,"PLANNED",1]
[1215,"TASNETWORKSV5_20230126103852","2021-11-03T07:35:00","T^^V_GTSH_1","T-GTSH","2018-12-10",1,-46.101300000000002,"Out = Sheffield to Georgetown 220 kV line, prevent voltage collapse at Georgetown 220 kV bus for loss of the remaining Sheffield to Georgetown 220kV line.","OUTAGE","OTHER","Sheffield GeorgeTown 2 220kV LINE","REGULATED","INCLUDED",null,"PLANNED",1]
[1216,"TASNETWORKSV5_20230126103852","2021-11-03T07:35:00","T>T_GTSH_IMP_4K","T-GTSH","2021-10-08",1,-25.133469999999999,"Out = Sheffield to Georgetown 220 kV line, avoid O/L Palmerston to Sheffield 220 kV line (flow to Palmerston) for trip of remaining Sheffield to Georgetown 220 kV line with no NCSPS action, feedback","OUTAGE","OTHER","Sheffield GeorgeTown 2 220kV LINE","REGULATED","INCLUDED",null,"PLANNED",1]
[1217,"TASNETWORKSV5_20230126103852","2021-11-03T07:40:00","T^^V_GTSH_1","T-GTSH","2018-12-10",1,-48.053060000000002,"Out = Sheffield to Georgetown 220 kV line, prevent voltage collapse at Georgetown 220 kV bus for loss of the remaining Sheffield to Georgetown 220kV line.","OUTAGE","OTHER","Sheffield GeorgeTown 2 220kV LINE","REGULATED","INCLUDED",null,"PLANNED",1]
[1218,"TASNETWORKSV5_20230126103852","2021-11-03T07:40:00","T>T_GTSH_IMP_4K","T-GTSH","2021-10-08",1,-24.81897,"Out = Sheffield to Georgetown 220 kV line, avoid O/L Palmerston to Sheffield 220 kV line (flow to Palmerston) for trip of remaining Sheffield to Georgetown 220 kV line with no NCSPS action, feedback","OUTAGE","OTHER","Sheffield GeorgeTown 2 220kV LINE","REGULATED","INCLUDED",null,"PLANNED",1]
[1219,"TASNETWORKSV5_20230126103852","2021-11-03T07:45:00","T^^V_GTSH_1","T-GTSH","2018-12-10",1,-24.14087,"Out = Sheffield to Georgetown 220 kV line, prevent voltage collapse at Georgetown 220 kV bus for loss of the remaining Sheffield to Georgetown 220kV line.","OUTAGE","OTHER","Sheffield GeorgeTown 2 220kV LINE","REGULATED","INCLUDED",null,"PLANNED",1]
[1220,"TASNETWORKSV5_20230126103852","2021-11-03T07:45:00","T>T_GTSH_IMP_4K","T-GTSH","2021-10-08",1,-27.54692,"Out = Sheffield to Georgetown 220 kV line, avoid O/L Palmerston to Sheffield 220 kV line (flow to Palmerston) for trip of remaining Sheffield to Georgetown 220 kV line with no NCSPS action, feedback","OUTAGE","OTHER","Sheffield GeorgeTown 2 220kV LINE","REGULATED","INCLUDED",null,"PLANNED",1]
[1221,"TASNETWORKSV5_20230126103852","2021-11-03T07:50:00","T^^V_GTSH_1","T-GTSH","2018-12-10",1,-22.389500000000002,"Out = Sheffield to Georgetown 220 kV line, prevent voltage collapse at Georgetown 220 kV bus for loss of the remaining Sheffield to Georgetown 220kV line.","OUTAGE","OTHER","Sheffield GeorgeTown 2 220kV LINE","REGULATED","INCLUDED",null,"PLANNED",1]
[1222,"TASNETWORKSV5_20230126103852","2021-11-03T07:50:00","T>T_GTSH_IMP_4K","T-GTSH","2021-10-08",1,-34.673189999999998,"Out = Sheffield to Georgetown 220 kV line, avoid O/L Palmerston to Sheffield 220 kV line (flow to Palmerston) for trip of remaining Sheffield to Georgetown 220 kV line with no NCSPS action, feedback","OUTAGE","OTHER","Sheffield GeorgeTown 2 220kV LINE","REGULATED","INCLUDED",null,"PLANNED",1]
[1223,"TASNETWORKSV5_20230126103852","2021-11-03T07:55:00","T>T_GTSH_IMP_4K","T-GTSH","2021-10-08",1,-29.25967,"Out = Sheffield to Georgetown 220 kV line, avoid O/L Palmerston to Sheffield 220 kV line (flow to Palmerston) for trip of remaining Sheffield to Georgetown 220 kV line with no NCSPS action, feedback","OUTAGE","OTHER","Sheffield GeorgeTown 2 220kV LINE","REGULATED","INCLUDED",null,"PLANNED",1]
[1224,"TASNETWORKSV5_20230126103852","2021-11-03T08:00:00","T>T_GTSH_IMP_4K","T-GTSH","2021-10-08",1,-30.2,"Out = Sheffield to Georgetown 220 kV line, avoid O/L Palmerston to Sheffield 220 kV line (flow to Palmerston) for trip of remaining Sheffield to Georgetown 220 kV line with no NCSPS action, feedback","OUTAGE","OTHER","Sheffield GeorgeTown 2 220kV LINE","REGULATED","INCLUDED",null,"PLANNED",1]
[1225,"TASNETWORKSV5_20230126103852","2021-11-03T08:05:00","T>T_GTSH_IMP_4K","T-GTSH","2021-10-08",1,-30.148129999999998,"Out = Sheffield to Georgetown 220 kV line, avoid O/L Palmerston to Sheffield 220 kV line (flow to Palmerston) for trip of remaining Sheffield to Georgetown 220 kV line with no NCSPS action, feedback","OUTAGE","OTHER","Sheffield GeorgeTown 2 220kV LINE","REGULATED","INCLUDED",null,"PLANNED",1]
[1226,"TASNETWORKSV5_20230126103852","2021-11-03T08:10:00","T^^V_GTSH_1","T-GTSH","2018-12-10",1,-20.001940000000001,"Out = Sheffield to Georgetown 220 kV line, prevent voltage collapse at Georgetown 220 kV bus for loss of the remaining Sheffield to Georgetown 220kV line.","OUTAGE","OTHER","Sheffield GeorgeTown 2 220kV LINE","REGULATED","INCLUDED",null,"PLANNED",1]
[1227,"TASNETWORKSV5_20230126103852","2021-11-03T08:10:00","T>T_GTSH_IMP_4K","T-GTSH","2021-10-08",1,-28.021789999999999,"Out = Sheffield to Georgetown 220 kV line, avoid O/L Palmerston to Sheffield 220 kV line (flow to Palmerston) for trip of remaining Sheffield to Georgetown 220 kV line with no NCSPS action, feedback","OUTAGE","OTHER","Sheffield GeorgeTown 2 220kV LINE","REGULATED","INCLUDED",null,"PLANNED",1]
[1228,"TASNETWORKSV5_20230126103852","2021-11-03T08:15:00","T>T_GTSH_IMP_4K","T-GTSH","2021-10-08",1,-30.37238,"Out = Sheffield to Georgetown 220 kV line, avoid O/L Palmerston to Sheffield 220 kV line (flow to Palmerston) for trip of remaining Sheffield to Georgetown 220 kV line with no NCSPS action, feedback","OUTAGE","OTHER","Sheffield GeorgeTown 2 220kV LINE","REGULATED","INCLUDED",null,"PLANNED",1]
[1229,"TASNETWORKSV5_20230126103852","2021-11-03T08:20:00","T>T_GTSH_IMP_4K","T-GTSH","2021-10-08",1,-35.31241,"Out = Sheffield to Georgetown 220 kV line, avoid O/L Palmerston to Sheffield 220 kV line (flow to Palmerston) for trip of remaining Sheffield to Georgetown 220 kV line with no NCSPS action, feedback","OUTAGE","OTHER","Sheffield GeorgeTown 2 220kV LINE","REGULATED","INCLUDED",null,"PLANNED",1]
[1230,"TASNETWORKSV5_20230126103852","2021-11-03T08:25:00","T>T_GTSH_IMP_4K","T-GTSH","2021-10-08",1,-35.272410000000001,"Out = Sheffield to Georgetown 220 kV line, avoid O/L Palmerston to Sheffield 220 kV line (flow to Palmerston) for trip of remaining Sheffield to Georgetown 220 kV line with no NCSPS action, feedback","OUTAGE","OTHER","Sheffield GeorgeTown 2 220kV LINE","REGULATED","INCLUDED",null,"PLANNED",1]
[1231,"TASNETWORKSV5_20230126103852","2021-11-03T08:30:00","T>T_GTSH_IMP_4K","T-GTSH","2021-10-08",1,-22.49081,"Out = Sheffield to Georgetown 220 kV line, avoid O/L Palmerston to Sheffield 220 kV line (flow to Palmerston) for trip of remaining Sheffield to Georgetown 220 kV line with no NCSPS action, feedback","OUTAGE","OTHER","Sheffield GeorgeTown 2 220kV LINE","REGULATED","INCLUDED",null,"PLANNED",1]
[1232,"TASNETWORKSV5_20230126103852","2021-11-03T08:35:00","T^^V_GTSH_1","T-GTSH","2018-12-10",1,-12.274749999999999,"Out = Sheffield to Georgetown 220 kV line, prevent voltage collapse at Georgetown 220 kV bus for loss of the remaining Sheffield to Georgetown 220kV line.","OUTAGE","OTHER","Sheffield GeorgeTown 2 220kV LINE","REGULATED","INCLUDED",null,"PLANNED",1]
[1233,"TASNETWORKSV5_20230126103852","2021-11-03T08:35:00","T>T_GTSH_IMP_4K","T-GTSH","2021-10-08",1,-37.153790000000001,"Out = Sheffield to Georgetown 220 kV line, avoid O/L Palmerston to Sheffield 220 kV line (flow to Palmerston) for trip of remaining Sheffield to Georgetown 220 kV line with no NCSPS action, feedback","OUTAGE","OTHER","Sheffield GeorgeTown 2 220kV LINE","REGULATED","INCLUDED",null,"PLANNED",1]
[1234,"TASNETWORKSV5_20230126103852","2021-11-03T08:40:00","T>T_GTSH_IMP_4K","T-GTSH","2021-10-08",1,-35.168669999999999,"Out = Sheffield to Georgetown 220 kV line, avoid O/L Palmerston to Sheffield 220 kV line (flow to Palmerston) for trip of remaining Sheffield to Georgetown 220 kV line with no NCSPS action, feedback","OUTAGE","OTHER","Sheffield GeorgeTown 2 220kV LINE","REGULATED","INCLUDED",null,"PLANNED",1]
[1235,"TASNETWORKSV5_20230126103852","2021-11-03T08:45:00","T>T_GTSH_IMP_4K","T-GTSH","2021-10-08",1,-30.054960000000001,"Out = Sheffield to Georgetown 220 kV line, avoid O/L Palmerston to Sheffield 220 kV line (flow to Palmerston) for trip of remaining Sheffield to Georgetown 220 kV line with no NCSPS action, feedback","OUTAGE","OTHER","Sheffield GeorgeTown 2 220kV LINE","REGULATED","INCLUDED",null,"PLANNED",1]
[1236,"TASNETWORKSV5_20230126103852","2021-11-03T08:50:00","T>T_GTSH_IMP_4K","T-GTSH","2021-10-08",1,-29.741029999999999,"Out = Sheffield to Georgetown 220 kV line, avoid O/L Palmerston to Sheffield 220 kV line (flow to Palmerston) for trip of remaining Sheffield to Georgetown 220 kV line with no NCSPS action, feedback","OUTAGE","OTHER","Sheffield GeorgeTown 2 220kV LINE","REGULATED","INCLUDED",null,"PLANNED",1]
[1237,"TASNETWORKSV5_20230126103852","2021-11-03T08:55:00","T>T_GTSH_IMP_4K","T-GTSH","2021-10-08",1,-23.747610000000002,"Out = Sheffield to Georgetown 220 kV line, avoid O/L Palmerston to Sheffield 220 kV line (flow to Palmerston) for trip of remaining Sheffield to Georgetown 220 kV line with no NCSPS action, feedback","OUTAGE","OTHER","Sheffield GeorgeTown 2 220kV LINE","REGULATED","INCLUDED",null,"PLANNED",1]
[1238,"TASNETWORKSV5_20230126103852","2021-11-03T09:00:00","T>T_GTSH_IMP_4K","T-GTSH","2021-10-08",1,-21.738499999999998,"Out = Sheffield to Georgetown 220 kV line, avoid O/L Palmerston to Sheffield 220 kV line (flow to Palmerston) for trip of remaining Sheffield to Georgetown 220 kV line with no NCSPS action, feedback","OUTAGE","OTHER","Sheffield GeorgeTown 2 220kV LINE","REGULATED","INCLUDED",null,"PLANNED",1]
[1239,"TASNETWORKSV5_20230126103852","2021-11-03T09:05:00","T^^V_GTSH_1","T-GTSH","2018-12-10",1,-19.459630000000001,"Out = Sheffield to Georgetown 220 kV line, prevent voltage collapse at Georgetown 220 kV bus for loss of the remaining Sheffield to Georgetown 220kV line.","OUTAGE","OTHER","Sheffield GeorgeTown 2 220kV LINE","REGULATED","INCLUDED",null,"PLANNED",1]
[1240,"TASNETWORKSV5_20230126103852","2021-11-03T09:05:00","T>T_GTSH_IMP_4K","T-GTSH","2021-10-08",1,-27.961390000000002,"Out = Sheffield to Georgetown 220 kV line, avoid O/L Palmerston to Sheffield 220 kV line (flow to Palmerston) for trip of remaining Sheffield to Georgetown 220 kV line with no NCSPS action, feedback","OUTAGE","OTHER","Sheffield GeorgeTown 2 220kV LINE","REGULATED","INCLUDED",null,"PLANNED",1]
[1241,"TASNETWORKSV5_20230126103852","2021-11-03T09:10:00","T>T_GTSH_IMP_4K","T-GTSH","2021-10-08",1,-21.967749999999999,"Out = Sheffield to Georgetown 220 kV line, avoid O/L Palmerston to Sheffield 220 kV line (flow to Palmerston) for trip of remaining Sheffield to Georgetown 220 kV line with no NCSPS action, feedback","OUTAGE","OTHER","Sheffield GeorgeTown 2 220kV LINE","REGULATED","INCLUDED",null,"PLANNED",1]
[1242,"TASNETWORKSV5_20230126103852","2021-11-03T09:15:00","T>T_GTSH_IMP_4K","T-GTSH","2021-10-08",1,-30.12,"Out = Sheffield to Georgetown 220 kV line, avoid O/L Palmerston to Sheffield 220 kV line (flow to Palmerston) for trip of remaining Sheffield to Georgetown 220 kV line with no NCSPS action, feedback","OUTAGE","OTHER","Sheffield GeorgeTown 2 220kV LINE","REGULATED","INCLUDED",null,"PLANNED",1]
[1243,"TASNETWORKSV5_20230126103852","2021-11-03T09:20:00","T>T_GTSH_IMP_4K","T-GTSH","2021-10-08",1,-30.12,"Out = Sheffield to Georgetown 220 kV line, avoid O/L Palmerston to Sheffield 220 kV line (flow to Palmerston) for trip of remaining Sheffield to Georgetown 220 kV line with no NCSPS action, feedback","OUTAGE","OTHER","Sheffield GeorgeTown 2 220kV LINE","REGULATED","INCLUDED",null,"PLANNED",1]
[1244,"TASNETWORKSV5_20230126103852","2021-11-03T09:25:00","T>T_GTSH_IMP_4K","T-GTSH","2021-10-08",1,-30.14,"Out = Sheffield to Georgetown 220 kV line, avoid O/L Palmerston to Sheffield 220 kV line (flow to Palmerston) for trip of remaining Sheffield to Georgetown 220 kV line with no NCSPS action, feedback","OUTAGE","OTHER","Sheffield GeorgeTown 2 220kV LINE","REGULATED","INCLUDED",null,"PLANNED",1]
[1245,"TASNETWORKSV5_20230126103852","2021-11-03T09:30:00","T>T_GTSH_IMP_4K","T-GTSH","2021-10-08",1,-21.592459999999999,"Out = Sheffield to Georgetown 220 kV line, avoid O/L Palmerston to Sheffield 220 kV line (flow to Palmerston) for trip of remaining Sheffield to Georgetown 220 kV line with no NCSPS action, feedback","OUTAGE","OTHER","Sheffield GeorgeTown 2 220kV LINE","REGULATED","INCLUDED",null,"PLANNED",1]
[1246,"TASNETWORKSV5_20230126103852","2021-11-03T09:35:00","T>T_GTSH_IMP_4K","T-GTSH","2021-10-08",1,-20.12,"Out = Sheffield to Georgetown 220 kV line, avoid O/L Palmerston to Sheffield 220 kV line (flow to Palmerston) for trip of remaining Sheffield to Georgetown 220 kV line with no NCSPS action, feedback","OUTAGE","OTHER","Sheffield GeorgeTown 2 220kV LINE","REGULATED","INCLUDED",null,"PLANNED",1]
[1247,"TASNETWORKSV5_20230126103852","2021-11-03T09:40:00","T>T_GTSH_IMP_4K","T-GTSH","2021-10-08",1,-12.85,"Out = Sheffield to Georgetown 220 kV line, avoid O/L Palmerston to Sheffield 220 kV line (flow to Palmerston) for trip of remaining Sheffield to Georgetown 220 kV line with no NCSPS action, feedback","OUTAGE","OTHER","Sheffield GeorgeTown 2 220kV LINE","REGULATED","INCLUDED",null,"PLANNED",1]
[1248,"TASNETWORKSV5_20230126103852","2021-11-03T09:45:00","T>T_GTSH_IMP_4K","T-GTSH","2021-10-08",1,-18.549060000000001,"Out = Sheffield to Georgetown 220 kV line, avoid O/L Palmerston to Sheffield 220 kV line (flow to Palmerston) for trip of remaining Sheffield to Georgetown 220 kV line with no NCSPS action, feedback","OUTAGE","OTHER","Sheffield GeorgeTown 2 220kV LINE","REGULATED","INCLUDED",null,"PLANNED",1]
[1249,"TASNETWORKSV5_20230126103852","2021-11-03T09:50:00","T>T_GTSH_IMP_4K","T-GTSH","2021-10-08",1,-17.347079999999998,"Out = Sheffield to Georgetown 220 kV line, avoid O/L Palmerston to Sheffield 220 kV line (flow to Palmerston) for trip of remaining Sheffield to Georgetown 220 kV line with no NCSPS action, feedback","OUTAGE","OTHER","Sheffield GeorgeTown 2 220kV LINE","REGULATED","INCLUDED",null,"PLANNED",1]
[1250,"TASNETWORKSV5_20230126103852","2021-11-03T09:55:00","T>T_GTSH_IMP_4K","T-GTSH","2021-10-08",1,-12.85,"Out = Sheffield to Georgetown 220 kV line, avoid O/L Palmerston to Sheffield 220 kV line (flow to Palmerston) for trip of remaining Sheffield to Georgetown 220 kV line with no NCSPS action, feedback","OUTAGE","OTHER","Sheffield GeorgeTown 2 220kV LINE","REGULATED","INCLUDED",null,"PLANNED",1]
[1251,"TASNETWORKSV5_20230126103852","2021-11-03T10:00:00","T>T_GTSH_IMP_4K","T-GTSH","2021-10-08",1,-22.611499999999999,"Out = Sheffield to Georgetown 220 kV line, avoid O/L Palmerston to Sheffield 220 kV line (flow to Palmerston) for trip of remaining Sheffield to Georgetown 220 kV line with no NCSPS action, feedback","OUTAGE","OTHER","Sheffield GeorgeTown 2 220kV LINE","REGULATED","INCLUDED",null,"PLANNED",1]
[1252,"TASNETWORKSV5_20230126103852","2021-11-03T10:05:00","T^^V_GTSH_1","T-GTSH","2018-12-10",1,-12.412240000000001,"Out = Sheffield to Georgetown 220 kV line, prevent voltage collapse at Georgetown 220 kV bus for loss of the remaining Sheffield to Georgetown 220kV line.","OUTAGE","OTHER","Sheffield GeorgeTown 2 220kV LINE","REGULATED","INCLUDED",null,"PLANNED",1]
[1253,"TASNETWORKSV5_20230126103852","2021-11-03T10:05:00","T>T_GTSH_IMP_4K","T-GTSH","2021-10-08",1,-32.235900000000001,"Out = Sheffield to Georgetown 220 kV line, avoid O/L Palmerston to Sheffield 220 kV line (flow to Palmerston) for trip of remaining Sheffield to Georgetown 220 kV line with no NCSPS action, feedback","OUTAGE","OTHER","Sheffield GeorgeTown 2 220kV LINE","REGULATED","INCLUDED",null,"PLANNED",1]
[1254,"TASNETWORKSV5_20230126103852","2021-11-03T10:10:00","T^^V_GTSH_1","T-GTSH","2018-12-10",1,-10.158440000000001,"Out = Sheffield to Georgetown 220 kV line, prevent voltage collapse at Georgetown 220 kV bus for loss of the remaining Sheffield to Georgetown 220kV line.","OUTAGE","OTHER","Sheffield GeorgeTown 2 220kV LINE","REGULATED","INCLUDED",null,"PLANNED",1]
[1255,"TASNETWORKSV5_20230126103852","2021-11-03T10:10:00","T>T_GTSH_IMP_4K","T-GTSH","2021-10-08",1,-29.003589999999999,"Out = Sheffield to Georgetown 220 kV line, avoid O/L Palmerston to Sheffield 220 kV line (flow to Palmerston) for trip of remaining Sheffield to Georgetown 220 kV line with no NCSPS action, feedback","OUTAGE","OTHER","Sheffield GeorgeTown 2 220kV LINE","REGULATED","INCLUDED",null,"PLANNED",1]
[1256,"TASNETWORKSV5_20230126103852","2021-11-03T10:15:00","T^^V_GTSH_1","T-GTSH","2018-12-10",1,-30.560780000000001,"Out = Sheffield to Georgetown 220 kV line, prevent voltage collapse at Georgetown 220 kV bus for loss of the remaining Sheffield to Georgetown 220kV line.","OUTAGE","OTHER","Sheffield GeorgeTown 2 220kV LINE","REGULATED","INCLUDED",null,"PLANNED",1]
[1257,"TASNETWORKSV5_20230126103852","2021-11-03T10:15:00","T>T_GTSH_IMP_4K","T-GTSH","2021-10-08",1,-16.49137,"Out = Sheffield to Georgetown 220 kV line, avoid O/L Palmerston to Sheffield 220 kV line (flow to Palmerston) for trip of remaining Sheffield to Georgetown 220 kV line with no NCSPS action, feedback","OUTAGE","OTHER","Sheffield GeorgeTown 2 220kV LINE","REGULATED","INCLUDED",null,"PLANNED",1]
[1258,"TASNETWORKSV5_20230126103852","2021-11-03T10:20:00","T^^V_GTSH_1","T-GTSH","2018-12-10",1,-20.238939999999999,"Out = Sheffield to Georgetown 220 kV line, prevent voltage collapse at Georgetown 220 kV bus for loss of the remaining Sheffield to Georgetown 220kV line.","OUTAGE","OTHER","Sheffield GeorgeTown 2 220kV LINE","REGULATED","INCLUDED",null,"PLANNED",1]
[1259,"TASNETWORKSV5_20230126103852","2021-11-03T10:20:00","T>T_GTSH_IMP_4K","T-GTSH","2021-10-08",1,-13.345739999999999,"Out = Sheffield to Georgetown 220 kV line, avoid O/L Palmerston to Sheffield 220 kV line (flow to Palmerston) for trip of remaining Sheffield to Georgetown 220 kV line with no NCSPS action, feedback","OUTAGE","OTHER","Sheffield GeorgeTown 2 220kV LINE","REGULATED","INCLUDED",null,"PLANNED",1]
[1260,"TASNETWORKSV5_20230126103852","2021-11-03T10:25:00","T^^V_GTSH_1","T-GTSH","2018-12-10",1,-17.929580000000001,"Out = Sheffield to Georgetown 220 kV line, prevent voltage collapse at Georgetown 220 kV bus for loss of the remaining Sheffield to Georgetown 220kV line.","OUTAGE","OTHER","Sheffield GeorgeTown 2 220kV LINE","REGULATED","INCLUDED",null,"PLANNED",1]
[1261,"TASNETWORKSV5_20230126103852","2021-11-03T10:25:00","T>T_GTSH_IMP_4K","T-GTSH","2021-10-08",1,-13.599539999999999,"Out = Sheffield to Georgetown 220 kV line, avoid O/L Palmerston to Sheffield 220 kV line (flow to Palmerston) for trip of remaining Sheffield to Georgetown 220 kV line with no NCSPS action, feedback","OUTAGE","OTHER","Sheffield GeorgeTown 2 220kV LINE","REGULATED","INCLUDED",null,"PLANNED",1]
[1262,"TASNETWORKSV5_20230126103852","2021-11-05T17:10:00","T>T_PMWA_110_7","T-PMWA","2019-09-03",1,-31.16,"Out= Palmerston to Waddamana 110 kV line, avoid overloading the New Norfolk to Chapel St 110 kV line (flow to South) on trip of New Norfolk to Creek Road 110 kV line, feedback","OUTAGE","OTHER","Waddamana Palmerston 2 110kV LINE","REGULATED","INCLUDED",null,"UNPLANNED",1]
[1263,"TASNETWORKSV5_20230126103852","2021-11-05T17:15:00","T>T_PMWA_110_7","T-PMWA","2019-09-03",1,-31.16,"Out= Palmerston to Waddamana 110 kV line, avoid overloading the New Norfolk to Chapel St 110 kV line (flow to South) on trip of New Norfolk to Creek Road 110 kV line, feedback","OUTAGE","OTHER","Waddamana Palmerston 2 110kV LINE","REGULATED","INCLUDED",null,"UNPLANNED",1]
[1264,"TASNETWORKSV5_20230126103852","2021-11-05T17:20:00","T>T_PMWA_110_7","T-PMWA","2019-09-03",1,-31.16,"Out= Palmerston to Waddamana 110 kV line, avoid overloading the New Norfolk to Chapel St 110 kV line (flow to South) on trip of New Norfolk to Creek Road 110 kV line, feedback","OUTAGE","OTHER","Waddamana Palmerston 2 110kV LINE","REGULATED","INCLUDED",null,"UNPLANNED",1]
[1265,"TASNETWORKSV5_20230126103852","2021-11-12T10:05:00","T>T_SH_TX","T-SH_TX_WCP_OPEN","2016-06-16",1,-401.93333000000001,"Out = Sheffield 220/110kV transformer, West Coast 110/220 kV parallel open, avoid O/L the Burnie to Sheffield 220kV line or Burnie No. 2 220/110 kV txfmr for loss of the remaining Sheffield 220/110kV transformer","OUTAGE","OTHER","Sheffield 1 220/110kV XFMR","REGULATED","INCLUDED",null,"PLANNED",1]
[1266,"TASNETWORKSV5_20230126103852","2021-11-12T10:35:00","T>T_SH_TX","T-SH_TX_WCP_OPEN","2016-06-16",1,-417.38094999999998,"Out = Sheffield 220/110kV transformer, West Coast 110/220 kV parallel open, avoid O/L the Burnie to Sheffield 220kV line or Burnie No. 2 220/110 kV txfmr for loss of the remaining Sheffield 220/110kV transformer","OUTAGE","OTHER","Sheffield 1 220/110kV XFMR","REGULATED","INCLUDED",null,"PLANNED",1]
[1267,"TASNETWORKSV5_20230126103852","2021-11-12T10:40:00","T>T_SH_TX","T-SH_TX_WCP_OPEN","2016-06-16",1,-417.38094999999998,"Out = Sheffield 220/110kV transformer, West Coast 110/220 kV parallel open, avoid O/L the Burnie to Sheffield 220kV line or Burnie No. 2 220/110 kV txfmr for loss of the remaining Sheffield 220/110kV transformer","OUTAGE","OTHER","Sheffield 1 220/110kV XFMR","REGULATED","INCLUDED",null,"PLANNED",1]
[1268,"TASNETWORKSV5_20230126103852","2021-11-12T12:20:00","T>T_SH_TX","T-SH_TX_WCP_OPEN","2016-06-16",1,-12.31485,"Out = Sheffield 220/110kV transformer, West Coast 110/220 kV parallel open, avoid O/L the Burnie to Sheffield 220kV line or Burnie No. 2 220/110 kV txfmr for loss of the remaining Sheffield 220/110kV transformer","OUTAGE","OTHER","Sheffield 1 220/110kV XFMR","REGULATED","INCLUDED",null,"PLANNED",1]
[1269,"TASNETWORKSV5_20230126103852","2021-11-12T12:25:00","T>T_SH_TX","T-SH_TX_WCP_OPEN","2016-06-16",1,-11.041779999999999,"Out = Sheffield 220/110kV transformer, West Coast 110/220 kV parallel open, avoid O/L the Burnie to Sheffield 220kV line or Burnie No. 2 220/110 kV txfmr for loss of the remaining Sheffield 220/110kV transformer","OUTAGE","OTHER","Sheffield 1 220/110kV XFMR","REGULATED","INCLUDED",null,"PLANNED",1]
[1270,"TASNETWORKSV5_20230126103852","2021-11-12T12:30:00","T>T_SH_TX","T-SH_TX_WCP_OPEN","2016-06-16",1,-14.847619999999999,"Out = Sheffield 220/110kV transformer, West Coast 110/220 kV parallel open, avoid O/L the Burnie to Sheffield 220kV line or Burnie No. 2 220/110 kV txfmr for loss of the remaining Sheffield 220/110kV transformer","OUTAGE","OTHER","Sheffield 1 220/110kV XFMR","REGULATED","INCLUDED",null,"PLANNED",1]
[1271,"TASNETWORKSV5_20230126103852","2021-11-12T12:35:00","T>T_SH_TX","T-SH_TX_WCP_OPEN","2016-06-16",1,-14.847619999999999,"Out = Sheffield 220/110kV transformer, West Coast 110/220 kV parallel open, avoid O/L the Burnie to Sheffield 220kV line or Burnie No. 2 220/110 kV txfmr for loss of the remaining Sheffield 220/110kV transformer","OUTAGE","OTHER","Sheffield 1 220/110kV XFMR","REGULATED","INCLUDED",null,"PLANNED",1]
[1272,"TASNETWORKSV5_20230126103852","2021-11-12T13:05:00","T>T_SH_TX","T-SH_TX_WCP_OPEN","2016-06-16",1,-11.62857,"Out = Sheffield 220/110kV transformer, West Coast 110/220 kV parallel open, avoid O/L the Burnie to Sheffield 220kV line or Burnie No. 2 220/110 kV txfmr for loss of the remaining Sheffield 220/110kV transformer","OUTAGE","OTHER","Sheffield 1 220/110kV XFMR","REGULATED","INCLUDED",null,"PLANNED",1]
[1273,"TASNETWORKSV5_20230126103852","2021-11-12T13:10:00","T>T_SH_TX","T-SH_TX_WCP_OPEN","2016-06-16",1,-25.657,"Out = Sheffield 220/110kV transformer, West Coast 110/220 kV parallel open, avoid O/L the Burnie to Sheffield 220kV line or Burnie No. 2 220/110 kV txfmr for loss of the remaining Sheffield 220/110kV transformer","OUTAGE","OTHER","Sheffield 1 220/110kV XFMR","REGULATED","INCLUDED",null,"PLANNED",1]
[1274,"TASNETWORKSV5_20230126103852","2021-11-12T13:15:00","T>T_SH_TX","T-SH_TX_WCP_OPEN","2016-06-16",1,-26.476189999999999,"Out = Sheffield 220/110kV transformer, West Coast 110/220 kV parallel open, avoid O/L the Burnie to Sheffield 220kV line or Burnie No. 2 220/110 kV txfmr for loss of the remaining Sheffield 220/110kV transformer","OUTAGE","OTHER","Sheffield 1 220/110kV XFMR","REGULATED","INCLUDED",null,"PLANNED",1]
[1275,"TASNETWORKSV5_20230126103852","2021-11-12T13:20:00","T>T_SH_TX","T-SH_TX_WCP_OPEN","2016-06-16",1,-34.646099999999997,"Out = Sheffield 220/110kV transformer, West Coast 110/220 kV parallel open, avoid O/L the Burnie to Sheffield 220kV line or Burnie No. 2 220/110 kV txfmr for loss of the remaining Sheffield 220/110kV transformer","OUTAGE","OTHER","Sheffield 1 220/110kV XFMR","REGULATED","INCLUDED",null,"PLANNED",1]
[1276,"TASNETWORKSV5_20230126103852","2021-11-12T13:25:00","T>T_SH_TX","T-SH_TX_WCP_OPEN","2016-06-16",1,-21.187999999999999,"Out = Sheffield 220/110kV transformer, West Coast 110/220 kV parallel open, avoid O/L the Burnie to Sheffield 220kV line or Burnie No. 2 220/110 kV txfmr for loss of the remaining Sheffield 220/110kV transformer","OUTAGE","OTHER","Sheffield 1 220/110kV XFMR","REGULATED","INCLUDED",null,"PLANNED",1]
[1277,"TASNETWORKSV5_20230126103852","2021-11-12T13:30:00","T>T_SH_TX","T-SH_TX_WCP_OPEN","2016-06-16",1,-23.101739999999999,"Out = Sheffield 220/110kV transformer, West Coast 110/220 kV parallel open, avoid O/L the Burnie to Sheffield 220kV line or Burnie No. 2 220/110 kV txfmr for loss of the remaining Sheffield 220/110kV transformer","OUTAGE","OTHER","Sheffield 1 220/110kV XFMR","REGULATED","INCLUDED",null,"PLANNED",1]
[1278,"TASNETWORKSV5_20230126103852","2021-11-12T13:40:00","T>T_SH_TX","T-SH_TX_WCP_OPEN","2016-06-16",1,-14.88585,"Out = Sheffield 220/110kV transformer, West Coast 110/220 kV parallel open, avoid O/L the Burnie to Sheffield 220kV line or Burnie No. 2 220/110 kV txfmr for loss of the remaining Sheffield 220/110kV transformer","OUTAGE","OTHER","Sheffield 1 220/110kV XFMR","REGULATED","INCLUDED",null,"PLANNED",1]
[1279,"TASNETWORKSV5_20230126103852","2021-11-12T13:45:00","T>T_SH_TX","T-SH_TX_WCP_OPEN","2016-06-16",1,-14.04734,"Out = Sheffield 220/110kV transformer, West Coast 110/220 kV parallel open, avoid O/L the Burnie to Sheffield 220kV line or Burnie No. 2 220/110 kV txfmr for loss of the remaining Sheffield 220/110kV transformer","OUTAGE","OTHER","Sheffield 1 220/110kV XFMR","REGULATED","INCLUDED",null,"PLANNED",1]
[1280,"TASNETWORKSV5_20230126103852","2021-11-15T00:10:00","F_T+CSGO_TG_R6_2","F-T-CSGO","2016-04-12",1,561.45191999999997,"Out = one Chapel St to Gordon line, Tasmania Raise 6 sec requirement for loss of the remaining Chapel St to Gordon line, Basslink unable to transfer FCAS, Segment2","OUTAGE","FCAS","Gordon ChapelSt 1 220kV LINE","REGULATED","INCLUDED",null,"UNPLANNED",1]
[1281,"TASNETWORKSV5_20230126103852","2021-11-15T00:15:00","F_T+CSGO_TG_R6_2","F-T-CSGO","2016-04-12",1,558.15810999999997,"Out = one Chapel St to Gordon line, Tasmania Raise 6 sec requirement for loss of the remaining Chapel St to Gordon line, Basslink unable to transfer FCAS, Segment2","OUTAGE","FCAS","Gordon ChapelSt 1 220kV LINE","REGULATED","INCLUDED",null,"UNPLANNED",1]
[1282,"TASNETWORKSV5_20230126103852","2021-11-15T00:20:00","F_T+CSGO_TG_R6_2","F-T-CSGO","2016-04-12",1,558.16966000000002,"Out = one Chapel St to Gordon line, Tasmania Raise 6 sec requirement for loss of the remaining Chapel St to Gordon line, Basslink unable to transfer FCAS, Segment2","OUTAGE","FCAS","Gordon ChapelSt 1 220kV LINE","REGULATED","INCLUDED",null,"UNPLANNED",1]
[1283,"TASNETWORKSV5_20230126103852","2021-11-15T03:05:00","F_T+CSGO_TG_R6_2","F-T-CSGO","2016-04-12",1,12.277659999999999,"Out = one Chapel St to Gordon line, Tasmania Raise 6 sec requirement for loss of the remaining Chapel St to Gordon line, Basslink unable to transfer FCAS, Segment2","OUTAGE","FCAS","Gordon ChapelSt 2 220kV LINE; Gordon ChapelSt 1 220kV LINE","REGULATED","INCLUDED",null,"UNPLANNED",1]
[1284,"TASNETWORKSV5_20230126103852","2021-11-15T03:10:00","F_T+CSGO_TG_R6_2","F-T-CSGO","2016-04-12",1,11.60351,"Out = one Chapel St to Gordon line, Tasmania Raise 6 sec requirement for loss of the remaining Chapel St to Gordon line, Basslink unable to transfer FCAS, Segment2","OUTAGE","FCAS","Gordon ChapelSt 2 220kV LINE; Gordon ChapelSt 1 220kV LINE","REGULATED","INCLUDED",null,"UNPLANNED",1]
[1285,"TASNETWORKSV5_20230126103852","2021-11-15T03:15:00","F_T+CSGO_TG_R6_2","F-T-CSGO","2016-04-12",1,11.664569999999999,"Out = one Chapel St to Gordon line, Tasmania Raise 6 sec requirement for loss of the remaining Chapel St to Gordon line, Basslink unable to transfer FCAS, Segment2","OUTAGE","FCAS","Gordon ChapelSt 2 220kV LINE; Gordon ChapelSt 1 220kV LINE","REGULATED","INCLUDED",null,"UNPLANNED",1]
[1286,"TASNETWORKSV5_20230126103852","2021-11-15T03:20:00","F_T+CSGO_TG_R6_2","F-T-CSGO","2016-04-12",1,12.11866,"Out = one Chapel St to Gordon line, Tasmania Raise 6 sec requirement for loss of the remaining Chapel St to Gordon line, Basslink unable to transfer FCAS, Segment2","OUTAGE","FCAS","Gordon ChapelSt 2 220kV LINE; Gordon ChapelSt 1 220kV LINE","REGULATED","INCLUDED",null,"UNPLANNED",1]
[1287,"TASNETWORKSV5_20230126103852","2021-11-15T05:10:00","F_T+CSGO_TG_R6_1","F-T-CSGO","2016-04-12",1,17.495280000000001,"Out = one Chapel St to Gordon line, Tasmania Raise 6 sec requirement for loss of the remaining Chapel St to Gordon line, Basslink unable to transfer FCAS, Segment1","OUTAGE","FCAS","Gordon ChapelSt 2 220kV LINE; Gordon ChapelSt 1 220kV LINE","REGULATED","INCLUDED",null,"UNPLANNED",1]
[1288,"TASNETWORKSV5_20230126103852","2021-11-22T10:20:00","T>T_PMWA_110_7","T-PMWA","2019-09-03",1,-32.775509999999997,"Out= Palmerston to Waddamana 110 kV line, avoid overloading the New Norfolk to Chapel St 110 kV line (flow to South) on trip of New Norfolk to Creek Road 110 kV line, feedback","OUTAGE","OTHER","Waddamana Palmerston 2 110kV LINE; Waddamana A 110kV BUS; Waddamana E 110kV BUS; Waddamana D7 110kV CB; Waddamana E752 110kV CB","REGULATED","INCLUDED",null,"PLANNED",1]
[1289,"TASNETWORKSV5_20230126103852","2021-11-22T10:25:00","T>T_PMWA_110_7","T-PMWA","2019-09-03",1,-32.775509999999997,"Out= Palmerston to Waddamana 110 kV line, avoid overloading the New Norfolk to Chapel St 110 kV line (flow to South) on trip of New Norfolk to Creek Road 110 kV line, feedback","OUTAGE","OTHER","Waddamana Palmerston 2 110kV LINE; Waddamana A 110kV BUS; Waddamana E 110kV BUS; Waddamana D7 110kV CB; Waddamana E752 110kV CB","REGULATED","INCLUDED",null,"PLANNED",1]
[1290,"TASNETWORKSV5_20230126103852","2021-11-22T11:20:00","T>T_PMWA_110_7","T-PMWA","2019-09-03",1,-32.775509999999997,"Out= Palmerston to Waddamana 110 kV line, avoid overloading the New Norfolk to Chapel St 110 kV line (flow to South) on trip of New Norfolk to Creek Road 110 kV line, feedback","OUTAGE","OTHER","Waddamana Palmerston 2 110kV LINE; Waddamana A 110kV BUS; Waddamana E 110kV BUS; Waddamana D7 110kV CB; Waddamana E752 110kV CB","REGULATED","INCLUDED",null,"PLANNED",1]
[1291,"TASNETWORKSV5_20230126103852","2021-11-22T11:25:00","T>T_PMWA_110_7","T-PMWA","2019-09-03",1,-36.483669999999996,"Out= Palmerston to Waddamana 110 kV line, avoid overloading the New Norfolk to Chapel St 110 kV line (flow to South) on trip of New Norfolk to Creek Road 110 kV line, feedback","OUTAGE","OTHER","Waddamana Palmerston 2 110kV LINE; Waddamana A 110kV BUS; Waddamana E 110kV BUS; Waddamana D7 110kV CB; Waddamana E752 110kV CB","REGULATED","INCLUDED",null,"PLANNED",1]
[1292,"TASNETWORKSV5_20230126103852","2021-11-22T11:30:00","T>T_PMWA_110_7","T-PMWA","2019-09-03",1,-36.104179999999999,"Out= Palmerston to Waddamana 110 kV line, avoid overloading the New Norfolk to Chapel St 110 kV line (flow to South) on trip of New Norfolk to Creek Road 110 kV line, feedback","OUTAGE","OTHER","Waddamana Palmerston 2 110kV LINE; Waddamana A 110kV BUS; Waddamana E 110kV BUS; Waddamana D7 110kV CB; Waddamana E752 110kV CB","REGULATED","INCLUDED",null,"PLANNED",1]
[1293,"TASNETWORKSV5_20230126103852","2021-11-22T11:55:00","T>T_PMWA_110_7","T-PMWA","2019-09-03",1,-32.983669999999996,"Out= Palmerston to Waddamana 110 kV line, avoid overloading the New Norfolk to Chapel St 110 kV line (flow to South) on trip of New Norfolk to Creek Road 110 kV line, feedback","OUTAGE","OTHER","Waddamana Palmerston 2 110kV LINE; Waddamana A 110kV BUS; Waddamana E 110kV BUS; Waddamana D7 110kV CB; Waddamana E752 110kV CB","REGULATED","INCLUDED",null,"PLANNED",1]
[1294,"TASNETWORKSV5_20230126103852","2021-11-22T12:20:00","T>T_PMWA_110_7","T-PMWA","2019-09-03",1,-33,"Out= Palmerston to Waddamana 110 kV line, avoid overloading the New Norfolk to Chapel St 110 kV line (flow to South) on trip of New Norfolk to Creek Road 110 kV line, feedback","OUTAGE","OTHER","Waddamana Palmerston 2 110kV LINE; Waddamana A 110kV BUS; Waddamana E 110kV BUS; Waddamana D7 110kV CB; Waddamana E752 110kV CB","REGULATED","INCLUDED",null,"PLANNED",1]
[1295,"TASNETWORKSV5_20230126103852","2021-11-22T13:30:00","T>T_PMWA_110_6","T-PMWA","2019-09-03",1,-33,"Out = Palmerston to Waddamana 110 kV line, avoid O/L Tungatinah to Meadowbank Tee 1 110kV line on trip of Tungatinah to Meadowbank Tee 2 to New Norfolk 110kV lines, Feedback","OUTAGE","OTHER","Waddamana Palmerston 2 110kV LINE; Waddamana A 110kV BUS; Waddamana E 110kV BUS; Waddamana D7 110kV CB; Waddamana E752 110kV CB","REGULATED","INCLUDED",null,"PLANNED",1]
[1296,"TASNETWORKSV5_20230126103852","2021-11-22T14:30:00","T>T_PMWA_110_6","T-PMWA","2019-09-03",1,-36.214779999999998,"Out = Palmerston to Waddamana 110 kV line, avoid O/L Tungatinah to Meadowbank Tee 1 110kV line on trip of Tungatinah to Meadowbank Tee 2 to New Norfolk 110kV lines, Feedback","OUTAGE","OTHER","Waddamana Palmerston 2 110kV LINE; Waddamana A 110kV BUS; Waddamana E 110kV BUS; Waddamana D7 110kV CB; Waddamana E752 110kV CB","REGULATED","INCLUDED",null,"PLANNED",1]
[1297,"TASNETWORKSV5_20230126103852","2021-11-24T07:10:00","T>T_PMWA_IMP_4D","T-PMWA","2019-11-28",1,-65.011009999999999,"Out = Palmerston to Waddamana 110 kV line, avoid overloading the Palmerston to Hadspen No. 1 220 kV line on trip of the Palmerston to Hadspen No. 2 220 kV line with no NCSPS action, feedback","OUTAGE","OTHER","S Morang F2 No.1 bus 330kV CB; Tungatinah-Waddamana-LakeEcho 1 110kV LINE; Tungatinah Waddamana 2 110kV LINE; Waddamana B 110kV BUS; Waddamana C 110kV BUS; Waddamana F752 110kV CB; Waddamana G752 110kV CB; Waddamana H7 110kV CB; Tungatinah Waddamana 1 110kV LINE","REGULATED",3,"Hydro LE Generator out of service","PLANNED",0]
[1298,"TASNETWORKSV5_20230126103852","2021-11-24T07:10:00","T>T_X_TU_LE_WA_TWO_2","T-X_TU_LE_WA_TWO","2016-06-16",1,-52.15,"Out= both Tungatinah to Waddamana 110kV lines (direct and via Lake Echo tee), avoid O/L Tungatinah to Meadowbank Tee 1 110kV line on trip of Tungatinah to Meadowbank Tee 2 to New Norfolk 110kV lines, Feedback","OUTAGE","OTHER","S Morang F2 No.1 bus 330kV CB; Tungatinah-Waddamana-LakeEcho 1 110kV LINE; Tungatinah Waddamana 2 110kV LINE; Waddamana B 110kV BUS; Waddamana C 110kV BUS; Waddamana F752 110kV CB; Waddamana G752 110kV CB; Waddamana H7 110kV CB; Tungatinah Waddamana 1 110kV LINE","REGULATED",3,"Hydro LE Generator out of service","PLANNED",0]
[1299,"TASNETWORKSV5_20230126103852","2021-11-24T07:15:00","T>T_PMWA_IMP_4D","T-PMWA","2019-11-28",1,-29.336069999999999,"Out = Palmerston to Waddamana 110 kV line, avoid overloading the Palmerston to Hadspen No. 1 220 kV line on trip of the Palmerston to Hadspen No. 2 220 kV line with no NCSPS action, feedback","OUTAGE","OTHER","S Morang F2 No.1 bus 330kV CB; Tungatinah-Waddamana-LakeEcho 1 110kV LINE; Tungatinah Waddamana 2 110kV LINE; Waddamana B 110kV BUS; Waddamana C 110kV BUS; Waddamana F752 110kV CB; Waddamana G752 110kV CB; Waddamana H7 110kV CB; Tungatinah Waddamana 1 110kV LINE","REGULATED",3,"Hydro LE Generator out of service","PLANNED",0]
[1300,"TASNETWORKSV5_20230126103852","2021-11-24T07:15:00","T>T_X_TU_LE_WA_TWO_2","T-X_TU_LE_WA_TWO","2016-06-16",1,-52.15,"Out= both Tungatinah to Waddamana 110kV lines (direct and via Lake Echo tee), avoid O/L Tungatinah to Meadowbank Tee 1 110kV line on trip of Tungatinah to Meadowbank Tee 2 to New Norfolk 110kV lines, Feedback","OUTAGE","OTHER","S Morang F2 No.1 bus 330kV CB; Tungatinah-Waddamana-LakeEcho 1 110kV LINE; Tungatinah Waddamana 2 110kV LINE; Waddamana B 110kV BUS; Waddamana C 110kV BUS; Waddamana F752 110kV CB; Waddamana G752 110kV CB; Waddamana H7 110kV CB; Tungatinah Waddamana 1 110kV LINE","REGULATED",3,"Hydro LE Generator out of service","PLANNED",0]
[1301,"TASNETWORKSV5_20230126103852","2021-11-24T07:20:00","T>T_X_TU_LE_WA_TWO_2","T-X_TU_LE_WA_TWO","2016-06-16",1,-52.15,"Out= both Tungatinah to Waddamana 110kV lines (direct and via Lake Echo tee), avoid O/L Tungatinah to Meadowbank Tee 1 110kV line on trip of Tungatinah to Meadowbank Tee 2 to New Norfolk 110kV lines, Feedback","OUTAGE","OTHER","S Morang F2 No.1 bus 330kV CB; Tungatinah-Waddamana-LakeEcho 1 110kV LINE; Tungatinah Waddamana 2 110kV LINE; Waddamana B 110kV BUS; Waddamana C 110kV BUS; Waddamana F752 110kV CB; Waddamana G752 110kV CB; Waddamana H7 110kV CB; Tungatinah Waddamana 1 110kV LINE","REGULATED",3,"Hydro LE Generator out of service","PLANNED",0]
[1302,"TASNETWORKSV5_20230126103852","2021-11-24T07:40:00","T>T_PMWA_IMP_4D","T-PMWA","2019-11-28",1,-23.68937,"Out = Palmerston to Waddamana 110 kV line, avoid overloading the Palmerston to Hadspen No. 1 220 kV line on trip of the Palmerston to Hadspen No. 2 220 kV line with no NCSPS action, feedback","OUTAGE","OTHER","S Morang F2 No.1 bus 330kV CB; Tungatinah-Waddamana-LakeEcho 1 110kV LINE; Tungatinah Waddamana 2 110kV LINE; Waddamana B 110kV BUS; Waddamana C 110kV BUS; Waddamana F752 110kV CB; Waddamana G752 110kV CB; Waddamana H7 110kV CB; Tungatinah Waddamana 1 110kV LINE","REGULATED",3,"Hydro LE Generator out of service","PLANNED",0]
[1303,"TASNETWORKSV5_20230126103852","2021-11-24T07:45:00","T>T_PMWA_IMP_4DD","T-PMWA","2019-11-28",1,-53.381790000000002,"Out = Palmerston to Waddamana 110 kV line, avoid overloading the Palmerston to Hadspen No. 2 220 kV line on trip of the Palmerston to Hadspen No. 1 220 kV line with no NCSPS action, feedback","OUTAGE","OTHER","S Morang F2 No.1 bus 330kV CB; Tungatinah-Waddamana-LakeEcho 1 110kV LINE; Tungatinah Waddamana 2 110kV LINE; Waddamana B 110kV BUS; Waddamana C 110kV BUS; Waddamana F752 110kV CB; Waddamana G752 110kV CB; Waddamana H7 110kV CB; Tungatinah Waddamana 1 110kV LINE","REGULATED",3,"Hydro LE Generator out of service","PLANNED",0]
[1304,"TASNETWORKSV5_20230126103852","2021-11-24T07:50:00","T>T_PMWA_110_7","T-PMWA","2019-09-03",1,-52.15,"Out= Palmerston to Waddamana 110 kV line, avoid overloading the New Norfolk to Chapel St 110 kV line (flow to South) on trip of New Norfolk to Creek Road 110 kV line, feedback","OUTAGE","OTHER","S Morang F2 No.1 bus 330kV CB; Tungatinah-Waddamana-LakeEcho 1 110kV LINE; Tungatinah Waddamana 2 110kV LINE; Waddamana B 110kV BUS; Waddamana C 110kV BUS; Waddamana F752 110kV CB; Waddamana G752 110kV CB; Waddamana H7 110kV CB; Tungatinah Waddamana 1 110kV LINE","REGULATED","INCLUDED",null,"PLANNED",1]
[1305,"TASNETWORKSV5_20230126103852","2021-11-24T07:50:00","T>T_PMWA_IMP_4D","T-PMWA","2019-11-28",1,-26.326630000000002,"Out = Palmerston to Waddamana 110 kV line, avoid overloading the Palmerston to Hadspen No. 1 220 kV line on trip of the Palmerston to Hadspen No. 2 220 kV line with no NCSPS action, feedback","OUTAGE","OTHER","S Morang F2 No.1 bus 330kV CB; Tungatinah-Waddamana-LakeEcho 1 110kV LINE; Tungatinah Waddamana 2 110kV LINE; Waddamana B 110kV BUS; Waddamana C 110kV BUS; Waddamana F752 110kV CB; Waddamana G752 110kV CB; Waddamana H7 110kV CB; Tungatinah Waddamana 1 110kV LINE","REGULATED",3,"Hydro LE Generator out of service","PLANNED",0]
[1306,"TASNETWORKSV5_20230126103852","2021-11-24T07:55:00","T>T_PMWA_110_7","T-PMWA","2019-09-03",1,-52.15,"Out= Palmerston to Waddamana 110 kV line, avoid overloading the New Norfolk to Chapel St 110 kV line (flow to South) on trip of New Norfolk to Creek Road 110 kV line, feedback","OUTAGE","OTHER","S Morang F2 No.1 bus 330kV CB; Tungatinah-Waddamana-LakeEcho 1 110kV LINE; Tungatinah Waddamana 2 110kV LINE; Waddamana B 110kV BUS; Waddamana C 110kV BUS; Waddamana F752 110kV CB; Waddamana G752 110kV CB; Waddamana H7 110kV CB; Tungatinah Waddamana 1 110kV LINE","REGULATED","INCLUDED",null,"PLANNED",1]
[1307,"TASNETWORKSV5_20230126103852","2021-11-24T07:55:00","T>T_PMWA_IMP_4D","T-PMWA","2019-11-28",1,-25.005269999999999,"Out = Palmerston to Waddamana 110 kV line, avoid overloading the Palmerston to Hadspen No. 1 220 kV line on trip of the Palmerston to Hadspen No. 2 220 kV line with no NCSPS action, feedback","OUTAGE","OTHER","S Morang F2 No.1 bus 330kV CB; Tungatinah-Waddamana-LakeEcho 1 110kV LINE; Tungatinah Waddamana 2 110kV LINE; Waddamana B 110kV BUS; Waddamana C 110kV BUS; Waddamana F752 110kV CB; Waddamana G752 110kV CB; Waddamana H7 110kV CB; Tungatinah Waddamana 1 110kV LINE","REGULATED",3,"Hydro LE Generator out of service","PLANNED",0]
[1308,"TASNETWORKSV5_20230126103852","2021-11-24T08:00:00","T>T_PMWA_110_7","T-PMWA","2019-09-03",1,-52.15,"Out= Palmerston to Waddamana 110 kV line, avoid overloading the New Norfolk to Chapel St 110 kV line (flow to South) on trip of New Norfolk to Creek Road 110 kV line, feedback","OUTAGE","OTHER","S Morang F2 No.1 bus 330kV CB; Tungatinah-Waddamana-LakeEcho 1 110kV LINE; Tungatinah Waddamana 2 110kV LINE; Waddamana B 110kV BUS; Waddamana C 110kV BUS; Waddamana F752 110kV CB; Waddamana G752 110kV CB; Waddamana H7 110kV CB; Tungatinah Waddamana 1 110kV LINE","REGULATED","INCLUDED",null,"PLANNED",1]
[1309,"TASNETWORKSV5_20230126103852","2021-11-24T08:00:00","T>T_PMWA_IMP_4D","T-PMWA","2019-11-28",1,-13.962870000000001,"Out = Palmerston to Waddamana 110 kV line, avoid overloading the Palmerston to Hadspen No. 1 220 kV line on trip of the Palmerston to Hadspen No. 2 220 kV line with no NCSPS action, feedback","OUTAGE","OTHER","S Morang F2 No.1 bus 330kV CB; Tungatinah-Waddamana-LakeEcho 1 110kV LINE; Tungatinah Waddamana 2 110kV LINE; Waddamana B 110kV BUS; Waddamana C 110kV BUS; Waddamana F752 110kV CB; Waddamana G752 110kV CB; Waddamana H7 110kV CB; Tungatinah Waddamana 1 110kV LINE","REGULATED",3,"Hydro LE Generator out of service","PLANNED",0]
[1310,"TASNETWORKSV5_20230126103852","2021-11-24T08:05:00","T>T_PMWA_IMP_4D","T-PMWA","2019-11-28",1,-26.939419999999998,"Out = Palmerston to Waddamana 110 kV line, avoid overloading the Palmerston to Hadspen No. 1 220 kV line on trip of the Palmerston to Hadspen No. 2 220 kV line with no NCSPS action, feedback","OUTAGE","OTHER","S Morang F2 No.1 bus 330kV CB; Tungatinah-Waddamana-LakeEcho 1 110kV LINE; Tungatinah Waddamana 2 110kV LINE; Waddamana B 110kV BUS; Waddamana C 110kV BUS; Waddamana F752 110kV CB; Waddamana G752 110kV CB; Waddamana H7 110kV CB; Tungatinah Waddamana 1 110kV LINE","REGULATED",3,"Hydro LE Generator out of service","PLANNED",0]
[1311,"TASNETWORKSV5_20230126103852","2021-11-24T08:10:00","T>T_PMWA_IMP_4D","T-PMWA","2019-11-28",1,-25.296099999999999,"Out = Palmerston to Waddamana 110 kV line, avoid overloading the Palmerston to Hadspen No. 1 220 kV line on trip of the Palmerston to Hadspen No. 2 220 kV line with no NCSPS action, feedback","OUTAGE","OTHER","S Morang F2 No.1 bus 330kV CB; Tungatinah-Waddamana-LakeEcho 1 110kV LINE; Tungatinah Waddamana 2 110kV LINE; Waddamana B 110kV BUS; Waddamana C 110kV BUS; Waddamana F752 110kV CB; Waddamana G752 110kV CB; Waddamana H7 110kV CB; Tungatinah Waddamana 1 110kV LINE","REGULATED",3,"Hydro LE Generator out of service","PLANNED",0]
[1312,"TASNETWORKSV5_20230126103852","2021-11-24T08:15:00","T>T_PMWA_IMP_4D","T-PMWA","2019-11-28",1,-20.11063,"Out = Palmerston to Waddamana 110 kV line, avoid overloading the Palmerston to Hadspen No. 1 220 kV line on trip of the Palmerston to Hadspen No. 2 220 kV line with no NCSPS action, feedback","OUTAGE","OTHER","S Morang F2 No.1 bus 330kV CB; Tungatinah-Waddamana-LakeEcho 1 110kV LINE; Tungatinah Waddamana 2 110kV LINE; Waddamana B 110kV BUS; Waddamana C 110kV BUS; Waddamana F752 110kV CB; Waddamana G752 110kV CB; Waddamana H7 110kV CB; Tungatinah Waddamana 1 110kV LINE","REGULATED",3,"Hydro LE Generator out of service","PLANNED",0]
[1313,"TASNETWORKSV5_20230126103852","2021-11-24T08:20:00","T>T_PMWA_IMP_4D","T-PMWA","2019-11-28",1,-28.917750000000002,"Out = Palmerston to Waddamana 110 kV line, avoid overloading the Palmerston to Hadspen No. 1 220 kV line on trip of the Palmerston to Hadspen No. 2 220 kV line with no NCSPS action, feedback","OUTAGE","OTHER","S Morang F2 No.1 bus 330kV CB; Tungatinah-Waddamana-LakeEcho 1 110kV LINE; Tungatinah Waddamana 2 110kV LINE; Waddamana B 110kV BUS; Waddamana C 110kV BUS; Waddamana F752 110kV CB; Waddamana G752 110kV CB; Waddamana H7 110kV CB; Tungatinah Waddamana 1 110kV LINE","REGULATED",3,"Hydro LE Generator out of service","PLANNED",0]
[1314,"TASNETWORKSV5_20230126103852","2021-11-24T08:25:00","T>T_PMWA_IMP_4D","T-PMWA","2019-11-28",1,-12.613099999999999,"Out = Palmerston to Waddamana 110 kV line, avoid overloading the Palmerston to Hadspen No. 1 220 kV line on trip of the Palmerston to Hadspen No. 2 220 kV line with no NCSPS action, feedback","OUTAGE","OTHER","S Morang F2 No.1 bus 330kV CB; Tungatinah-Waddamana-LakeEcho 1 110kV LINE; Tungatinah Waddamana 2 110kV LINE; Waddamana B 110kV BUS; Waddamana C 110kV BUS; Waddamana F752 110kV CB; Waddamana G752 110kV CB; Waddamana H7 110kV CB; Tungatinah Waddamana 1 110kV LINE","REGULATED",3,"Hydro LE Generator out of service","PLANNED",0]
[1315,"TASNETWORKSV5_20230126103852","2021-11-24T08:30:00","T>T_PMWA_IMP_4D","T-PMWA","2019-11-28",1,-18.924880000000002,"Out = Palmerston to Waddamana 110 kV line, avoid overloading the Palmerston to Hadspen No. 1 220 kV line on trip of the Palmerston to Hadspen No. 2 220 kV line with no NCSPS action, feedback","OUTAGE","OTHER","S Morang F2 No.1 bus 330kV CB; Tungatinah-Waddamana-LakeEcho 1 110kV LINE; Tungatinah Waddamana 2 110kV LINE; Waddamana B 110kV BUS; Waddamana C 110kV BUS; Waddamana F752 110kV CB; Waddamana G752 110kV CB; Waddamana H7 110kV CB; Tungatinah Waddamana 1 110kV LINE","REGULATED",3,"Hydro LE Generator out of service","PLANNED",0]
[1316,"TASNETWORKSV5_20230126103852","2021-11-24T08:35:00","T>T_PMWA_IMP_4D","T-PMWA","2019-11-28",1,-12.303599999999999,"Out = Palmerston to Waddamana 110 kV line, avoid overloading the Palmerston to Hadspen No. 1 220 kV line on trip of the Palmerston to Hadspen No. 2 220 kV line with no NCSPS action, feedback","OUTAGE","OTHER","S Morang F2 No.1 bus 330kV CB; Tungatinah-Waddamana-LakeEcho 1 110kV LINE; Tungatinah Waddamana 2 110kV LINE; Waddamana B 110kV BUS; Waddamana C 110kV BUS; Waddamana F752 110kV CB; Waddamana G752 110kV CB; Waddamana H7 110kV CB; Tungatinah Waddamana 1 110kV LINE","REGULATED",3,"Hydro LE Generator out of service","PLANNED",0]
[1317,"TASNETWORKSV5_20230126103852","2021-11-24T08:40:00","T>T_X_TU_LE_WA_TWO_2","T-X_TU_LE_WA_TWO","2016-06-16",1,-52.15,"Out= both Tungatinah to Waddamana 110kV lines (direct and via Lake Echo tee), avoid O/L Tungatinah to Meadowbank Tee 1 110kV line on trip of Tungatinah to Meadowbank Tee 2 to New Norfolk 110kV lines, Feedback","OUTAGE","OTHER","S Morang F2 No.1 bus 330kV CB; Tungatinah-Waddamana-LakeEcho 1 110kV LINE; Tungatinah Waddamana 2 110kV LINE; Waddamana B 110kV BUS; Waddamana C 110kV BUS; Waddamana F752 110kV CB; Waddamana G752 110kV CB; Waddamana H7 110kV CB; Tungatinah Waddamana 1 110kV LINE","REGULATED",3,"Hydro LE Generator out of service","PLANNED",0]
[1318,"TASNETWORKSV5_20230126103852","2021-11-24T08:45:00","T>T_PMWA_IMP_4D","T-PMWA","2019-11-28",1,-11.56278,"Out = Palmerston to Waddamana 110 kV line, avoid overloading the Palmerston to Hadspen No. 1 220 kV line on trip of the Palmerston to Hadspen No. 2 220 kV line with no NCSPS action, feedback","OUTAGE","OTHER","S Morang F2 No.1 bus 330kV CB; Tungatinah-Waddamana-LakeEcho 1 110kV LINE; Tungatinah Waddamana 2 110kV LINE; Waddamana B 110kV BUS; Waddamana C 110kV BUS; Waddamana F752 110kV CB; Waddamana G752 110kV CB; Waddamana H7 110kV CB; Tungatinah Waddamana 1 110kV LINE","REGULATED",3,"Hydro LE Generator out of service","PLANNED",0]
[1319,"TASNETWORKSV5_20230126103852","2021-11-24T08:45:00","T>T_X_TU_LE_WA_TWO_2","T-X_TU_LE_WA_TWO","2016-06-16",1,-52.15,"Out= both Tungatinah to Waddamana 110kV lines (direct and via Lake Echo tee), avoid O/L Tungatinah to Meadowbank Tee 1 110kV line on trip of Tungatinah to Meadowbank Tee 2 to New Norfolk 110kV lines, Feedback","OUTAGE","OTHER","S Morang F2 No.1 bus 330kV CB; Tungatinah-Waddamana-LakeEcho 1 110kV LINE; Tungatinah Waddamana 2 110kV LINE; Waddamana B 110kV BUS; Waddamana C 110kV BUS; Waddamana F752 110kV CB; Waddamana G752 110kV CB; Waddamana H7 110kV CB; Tungatinah Waddamana 1 110kV LINE","REGULATED",3,"Hydro LE Generator out of service","PLANNED",0]
[1320,"TASNETWORKSV5_20230126103852","2021-11-24T09:10:00","T>T_PMWA_110_7","T-PMWA","2019-09-03",1,-52.15,"Out= Palmerston to Waddamana 110 kV line, avoid overloading the New Norfolk to Chapel St 110 kV line (flow to South) on trip of New Norfolk to Creek Road 110 kV line, feedback","OUTAGE","OTHER","S Morang F2 No.1 bus 330kV CB; Tungatinah-Waddamana-LakeEcho 1 110kV LINE; Tungatinah Waddamana 2 110kV LINE; Waddamana B 110kV BUS; Waddamana C 110kV BUS; Waddamana F752 110kV CB; Waddamana G752 110kV CB; Waddamana H7 110kV CB; Tungatinah Waddamana 1 110kV LINE","REGULATED","INCLUDED",null,"PLANNED",1]
[1321,"TASNETWORKSV5_20230126103852","2021-11-24T09:15:00","T>T_PMWA_110_7","T-PMWA","2019-09-03",1,-52.15,"Out= Palmerston to Waddamana 110 kV line, avoid overloading the New Norfolk to Chapel St 110 kV line (flow to South) on trip of New Norfolk to Creek Road 110 kV line, feedback","OUTAGE","OTHER","S Morang F2 No.1 bus 330kV CB; Tungatinah-Waddamana-LakeEcho 1 110kV LINE; Tungatinah Waddamana 2 110kV LINE; Waddamana B 110kV BUS; Waddamana C 110kV BUS; Waddamana F752 110kV CB; Waddamana G752 110kV CB; Waddamana H7 110kV CB; Tungatinah Waddamana 1 110kV LINE","REGULATED","INCLUDED",null,"PLANNED",1]
[1322,"TASNETWORKSV5_20230126103852","2021-11-24T09:30:00","T>T_PMWA_110_7","T-PMWA","2019-09-03",1,-52.15,"Out= Palmerston to Waddamana 110 kV line, avoid overloading the New Norfolk to Chapel St 110 kV line (flow to South) on trip of New Norfolk to Creek Road 110 kV line, feedback","OUTAGE","OTHER","S Morang F2 No.1 bus 330kV CB; Tungatinah-Waddamana-LakeEcho 1 110kV LINE; Tungatinah Waddamana 2 110kV LINE; Waddamana B 110kV BUS; Waddamana C 110kV BUS; Waddamana F752 110kV CB; Waddamana G752 110kV CB; Waddamana H7 110kV CB; Tungatinah Waddamana 1 110kV LINE","REGULATED","INCLUDED",null,"PLANNED",1]
[1323,"TASNETWORKSV5_20230126103852","2021-11-24T09:35:00","T>T_PMWA_110_7","T-PMWA","2019-09-03",1,-52.15,"Out= Palmerston to Waddamana 110 kV line, avoid overloading the New Norfolk to Chapel St 110 kV line (flow to South) on trip of New Norfolk to Creek Road 110 kV line, feedback","OUTAGE","OTHER","S Morang F2 No.1 bus 330kV CB; Tungatinah-Waddamana-LakeEcho 1 110kV LINE; Tungatinah Waddamana 2 110kV LINE; Waddamana B 110kV BUS; Waddamana C 110kV BUS; Waddamana F752 110kV CB; Waddamana G752 110kV CB; Waddamana H7 110kV CB; Tungatinah Waddamana 1 110kV LINE","REGULATED","INCLUDED",null,"PLANNED",1]
[1324,"TASNETWORKSV5_20230126103852","2021-11-24T09:40:00","T>T_PMWA_110_7","T-PMWA","2019-09-03",1,-52.15,"Out= Palmerston to Waddamana 110 kV line, avoid overloading the New Norfolk to Chapel St 110 kV line (flow to South) on trip of New Norfolk to Creek Road 110 kV line, feedback","OUTAGE","OTHER","S Morang F2 No.1 bus 330kV CB; Tungatinah-Waddamana-LakeEcho 1 110kV LINE; Tungatinah Waddamana 2 110kV LINE; Waddamana B 110kV BUS; Waddamana C 110kV BUS; Waddamana F752 110kV CB; Waddamana G752 110kV CB; Waddamana H7 110kV CB; Tungatinah Waddamana 1 110kV LINE","REGULATED","INCLUDED",null,"PLANNED",1]
[1325,"TASNETWORKSV5_20230126103852","2021-11-24T09:45:00","T>T_PMWA_110_7","T-PMWA","2019-09-03",1,-51.200850000000003,"Out= Palmerston to Waddamana 110 kV line, avoid overloading the New Norfolk to Chapel St 110 kV line (flow to South) on trip of New Norfolk to Creek Road 110 kV line, feedback","OUTAGE","OTHER","S Morang F2 No.1 bus 330kV CB; Tungatinah-Waddamana-LakeEcho 1 110kV LINE; Tungatinah Waddamana 2 110kV LINE; Waddamana B 110kV BUS; Waddamana C 110kV BUS; Waddamana F752 110kV CB; Waddamana G752 110kV CB; Waddamana H7 110kV CB; Tungatinah Waddamana 1 110kV LINE","REGULATED","INCLUDED",null,"PLANNED",1]
[1326,"TASNETWORKSV5_20230126103852","2021-11-24T09:45:00","T>T_PMWA_IMP_4D","T-PMWA","2019-11-28",1,-17.015830000000001,"Out = Palmerston to Waddamana 110 kV line, avoid overloading the Palmerston to Hadspen No. 1 220 kV line on trip of the Palmerston to Hadspen No. 2 220 kV line with no NCSPS action, feedback","OUTAGE","OTHER","S Morang F2 No.1 bus 330kV CB; Tungatinah-Waddamana-LakeEcho 1 110kV LINE; Tungatinah Waddamana 2 110kV LINE; Waddamana B 110kV BUS; Waddamana C 110kV BUS; Waddamana F752 110kV CB; Waddamana G752 110kV CB; Waddamana H7 110kV CB; Tungatinah Waddamana 1 110kV LINE","REGULATED",3,"Hydro LE Generator out of service","PLANNED",0]
[1327,"TASNETWORKSV5_20230126103852","2021-11-24T09:50:00","T>T_PMWA_110_7","T-PMWA","2019-09-03",1,-50.370339999999999,"Out= Palmerston to Waddamana 110 kV line, avoid overloading the New Norfolk to Chapel St 110 kV line (flow to South) on trip of New Norfolk to Creek Road 110 kV line, feedback","OUTAGE","OTHER","S Morang F2 No.1 bus 330kV CB; Tungatinah-Waddamana-LakeEcho 1 110kV LINE; Tungatinah Waddamana 2 110kV LINE; Waddamana B 110kV BUS; Waddamana C 110kV BUS; Waddamana F752 110kV CB; Waddamana G752 110kV CB; Waddamana H7 110kV CB; Tungatinah Waddamana 1 110kV LINE","REGULATED","INCLUDED",null,"PLANNED",1]
[1328,"TASNETWORKSV5_20230126103852","2021-11-24T09:50:00","T>T_PMWA_IMP_4D","T-PMWA","2019-11-28",1,-12.11098,"Out = Palmerston to Waddamana 110 kV line, avoid overloading the Palmerston to Hadspen No. 1 220 kV line on trip of the Palmerston to Hadspen No. 2 220 kV line with no NCSPS action, feedback","OUTAGE","OTHER","S Morang F2 No.1 bus 330kV CB; Tungatinah-Waddamana-LakeEcho 1 110kV LINE; Tungatinah Waddamana 2 110kV LINE; Waddamana B 110kV BUS; Waddamana C 110kV BUS; Waddamana F752 110kV CB; Waddamana G752 110kV CB; Waddamana H7 110kV CB; Tungatinah Waddamana 1 110kV LINE","REGULATED",3,"Hydro LE Generator out of service","PLANNED",0]
[1329,"TASNETWORKSV5_20230126103852","2021-11-24T09:55:00","T>T_PMWA_110_7","T-PMWA","2019-09-03",1,-49.400329999999997,"Out= Palmerston to Waddamana 110 kV line, avoid overloading the New Norfolk to Chapel St 110 kV line (flow to South) on trip of New Norfolk to Creek Road 110 kV line, feedback","OUTAGE","OTHER","S Morang F2 No.1 bus 330kV CB; Tungatinah-Waddamana-LakeEcho 1 110kV LINE; Tungatinah Waddamana 2 110kV LINE; Waddamana B 110kV BUS; Waddamana C 110kV BUS; Waddamana F752 110kV CB; Waddamana G752 110kV CB; Waddamana H7 110kV CB; Tungatinah Waddamana 1 110kV LINE","REGULATED","INCLUDED",null,"PLANNED",1]
[1330,"TASNETWORKSV5_20230126103852","2021-11-24T10:00:00","T>T_PMWA_110_7","T-PMWA","2019-09-03",1,-50.0822,"Out= Palmerston to Waddamana 110 kV line, avoid overloading the New Norfolk to Chapel St 110 kV line (flow to South) on trip of New Norfolk to Creek Road 110 kV line, feedback","OUTAGE","OTHER","S Morang F2 No.1 bus 330kV CB; Tungatinah-Waddamana-LakeEcho 1 110kV LINE; Tungatinah Waddamana 2 110kV LINE; Waddamana B 110kV BUS; Waddamana C 110kV BUS; Waddamana F752 110kV CB; Waddamana G752 110kV CB; Waddamana H7 110kV CB; Tungatinah Waddamana 1 110kV LINE","REGULATED","INCLUDED",null,"PLANNED",1]
[1331,"TASNETWORKSV5_20230126103852","2021-11-24T10:05:00","T>T_PMWA_110_7","T-PMWA","2019-09-03",1,-49.786430000000003,"Out= Palmerston to Waddamana 110 kV line, avoid overloading the New Norfolk to Chapel St 110 kV line (flow to South) on trip of New Norfolk to Creek Road 110 kV line, feedback","OUTAGE","OTHER","S Morang F2 No.1 bus 330kV CB; Tungatinah-Waddamana-LakeEcho 1 110kV LINE; Tungatinah Waddamana 2 110kV LINE; Waddamana B 110kV BUS; Waddamana C 110kV BUS; Waddamana F752 110kV CB; Waddamana G752 110kV CB; Waddamana H7 110kV CB; Tungatinah Waddamana 1 110kV LINE","REGULATED","INCLUDED",null,"PLANNED",1]
[1332,"TASNETWORKSV5_20230126103852","2021-11-24T10:10:00","T>T_PMWA_110_7","T-PMWA","2019-09-03",1,-50.672199999999997,"Out= Palmerston to Waddamana 110 kV line, avoid overloading the New Norfolk to Chapel St 110 kV line (flow to South) on trip of New Norfolk to Creek Road 110 kV line, feedback","OUTAGE","OTHER","S Morang F2 No.1 bus 330kV CB; Tungatinah-Waddamana-LakeEcho 1 110kV LINE; Tungatinah Waddamana 2 110kV LINE; Waddamana B 110kV BUS; Waddamana C 110kV BUS; Waddamana F752 110kV CB; Waddamana G752 110kV CB; Waddamana H7 110kV CB; Tungatinah Waddamana 1 110kV LINE","REGULATED","INCLUDED",null,"PLANNED",1]
[1333,"TASNETWORKSV5_20230126103852","2021-11-24T10:15:00","T>T_PMWA_110_7","T-PMWA","2019-09-03",1,-47.301189999999998,"Out= Palmerston to Waddamana 110 kV line, avoid overloading the New Norfolk to Chapel St 110 kV line (flow to South) on trip of New Norfolk to Creek Road 110 kV line, feedback","OUTAGE","OTHER","S Morang F2 No.1 bus 330kV CB; Tungatinah-Waddamana-LakeEcho 1 110kV LINE; Tungatinah Waddamana 2 110kV LINE; Waddamana B 110kV BUS; Waddamana C 110kV BUS; Waddamana F752 110kV CB; Waddamana G752 110kV CB; Waddamana H7 110kV CB; Tungatinah Waddamana 1 110kV LINE","REGULATED","INCLUDED",null,"PLANNED",1]
[1334,"TASNETWORKSV5_20230126103852","2021-11-24T10:20:00","T>T_PMWA_110_7","T-PMWA","2019-09-03",1,-49.093690000000002,"Out= Palmerston to Waddamana 110 kV line, avoid overloading the New Norfolk to Chapel St 110 kV line (flow to South) on trip of New Norfolk to Creek Road 110 kV line, feedback","OUTAGE","OTHER","S Morang F2 No.1 bus 330kV CB; Tungatinah-Waddamana-LakeEcho 1 110kV LINE; Tungatinah Waddamana 2 110kV LINE; Waddamana B 110kV BUS; Waddamana C 110kV BUS; Waddamana F752 110kV CB; Waddamana G752 110kV CB; Waddamana H7 110kV CB; Tungatinah Waddamana 1 110kV LINE","REGULATED","INCLUDED",null,"PLANNED",1]
[1335,"TASNETWORKSV5_20230126103852","2021-11-24T10:25:00","T>T_PMWA_110_7","T-PMWA","2019-09-03",1,-48.782310000000003,"Out= Palmerston to Waddamana 110 kV line, avoid overloading the New Norfolk to Chapel St 110 kV line (flow to South) on trip of New Norfolk to Creek Road 110 kV line, feedback","OUTAGE","OTHER","S Morang F2 No.1 bus 330kV CB; Tungatinah-Waddamana-LakeEcho 1 110kV LINE; Tungatinah Waddamana 2 110kV LINE; Waddamana B 110kV BUS; Waddamana C 110kV BUS; Waddamana F752 110kV CB; Waddamana G752 110kV CB; Waddamana H7 110kV CB; Tungatinah Waddamana 1 110kV LINE","REGULATED","INCLUDED",null,"PLANNED",1]
[1336,"TASNETWORKSV5_20230126103852","2021-11-24T10:30:00","T>T_PMWA_110_7","T-PMWA","2019-09-03",1,-47.149299999999997,"Out= Palmerston to Waddamana 110 kV line, avoid overloading the New Norfolk to Chapel St 110 kV line (flow to South) on trip of New Norfolk to Creek Road 110 kV line, feedback","OUTAGE","OTHER","S Morang F2 No.1 bus 330kV CB; Tungatinah-Waddamana-LakeEcho 1 110kV LINE; Tungatinah Waddamana 2 110kV LINE; Waddamana B 110kV BUS; Waddamana C 110kV BUS; Waddamana F752 110kV CB; Waddamana G752 110kV CB; Waddamana H7 110kV CB; Tungatinah Waddamana 1 110kV LINE","REGULATED","INCLUDED",null,"PLANNED",1]
[1337,"TASNETWORKSV5_20230126103852","2021-11-24T10:35:00","T>T_PMWA_110_7","T-PMWA","2019-09-03",1,-33.550510000000003,"Out= Palmerston to Waddamana 110 kV line, avoid overloading the New Norfolk to Chapel St 110 kV line (flow to South) on trip of New Norfolk to Creek Road 110 kV line, feedback","OUTAGE","OTHER","S Morang F2 No.1 bus 330kV CB; Tungatinah-Waddamana-LakeEcho 1 110kV LINE; Tungatinah Waddamana 2 110kV LINE; Waddamana B 110kV BUS; Waddamana C 110kV BUS; Waddamana F752 110kV CB; Waddamana G752 110kV CB; Waddamana H7 110kV CB; Tungatinah Waddamana 1 110kV LINE","REGULATED","INCLUDED",null,"PLANNED",1]
[1338,"TASNETWORKSV5_20230126103852","2021-11-24T10:35:00","T>T_PMWA_IMP_4D","T-PMWA","2019-11-28",1,-14.484909999999999,"Out = Palmerston to Waddamana 110 kV line, avoid overloading the Palmerston to Hadspen No. 1 220 kV line on trip of the Palmerston to Hadspen No. 2 220 kV line with no NCSPS action, feedback","OUTAGE","OTHER","S Morang F2 No.1 bus 330kV CB; Tungatinah-Waddamana-LakeEcho 1 110kV LINE; Tungatinah Waddamana 2 110kV LINE; Waddamana B 110kV BUS; Waddamana C 110kV BUS; Waddamana F752 110kV CB; Waddamana G752 110kV CB; Waddamana H7 110kV CB; Tungatinah Waddamana 1 110kV LINE","REGULATED",3,"Hydro LE Generator out of service","PLANNED",0]
[1339,"TASNETWORKSV5_20230126103852","2021-11-24T10:40:00","T>T_PMWA_110_7","T-PMWA","2019-09-03",1,-33.550510000000003,"Out= Palmerston to Waddamana 110 kV line, avoid overloading the New Norfolk to Chapel St 110 kV line (flow to South) on trip of New Norfolk to Creek Road 110 kV line, feedback","OUTAGE","OTHER","S Morang F2 No.1 bus 330kV CB; Tungatinah-Waddamana-LakeEcho 1 110kV LINE; Tungatinah Waddamana 2 110kV LINE; Waddamana B 110kV BUS; Waddamana C 110kV BUS; Waddamana F752 110kV CB; Waddamana G752 110kV CB; Waddamana H7 110kV CB; Tungatinah Waddamana 1 110kV LINE","REGULATED","INCLUDED",null,"PLANNED",1]
[1340,"TASNETWORKSV5_20230126103852","2021-11-24T10:45:00","T>T_PMWA_110_7","T-PMWA","2019-09-03",1,-39.972050000000003,"Out= Palmerston to Waddamana 110 kV line, avoid overloading the New Norfolk to Chapel St 110 kV line (flow to South) on trip of New Norfolk to Creek Road 110 kV line, feedback","OUTAGE","OTHER","S Morang F2 No.1 bus 330kV CB; Tungatinah-Waddamana-LakeEcho 1 110kV LINE; Tungatinah Waddamana 2 110kV LINE; Waddamana B 110kV BUS; Waddamana C 110kV BUS; Waddamana F752 110kV CB; Waddamana G752 110kV CB; Waddamana H7 110kV CB; Tungatinah Waddamana 1 110kV LINE","REGULATED","INCLUDED",null,"PLANNED",1]
[1341,"TASNETWORKSV5_20230126103852","2021-11-24T10:50:00","T>T_PMWA_110_7","T-PMWA","2019-09-03",1,-32.686100000000003,"Out= Palmerston to Waddamana 110 kV line, avoid overloading the New Norfolk to Chapel St 110 kV line (flow to South) on trip of New Norfolk to Creek Road 110 kV line, feedback","OUTAGE","OTHER","S Morang F2 No.1 bus 330kV CB; Tungatinah-Waddamana-LakeEcho 1 110kV LINE; Tungatinah Waddamana 2 110kV LINE; Waddamana B 110kV BUS; Waddamana C 110kV BUS; Waddamana F752 110kV CB; Waddamana G752 110kV CB; Waddamana H7 110kV CB; Tungatinah Waddamana 1 110kV LINE","REGULATED","INCLUDED",null,"PLANNED",1]
[1342,"TASNETWORKSV5_20230126103852","2021-11-24T10:50:00","T>T_PMWA_IMP_4D","T-PMWA","2019-11-28",1,-13.06799,"Out = Palmerston to Waddamana 110 kV line, avoid overloading the Palmerston to Hadspen No. 1 220 kV line on trip of the Palmerston to Hadspen No. 2 220 kV line with no NCSPS action, feedback","OUTAGE","OTHER","S Morang F2 No.1 bus 330kV CB; Tungatinah-Waddamana-LakeEcho 1 110kV LINE; Tungatinah Waddamana 2 110kV LINE; Waddamana B 110kV BUS; Waddamana C 110kV BUS; Waddamana F752 110kV CB; Waddamana G752 110kV CB; Waddamana H7 110kV CB; Tungatinah Waddamana 1 110kV LINE","REGULATED",3,"Hydro LE Generator out of service","PLANNED",0]
[1343,"TASNETWORKSV5_20230126103852","2021-11-24T10:55:00","T>T_PMWA_IMP_4D","T-PMWA","2019-11-28",1,-12.92414,"Out = Palmerston to Waddamana 110 kV line, avoid overloading the Palmerston to Hadspen No. 1 220 kV line on trip of the Palmerston to Hadspen No. 2 220 kV line with no NCSPS action, feedback","OUTAGE","OTHER","S Morang F2 No.1 bus 330kV CB; Tungatinah-Waddamana-LakeEcho 1 110kV LINE; Tungatinah Waddamana 2 110kV LINE; Waddamana B 110kV BUS; Waddamana C 110kV BUS; Waddamana F752 110kV CB; Waddamana G752 110kV CB; Waddamana H7 110kV CB; Tungatinah Waddamana 1 110kV LINE","REGULATED",3,"Hydro LE Generator out of service","PLANNED",0]
[1344,"TASNETWORKSV5_20230126103852","2021-11-24T11:00:00","T>T_PMWA_IMP_4D","T-PMWA","2019-11-28",1,-13.06799,"Out = Palmerston to Waddamana 110 kV line, avoid overloading the Palmerston to Hadspen No. 1 220 kV line on trip of the Palmerston to Hadspen No. 2 220 kV line with no NCSPS action, feedback","OUTAGE","OTHER","S Morang F2 No.1 bus 330kV CB; Tungatinah-Waddamana-LakeEcho 1 110kV LINE; Tungatinah Waddamana 2 110kV LINE; Waddamana B 110kV BUS; Waddamana C 110kV BUS; Waddamana F752 110kV CB; Waddamana G752 110kV CB; Waddamana H7 110kV CB; Tungatinah Waddamana 1 110kV LINE","REGULATED",3,"Hydro LE Generator out of service","PLANNED",0]
[1345,"TASNETWORKSV5_20230126103852","2021-11-24T11:05:00","T>T_PMWA_IMP_4D","T-PMWA","2019-11-28",1,-13.111459999999999,"Out = Palmerston to Waddamana 110 kV line, avoid overloading the Palmerston to Hadspen No. 1 220 kV line on trip of the Palmerston to Hadspen No. 2 220 kV line with no NCSPS action, feedback","OUTAGE","OTHER","S Morang F2 No.1 bus 330kV CB; Tungatinah-Waddamana-LakeEcho 1 110kV LINE; Tungatinah Waddamana 2 110kV LINE; Waddamana B 110kV BUS; Waddamana C 110kV BUS; Waddamana F752 110kV CB; Waddamana G752 110kV CB; Waddamana H7 110kV CB; Tungatinah Waddamana 1 110kV LINE","REGULATED",3,"Hydro LE Generator out of service","PLANNED",0]
[1346,"TASNETWORKSV5_20230126103852","2021-11-24T11:35:00","T>T_PMWA_IMP_4D","T-PMWA","2019-11-28",1,-12.781040000000001,"Out = Palmerston to Waddamana 110 kV line, avoid overloading the Palmerston to Hadspen No. 1 220 kV line on trip of the Palmerston to Hadspen No. 2 220 kV line with no NCSPS action, feedback","OUTAGE","OTHER","S Morang F2 No.1 bus 330kV CB; Tungatinah-Waddamana-LakeEcho 1 110kV LINE; Tungatinah Waddamana 2 110kV LINE; Waddamana B 110kV BUS; Waddamana C 110kV BUS; Waddamana F752 110kV CB; Waddamana G752 110kV CB; Waddamana H7 110kV CB; Tungatinah Waddamana 1 110kV LINE","REGULATED",3,"Hydro LE Generator out of service","PLANNED",0]
[1347,"TASNETWORKSV5_20230126103852","2021-11-24T11:40:00","T>T_PMWA_IMP_4D","T-PMWA","2019-11-28",1,-10.62481,"Out = Palmerston to Waddamana 110 kV line, avoid overloading the Palmerston to Hadspen No. 1 220 kV line on trip of the Palmerston to Hadspen No. 2 220 kV line with no NCSPS action, feedback","OUTAGE","OTHER","S Morang F2 No.1 bus 330kV CB; Tungatinah-Waddamana-LakeEcho 1 110kV LINE; Tungatinah Waddamana 2 110kV LINE; Waddamana B 110kV BUS; Waddamana C 110kV BUS; Waddamana F752 110kV CB; Waddamana G752 110kV CB; Waddamana H7 110kV CB; Tungatinah Waddamana 1 110kV LINE","REGULATED",3,"Hydro LE Generator out of service","PLANNED",0]
[1348,"TASNETWORKSV5_20230126103852","2021-11-24T11:45:00","T>T_PMWA_110_7","T-PMWA","2019-09-03",1,-42.569960000000002,"Out= Palmerston to Waddamana 110 kV line, avoid overloading the New Norfolk to Chapel St 110 kV line (flow to South) on trip of New Norfolk to Creek Road 110 kV line, feedback","OUTAGE","OTHER","S Morang F2 No.1 bus 330kV CB; Tungatinah-Waddamana-LakeEcho 1 110kV LINE; Tungatinah Waddamana 2 110kV LINE; Waddamana B 110kV BUS; Waddamana C 110kV BUS; Waddamana F752 110kV CB; Waddamana G752 110kV CB; Waddamana H7 110kV CB; Tungatinah Waddamana 1 110kV LINE","REGULATED","INCLUDED",null,"PLANNED",1]
[1349,"TASNETWORKSV5_20230126103852","2021-11-24T11:45:00","T>T_PMWA_IMP_4D","T-PMWA","2019-11-28",1,-12.92414,"Out = Palmerston to Waddamana 110 kV line, avoid overloading the Palmerston to Hadspen No. 1 220 kV line on trip of the Palmerston to Hadspen No. 2 220 kV line with no NCSPS action, feedback","OUTAGE","OTHER","S Morang F2 No.1 bus 330kV CB; Tungatinah-Waddamana-LakeEcho 1 110kV LINE; Tungatinah Waddamana 2 110kV LINE; Waddamana B 110kV BUS; Waddamana C 110kV BUS; Waddamana F752 110kV CB; Waddamana G752 110kV CB; Waddamana H7 110kV CB; Tungatinah Waddamana 1 110kV LINE","REGULATED",3,"Hydro LE Generator out of service","PLANNED",0]
[1350,"TASNETWORKSV5_20230126103852","2021-11-24T11:55:00","T>T_PMWA_IMP_4DD","T-PMWA","2019-11-28",1,-12.15612,"Out = Palmerston to Waddamana 110 kV line, avoid overloading the Palmerston to Hadspen No. 2 220 kV line on trip of the Palmerston to Hadspen No. 1 220 kV line with no NCSPS action, feedback","OUTAGE","OTHER","S Morang F2 No.1 bus 330kV CB; Tungatinah-Waddamana-LakeEcho 1 110kV LINE; Tungatinah Waddamana 2 110kV LINE; Waddamana B 110kV BUS; Waddamana C 110kV BUS; Waddamana F752 110kV CB; Waddamana G752 110kV CB; Waddamana H7 110kV CB; Tungatinah Waddamana 1 110kV LINE","REGULATED",3,"Hydro LE Generator out of service","PLANNED",0]
[1351,"TASNETWORKSV5_20230126103852","2021-11-24T12:00:00","T>T_PMWA_IMP_4D","T-PMWA","2019-11-28",1,-11.89207,"Out = Palmerston to Waddamana 110 kV line, avoid overloading the Palmerston to Hadspen No. 1 220 kV line on trip of the Palmerston to Hadspen No. 2 220 kV line with no NCSPS action, feedback","OUTAGE","OTHER","S Morang F2 No.1 bus 330kV CB; Tungatinah-Waddamana-LakeEcho 1 110kV LINE; Tungatinah Waddamana 2 110kV LINE; Waddamana B 110kV BUS; Waddamana C 110kV BUS; Waddamana F752 110kV CB; Waddamana G752 110kV CB; Waddamana H7 110kV CB; Tungatinah Waddamana 1 110kV LINE","REGULATED",3,"Hydro LE Generator out of service","PLANNED",0]
[1352,"TASNETWORKSV5_20230126103852","2021-11-24T12:05:00","T>T_PMWA_IMP_4DD","T-PMWA","2019-11-28",1,-11.76214,"Out = Palmerston to Waddamana 110 kV line, avoid overloading the Palmerston to Hadspen No. 2 220 kV line on trip of the Palmerston to Hadspen No. 1 220 kV line with no NCSPS action, feedback","OUTAGE","OTHER","S Morang F2 No.1 bus 330kV CB; Tungatinah-Waddamana-LakeEcho 1 110kV LINE; Tungatinah Waddamana 2 110kV LINE; Waddamana B 110kV BUS; Waddamana C 110kV BUS; Waddamana F752 110kV CB; Waddamana G752 110kV CB; Waddamana H7 110kV CB; Tungatinah Waddamana 1 110kV LINE","REGULATED",3,"Hydro LE Generator out of service","PLANNED",0]
[1353,"TASNETWORKSV5_20230126103852","2021-11-24T12:10:00","T>T_PMWA_IMP_4D","T-PMWA","2019-11-28",1,-12.638669999999999,"Out = Palmerston to Waddamana 110 kV line, avoid overloading the Palmerston to Hadspen No. 1 220 kV line on trip of the Palmerston to Hadspen No. 2 220 kV line with no NCSPS action, feedback","OUTAGE","OTHER","S Morang F2 No.1 bus 330kV CB; Tungatinah-Waddamana-LakeEcho 1 110kV LINE; Tungatinah Waddamana 2 110kV LINE; Waddamana B 110kV BUS; Waddamana C 110kV BUS; Waddamana F752 110kV CB; Waddamana G752 110kV CB; Waddamana H7 110kV CB; Tungatinah Waddamana 1 110kV LINE","REGULATED",3,"Hydro LE Generator out of service","PLANNED",0]
[1354,"TASNETWORKSV5_20230126103852","2021-11-24T12:15:00","T>T_PMWA_IMP_4D","T-PMWA","2019-11-28",1,-12.781040000000001,"Out = Palmerston to Waddamana 110 kV line, avoid overloading the Palmerston to Hadspen No. 1 220 kV line on trip of the Palmerston to Hadspen No. 2 220 kV line with no NCSPS action, feedback","OUTAGE","OTHER","S Morang F2 No.1 bus 330kV CB; Tungatinah-Waddamana-LakeEcho 1 110kV LINE; Tungatinah Waddamana 2 110kV LINE; Waddamana B 110kV BUS; Waddamana C 110kV BUS; Waddamana F752 110kV CB; Waddamana G752 110kV CB; Waddamana H7 110kV CB; Tungatinah Waddamana 1 110kV LINE","REGULATED",3,"Hydro LE Generator out of service","PLANNED",0]
[1355,"TASNETWORKSV5_20230126103852","2021-11-24T12:20:00","T>T_PMWA_IMP_4D","T-PMWA","2019-11-28",1,-12.781040000000001,"Out = Palmerston to Waddamana 110 kV line, avoid overloading the Palmerston to Hadspen No. 1 220 kV line on trip of the Palmerston to Hadspen No. 2 220 kV line with no NCSPS action, feedback","OUTAGE","OTHER","S Morang F2 No.1 bus 330kV CB; Tungatinah-Waddamana-LakeEcho 1 110kV LINE; Tungatinah Waddamana 2 110kV LINE; Waddamana B 110kV BUS; Waddamana C 110kV BUS; Waddamana F752 110kV CB; Waddamana G752 110kV CB; Waddamana H7 110kV CB; Tungatinah Waddamana 1 110kV LINE","REGULATED",3,"Hydro LE Generator out of service","PLANNED",0]
[1356,"TASNETWORKSV5_20230126103852","2021-11-24T12:40:00","T>T_PMWA_IMP_4D","T-PMWA","2019-11-28",1,-12.781040000000001,"Out = Palmerston to Waddamana 110 kV line, avoid overloading the Palmerston to Hadspen No. 1 220 kV line on trip of the Palmerston to Hadspen No. 2 220 kV line with no NCSPS action, feedback","OUTAGE","OTHER","S Morang F2 No.1 bus 330kV CB; Tungatinah-Waddamana-LakeEcho 1 110kV LINE; Tungatinah Waddamana 2 110kV LINE; Waddamana B 110kV BUS; Waddamana C 110kV BUS; Waddamana F752 110kV CB; Waddamana G752 110kV CB; Waddamana H7 110kV CB; Tungatinah Waddamana 1 110kV LINE","REGULATED",3,"Hydro LE Generator out of service","PLANNED",0]
[1357,"TASNETWORKSV5_20230126103852","2021-11-24T12:45:00","T>T_PMWA_IMP_4D","T-PMWA","2019-11-28",1,-12.92414,"Out = Palmerston to Waddamana 110 kV line, avoid overloading the Palmerston to Hadspen No. 1 220 kV line on trip of the Palmerston to Hadspen No. 2 220 kV line with no NCSPS action, feedback","OUTAGE","OTHER","S Morang F2 No.1 bus 330kV CB; Tungatinah-Waddamana-LakeEcho 1 110kV LINE; Tungatinah Waddamana 2 110kV LINE; Waddamana B 110kV BUS; Waddamana C 110kV BUS; Waddamana F752 110kV CB; Waddamana G752 110kV CB; Waddamana H7 110kV CB; Tungatinah Waddamana 1 110kV LINE","REGULATED",3,"Hydro LE Generator out of service","PLANNED",0]
[1358,"TASNETWORKSV5_20230126103852","2021-11-24T12:55:00","T>T_PMWA_IMP_4D","T-PMWA","2019-11-28",1,-12.92414,"Out = Palmerston to Waddamana 110 kV line, avoid overloading the Palmerston to Hadspen No. 1 220 kV line on trip of the Palmerston to Hadspen No. 2 220 kV line with no NCSPS action, feedback","OUTAGE","OTHER","S Morang F2 No.1 bus 330kV CB; Tungatinah-Waddamana-LakeEcho 1 110kV LINE; Tungatinah Waddamana 2 110kV LINE; Waddamana B 110kV BUS; Waddamana C 110kV BUS; Waddamana F752 110kV CB; Waddamana G752 110kV CB; Waddamana H7 110kV CB; Tungatinah Waddamana 1 110kV LINE","REGULATED",3,"Hydro LE Generator out of service","PLANNED",0]
[1359,"TASNETWORKSV5_20230126103852","2021-11-24T13:00:00","T>T_PMWA_IMP_4D","T-PMWA","2019-11-28",1,-12.62778,"Out = Palmerston to Waddamana 110 kV line, avoid overloading the Palmerston to Hadspen No. 1 220 kV line on trip of the Palmerston to Hadspen No. 2 220 kV line with no NCSPS action, feedback","OUTAGE","OTHER","S Morang F2 No.1 bus 330kV CB; Tungatinah-Waddamana-LakeEcho 1 110kV LINE; Tungatinah Waddamana 2 110kV LINE; Waddamana B 110kV BUS; Waddamana C 110kV BUS; Waddamana F752 110kV CB; Waddamana G752 110kV CB; Waddamana H7 110kV CB; Tungatinah Waddamana 1 110kV LINE","REGULATED",3,"Hydro LE Generator out of service","PLANNED",0]
[1360,"TASNETWORKSV5_20230126103852","2021-11-24T13:05:00","T>T_PMWA_IMP_4D","T-PMWA","2019-11-28",1,-16.616669999999999,"Out = Palmerston to Waddamana 110 kV line, avoid overloading the Palmerston to Hadspen No. 1 220 kV line on trip of the Palmerston to Hadspen No. 2 220 kV line with no NCSPS action, feedback","OUTAGE","OTHER","S Morang F2 No.1 bus 330kV CB; Tungatinah-Waddamana-LakeEcho 1 110kV LINE; Tungatinah Waddamana 2 110kV LINE; Waddamana B 110kV BUS; Waddamana C 110kV BUS; Waddamana F752 110kV CB; Waddamana G752 110kV CB; Waddamana H7 110kV CB; Tungatinah Waddamana 1 110kV LINE","REGULATED",3,"Hydro LE Generator out of service","PLANNED",0]
[1361,"TASNETWORKSV5_20230126103852","2021-11-24T13:10:00","T>T_PMWA_IMP_4DD","T-PMWA","2019-11-28",1,-13.182650000000001,"Out = Palmerston to Waddamana 110 kV line, avoid overloading the Palmerston to Hadspen No. 2 220 kV line on trip of the Palmerston to Hadspen No. 1 220 kV line with no NCSPS action, feedback","OUTAGE","OTHER","S Morang F2 No.1 bus 330kV CB; Tungatinah-Waddamana-LakeEcho 1 110kV LINE; Tungatinah Waddamana 2 110kV LINE; Waddamana B 110kV BUS; Waddamana C 110kV BUS; Waddamana F752 110kV CB; Waddamana G752 110kV CB; Waddamana H7 110kV CB; Tungatinah Waddamana 1 110kV LINE","REGULATED",3,"Hydro LE Generator out of service","PLANNED",0]
[1362,"TASNETWORKSV5_20230126103852","2021-11-24T13:10:00","T>T_X_TU_LE_WA_TWO_2","T-X_TU_LE_WA_TWO","2016-06-16",1,-36.940339999999999,"Out= both Tungatinah to Waddamana 110kV lines (direct and via Lake Echo tee), avoid O/L Tungatinah to Meadowbank Tee 1 110kV line on trip of Tungatinah to Meadowbank Tee 2 to New Norfolk 110kV lines, Feedback","OUTAGE","OTHER","S Morang F2 No.1 bus 330kV CB; Tungatinah-Waddamana-LakeEcho 1 110kV LINE; Tungatinah Waddamana 2 110kV LINE; Waddamana B 110kV BUS; Waddamana C 110kV BUS; Waddamana F752 110kV CB; Waddamana G752 110kV CB; Waddamana H7 110kV CB; Tungatinah Waddamana 1 110kV LINE","REGULATED",3,"Hydro LE Generator out of service","PLANNED",0]
[1363,"TASNETWORKSV5_20230126103852","2021-11-29T07:30:00","T>T_PMWA_110_6","T-PMWA","2019-09-03",1,-59.851469999999999,"Out = Palmerston to Waddamana 110 kV line, avoid O/L Tungatinah to Meadowbank Tee 1 110kV line on trip of Tungatinah to Meadowbank Tee 2 to New Norfolk 110kV lines, Feedback","OUTAGE","OTHER","Waddamana Palmerston 2 110kV LINE; Waddamana A 110kV BUS; Waddamana D7 110kV CB; Waddamana E752 110kV CB","REGULATED","INCLUDED",null,"PLANNED",1]
[1364,"TASNETWORKSV5_20230126103852","2021-11-29T07:35:00","T>T_PMWA_110_6","T-PMWA","2019-09-03",1,-69.350610000000003,"Out = Palmerston to Waddamana 110 kV line, avoid O/L Tungatinah to Meadowbank Tee 1 110kV line on trip of Tungatinah to Meadowbank Tee 2 to New Norfolk 110kV lines, Feedback","OUTAGE","OTHER","Waddamana Palmerston 2 110kV LINE; Waddamana A 110kV BUS; Waddamana D7 110kV CB; Waddamana E752 110kV CB","REGULATED","INCLUDED",null,"PLANNED",1]
[1365,"TASNETWORKSV5_20230126103852","2021-11-29T07:40:00","T>T_PMWA_110_6","T-PMWA","2019-09-03",1,-67.350219999999993,"Out = Palmerston to Waddamana 110 kV line, avoid O/L Tungatinah to Meadowbank Tee 1 110kV line on trip of Tungatinah to Meadowbank Tee 2 to New Norfolk 110kV lines, Feedback","OUTAGE","OTHER","Waddamana Palmerston 2 110kV LINE; Waddamana A 110kV BUS; Waddamana D7 110kV CB; Waddamana E752 110kV CB","REGULATED","INCLUDED",null,"PLANNED",1]
[1366,"TASNETWORKSV5_20230126103852","2021-11-29T07:50:00","T>T_PMWA_110_6","T-PMWA","2019-09-03",1,-52.048099999999998,"Out = Palmerston to Waddamana 110 kV line, avoid O/L Tungatinah to Meadowbank Tee 1 110kV line on trip of Tungatinah to Meadowbank Tee 2 to New Norfolk 110kV lines, Feedback","OUTAGE","OTHER","Waddamana Palmerston 2 110kV LINE; Waddamana A 110kV BUS; Waddamana D7 110kV CB; Waddamana E752 110kV CB","REGULATED","INCLUDED",null,"PLANNED",1]
[1367,"TASNETWORKSV5_20230126103852","2021-11-29T07:55:00","T>T_PMWA_110_6","T-PMWA","2019-09-03",1,-56.669350000000001,"Out = Palmerston to Waddamana 110 kV line, avoid O/L Tungatinah to Meadowbank Tee 1 110kV line on trip of Tungatinah to Meadowbank Tee 2 to New Norfolk 110kV lines, Feedback","OUTAGE","OTHER","Waddamana Palmerston 2 110kV LINE; Waddamana A 110kV BUS; Waddamana D7 110kV CB; Waddamana E752 110kV CB","REGULATED","INCLUDED",null,"PLANNED",1]
[1368,"TASNETWORKSV5_20230126103852","2021-11-29T08:00:00","T>T_PMWA_110_6","T-PMWA","2019-09-03",1,-60.032649999999997,"Out = Palmerston to Waddamana 110 kV line, avoid O/L Tungatinah to Meadowbank Tee 1 110kV line on trip of Tungatinah to Meadowbank Tee 2 to New Norfolk 110kV lines, Feedback","OUTAGE","OTHER","Waddamana Palmerston 2 110kV LINE; Waddamana A 110kV BUS; Waddamana D7 110kV CB; Waddamana E752 110kV CB","REGULATED","INCLUDED",null,"PLANNED",1]
[1369,"TASNETWORKSV5_20230126103852","2021-11-29T08:05:00","T>T_PMWA_110_6","T-PMWA","2019-09-03",1,-53.723080000000003,"Out = Palmerston to Waddamana 110 kV line, avoid O/L Tungatinah to Meadowbank Tee 1 110kV line on trip of Tungatinah to Meadowbank Tee 2 to New Norfolk 110kV lines, Feedback","OUTAGE","OTHER","Waddamana Palmerston 2 110kV LINE; Waddamana A 110kV BUS; Waddamana D7 110kV CB; Waddamana E752 110kV CB","REGULATED","INCLUDED",null,"PLANNED",1]
[1370,"TASNETWORKSV5_20230126103852","2021-11-29T08:10:00","T>T_PMWA_110_6","T-PMWA","2019-09-03",1,-222.24954,"Out = Palmerston to Waddamana 110 kV line, avoid O/L Tungatinah to Meadowbank Tee 1 110kV line on trip of Tungatinah to Meadowbank Tee 2 to New Norfolk 110kV lines, Feedback","OUTAGE","OTHER","Waddamana Palmerston 2 110kV LINE; Waddamana A 110kV BUS; Waddamana D7 110kV CB; Waddamana E752 110kV CB","REGULATED","INCLUDED",null,"PLANNED",1]
[1371,"TASNETWORKSV5_20230126103852","2021-11-29T08:15:00","T>T_PMWA_110_6","T-PMWA","2019-09-03",1,-44.896059999999999,"Out = Palmerston to Waddamana 110 kV line, avoid O/L Tungatinah to Meadowbank Tee 1 110kV line on trip of Tungatinah to Meadowbank Tee 2 to New Norfolk 110kV lines, Feedback","OUTAGE","OTHER","Waddamana Palmerston 2 110kV LINE; Waddamana A 110kV BUS; Waddamana D7 110kV CB; Waddamana E752 110kV CB","REGULATED","INCLUDED",null,"PLANNED",1]
[1372,"TASNETWORKSV5_20230126103852","2021-11-29T08:20:00","T>T_PMWA_110_6","T-PMWA","2019-09-03",1,-60.739240000000002,"Out = Palmerston to Waddamana 110 kV line, avoid O/L Tungatinah to Meadowbank Tee 1 110kV line on trip of Tungatinah to Meadowbank Tee 2 to New Norfolk 110kV lines, Feedback","OUTAGE","OTHER","Waddamana Palmerston 2 110kV LINE; Waddamana A 110kV BUS; Waddamana D7 110kV CB; Waddamana E752 110kV CB","REGULATED","INCLUDED",null,"PLANNED",1]
[1373,"TASNETWORKSV5_20230126103852","2021-11-29T08:25:00","T>T_PMWA_110_6","T-PMWA","2019-09-03",1,-52.055280000000003,"Out = Palmerston to Waddamana 110 kV line, avoid O/L Tungatinah to Meadowbank Tee 1 110kV line on trip of Tungatinah to Meadowbank Tee 2 to New Norfolk 110kV lines, Feedback","OUTAGE","OTHER","Waddamana Palmerston 2 110kV LINE; Waddamana A 110kV BUS; Waddamana D7 110kV CB; Waddamana E752 110kV CB","REGULATED","INCLUDED",null,"PLANNED",1]
[1374,"TASNETWORKSV5_20230126103852","2021-11-29T08:30:00","T>T_PMWA_110_6","T-PMWA","2019-09-03",1,-46.207529999999998,"Out = Palmerston to Waddamana 110 kV line, avoid O/L Tungatinah to Meadowbank Tee 1 110kV line on trip of Tungatinah to Meadowbank Tee 2 to New Norfolk 110kV lines, Feedback","OUTAGE","OTHER","Waddamana Palmerston 2 110kV LINE; Waddamana A 110kV BUS; Waddamana D7 110kV CB; Waddamana E752 110kV CB","REGULATED","INCLUDED",null,"PLANNED",1]
[1375,"TASNETWORKSV5_20230126103852","2021-11-29T08:35:00","T>T_PMWA_110_6","T-PMWA","2019-09-03",1,-58.30209,"Out = Palmerston to Waddamana 110 kV line, avoid O/L Tungatinah to Meadowbank Tee 1 110kV line on trip of Tungatinah to Meadowbank Tee 2 to New Norfolk 110kV lines, Feedback","OUTAGE","OTHER","Waddamana Palmerston 2 110kV LINE; Waddamana A 110kV BUS; Waddamana D7 110kV CB; Waddamana E752 110kV CB","REGULATED","INCLUDED",null,"PLANNED",1]
[1376,"TASNETWORKSV5_20230126103852","2021-11-29T08:40:00","T>T_PMWA_110_6","T-PMWA","2019-09-03",1,-57.343150000000001,"Out = Palmerston to Waddamana 110 kV line, avoid O/L Tungatinah to Meadowbank Tee 1 110kV line on trip of Tungatinah to Meadowbank Tee 2 to New Norfolk 110kV lines, Feedback","OUTAGE","OTHER","Waddamana Palmerston 2 110kV LINE; Waddamana A 110kV BUS; Waddamana D7 110kV CB; Waddamana E752 110kV CB","REGULATED","INCLUDED",null,"PLANNED",1]
[1377,"TASNETWORKSV5_20230126103852","2021-11-29T08:45:00","T>T_PMWA_110_6","T-PMWA","2019-09-03",1,-52.09,"Out = Palmerston to Waddamana 110 kV line, avoid O/L Tungatinah to Meadowbank Tee 1 110kV line on trip of Tungatinah to Meadowbank Tee 2 to New Norfolk 110kV lines, Feedback","OUTAGE","OTHER","Waddamana Palmerston 2 110kV LINE; Waddamana A 110kV BUS; Waddamana D7 110kV CB; Waddamana E752 110kV CB","REGULATED","INCLUDED",null,"PLANNED",1]
[1378,"TASNETWORKSV5_20230126103852","2021-11-29T08:50:00","T>T_PMWA_110_6","T-PMWA","2019-09-03",1,-52.09,"Out = Palmerston to Waddamana 110 kV line, avoid O/L Tungatinah to Meadowbank Tee 1 110kV line on trip of Tungatinah to Meadowbank Tee 2 to New Norfolk 110kV lines, Feedback","OUTAGE","OTHER","Waddamana Palmerston 2 110kV LINE; Waddamana A 110kV BUS; Waddamana D7 110kV CB; Waddamana E752 110kV CB","REGULATED","INCLUDED",null,"PLANNED",1]
[1379,"TASNETWORKSV5_20230126103852","2021-11-29T08:55:00","T>T_PMWA_110_6","T-PMWA","2019-09-03",1,-52.09,"Out = Palmerston to Waddamana 110 kV line, avoid O/L Tungatinah to Meadowbank Tee 1 110kV line on trip of Tungatinah to Meadowbank Tee 2 to New Norfolk 110kV lines, Feedback","OUTAGE","OTHER","Waddamana Palmerston 2 110kV LINE; Waddamana A 110kV BUS; Waddamana D7 110kV CB; Waddamana E752 110kV CB","REGULATED","INCLUDED",null,"PLANNED",1]
[1380,"TASNETWORKSV5_20230126103852","2021-11-29T09:00:00","T>T_PMWA_110_6","T-PMWA","2019-09-03",1,-52.09,"Out = Palmerston to Waddamana 110 kV line, avoid O/L Tungatinah to Meadowbank Tee 1 110kV line on trip of Tungatinah to Meadowbank Tee 2 to New Norfolk 110kV lines, Feedback","OUTAGE","OTHER","Waddamana Palmerston 2 110kV LINE; Waddamana A 110kV BUS; Waddamana D7 110kV CB; Waddamana E752 110kV CB","REGULATED","INCLUDED",null,"PLANNED",1]
[1381,"TASNETWORKSV5_20230126103852","2021-12-09T09:15:00","F_T+CSGO_TG_R6_1","F-T-CSGO","2016-04-12",1,22.38693,"Out = one Chapel St to Gordon line, Tasmania Raise 6 sec requirement for loss of the remaining Chapel St to Gordon line, Basslink unable to transfer FCAS, Segment1","OUTAGE","FCAS","Gordon ChapelSt 2 220kV LINE","REGULATED","INCLUDED",null,"PLANNED",1]
[1382,"TASNETWORKSV5_20230126103852","2021-12-09T09:20:00","F_T+CSGO_TG_R5","F-T-CSGO","2016-04-12",1,16.05294,"Out = one Chapel St to Gordon line, Tasmania Raise 5 min requirement for loss of the remaining Chapel St to Gordon line, Basslink unable to transfer FCAS","OUTAGE","FCAS","Gordon ChapelSt 2 220kV LINE","REGULATED","INCLUDED",null,"PLANNED",1]
[1383,"TASNETWORKSV5_20230126103852","2021-12-09T09:30:00","F_T+CSGO_TG_R5","F-T-CSGO","2016-04-12",1,12.16234,"Out = one Chapel St to Gordon line, Tasmania Raise 5 min requirement for loss of the remaining Chapel St to Gordon line, Basslink unable to transfer FCAS","OUTAGE","FCAS","Gordon ChapelSt 2 220kV LINE","REGULATED","INCLUDED",null,"PLANNED",1]
[1384,"TASNETWORKSV5_20230126103852","2021-12-09T09:45:00","F_T+CSGO_TG_R5","F-T-CSGO","2016-04-12",1,15.83846,"Out = one Chapel St to Gordon line, Tasmania Raise 5 min requirement for loss of the remaining Chapel St to Gordon line, Basslink unable to transfer FCAS","OUTAGE","FCAS","Gordon ChapelSt 2 220kV LINE","REGULATED","INCLUDED",null,"PLANNED",1]
[1385,"TASNETWORKSV5_20230126103852","2021-12-09T09:50:00","F_T+CSGO_TG_R5","F-T-CSGO","2016-04-12",1,14.02,"Out = one Chapel St to Gordon line, Tasmania Raise 5 min requirement for loss of the remaining Chapel St to Gordon line, Basslink unable to transfer FCAS","OUTAGE","FCAS","Gordon ChapelSt 2 220kV LINE","REGULATED","INCLUDED",null,"PLANNED",1]
[1386,"TASNETWORKSV5_20230126103852","2021-12-09T10:35:00","F_T+CSGO_TG_R5","F-T-CSGO","2016-04-12",1,17.100149999999999,"Out = one Chapel St to Gordon line, Tasmania Raise 5 min requirement for loss of the remaining Chapel St to Gordon line, Basslink unable to transfer FCAS","OUTAGE","FCAS","Gordon ChapelSt 2 220kV LINE","REGULATED","INCLUDED",null,"PLANNED",1]
[1387,"TASNETWORKSV5_20230126103852","2021-12-09T10:40:00","F_T+CSGO_TG_R5","F-T-CSGO","2016-04-12",1,26.266529999999999,"Out = one Chapel St to Gordon line, Tasmania Raise 5 min requirement for loss of the remaining Chapel St to Gordon line, Basslink unable to transfer FCAS","OUTAGE","FCAS","Gordon ChapelSt 2 220kV LINE","REGULATED","INCLUDED",null,"PLANNED",1]
[1388,"TASNETWORKSV5_20230126103852","2021-12-09T10:50:00","F_T+CSGO_TG_R5","F-T-CSGO","2016-04-12",1,11.65174,"Out = one Chapel St to Gordon line, Tasmania Raise 5 min requirement for loss of the remaining Chapel St to Gordon line, Basslink unable to transfer FCAS","OUTAGE","FCAS","Gordon ChapelSt 2 220kV LINE","REGULATED","INCLUDED",null,"PLANNED",1]
[1389,"TASNETWORKSV5_20230126103852","2021-12-09T10:55:00","F_T+CSGO_TG_R5","F-T-CSGO","2016-04-12",1,34.093069999999997,"Out = one Chapel St to Gordon line, Tasmania Raise 5 min requirement for loss of the remaining Chapel St to Gordon line, Basslink unable to transfer FCAS","OUTAGE","FCAS","Gordon ChapelSt 2 220kV LINE","REGULATED","INCLUDED",null,"PLANNED",1]
[1390,"TASNETWORKSV5_20230126103852","2021-12-09T10:55:00","F_T+CSGO_TG_R60","F-T-CSGO","2016-04-12",1,29.854199999999999,"Out = one Chapel St to Gordon line, Tasmania Raise 60 sec requirement for loss of the remaining Chapel St to Gordon line, Basslink unable to transfer FCAS","OUTAGE","FCAS","Gordon ChapelSt 2 220kV LINE","REGULATED","INCLUDED",null,"PLANNED",1]
[1391,"TASNETWORKSV5_20230126103852","2021-12-09T11:00:00","F_T+CSGO_TG_R6_1","F-T-CSGO","2016-04-12",1,13.142950000000001,"Out = one Chapel St to Gordon line, Tasmania Raise 6 sec requirement for loss of the remaining Chapel St to Gordon line, Basslink unable to transfer FCAS, Segment1","OUTAGE","FCAS","Gordon ChapelSt 2 220kV LINE","REGULATED","INCLUDED",null,"PLANNED",1]
[1392,"TASNETWORKSV5_20230126103852","2021-12-09T11:50:00","F_T+CSGO_TG_R5","F-T-CSGO","2016-04-12",1,20.880790000000001,"Out = one Chapel St to Gordon line, Tasmania Raise 5 min requirement for loss of the remaining Chapel St to Gordon line, Basslink unable to transfer FCAS","OUTAGE","FCAS","Gordon ChapelSt 2 220kV LINE","REGULATED","INCLUDED",null,"PLANNED",1]
[1393,"TASNETWORKSV5_20230126103852","2021-12-09T11:55:00","F_T+CSGO_TG_R5","F-T-CSGO","2016-04-12",1,13.50836,"Out = one Chapel St to Gordon line, Tasmania Raise 5 min requirement for loss of the remaining Chapel St to Gordon line, Basslink unable to transfer FCAS","OUTAGE","FCAS","Gordon ChapelSt 2 220kV LINE","REGULATED","INCLUDED",null,"PLANNED",1]
[1394,"TASNETWORKSV5_20230126103852","2021-12-09T12:00:00","F_T+CSGO_TG_R60","F-T-CSGO","2016-04-12",1,11.993690000000001,"Out = one Chapel St to Gordon line, Tasmania Raise 60 sec requirement for loss of the remaining Chapel St to Gordon line, Basslink unable to transfer FCAS","OUTAGE","FCAS","Gordon ChapelSt 2 220kV LINE","REGULATED","INCLUDED",null,"PLANNED",1]
[1395,"TASNETWORKSV5_20230126103852","2021-12-09T12:05:00","F_T+CSGO_TG_R5","F-T-CSGO","2016-04-12",1,10.039849999999999,"Out = one Chapel St to Gordon line, Tasmania Raise 5 min requirement for loss of the remaining Chapel St to Gordon line, Basslink unable to transfer FCAS","OUTAGE","FCAS","Gordon ChapelSt 2 220kV LINE","REGULATED","INCLUDED",null,"PLANNED",1]
[1396,"TASNETWORKSV5_20230126103852","2021-12-09T12:05:00","F_T+CSGO_TG_R60","F-T-CSGO","2016-04-12",1,14.898350000000001,"Out = one Chapel St to Gordon line, Tasmania Raise 60 sec requirement for loss of the remaining Chapel St to Gordon line, Basslink unable to transfer FCAS","OUTAGE","FCAS","Gordon ChapelSt 2 220kV LINE","REGULATED","INCLUDED",null,"PLANNED",1]
[1397,"TASNETWORKSV5_20230126103852","2021-12-09T12:10:00","F_T+CSGO_TG_R5","F-T-CSGO","2016-04-12",1,12.95458,"Out = one Chapel St to Gordon line, Tasmania Raise 5 min requirement for loss of the remaining Chapel St to Gordon line, Basslink unable to transfer FCAS","OUTAGE","FCAS","Gordon ChapelSt 2 220kV LINE","REGULATED","INCLUDED",null,"PLANNED",1]
[1398,"TASNETWORKSV5_20230126103852","2021-12-09T12:15:00","F_T+CSGO_TG_R5","F-T-CSGO","2016-04-12",1,14.67245,"Out = one Chapel St to Gordon line, Tasmania Raise 5 min requirement for loss of the remaining Chapel St to Gordon line, Basslink unable to transfer FCAS","OUTAGE","FCAS","Gordon ChapelSt 2 220kV LINE","REGULATED","INCLUDED",null,"PLANNED",1]
[1399,"TASNETWORKSV5_20230126103852","2021-12-09T12:20:00","F_T+CSGO_TG_R5","F-T-CSGO","2016-04-12",1,16.92867,"Out = one Chapel St to Gordon line, Tasmania Raise 5 min requirement for loss of the remaining Chapel St to Gordon line, Basslink unable to transfer FCAS","OUTAGE","FCAS","Gordon ChapelSt 2 220kV LINE","REGULATED","INCLUDED",null,"PLANNED",1]
[1400,"TASNETWORKSV5_20230126103852","2021-12-09T12:25:00","F_T+CSGO_TG_R5","F-T-CSGO","2016-04-12",1,16.038640000000001,"Out = one Chapel St to Gordon line, Tasmania Raise 5 min requirement for loss of the remaining Chapel St to Gordon line, Basslink unable to transfer FCAS","OUTAGE","FCAS","Gordon ChapelSt 2 220kV LINE","REGULATED","INCLUDED",null,"PLANNED",1]
[1401,"TASNETWORKSV5_20230126103852","2021-12-09T12:30:00","F_T+CSGO_TG_R5","F-T-CSGO","2016-04-12",1,11.764099999999999,"Out = one Chapel St to Gordon line, Tasmania Raise 5 min requirement for loss of the remaining Chapel St to Gordon line, Basslink unable to transfer FCAS","OUTAGE","FCAS","Gordon ChapelSt 2 220kV LINE","REGULATED","INCLUDED",null,"PLANNED",1]
[1402,"TASNETWORKSV5_20230126103852","2021-12-09T12:45:00","F_T+CSGO_TG_R60","F-T-CSGO","2016-04-12",1,11.90278,"Out = one Chapel St to Gordon line, Tasmania Raise 60 sec requirement for loss of the remaining Chapel St to Gordon line, Basslink unable to transfer FCAS","OUTAGE","FCAS","Gordon ChapelSt 2 220kV LINE","REGULATED","INCLUDED",null,"PLANNED",1]
[1403,"TASNETWORKSV5_20230126103852","2021-12-09T15:15:00","F_T+CSGO_TG_R5","F-T-CSGO","2016-04-12",1,10.41,"Out = one Chapel St to Gordon line, Tasmania Raise 5 min requirement for loss of the remaining Chapel St to Gordon line, Basslink unable to transfer FCAS","OUTAGE","FCAS","Gordon ChapelSt 2 220kV LINE","REGULATED","INCLUDED",null,"PLANNED",1]
[1404,"TASNETWORKSV5_20230126103852","2021-12-09T15:20:00","F_T+CSGO_TG_R60","F-T-CSGO","2016-04-12",1,20.488009999999999,"Out = one Chapel St to Gordon line, Tasmania Raise 60 sec requirement for loss of the remaining Chapel St to Gordon line, Basslink unable to transfer FCAS","OUTAGE","FCAS","Gordon ChapelSt 2 220kV LINE","REGULATED","INCLUDED",null,"PLANNED",1]
[1405,"TASNETWORKSV5_20230126103852","2021-12-09T15:25:00","F_T+CSGO_TG_R5","F-T-CSGO","2016-04-12",1,32.517119999999998,"Out = one Chapel St to Gordon line, Tasmania Raise 5 min requirement for loss of the remaining Chapel St to Gordon line, Basslink unable to transfer FCAS","OUTAGE","FCAS","Gordon ChapelSt 2 220kV LINE","REGULATED","INCLUDED",null,"PLANNED",1]
[1406,"TASNETWORKSV5_20230126103852","2021-12-15T07:10:00","T_T_FASH2_1","T-FASH2_CP2_S1","2019-11-26",1,-13.96054,"Out = Farrell to Sheffield no.2 220kV line, Farrell bus split, limit John Butters, Bastyan and Mackintosh to less than 110% West Coast load","OUTAGE","OTHER","Sheffield A 220kV BUS; Sheffield Farrell 2 220kV LINE","REGULATED","INCLUDED",null,"PLANNED",1]
[1407,"TASNETWORKSV5_20230126103852","2021-12-15T07:15:00","T_T_FASH2_1","T-FASH2_CP2_S1","2019-11-26",1,-12.46,"Out = Farrell to Sheffield no.2 220kV line, Farrell bus split, limit John Butters, Bastyan and Mackintosh to less than 110% West Coast load","OUTAGE","OTHER","Sheffield A 220kV BUS; Sheffield Farrell 2 220kV LINE","REGULATED","INCLUDED",null,"PLANNED",1]
[1408,"TASNETWORKSV5_20230126103852","2021-12-15T07:40:00","T_T_FASH2_1","T-FASH2_CP2_S1","2019-11-26",1,-36.650129999999997,"Out = Farrell to Sheffield no.2 220kV line, Farrell bus split, limit John Butters, Bastyan and Mackintosh to less than 110% West Coast load","OUTAGE","OTHER","Sheffield A 220kV BUS; Sheffield Farrell 2 220kV LINE","REGULATED","INCLUDED",null,"PLANNED",1]
[1409,"TASNETWORKSV5_20230126103852","2021-12-15T07:45:00","T_T_FASH2_1","T-FASH2_CP2_S1","2019-11-26",1,-24.51,"Out = Farrell to Sheffield no.2 220kV line, Farrell bus split, limit John Butters, Bastyan and Mackintosh to less than 110% West Coast load","OUTAGE","OTHER","Sheffield A 220kV BUS; Sheffield Farrell 2 220kV LINE","REGULATED","INCLUDED",null,"PLANNED",1]
[1410,"TASNETWORKSV5_20230126103852","2021-12-15T07:50:00","T_T_FASH2_1","T-FASH2_CP2_S1","2019-11-26",1,-24.51,"Out = Farrell to Sheffield no.2 220kV line, Farrell bus split, limit John Butters, Bastyan and Mackintosh to less than 110% West Coast load","OUTAGE","OTHER","Sheffield A 220kV BUS; Sheffield Farrell 2 220kV LINE","REGULATED","INCLUDED",null,"PLANNED",1]
[1411,"TASNETWORKSV5_20230126103852","2021-12-15T07:55:00","T_T_FASH2_1","T-FASH2_CP2_S1","2019-11-26",1,-24.51,"Out = Farrell to Sheffield no.2 220kV line, Farrell bus split, limit John Butters, Bastyan and Mackintosh to less than 110% West Coast load","OUTAGE","OTHER","Sheffield A 220kV BUS; Sheffield Farrell 2 220kV LINE","REGULATED","INCLUDED",null,"PLANNED",1]
[1412,"TASNETWORKSV5_20230126103852","2021-12-15T08:00:00","T_T_FASH2_1","T-FASH2_CP2_S1","2019-11-26",1,-24.51,"Out = Farrell to Sheffield no.2 220kV line, Farrell bus split, limit John Butters, Bastyan and Mackintosh to less than 110% West Coast load","OUTAGE","OTHER","Sheffield A 220kV BUS; Sheffield Farrell 2 220kV LINE","REGULATED","INCLUDED",null,"PLANNED",1]
[1413,"TASNETWORKSV5_20230126103852","2021-12-15T08:05:00","T_T_FASH2_1","T-FASH2_CP2_S1","2019-11-26",1,-24.51,"Out = Farrell to Sheffield no.2 220kV line, Farrell bus split, limit John Butters, Bastyan and Mackintosh to less than 110% West Coast load","OUTAGE","OTHER","Sheffield A 220kV BUS; Sheffield Farrell 2 220kV LINE","REGULATED","INCLUDED",null,"PLANNED",1]
[1414,"TASNETWORKSV5_20230126103852","2021-12-15T08:10:00","T_T_FASH2_1","T-FASH2_CP2_S1","2019-11-26",1,-24.51,"Out = Farrell to Sheffield no.2 220kV line, Farrell bus split, limit John Butters, Bastyan and Mackintosh to less than 110% West Coast load","OUTAGE","OTHER","Sheffield A 220kV BUS; Sheffield Farrell 2 220kV LINE","REGULATED","INCLUDED",null,"PLANNED",1]
[1415,"TASNETWORKSV5_20230126103852","2021-12-15T08:15:00","F_T+FASH2_C_RREG","F-T-FASH_2_C","2019-11-26",2,-40.52308,"Out = Farrell to Sheffield No.2 line; Bastyan, John Butters, Tribute and Reece 1, 2 and Mackintosh unavailable for raise regulation","OUTAGE","FCAS","Sheffield A 220kV BUS; Sheffield Farrell 2 220kV LINE","REGULATED",3,"Hydro MA, BA, RC1, RC2 outages","PLANNED",0]
[1416,"TASNETWORKSV5_20230126103852","2021-12-15T08:15:00","T_T_FASH2_1","T-FASH2_CP2_S1","2019-11-26",1,-25.533080000000002,"Out = Farrell to Sheffield no.2 220kV line, Farrell bus split, limit John Butters, Bastyan and Mackintosh to less than 110% West Coast load","OUTAGE","OTHER","Sheffield A 220kV BUS; Sheffield Farrell 2 220kV LINE","REGULATED","INCLUDED",null,"PLANNED",1]
[1417,"TASNETWORKSV5_20230126103852","2021-12-15T08:20:00","F_T+FASH2_C_RREG","F-T-FASH_2_C","2019-11-26",2,-44.699509999999997,"Out = Farrell to Sheffield No.2 line; Bastyan, John Butters, Tribute and Reece 1, 2 and Mackintosh unavailable for raise regulation","OUTAGE","FCAS","Sheffield A 220kV BUS; Sheffield Farrell 2 220kV LINE","REGULATED",3,"Hydro MA, BA, RC1, RC2 outages","PLANNED",0]
[1418,"TASNETWORKSV5_20230126103852","2021-12-15T08:20:00","T_T_FASH2_1","T-FASH2_CP2_S1","2019-11-26",1,-49.709510000000002,"Out = Farrell to Sheffield no.2 220kV line, Farrell bus split, limit John Butters, Bastyan and Mackintosh to less than 110% West Coast load","OUTAGE","OTHER","Sheffield A 220kV BUS; Sheffield Farrell 2 220kV LINE","REGULATED","INCLUDED",null,"PLANNED",1]
[1419,"TASNETWORKSV5_20230126103852","2021-12-15T08:25:00","F_T+FASH2_C_RREG","F-T-FASH_2_C","2019-11-26",2,-19.84,"Out = Farrell to Sheffield No.2 line; Bastyan, John Butters, Tribute and Reece 1, 2 and Mackintosh unavailable for raise regulation","OUTAGE","FCAS","Sheffield A 220kV BUS; Sheffield Farrell 2 220kV LINE","REGULATED",3,"Hydro MA, BA, RC1, RC2 outages","PLANNED",0]
[1420,"TASNETWORKSV5_20230126103852","2021-12-15T08:25:00","T_T_FASH2_1","T-FASH2_CP2_S1","2019-11-26",1,-137.37733,"Out = Farrell to Sheffield no.2 220kV line, Farrell bus split, limit John Butters, Bastyan and Mackintosh to less than 110% West Coast load","OUTAGE","OTHER","Sheffield A 220kV BUS; Sheffield Farrell 2 220kV LINE","REGULATED","INCLUDED",null,"PLANNED",1]
[1421,"TASNETWORKSV5_20230126103852","2021-12-15T08:30:00","T_T_FASH2_1","T-FASH2_CP2_S1","2019-11-26",1,-24.51,"Out = Farrell to Sheffield no.2 220kV line, Farrell bus split, limit John Butters, Bastyan and Mackintosh to less than 110% West Coast load","OUTAGE","OTHER","Sheffield A 220kV BUS; Sheffield Farrell 2 220kV LINE","REGULATED","INCLUDED",null,"PLANNED",1]
[1422,"TASNETWORKSV5_20230126103852","2021-12-15T08:35:00","F_T+FASH2_C_RREG","F-T-FASH_2_C","2019-11-26",2,-24.094290000000001,"Out = Farrell to Sheffield No.2 line; Bastyan, John Butters, Tribute and Reece 1, 2 and Mackintosh unavailable for raise regulation","OUTAGE","FCAS","Sheffield A 220kV BUS; Sheffield Farrell 2 220kV LINE","REGULATED",3,"Hydro MA, BA, RC1, RC2 outages","PLANNED",0]
[1423,"TASNETWORKSV5_20230126103852","2021-12-15T08:35:00","T_T_FASH2_1","T-FASH2_CP2_S1","2019-11-26",1,-48.604289999999999,"Out = Farrell to Sheffield no.2 220kV line, Farrell bus split, limit John Butters, Bastyan and Mackintosh to less than 110% West Coast load","OUTAGE","OTHER","Sheffield A 220kV BUS; Sheffield Farrell 2 220kV LINE","REGULATED","INCLUDED",null,"PLANNED",1]
[1424,"TASNETWORKSV5_20230126103852","2021-12-15T08:40:00","F_T+FASH2_C_RREG","F-T-FASH_2_C","2019-11-26",2,-103.92998,"Out = Farrell to Sheffield No.2 line; Bastyan, John Butters, Tribute and Reece 1, 2 and Mackintosh unavailable for raise regulation","OUTAGE","FCAS","Sheffield A 220kV BUS; Sheffield Farrell 2 220kV LINE","REGULATED",3,"Hydro MA, BA, RC1, RC2 outages","PLANNED",0]
[1425,"TASNETWORKSV5_20230126103852","2021-12-15T08:40:00","T_T_FASH2_1","T-FASH2_CP2_S1","2019-11-26",1,-199.23978,"Out = Farrell to Sheffield no.2 220kV line, Farrell bus split, limit John Butters, Bastyan and Mackintosh to less than 110% West Coast load","OUTAGE","OTHER","Sheffield A 220kV BUS; Sheffield Farrell 2 220kV LINE","REGULATED","INCLUDED",null,"PLANNED",1]
[1426,"TASNETWORKSV5_20230126103852","2021-12-15T08:45:00","T_T_FASH2_1","T-FASH2_CP2_S1","2019-11-26",1,-65.472830000000002,"Out = Farrell to Sheffield no.2 220kV line, Farrell bus split, limit John Butters, Bastyan and Mackintosh to less than 110% West Coast load","OUTAGE","OTHER","Sheffield A 220kV BUS; Sheffield Farrell 2 220kV LINE","REGULATED","INCLUDED",null,"PLANNED",1]
[1427,"TASNETWORKSV5_20230126103852","2021-12-15T08:50:00","T_T_FASH2_1","T-FASH2_CP2_S1","2019-11-26",1,-44.71,"Out = Farrell to Sheffield no.2 220kV line, Farrell bus split, limit John Butters, Bastyan and Mackintosh to less than 110% West Coast load","OUTAGE","OTHER","Sheffield A 220kV BUS; Sheffield Farrell 2 220kV LINE","REGULATED","INCLUDED",null,"PLANNED",1]
[1428,"TASNETWORKSV5_20230126103852","2021-12-15T08:55:00","F_T+FASH2_C_RREG","F-T-FASH_2_C","2019-11-26",2,-10.199999999999999,"Out = Farrell to Sheffield No.2 line; Bastyan, John Butters, Tribute and Reece 1, 2 and Mackintosh unavailable for raise regulation","OUTAGE","FCAS","Sheffield A 220kV BUS; Sheffield Farrell 2 220kV LINE","REGULATED",3,"Hydro MA, BA, RC1, RC2 outages","PLANNED",0]
[1429,"TASNETWORKSV5_20230126103852","2021-12-15T08:55:00","T_T_FASH2_1","T-FASH2_CP2_S1","2019-11-26",1,-34.71,"Out = Farrell to Sheffield no.2 220kV line, Farrell bus split, limit John Butters, Bastyan and Mackintosh to less than 110% West Coast load","OUTAGE","OTHER","Sheffield A 220kV BUS; Sheffield Farrell 2 220kV LINE","REGULATED","INCLUDED",null,"PLANNED",1]
[1430,"TASNETWORKSV5_20230126103852","2021-12-15T09:05:00","F_T+FASH2_C_RREG","F-T-FASH_2_C","2019-11-26",2,-12.7,"Out = Farrell to Sheffield No.2 line; Bastyan, John Butters, Tribute and Reece 1, 2 and Mackintosh unavailable for raise regulation","OUTAGE","FCAS","Sheffield A 220kV BUS; Sheffield Farrell 2 220kV LINE","REGULATED",3,"Hydro MA, BA, RC1, RC2 outages","PLANNED",0]
[1431,"TASNETWORKSV5_20230126103852","2021-12-15T09:05:00","T_T_FASH2_1","T-FASH2_CP2_S1","2019-11-26",1,-57.41,"Out = Farrell to Sheffield no.2 220kV line, Farrell bus split, limit John Butters, Bastyan and Mackintosh to less than 110% West Coast load","OUTAGE","OTHER","Sheffield A 220kV BUS; Sheffield Farrell 2 220kV LINE","REGULATED","INCLUDED",null,"PLANNED",1]
[1432,"TASNETWORKSV5_20230126103852","2021-12-15T09:10:00","T_T_FASH2_1","T-FASH2_CP2_S1","2019-11-26",1,-37.71,"Out = Farrell to Sheffield no.2 220kV line, Farrell bus split, limit John Butters, Bastyan and Mackintosh to less than 110% West Coast load","OUTAGE","OTHER","Sheffield A 220kV BUS; Sheffield Farrell 2 220kV LINE","REGULATED","INCLUDED",null,"PLANNED",1]
[1433,"TASNETWORKSV5_20230126103852","2021-12-15T09:15:00","T_T_FASH2_1","T-FASH2_CP2_S1","2019-11-26",1,-24.51,"Out = Farrell to Sheffield no.2 220kV line, Farrell bus split, limit John Butters, Bastyan and Mackintosh to less than 110% West Coast load","OUTAGE","OTHER","Sheffield A 220kV BUS; Sheffield Farrell 2 220kV LINE","REGULATED","INCLUDED",null,"PLANNED",1]
[1434,"TASNETWORKSV5_20230126103852","2021-12-15T09:20:00","T_T_FASH2_1","T-FASH2_CP2_S1","2019-11-26",1,-24.51,"Out = Farrell to Sheffield no.2 220kV line, Farrell bus split, limit John Butters, Bastyan and Mackintosh to less than 110% West Coast load","OUTAGE","OTHER","Sheffield A 220kV BUS; Sheffield Farrell 2 220kV LINE","REGULATED","INCLUDED",null,"PLANNED",1]
[1435,"TASNETWORKSV5_20230126103852","2021-12-15T09:35:00","T_T_FASH2_1","T-FASH2_CP2_S1","2019-11-26",1,-18.52488,"Out = Farrell to Sheffield no.2 220kV line, Farrell bus split, limit John Butters, Bastyan and Mackintosh to less than 110% West Coast load","OUTAGE","OTHER","Sheffield A 220kV BUS; Sheffield Farrell 2 220kV LINE","REGULATED","INCLUDED",null,"PLANNED",1]
[1436,"TASNETWORKSV5_20230126103852","2021-12-15T09:40:00","T_T_FASH2_1","T-FASH2_CP2_S1","2019-11-26",1,-16.169060000000002,"Out = Farrell to Sheffield no.2 220kV line, Farrell bus split, limit John Butters, Bastyan and Mackintosh to less than 110% West Coast load","OUTAGE","OTHER","Sheffield A 220kV BUS; Sheffield Farrell 2 220kV LINE","REGULATED","INCLUDED",null,"PLANNED",1]
[1437,"TASNETWORKSV5_20230126103852","2021-12-15T10:05:00","T_T_FASH2_1","T-FASH2_CP2_S1","2019-11-26",1,-10.70294,"Out = Farrell to Sheffield no.2 220kV line, Farrell bus split, limit John Butters, Bastyan and Mackintosh to less than 110% West Coast load","OUTAGE","OTHER","Sheffield A 220kV BUS; Sheffield Farrell 2 220kV LINE","REGULATED","INCLUDED",null,"PLANNED",1]
[1438,"TASNETWORKSV5_20230126103852","2021-12-15T10:10:00","T_T_FASH2_1","T-FASH2_CP2_S1","2019-11-26",1,-10.21402,"Out = Farrell to Sheffield no.2 220kV line, Farrell bus split, limit John Butters, Bastyan and Mackintosh to less than 110% West Coast load","OUTAGE","OTHER","Sheffield A 220kV BUS; Sheffield Farrell 2 220kV LINE","REGULATED","INCLUDED",null,"PLANNED",1]
[1439,"TASNETWORKSV5_20230126103852","2021-12-15T12:45:00","T_T_FASH2_2","T-FASH2_CP2_S1","2019-11-26",1,10.0154,"Out = Farrell to Sheffield no.2 220kV line, Farrell bus split, limit John Butters, Bastyan and Mackintosh to greater than 90% West Coast load","OUTAGE","OTHER","Sheffield A 220kV BUS; Sheffield Farrell 2 220kV LINE","REGULATED","INCLUDED",null,"PLANNED",1]
[1440,"TASNETWORKSV5_20230126103852","2021-12-15T12:50:00","T_T_FASH2_2","T-FASH2_CP2_S1","2019-11-26",1,13.063800000000001,"Out = Farrell to Sheffield no.2 220kV line, Farrell bus split, limit John Butters, Bastyan and Mackintosh to greater than 90% West Coast load","OUTAGE","OTHER","Sheffield A 220kV BUS; Sheffield Farrell 2 220kV LINE","REGULATED","INCLUDED",null,"PLANNED",1]
[1441,"TASNETWORKSV5_20230126103852","2021-12-15T13:05:00","T_T_FASH2_2","T-FASH2_CP2_S1","2019-11-26",1,10.995699999999999,"Out = Farrell to Sheffield no.2 220kV line, Farrell bus split, limit John Butters, Bastyan and Mackintosh to greater than 90% West Coast load","OUTAGE","OTHER","Sheffield A 220kV BUS; Sheffield Farrell 2 220kV LINE","REGULATED","INCLUDED",null,"PLANNED",1]
[1442,"TASNETWORKSV5_20230126103852","2021-12-27T18:20:00","T_FAJB","T-FAJB","2013-08-21",1,-7399119.1902200002,"Out=Farrell-John Butters 220KV line. Energy <= 0MW","OUTAGE","OTHER","Farrell JohnButtrs 220kV LINE","REGULATED","INCLUDED",null,"UNPLANNED",1]